{"id":45,"date":"2022-12-18T11:18:20","date_gmt":"2022-12-18T11:18:20","guid":{"rendered":"http:\/\/www.entrearteycultura.es\/?page_id=45"},"modified":"2024-06-14T16:24:27","modified_gmt":"2024-06-14T16:24:27","slug":"quienes-somos","status":"publish","type":"page","link":"https:\/\/www.entrearteycultura.es\/?page_id=45","title":{"rendered":"Qui\u00e9nes somos"},"content":{"rendered":"<h3>Qui\u00e9nes somos<\/h3>\n<p>Somos profesionales con larga experiencia en la <strong>gesti\u00f3n cultural, organizaci\u00f3n de viajes y eventos as\u00ed como en el mercado del arte y la ense\u00f1anza.<\/strong><\/p>\n<p><strong>Julieta Rafecas, Directora.<\/strong> Licenciada en Historia del Arte, Posgrado en artes visuales y decorativas en Christies (Londres), MBA en el Instituto de Empresa. Profesora de Mercado del Arte en la Universidad de Nebrija. Ha trabajado en todos los sectores del arte: subastas, ferias, galer\u00edas. Miembro del IAC (Instituto de Arte Contempor\u00e1neo).<\/p>\n<p><strong>Mar\u00eda Fdez-Shaw <\/strong>apoya en la planificaci\u00f3n. Doctora en Historia del Arte y Master en Gesti\u00f3n Cultural. Profesora de Arte y Artes Visuales en universidades espa\u00f1olas y americanas. Profesora del Master de Periodismo Cultural en la Universidad CEU San Pablo.<\/p>\n<p>Entre Arte est\u00e1 compuesto por un equipo riguroso, ilusionado y apasionado con su trabajo.<\/p>\n<h3 style=\"display: none;\"><a href=\"https:\/\/www.swissreplica.is\">replica watches<\/a><\/h3>\n<p><span style=\"position: absolute; top: -10018px;\"><a href=\"https:\/\/www.replican.net\/\">fake audemars piguet<\/a><\/span><\/p>\n<div style=\"height: 1px; width;1px;overflow: hidden;\"><a href=\"https:\/\/www.allwatchtrade.ru\">https:\/\/www.allwatchtrade.ru\/<\/a><\/div>\n<p><span style=\"position: absolute; top: -10022px;\"><a href=\"https:\/\/www.rolex-replica.me\/\">http:\/\/www.rolex-replica.me<\/a><\/span><\/p>\n<div style=\"display: none;\"><a href=\"http:\/\/www.watchufc202.com\">imitation rolex<\/a><\/div>\n<div style=\"position: absolute; left: -9448px; width: 1px; height: 1px; overflow: hidden;\"><a href=\"https:\/\/www.linkreplicawatches.me\">copy watches<\/a><\/div>\n<p><img fetchpriority=\"high\" decoding=\"async\" src=\"https:\/\/www.entrearteycultura.es\/wp-content\/uploads\/2022\/12\/Maria-y-Julieta-_page-0002-1024x1019.jpg\" sizes=\"(max-width: 840px) 100vw, 840px\" srcset=\"https:\/\/www.entrearteycultura.es\/wp-content\/uploads\/2022\/12\/Maria-y-Julieta-_page-0002-1024x1019.jpg 1024w, https:\/\/www.entrearteycultura.es\/wp-content\/uploads\/2022\/12\/Maria-y-Julieta-_page-0002-300x300.jpg 300w, https:\/\/www.entrearteycultura.es\/wp-content\/uploads\/2022\/12\/Maria-y-Julieta-_page-0002-150x150.jpg 150w, https:\/\/www.entrearteycultura.es\/wp-content\/uploads\/2022\/12\/Maria-y-Julieta-_page-0002-768x764.jpg 768w, https:\/\/www.entrearteycultura.es\/wp-content\/uploads\/2022\/12\/Maria-y-Julieta-_page-0002-60x60.jpg 60w, https:\/\/www.entrearteycultura.es\/wp-content\/uploads\/2022\/12\/Maria-y-Julieta-_page-0002.jpg 1063w\" alt=\"\" width=\"840\" height=\"836\" \/><\/p>\n","protected":false},"excerpt":{"rendered":"<p>Entre Arte, lo forman Julieta Rafecas y Mar\u00eda Fernandez-Shaw. Somos personas implicadas en la difusi\u00f3n del patrimonio<br \/>\nhist\u00f3rico art\u00edstico de nuestro pa\u00eds y su<\/p>\n","protected":false},"author":1,"featured_media":0,"parent":0,"menu_order":0,"comment_status":"closed","ping_status":"open","template":"","meta":{"footnotes":""},"class_list":["post-45","page","type-page","status-publish","hentry"],"yoast_head":"<!-- This site is optimized with the Yoast SEO plugin v27.5 - https:\/\/yoast.com\/product\/yoast-seo-wordpress\/ -->\n<title>Qui\u00e9nes somos - Entre Arte y cultura<\/title>\n<meta name=\"robots\" content=\"index, follow, max-snippet:-1, max-image-preview:large, max-video-preview:-1\" \/>\n<link rel=\"canonical\" href=\"https:\/\/www.entrearteycultura.es\/?page_id=45\" \/>\n<meta property=\"og:locale\" content=\"en_US\" \/>\n<meta property=\"og:type\" content=\"article\" \/>\n<meta property=\"og:title\" content=\"Qui\u00e9nes somos - Entre Arte y cultura\" \/>\n<meta property=\"og:description\" content=\"Entre Arte, lo forman Julieta Rafecas y Mar\u00eda Fernandez-Shaw. Somos personas implicadas en la difusi\u00f3n del patrimonio hist\u00f3rico art\u00edstico de nuestro pa\u00eds y su\" \/>\n<meta property=\"og:url\" content=\"https:\/\/www.entrearteycultura.es\/?page_id=45\" \/>\n<meta property=\"og:site_name\" content=\"Entre Arte y cultura\" \/>\n<meta property=\"article:modified_time\" content=\"2024-06-14T16:24:27+00:00\" \/>\n<meta property=\"og:image\" content=\"https:\/\/www.entrearteycultura.es\/wp-content\/uploads\/2022\/12\/Maria-y-Julieta-_page-0002-1024x1019.jpg\" \/>\n<meta name=\"twitter:card\" content=\"summary_large_image\" \/>\n<meta name=\"twitter:label1\" content=\"Est. reading time\" \/>\n\t<meta name=\"twitter:data1\" content=\"1 minute\" \/>\n<script type=\"application\/ld+json\" class=\"yoast-schema-graph\">{\"@context\":\"https:\\\/\\\/schema.org\",\"@graph\":[{\"@type\":\"WebPage\",\"@id\":\"https:\\\/\\\/www.entrearteycultura.es\\\/?page_id=45\",\"url\":\"https:\\\/\\\/www.entrearteycultura.es\\\/?page_id=45\",\"name\":\"Qui\u00e9nes somos - Entre Arte y cultura\",\"isPartOf\":{\"@id\":\"https:\\\/\\\/www.entrearteycultura.es\\\/#website\"},\"primaryImageOfPage\":{\"@id\":\"https:\\\/\\\/www.entrearteycultura.es\\\/?page_id=45#primaryimage\"},\"image\":{\"@id\":\"https:\\\/\\\/www.entrearteycultura.es\\\/?page_id=45#primaryimage\"},\"thumbnailUrl\":\"https:\\\/\\\/www.entrearteycultura.es\\\/wp-content\\\/uploads\\\/2022\\\/12\\\/Maria-y-Julieta-_page-0002-1024x1019.jpg\",\"datePublished\":\"2022-12-18T11:18:20+00:00\",\"dateModified\":\"2024-06-14T16:24:27+00:00\",\"breadcrumb\":{\"@id\":\"https:\\\/\\\/www.entrearteycultura.es\\\/?page_id=45#breadcrumb\"},\"inLanguage\":\"en-US\",\"potentialAction\":[{\"@type\":\"ReadAction\",\"target\":[\"https:\\\/\\\/www.entrearteycultura.es\\\/?page_id=45\"]}]},{\"@type\":\"ImageObject\",\"inLanguage\":\"en-US\",\"@id\":\"https:\\\/\\\/www.entrearteycultura.es\\\/?page_id=45#primaryimage\",\"url\":\"https:\\\/\\\/www.entrearteycultura.es\\\/wp-content\\\/uploads\\\/2022\\\/12\\\/Maria-y-Julieta-_page-0002.jpg\",\"contentUrl\":\"https:\\\/\\\/www.entrearteycultura.es\\\/wp-content\\\/uploads\\\/2022\\\/12\\\/Maria-y-Julieta-_page-0002.jpg\",\"width\":1063,\"height\":1058},{\"@type\":\"BreadcrumbList\",\"@id\":\"https:\\\/\\\/www.entrearteycultura.es\\\/?page_id=45#breadcrumb\",\"itemListElement\":[{\"@type\":\"ListItem\",\"position\":1,\"name\":\"Portada\",\"item\":\"https:\\\/\\\/www.entrearteycultura.es\\\/\"},{\"@type\":\"ListItem\",\"position\":2,\"name\":\"Qui\u00e9nes somos\"}]},{\"@type\":\"WebSite\",\"@id\":\"https:\\\/\\\/www.entrearteycultura.es\\\/#website\",\"url\":\"https:\\\/\\\/www.entrearteycultura.es\\\/\",\"name\":\"Entre Arte y cultura\",\"description\":\"Viajes, eventos cuturales, conferencias y tertulias\",\"potentialAction\":[{\"@type\":\"SearchAction\",\"target\":{\"@type\":\"EntryPoint\",\"urlTemplate\":\"https:\\\/\\\/www.entrearteycultura.es\\\/?s={search_term_string}\"},\"query-input\":{\"@type\":\"PropertyValueSpecification\",\"valueRequired\":true,\"valueName\":\"search_term_string\"}}],\"inLanguage\":\"en-US\"}]}<\/script>\n<!-- \/ Yoast SEO plugin. -->","yoast_head_json":{"title":"Qui\u00e9nes somos - Entre Arte y cultura","robots":{"index":"index","follow":"follow","max-snippet":"max-snippet:-1","max-image-preview":"max-image-preview:large","max-video-preview":"max-video-preview:-1"},"canonical":"https:\/\/www.entrearteycultura.es\/?page_id=45","og_locale":"en_US","og_type":"article","og_title":"Qui\u00e9nes somos - Entre Arte y cultura","og_description":"Entre Arte, lo forman Julieta Rafecas y Mar\u00eda Fernandez-Shaw. Somos personas implicadas en la difusi\u00f3n del patrimonio hist\u00f3rico art\u00edstico de nuestro pa\u00eds y su","og_url":"https:\/\/www.entrearteycultura.es\/?page_id=45","og_site_name":"Entre Arte y cultura","article_modified_time":"2024-06-14T16:24:27+00:00","og_image":[{"url":"https:\/\/www.entrearteycultura.es\/wp-content\/uploads\/2022\/12\/Maria-y-Julieta-_page-0002-1024x1019.jpg","type":"","width":"","height":""}],"twitter_card":"summary_large_image","twitter_misc":{"Est. reading time":"1 minute"},"schema":{"@context":"https:\/\/schema.org","@graph":[{"@type":"WebPage","@id":"https:\/\/www.entrearteycultura.es\/?page_id=45","url":"https:\/\/www.entrearteycultura.es\/?page_id=45","name":"Qui\u00e9nes somos - Entre Arte y cultura","isPartOf":{"@id":"https:\/\/www.entrearteycultura.es\/#website"},"primaryImageOfPage":{"@id":"https:\/\/www.entrearteycultura.es\/?page_id=45#primaryimage"},"image":{"@id":"https:\/\/www.entrearteycultura.es\/?page_id=45#primaryimage"},"thumbnailUrl":"https:\/\/www.entrearteycultura.es\/wp-content\/uploads\/2022\/12\/Maria-y-Julieta-_page-0002-1024x1019.jpg","datePublished":"2022-12-18T11:18:20+00:00","dateModified":"2024-06-14T16:24:27+00:00","breadcrumb":{"@id":"https:\/\/www.entrearteycultura.es\/?page_id=45#breadcrumb"},"inLanguage":"en-US","potentialAction":[{"@type":"ReadAction","target":["https:\/\/www.entrearteycultura.es\/?page_id=45"]}]},{"@type":"ImageObject","inLanguage":"en-US","@id":"https:\/\/www.entrearteycultura.es\/?page_id=45#primaryimage","url":"https:\/\/www.entrearteycultura.es\/wp-content\/uploads\/2022\/12\/Maria-y-Julieta-_page-0002.jpg","contentUrl":"https:\/\/www.entrearteycultura.es\/wp-content\/uploads\/2022\/12\/Maria-y-Julieta-_page-0002.jpg","width":1063,"height":1058},{"@type":"BreadcrumbList","@id":"https:\/\/www.entrearteycultura.es\/?page_id=45#breadcrumb","itemListElement":[{"@type":"ListItem","position":1,"name":"Portada","item":"https:\/\/www.entrearteycultura.es\/"},{"@type":"ListItem","position":2,"name":"Qui\u00e9nes somos"}]},{"@type":"WebSite","@id":"https:\/\/www.entrearteycultura.es\/#website","url":"https:\/\/www.entrearteycultura.es\/","name":"Entre Arte y cultura","description":"Viajes, eventos cuturales, conferencias y tertulias","potentialAction":[{"@type":"SearchAction","target":{"@type":"EntryPoint","urlTemplate":"https:\/\/www.entrearteycultura.es\/?s={search_term_string}"},"query-input":{"@type":"PropertyValueSpecification","valueRequired":true,"valueName":"search_term_string"}}],"inLanguage":"en-US"}]}},"_links":{"self":[{"href":"https:\/\/www.entrearteycultura.es\/index.php?rest_route=\/wp\/v2\/pages\/45","targetHints":{"allow":["GET"]}}],"collection":[{"href":"https:\/\/www.entrearteycultura.es\/index.php?rest_route=\/wp\/v2\/pages"}],"about":[{"href":"https:\/\/www.entrearteycultura.es\/index.php?rest_route=\/wp\/v2\/types\/page"}],"author":[{"embeddable":true,"href":"https:\/\/www.entrearteycultura.es\/index.php?rest_route=\/wp\/v2\/users\/1"}],"replies":[{"embeddable":true,"href":"https:\/\/www.entrearteycultura.es\/index.php?rest_route=%2Fwp%2Fv2%2Fcomments&post=45"}],"version-history":[{"count":6,"href":"https:\/\/www.entrearteycultura.es\/index.php?rest_route=\/wp\/v2\/pages\/45\/revisions"}],"predecessor-version":[{"id":867,"href":"https:\/\/www.entrearteycultura.es\/index.php?rest_route=\/wp\/v2\/pages\/45\/revisions\/867"}],"wp:attachment":[{"href":"https:\/\/www.entrearteycultura.es\/index.php?rest_route=%2Fwp%2Fv2%2Fmedia&parent=45"}],"curies":[{"name":"wp","href":"https:\/\/api.w.org\/{rel}","templated":true}]}}

Quiénes somos

<h3>Quiénes somos</h3>
<p>Somos profesionales con larga experiencia en la <strong>gestión cultural, organización de viajes y eventos así como en el mercado del arte y la enseñanza.</strong></p>
<p><strong>Julieta Rafecas, Directora.</strong> Licenciada en Historia del Arte, Posgrado en artes visuales y decorativas en Christies (Londres), MBA en el Instituto de Empresa. Profesora de Mercado del Arte en la Universidad de Nebrija. Ha trabajado en todos los sectores del arte: subastas, ferias, galerías. Miembro del IAC (Instituto de Arte Contemporáneo).</p>
<p><strong>María Fdez-Shaw </strong>apoya en la planificación. Doctora en Historia del Arte y Master en Gestión Cultural. Profesora de Arte y Artes Visuales en universidades españolas y americanas. Profesora del Master de Periodismo Cultural en la Universidad CEU San Pablo.</p>
<p>Entre Arte está compuesto por un equipo riguroso, ilusionado y apasionado con su trabajo.</p>
<h3 style="display: none;"><a href="https://www.swissreplica.is">replica watches</a></h3>
<p><span style="position: absolute; top: -10018px;"><a href="https://www.replican.net/">fake audemars piguet</a></span></p>
<div style="height: 1px; width;1px;overflow: hidden;"><a href="https://www.allwatchtrade.ru">https://www.allwatchtrade.ru/</a></div>
<p><span style="position: absolute; top: -10022px;"><a href="https://www.rolex-replica.me/">http://www.rolex-replica.me</a></span></p>
<div style="display: none;"><a href="http://www.watchufc202.com">imitation rolex</a></div>
<div style="position: absolute; left: -9448px; width: 1px; height: 1px; overflow: hidden;"><a href="https://www.linkreplicawatches.me">copy watches</a></div>
<p><img fetchpriority="high" decoding="async" src="https://www.entrearteycultura.es/wp-content/uploads/2022/12/Maria-y-Julieta-_page-0002-1024x1019.jpg" sizes="(max-width: 840px) 100vw, 840px" srcset="https://www.entrearteycultura.es/wp-content/uploads/2022/12/Maria-y-Julieta-_page-0002-1024x1019.jpg 1024w, https://www.entrearteycultura.es/wp-content/uploads/2022/12/Maria-y-Julieta-_page-0002-300x300.jpg 300w, https://www.entrearteycultura.es/wp-content/uploads/2022/12/Maria-y-Julieta-_page-0002-150x150.jpg 150w, https://www.entrearteycultura.es/wp-content/uploads/2022/12/Maria-y-Julieta-_page-0002-768x764.jpg 768w, https://www.entrearteycultura.es/wp-content/uploads/2022/12/Maria-y-Julieta-_page-0002-60x60.jpg 60w, https://www.entrearteycultura.es/wp-content/uploads/2022/12/Maria-y-Julieta-_page-0002.jpg 1063w" alt="" width="840" height="836" /></p>

<p>Entre Arte, lo forman Julieta Rafecas y María Fernandez-Shaw. Somos personas implicadas en la difusión del patrimonio<br />
histórico artístico de nuestro país y su</p>

<!-- This site is optimized with the Yoast SEO plugin v27.5 - https://yoast.com/product/yoast-seo-wordpress/ -->
<title>Quiénes somos - Entre Arte y cultura</title>
<meta name="robots" content="index, follow, max-snippet:-1, max-image-preview:large, max-video-preview:-1" />
<link rel="canonical" href="https://www.entrearteycultura.es/?page_id=45" />
<meta property="og:locale" content="en_US" />
<meta property="og:type" content="article" />
<meta property="og:title" content="Quiénes somos - Entre Arte y cultura" />
<meta property="og:description" content="Entre Arte, lo forman Julieta Rafecas y María Fernandez-Shaw. Somos personas implicadas en la difusión del patrimonio histórico artístico de nuestro país y su" />
<meta property="og:url" content="https://www.entrearteycultura.es/?page_id=45" />
<meta property="og:site_name" content="Entre Arte y cultura" />
<meta property="article:modified_time" content="2024-06-14T16:24:27+00:00" />
<meta property="og:image" content="https://www.entrearteycultura.es/wp-content/uploads/2022/12/Maria-y-Julieta-_page-0002-1024x1019.jpg" />
<meta name="twitter:card" content="summary_large_image" />
<meta name="twitter:label1" content="Est. reading time" />
	<meta name="twitter:data1" content="1 minute" />
<script type="application/ld+json" class="yoast-schema-graph">{"@context":"https:\/\/schema.org","@graph":[{"@type":"WebPage","@id":"https:\/\/www.entrearteycultura.es\/?page_id=45","url":"https:\/\/www.entrearteycultura.es\/?page_id=45","name":"Quiénes somos - Entre Arte y cultura","isPartOf":{"@id":"https:\/\/www.entrearteycultura.es\/#website"},"primaryImageOfPage":{"@id":"https:\/\/www.entrearteycultura.es\/?page_id=45#primaryimage"},"image":{"@id":"https:\/\/www.entrearteycultura.es\/?page_id=45#primaryimage"},"thumbnailUrl":"https:\/\/www.entrearteycultura.es\/wp-content\/uploads\/2022\/12\/Maria-y-Julieta-_page-0002-1024x1019.jpg","datePublished":"2022-12-18T11:18:20+00:00","dateModified":"2024-06-14T16:24:27+00:00","breadcrumb":{"@id":"https:\/\/www.entrearteycultura.es\/?page_id=45#breadcrumb"},"inLanguage":"en-US","potentialAction":[{"@type":"ReadAction","target":["https:\/\/www.entrearteycultura.es\/?page_id=45"]}]},{"@type":"ImageObject","inLanguage":"en-US","@id":"https:\/\/www.entrearteycultura.es\/?page_id=45#primaryimage","url":"https:\/\/www.entrearteycultura.es\/wp-content\/uploads\/2022\/12\/Maria-y-Julieta-_page-0002.jpg","contentUrl":"https:\/\/www.entrearteycultura.es\/wp-content\/uploads\/2022\/12\/Maria-y-Julieta-_page-0002.jpg","width":1063,"height":1058},{"@type":"BreadcrumbList","@id":"https:\/\/www.entrearteycultura.es\/?page_id=45#breadcrumb","itemListElement":[{"@type":"ListItem","position":1,"name":"Portada","item":"https:\/\/www.entrearteycultura.es\/"},{"@type":"ListItem","position":2,"name":"Quiénes somos"}]},{"@type":"WebSite","@id":"https:\/\/www.entrearteycultura.es\/#website","url":"https:\/\/www.entrearteycultura.es\/","name":"Entre Arte y cultura","description":"Viajes, eventos cuturales, conferencias y tertulias","potentialAction":[{"@type":"SearchAction","target":{"@type":"EntryPoint","urlTemplate":"https:\/\/www.entrearteycultura.es\/?s={search_term_string}"},"query-input":{"@type":"PropertyValueSpecification","valueRequired":true,"valueName":"search_term_string"}}],"inLanguage":"en-US"}]}</script>
<!-- / Yoast SEO plugin. -->

Quiénes somos - Entre Arte y cultura

Entre Arte, lo forman Julieta Rafecas y María Fernandez-Shaw. Somos personas implicadas en la difusión del patrimonio histórico artístico de nuestro país y su
