{"id":9930,"date":"2026-03-01T20:36:24","date_gmt":"2026-03-01T20:36:24","guid":{"rendered":"https:\/\/www.entrearteycultura.es\/?post_type=eap_event&#038;p=9930"},"modified":"2026-04-30T11:39:26","modified_gmt":"2026-04-30T11:39:26","slug":"escapada-madrigal-de-las-altas-torres-avila-sabado-18-de-abril","status":"publish","type":"eap_event","link":"https:\/\/www.entrearteycultura.es\/?eap_event=escapada-madrigal-de-las-altas-torres-avila-sabado-18-de-abril","title":{"rendered":"ESCAPADA: MADRIGAL DE LAS ALTAS TORRES (\u00c1VILA). S\u00e1bado, 18 de abril"},"content":{"rendered":"\n<p>Situada en la comarca de\u00a0<strong>La Mora\u00f1a<\/strong>\u00a0(\u00c1vila),\u00a0Madrigal de las Altas Torres, es una de las villas medievales m\u00e1s emblem\u00e1ticas de Castilla, famosa por ser la\u00a0<strong>cuna de Isabel la Cat\u00f3lica<\/strong>, quien naci\u00f3 aqu\u00ed en 1451.\u00a0 Posee uno de los escasos ejemplos de murallas medievales de estilo mud\u00e9jar que se conservan en todo el pa\u00eds, declarado Bien de Inter\u00e9s Cultural. Visitamos el <strong>Palacio de Juan II<\/strong> (Monasterio de Nuestra Se\u00f1ora de Gracia), la <strong>Casa natal de la reina Isabel I;<\/strong> la <strong>Iglesia de San Nicol\u00e1s de Bari<\/strong>; <strong>Real Hospital de la Pur\u00edsima Concepci\u00f3n<\/strong> y el <strong>Convento Agustino de Extramuros<\/strong>, ruinas majestuosas situadas a las afueras donde falleci\u00f3 el escritor Fray Luis de Le\u00f3n.<\/p>\n","protected":false},"excerpt":{"rendered":"<p>Situada en la comarca de\u00a0La Mora\u00f1a\u00a0(\u00c1vila),\u00a0Madrigal de las Altas Torres, es una de las villas medievales m\u00e1s emblem\u00e1ticas de Castilla, famosa por ser la\u00a0cuna de Isabel la Cat\u00f3lica, quien naci\u00f3 aqu\u00ed en 1451.\u00a0 Posee uno de los escasos ejemplos de murallas medievales de estilo mud\u00e9jar que se conservan en todo el pa\u00eds, declarado Bien de [&hellip;]<\/p>\n","protected":false},"author":1,"featured_media":9931,"comment_status":"open","ping_status":"closed","template":"","categories":[45],"class_list":["post-9930","eap_event","type-eap_event","status-publish","has-post-thumbnail","hentry","category-eventos-pasados"],"yoast_head":"<!-- This site is optimized with the Yoast SEO plugin v27.5 - https:\/\/yoast.com\/product\/yoast-seo-wordpress\/ -->\n<title>ESCAPADA: MADRIGAL DE LAS ALTAS TORRES (\u00c1VILA). S\u00e1bado, 18 de abril - Entre Arte y cultura<\/title>\n<meta name=\"robots\" content=\"index, follow, max-snippet:-1, max-image-preview:large, max-video-preview:-1\" \/>\n<link rel=\"canonical\" href=\"https:\/\/www.entrearteycultura.es\/?eap_event=escapada-madrigal-de-las-altas-torres-avila-sabado-18-de-abril\" \/>\n<meta property=\"og:locale\" content=\"en_US\" \/>\n<meta property=\"og:type\" content=\"article\" \/>\n<meta property=\"og:title\" content=\"ESCAPADA: MADRIGAL DE LAS ALTAS TORRES (\u00c1VILA). S\u00e1bado, 18 de abril - Entre Arte y cultura\" \/>\n<meta property=\"og:description\" content=\"Situada en la comarca de\u00a0La Mora\u00f1a\u00a0(\u00c1vila),\u00a0Madrigal de las Altas Torres, es una de las villas medievales m\u00e1s emblem\u00e1ticas de Castilla, famosa por ser la\u00a0cuna de Isabel la Cat\u00f3lica, quien naci\u00f3 aqu\u00ed en 1451.\u00a0 Posee uno de los escasos ejemplos de murallas medievales de estilo mud\u00e9jar que se conservan en todo el pa\u00eds, declarado Bien de [&hellip;]\" \/>\n<meta property=\"og:url\" content=\"https:\/\/www.entrearteycultura.es\/?eap_event=escapada-madrigal-de-las-altas-torres-avila-sabado-18-de-abril\" \/>\n<meta property=\"og:site_name\" content=\"Entre Arte y cultura\" \/>\n<meta property=\"article:modified_time\" content=\"2026-04-30T11:39:26+00:00\" \/>\n<meta property=\"og:image\" content=\"https:\/\/www.entrearteycultura.es\/wp-content\/uploads\/2026\/03\/Imagen5.png\" \/>\n\t<meta property=\"og:image:width\" content=\"567\" \/>\n\t<meta property=\"og:image:height\" content=\"149\" \/>\n\t<meta property=\"og:image:type\" content=\"image\/png\" \/>\n<meta name=\"twitter:card\" content=\"summary_large_image\" \/>\n<meta name=\"twitter:label1\" content=\"Est. reading time\" \/>\n\t<meta name=\"twitter:data1\" content=\"1 minute\" \/>\n<script type=\"application\/ld+json\" class=\"yoast-schema-graph\">{\"@context\":\"https:\\\/\\\/schema.org\",\"@graph\":[{\"@type\":\"WebPage\",\"@id\":\"https:\\\/\\\/www.entrearteycultura.es\\\/?eap_event=escapada-madrigal-de-las-altas-torres-avila-sabado-18-de-abril\",\"url\":\"https:\\\/\\\/www.entrearteycultura.es\\\/?eap_event=escapada-madrigal-de-las-altas-torres-avila-sabado-18-de-abril\",\"name\":\"ESCAPADA: MADRIGAL DE LAS ALTAS TORRES (\u00c1VILA). S\u00e1bado, 18 de abril - Entre Arte y cultura\",\"isPartOf\":{\"@id\":\"https:\\\/\\\/www.entrearteycultura.es\\\/#website\"},\"primaryImageOfPage\":{\"@id\":\"https:\\\/\\\/www.entrearteycultura.es\\\/?eap_event=escapada-madrigal-de-las-altas-torres-avila-sabado-18-de-abril#primaryimage\"},\"image\":{\"@id\":\"https:\\\/\\\/www.entrearteycultura.es\\\/?eap_event=escapada-madrigal-de-las-altas-torres-avila-sabado-18-de-abril#primaryimage\"},\"thumbnailUrl\":\"https:\\\/\\\/www.entrearteycultura.es\\\/wp-content\\\/uploads\\\/2026\\\/03\\\/Imagen5.png\",\"datePublished\":\"2026-03-01T20:36:24+00:00\",\"dateModified\":\"2026-04-30T11:39:26+00:00\",\"breadcrumb\":{\"@id\":\"https:\\\/\\\/www.entrearteycultura.es\\\/?eap_event=escapada-madrigal-de-las-altas-torres-avila-sabado-18-de-abril#breadcrumb\"},\"inLanguage\":\"en-US\",\"potentialAction\":[{\"@type\":\"ReadAction\",\"target\":[\"https:\\\/\\\/www.entrearteycultura.es\\\/?eap_event=escapada-madrigal-de-las-altas-torres-avila-sabado-18-de-abril\"]}]},{\"@type\":\"ImageObject\",\"inLanguage\":\"en-US\",\"@id\":\"https:\\\/\\\/www.entrearteycultura.es\\\/?eap_event=escapada-madrigal-de-las-altas-torres-avila-sabado-18-de-abril#primaryimage\",\"url\":\"https:\\\/\\\/www.entrearteycultura.es\\\/wp-content\\\/uploads\\\/2026\\\/03\\\/Imagen5.png\",\"contentUrl\":\"https:\\\/\\\/www.entrearteycultura.es\\\/wp-content\\\/uploads\\\/2026\\\/03\\\/Imagen5.png\",\"width\":567,\"height\":149},{\"@type\":\"BreadcrumbList\",\"@id\":\"https:\\\/\\\/www.entrearteycultura.es\\\/?eap_event=escapada-madrigal-de-las-altas-torres-avila-sabado-18-de-abril#breadcrumb\",\"itemListElement\":[{\"@type\":\"ListItem\",\"position\":1,\"name\":\"Portada\",\"item\":\"https:\\\/\\\/www.entrearteycultura.es\\\/\"},{\"@type\":\"ListItem\",\"position\":2,\"name\":\"Events\",\"item\":\"https:\\\/\\\/www.entrearteycultura.es\\\/?post_type=eap_event\"},{\"@type\":\"ListItem\",\"position\":3,\"name\":\"ESCAPADA: MADRIGAL DE LAS ALTAS TORRES (\u00c1VILA). S\u00e1bado, 18 de abril\"}]},{\"@type\":\"WebSite\",\"@id\":\"https:\\\/\\\/www.entrearteycultura.es\\\/#website\",\"url\":\"https:\\\/\\\/www.entrearteycultura.es\\\/\",\"name\":\"Entre Arte y cultura\",\"description\":\"Viajes, eventos cuturales, conferencias y tertulias\",\"potentialAction\":[{\"@type\":\"SearchAction\",\"target\":{\"@type\":\"EntryPoint\",\"urlTemplate\":\"https:\\\/\\\/www.entrearteycultura.es\\\/?s={search_term_string}\"},\"query-input\":{\"@type\":\"PropertyValueSpecification\",\"valueRequired\":true,\"valueName\":\"search_term_string\"}}],\"inLanguage\":\"en-US\"}]}<\/script>\n<!-- \/ Yoast SEO plugin. -->","yoast_head_json":{"title":"ESCAPADA: MADRIGAL DE LAS ALTAS TORRES (\u00c1VILA). S\u00e1bado, 18 de abril - Entre Arte y cultura","robots":{"index":"index","follow":"follow","max-snippet":"max-snippet:-1","max-image-preview":"max-image-preview:large","max-video-preview":"max-video-preview:-1"},"canonical":"https:\/\/www.entrearteycultura.es\/?eap_event=escapada-madrigal-de-las-altas-torres-avila-sabado-18-de-abril","og_locale":"en_US","og_type":"article","og_title":"ESCAPADA: MADRIGAL DE LAS ALTAS TORRES (\u00c1VILA). S\u00e1bado, 18 de abril - Entre Arte y cultura","og_description":"Situada en la comarca de\u00a0La Mora\u00f1a\u00a0(\u00c1vila),\u00a0Madrigal de las Altas Torres, es una de las villas medievales m\u00e1s emblem\u00e1ticas de Castilla, famosa por ser la\u00a0cuna de Isabel la Cat\u00f3lica, quien naci\u00f3 aqu\u00ed en 1451.\u00a0 Posee uno de los escasos ejemplos de murallas medievales de estilo mud\u00e9jar que se conservan en todo el pa\u00eds, declarado Bien de [&hellip;]","og_url":"https:\/\/www.entrearteycultura.es\/?eap_event=escapada-madrigal-de-las-altas-torres-avila-sabado-18-de-abril","og_site_name":"Entre Arte y cultura","article_modified_time":"2026-04-30T11:39:26+00:00","og_image":[{"width":567,"height":149,"url":"https:\/\/www.entrearteycultura.es\/wp-content\/uploads\/2026\/03\/Imagen5.png","type":"image\/png"}],"twitter_card":"summary_large_image","twitter_misc":{"Est. reading time":"1 minute"},"schema":{"@context":"https:\/\/schema.org","@graph":[{"@type":"WebPage","@id":"https:\/\/www.entrearteycultura.es\/?eap_event=escapada-madrigal-de-las-altas-torres-avila-sabado-18-de-abril","url":"https:\/\/www.entrearteycultura.es\/?eap_event=escapada-madrigal-de-las-altas-torres-avila-sabado-18-de-abril","name":"ESCAPADA: MADRIGAL DE LAS ALTAS TORRES (\u00c1VILA). S\u00e1bado, 18 de abril - Entre Arte y cultura","isPartOf":{"@id":"https:\/\/www.entrearteycultura.es\/#website"},"primaryImageOfPage":{"@id":"https:\/\/www.entrearteycultura.es\/?eap_event=escapada-madrigal-de-las-altas-torres-avila-sabado-18-de-abril#primaryimage"},"image":{"@id":"https:\/\/www.entrearteycultura.es\/?eap_event=escapada-madrigal-de-las-altas-torres-avila-sabado-18-de-abril#primaryimage"},"thumbnailUrl":"https:\/\/www.entrearteycultura.es\/wp-content\/uploads\/2026\/03\/Imagen5.png","datePublished":"2026-03-01T20:36:24+00:00","dateModified":"2026-04-30T11:39:26+00:00","breadcrumb":{"@id":"https:\/\/www.entrearteycultura.es\/?eap_event=escapada-madrigal-de-las-altas-torres-avila-sabado-18-de-abril#breadcrumb"},"inLanguage":"en-US","potentialAction":[{"@type":"ReadAction","target":["https:\/\/www.entrearteycultura.es\/?eap_event=escapada-madrigal-de-las-altas-torres-avila-sabado-18-de-abril"]}]},{"@type":"ImageObject","inLanguage":"en-US","@id":"https:\/\/www.entrearteycultura.es\/?eap_event=escapada-madrigal-de-las-altas-torres-avila-sabado-18-de-abril#primaryimage","url":"https:\/\/www.entrearteycultura.es\/wp-content\/uploads\/2026\/03\/Imagen5.png","contentUrl":"https:\/\/www.entrearteycultura.es\/wp-content\/uploads\/2026\/03\/Imagen5.png","width":567,"height":149},{"@type":"BreadcrumbList","@id":"https:\/\/www.entrearteycultura.es\/?eap_event=escapada-madrigal-de-las-altas-torres-avila-sabado-18-de-abril#breadcrumb","itemListElement":[{"@type":"ListItem","position":1,"name":"Portada","item":"https:\/\/www.entrearteycultura.es\/"},{"@type":"ListItem","position":2,"name":"Events","item":"https:\/\/www.entrearteycultura.es\/?post_type=eap_event"},{"@type":"ListItem","position":3,"name":"ESCAPADA: MADRIGAL DE LAS ALTAS TORRES (\u00c1VILA). S\u00e1bado, 18 de abril"}]},{"@type":"WebSite","@id":"https:\/\/www.entrearteycultura.es\/#website","url":"https:\/\/www.entrearteycultura.es\/","name":"Entre Arte y cultura","description":"Viajes, eventos cuturales, conferencias y tertulias","potentialAction":[{"@type":"SearchAction","target":{"@type":"EntryPoint","urlTemplate":"https:\/\/www.entrearteycultura.es\/?s={search_term_string}"},"query-input":{"@type":"PropertyValueSpecification","valueRequired":true,"valueName":"search_term_string"}}],"inLanguage":"en-US"}]}},"_links":{"self":[{"href":"https:\/\/www.entrearteycultura.es\/index.php?rest_route=\/wp\/v2\/eap_event\/9930","targetHints":{"allow":["GET"]}}],"collection":[{"href":"https:\/\/www.entrearteycultura.es\/index.php?rest_route=\/wp\/v2\/eap_event"}],"about":[{"href":"https:\/\/www.entrearteycultura.es\/index.php?rest_route=\/wp\/v2\/types\/eap_event"}],"author":[{"embeddable":true,"href":"https:\/\/www.entrearteycultura.es\/index.php?rest_route=\/wp\/v2\/users\/1"}],"replies":[{"embeddable":true,"href":"https:\/\/www.entrearteycultura.es\/index.php?rest_route=%2Fwp%2Fv2%2Fcomments&post=9930"}],"version-history":[{"count":1,"href":"https:\/\/www.entrearteycultura.es\/index.php?rest_route=\/wp\/v2\/eap_event\/9930\/revisions"}],"predecessor-version":[{"id":9932,"href":"https:\/\/www.entrearteycultura.es\/index.php?rest_route=\/wp\/v2\/eap_event\/9930\/revisions\/9932"}],"wp:featuredmedia":[{"embeddable":true,"href":"https:\/\/www.entrearteycultura.es\/index.php?rest_route=\/wp\/v2\/media\/9931"}],"wp:attachment":[{"href":"https:\/\/www.entrearteycultura.es\/index.php?rest_route=%2Fwp%2Fv2%2Fmedia&parent=9930"}],"wp:term":[{"taxonomy":"category","embeddable":true,"href":"https:\/\/www.entrearteycultura.es\/index.php?rest_route=%2Fwp%2Fv2%2Fcategories&post=9930"}],"curies":[{"name":"wp","href":"https:\/\/api.w.org\/{rel}","templated":true}]}}

ESCAPADA: MADRIGAL DE LAS ALTAS TORRES (ÁVILA). Sábado, 18 de abril

<p>Situada en la comarca de <strong>La Moraña</strong> (Ávila), Madrigal de las Altas Torres, es una de las villas medievales más emblemáticas de Castilla, famosa por ser la <strong>cuna de Isabel la Católica</strong>, quien nació aquí en 1451.  Posee uno de los escasos ejemplos de murallas medievales de estilo mudéjar que se conservan en todo el país, declarado Bien de Interés Cultural. Visitamos el <strong>Palacio de Juan II</strong> (Monasterio de Nuestra Señora de Gracia), la <strong>Casa natal de la reina Isabel I;</strong> la <strong>Iglesia de San Nicolás de Bari</strong>; <strong>Real Hospital de la Purísima Concepción</strong> y el <strong>Convento Agustino de Extramuros</strong>, ruinas majestuosas situadas a las afueras donde falleció el escritor Fray Luis de León.</p>

<p>Situada en la comarca de La Moraña (Ávila), Madrigal de las Altas Torres, es una de las villas medievales más emblemáticas de Castilla, famosa por ser la cuna de Isabel la Católica, quien nació aquí en 1451.  Posee uno de los escasos ejemplos de murallas medievales de estilo mudéjar que se conservan en todo el país, declarado Bien de [&hellip;]</p>

<!-- This site is optimized with the Yoast SEO plugin v27.5 - https://yoast.com/product/yoast-seo-wordpress/ -->
<title>ESCAPADA: MADRIGAL DE LAS ALTAS TORRES (ÁVILA). Sábado, 18 de abril - Entre Arte y cultura</title>
<meta name="robots" content="index, follow, max-snippet:-1, max-image-preview:large, max-video-preview:-1" />
<link rel="canonical" href="https://www.entrearteycultura.es/?eap_event=escapada-madrigal-de-las-altas-torres-avila-sabado-18-de-abril" />
<meta property="og:locale" content="en_US" />
<meta property="og:type" content="article" />
<meta property="og:title" content="ESCAPADA: MADRIGAL DE LAS ALTAS TORRES (ÁVILA). Sábado, 18 de abril - Entre Arte y cultura" />
<meta property="og:description" content="Situada en la comarca de La Moraña (Ávila), Madrigal de las Altas Torres, es una de las villas medievales más emblemáticas de Castilla, famosa por ser la cuna de Isabel la Católica, quien nació aquí en 1451.  Posee uno de los escasos ejemplos de murallas medievales de estilo mudéjar que se conservan en todo el país, declarado Bien de [&hellip;]" />
<meta property="og:url" content="https://www.entrearteycultura.es/?eap_event=escapada-madrigal-de-las-altas-torres-avila-sabado-18-de-abril" />
<meta property="og:site_name" content="Entre Arte y cultura" />
<meta property="article:modified_time" content="2026-04-30T11:39:26+00:00" />
<meta property="og:image" content="https://www.entrearteycultura.es/wp-content/uploads/2026/03/Imagen5.png" />
	<meta property="og:image:width" content="567" />
	<meta property="og:image:height" content="149" />
	<meta property="og:image:type" content="image/png" />
<meta name="twitter:card" content="summary_large_image" />
<meta name="twitter:label1" content="Est. reading time" />
	<meta name="twitter:data1" content="1 minute" />
<script type="application/ld+json" class="yoast-schema-graph">{"@context":"https:\/\/schema.org","@graph":[{"@type":"WebPage","@id":"https:\/\/www.entrearteycultura.es\/?eap_event=escapada-madrigal-de-las-altas-torres-avila-sabado-18-de-abril","url":"https:\/\/www.entrearteycultura.es\/?eap_event=escapada-madrigal-de-las-altas-torres-avila-sabado-18-de-abril","name":"ESCAPADA: MADRIGAL DE LAS ALTAS TORRES (ÁVILA). Sábado, 18 de abril - Entre Arte y cultura","isPartOf":{"@id":"https:\/\/www.entrearteycultura.es\/#website"},"primaryImageOfPage":{"@id":"https:\/\/www.entrearteycultura.es\/?eap_event=escapada-madrigal-de-las-altas-torres-avila-sabado-18-de-abril#primaryimage"},"image":{"@id":"https:\/\/www.entrearteycultura.es\/?eap_event=escapada-madrigal-de-las-altas-torres-avila-sabado-18-de-abril#primaryimage"},"thumbnailUrl":"https:\/\/www.entrearteycultura.es\/wp-content\/uploads\/2026\/03\/Imagen5.png","datePublished":"2026-03-01T20:36:24+00:00","dateModified":"2026-04-30T11:39:26+00:00","breadcrumb":{"@id":"https:\/\/www.entrearteycultura.es\/?eap_event=escapada-madrigal-de-las-altas-torres-avila-sabado-18-de-abril#breadcrumb"},"inLanguage":"en-US","potentialAction":[{"@type":"ReadAction","target":["https:\/\/www.entrearteycultura.es\/?eap_event=escapada-madrigal-de-las-altas-torres-avila-sabado-18-de-abril"]}]},{"@type":"ImageObject","inLanguage":"en-US","@id":"https:\/\/www.entrearteycultura.es\/?eap_event=escapada-madrigal-de-las-altas-torres-avila-sabado-18-de-abril#primaryimage","url":"https:\/\/www.entrearteycultura.es\/wp-content\/uploads\/2026\/03\/Imagen5.png","contentUrl":"https:\/\/www.entrearteycultura.es\/wp-content\/uploads\/2026\/03\/Imagen5.png","width":567,"height":149},{"@type":"BreadcrumbList","@id":"https:\/\/www.entrearteycultura.es\/?eap_event=escapada-madrigal-de-las-altas-torres-avila-sabado-18-de-abril#breadcrumb","itemListElement":[{"@type":"ListItem","position":1,"name":"Portada","item":"https:\/\/www.entrearteycultura.es\/"},{"@type":"ListItem","position":2,"name":"Events","item":"https:\/\/www.entrearteycultura.es\/?post_type=eap_event"},{"@type":"ListItem","position":3,"name":"ESCAPADA: MADRIGAL DE LAS ALTAS TORRES (ÁVILA). Sábado, 18 de abril"}]},{"@type":"WebSite","@id":"https:\/\/www.entrearteycultura.es\/#website","url":"https:\/\/www.entrearteycultura.es\/","name":"Entre Arte y cultura","description":"Viajes, eventos cuturales, conferencias y tertulias","potentialAction":[{"@type":"SearchAction","target":{"@type":"EntryPoint","urlTemplate":"https:\/\/www.entrearteycultura.es\/?s={search_term_string}"},"query-input":{"@type":"PropertyValueSpecification","valueRequired":true,"valueName":"search_term_string"}}],"inLanguage":"en-US"}]}</script>
<!-- / Yoast SEO plugin. -->

ESCAPADA: MADRIGAL DE LAS ALTAS TORRES (ÁVILA). Sábado, 18 de abril - Entre Arte y cultura

Situada en la comarca de La Moraña (Ávila), Madrigal de las Altas Torres, es una de las villas medievales más emblemáticas de Castilla, famosa por ser la cuna de Isabel la Católica, quien nació aquí en 1451.  Posee uno de los escasos ejemplos de murallas medievales de estilo mudéjar que se conservan en todo el país, declarado Bien de [&hellip;]
