{"id":9926,"date":"2026-03-01T20:32:02","date_gmt":"2026-03-01T20:32:02","guid":{"rendered":"https:\/\/www.entrearteycultura.es\/?post_type=eap_event&#038;p=9926"},"modified":"2026-04-30T11:39:42","modified_gmt":"2026-04-30T11:39:42","slug":"visita-al-instituto-de-san-isidro-viernes-17-de-abril-1630h","status":"publish","type":"eap_event","link":"https:\/\/www.entrearteycultura.es\/?eap_event=visita-al-instituto-de-san-isidro-viernes-17-de-abril-1630h","title":{"rendered":"VISITA AL INSTITUTO DE SAN ISIDRO. Viernes, 17 de abril, 16:30h."},"content":{"rendered":"\n<p>Heredero de los Estudios de la Villa (1346), del <strong>Colegio Imperial<\/strong>, fundado en 1603 por la Emperatriz Mar\u00eda de Austria, hija de Carlos V, con el objetivo de educar a los hijos de los pr\u00edncipes y nobles, y de los <strong>Reales Estudios de San Isidro<\/strong> (1625), el <strong>Instituto de San Isidro<\/strong>\u00a0es el centro educativo m\u00e1s antiguo de Madrid y posiblemente de Espa\u00f1a. Entre sus alumnos cabe destacar algunos de los personajes m\u00e1s destacados de la historia, pol\u00edtica, ciencia y cultura como Lope de Vega, Calder\u00f3n de la Barca, Francisco de Quevedo, Jos\u00e9 Canalejas, P\u00edo Baroja, Gregorio Mara\u00f1\u00f3n, el Rey Juan Carlos I, Jos\u00e9 de Echegaray, V\u00edctor Hugo, Jos\u00e9 Luis Sampedro o Vicente Aleixandre. El edificio actual guarda tesoros como un magn\u00edfico <strong>claustro barroco<\/strong> (1672), una <strong>escalera barroca<\/strong> o una <strong>elegante capilla<\/strong> (1723), entre otras obras de arte. Es a lo largo de la escalera donde se localiza un peque\u00f1o y precioso <strong>museo<\/strong>\u00a0 dedicado a la historia del instituto. Durante este semestre, se exponen una selecci\u00f3n de instrumentos cient\u00edficos hist\u00f3ricos procedentes del antiguo Gabinete de F\u00edsica y Qu\u00edmica del IES San Isidro, conservados en el museo Nacional de Ciencia y Tecnolog\u00eda<\/p>\n\n\n\n<p><\/p>\n","protected":false},"excerpt":{"rendered":"<p>Heredero de los Estudios de la Villa (1346), del Colegio Imperial, fundado en 1603 por la Emperatriz Mar\u00eda de Austria, hija de Carlos V, con el objetivo de educar a los hijos de los pr\u00edncipes y nobles, y de los Reales Estudios de San Isidro (1625), el Instituto de San Isidro\u00a0es el centro educativo m\u00e1s [&hellip;]<\/p>\n","protected":false},"author":1,"featured_media":9927,"comment_status":"open","ping_status":"closed","template":"","categories":[45],"class_list":["post-9926","eap_event","type-eap_event","status-publish","has-post-thumbnail","hentry","category-eventos-pasados"],"yoast_head":"<!-- This site is optimized with the Yoast SEO plugin v27.5 - https:\/\/yoast.com\/product\/yoast-seo-wordpress\/ -->\n<title>VISITA AL INSTITUTO DE SAN ISIDRO. Viernes, 17 de abril, 16:30h. - Entre Arte y cultura<\/title>\n<meta name=\"robots\" content=\"index, follow, max-snippet:-1, max-image-preview:large, max-video-preview:-1\" \/>\n<link rel=\"canonical\" href=\"https:\/\/www.entrearteycultura.es\/?eap_event=visita-al-instituto-de-san-isidro-viernes-17-de-abril-1630h\" \/>\n<meta property=\"og:locale\" content=\"en_US\" \/>\n<meta property=\"og:type\" content=\"article\" \/>\n<meta property=\"og:title\" content=\"VISITA AL INSTITUTO DE SAN ISIDRO. Viernes, 17 de abril, 16:30h. - Entre Arte y cultura\" \/>\n<meta property=\"og:description\" content=\"Heredero de los Estudios de la Villa (1346), del Colegio Imperial, fundado en 1603 por la Emperatriz Mar\u00eda de Austria, hija de Carlos V, con el objetivo de educar a los hijos de los pr\u00edncipes y nobles, y de los Reales Estudios de San Isidro (1625), el Instituto de San Isidro\u00a0es el centro educativo m\u00e1s [&hellip;]\" \/>\n<meta property=\"og:url\" content=\"https:\/\/www.entrearteycultura.es\/?eap_event=visita-al-instituto-de-san-isidro-viernes-17-de-abril-1630h\" \/>\n<meta property=\"og:site_name\" content=\"Entre Arte y cultura\" \/>\n<meta property=\"article:modified_time\" content=\"2026-04-30T11:39:42+00:00\" \/>\n<meta property=\"og:image\" content=\"https:\/\/www.entrearteycultura.es\/wp-content\/uploads\/2026\/03\/Imagen4.png\" \/>\n\t<meta property=\"og:image:width\" content=\"567\" \/>\n\t<meta property=\"og:image:height\" content=\"145\" \/>\n\t<meta property=\"og:image:type\" content=\"image\/png\" \/>\n<meta name=\"twitter:card\" content=\"summary_large_image\" \/>\n<meta name=\"twitter:label1\" content=\"Est. reading time\" \/>\n\t<meta name=\"twitter:data1\" content=\"2 minutes\" \/>\n<script type=\"application\/ld+json\" class=\"yoast-schema-graph\">{\"@context\":\"https:\\\/\\\/schema.org\",\"@graph\":[{\"@type\":\"WebPage\",\"@id\":\"https:\\\/\\\/www.entrearteycultura.es\\\/?eap_event=visita-al-instituto-de-san-isidro-viernes-17-de-abril-1630h\",\"url\":\"https:\\\/\\\/www.entrearteycultura.es\\\/?eap_event=visita-al-instituto-de-san-isidro-viernes-17-de-abril-1630h\",\"name\":\"VISITA AL INSTITUTO DE SAN ISIDRO. Viernes, 17 de abril, 16:30h. - Entre Arte y cultura\",\"isPartOf\":{\"@id\":\"https:\\\/\\\/www.entrearteycultura.es\\\/#website\"},\"primaryImageOfPage\":{\"@id\":\"https:\\\/\\\/www.entrearteycultura.es\\\/?eap_event=visita-al-instituto-de-san-isidro-viernes-17-de-abril-1630h#primaryimage\"},\"image\":{\"@id\":\"https:\\\/\\\/www.entrearteycultura.es\\\/?eap_event=visita-al-instituto-de-san-isidro-viernes-17-de-abril-1630h#primaryimage\"},\"thumbnailUrl\":\"https:\\\/\\\/www.entrearteycultura.es\\\/wp-content\\\/uploads\\\/2026\\\/03\\\/Imagen4.png\",\"datePublished\":\"2026-03-01T20:32:02+00:00\",\"dateModified\":\"2026-04-30T11:39:42+00:00\",\"breadcrumb\":{\"@id\":\"https:\\\/\\\/www.entrearteycultura.es\\\/?eap_event=visita-al-instituto-de-san-isidro-viernes-17-de-abril-1630h#breadcrumb\"},\"inLanguage\":\"en-US\",\"potentialAction\":[{\"@type\":\"ReadAction\",\"target\":[\"https:\\\/\\\/www.entrearteycultura.es\\\/?eap_event=visita-al-instituto-de-san-isidro-viernes-17-de-abril-1630h\"]}]},{\"@type\":\"ImageObject\",\"inLanguage\":\"en-US\",\"@id\":\"https:\\\/\\\/www.entrearteycultura.es\\\/?eap_event=visita-al-instituto-de-san-isidro-viernes-17-de-abril-1630h#primaryimage\",\"url\":\"https:\\\/\\\/www.entrearteycultura.es\\\/wp-content\\\/uploads\\\/2026\\\/03\\\/Imagen4.png\",\"contentUrl\":\"https:\\\/\\\/www.entrearteycultura.es\\\/wp-content\\\/uploads\\\/2026\\\/03\\\/Imagen4.png\",\"width\":567,\"height\":145},{\"@type\":\"BreadcrumbList\",\"@id\":\"https:\\\/\\\/www.entrearteycultura.es\\\/?eap_event=visita-al-instituto-de-san-isidro-viernes-17-de-abril-1630h#breadcrumb\",\"itemListElement\":[{\"@type\":\"ListItem\",\"position\":1,\"name\":\"Portada\",\"item\":\"https:\\\/\\\/www.entrearteycultura.es\\\/\"},{\"@type\":\"ListItem\",\"position\":2,\"name\":\"Events\",\"item\":\"https:\\\/\\\/www.entrearteycultura.es\\\/?post_type=eap_event\"},{\"@type\":\"ListItem\",\"position\":3,\"name\":\"VISITA AL INSTITUTO DE SAN ISIDRO. Viernes, 17 de abril, 16:30h.\"}]},{\"@type\":\"WebSite\",\"@id\":\"https:\\\/\\\/www.entrearteycultura.es\\\/#website\",\"url\":\"https:\\\/\\\/www.entrearteycultura.es\\\/\",\"name\":\"Entre Arte y cultura\",\"description\":\"Viajes, eventos cuturales, conferencias y tertulias\",\"potentialAction\":[{\"@type\":\"SearchAction\",\"target\":{\"@type\":\"EntryPoint\",\"urlTemplate\":\"https:\\\/\\\/www.entrearteycultura.es\\\/?s={search_term_string}\"},\"query-input\":{\"@type\":\"PropertyValueSpecification\",\"valueRequired\":true,\"valueName\":\"search_term_string\"}}],\"inLanguage\":\"en-US\"}]}<\/script>\n<!-- \/ Yoast SEO plugin. -->","yoast_head_json":{"title":"VISITA AL INSTITUTO DE SAN ISIDRO. Viernes, 17 de abril, 16:30h. - Entre Arte y cultura","robots":{"index":"index","follow":"follow","max-snippet":"max-snippet:-1","max-image-preview":"max-image-preview:large","max-video-preview":"max-video-preview:-1"},"canonical":"https:\/\/www.entrearteycultura.es\/?eap_event=visita-al-instituto-de-san-isidro-viernes-17-de-abril-1630h","og_locale":"en_US","og_type":"article","og_title":"VISITA AL INSTITUTO DE SAN ISIDRO. Viernes, 17 de abril, 16:30h. - Entre Arte y cultura","og_description":"Heredero de los Estudios de la Villa (1346), del Colegio Imperial, fundado en 1603 por la Emperatriz Mar\u00eda de Austria, hija de Carlos V, con el objetivo de educar a los hijos de los pr\u00edncipes y nobles, y de los Reales Estudios de San Isidro (1625), el Instituto de San Isidro\u00a0es el centro educativo m\u00e1s [&hellip;]","og_url":"https:\/\/www.entrearteycultura.es\/?eap_event=visita-al-instituto-de-san-isidro-viernes-17-de-abril-1630h","og_site_name":"Entre Arte y cultura","article_modified_time":"2026-04-30T11:39:42+00:00","og_image":[{"width":567,"height":145,"url":"https:\/\/www.entrearteycultura.es\/wp-content\/uploads\/2026\/03\/Imagen4.png","type":"image\/png"}],"twitter_card":"summary_large_image","twitter_misc":{"Est. reading time":"2 minutes"},"schema":{"@context":"https:\/\/schema.org","@graph":[{"@type":"WebPage","@id":"https:\/\/www.entrearteycultura.es\/?eap_event=visita-al-instituto-de-san-isidro-viernes-17-de-abril-1630h","url":"https:\/\/www.entrearteycultura.es\/?eap_event=visita-al-instituto-de-san-isidro-viernes-17-de-abril-1630h","name":"VISITA AL INSTITUTO DE SAN ISIDRO. Viernes, 17 de abril, 16:30h. - Entre Arte y cultura","isPartOf":{"@id":"https:\/\/www.entrearteycultura.es\/#website"},"primaryImageOfPage":{"@id":"https:\/\/www.entrearteycultura.es\/?eap_event=visita-al-instituto-de-san-isidro-viernes-17-de-abril-1630h#primaryimage"},"image":{"@id":"https:\/\/www.entrearteycultura.es\/?eap_event=visita-al-instituto-de-san-isidro-viernes-17-de-abril-1630h#primaryimage"},"thumbnailUrl":"https:\/\/www.entrearteycultura.es\/wp-content\/uploads\/2026\/03\/Imagen4.png","datePublished":"2026-03-01T20:32:02+00:00","dateModified":"2026-04-30T11:39:42+00:00","breadcrumb":{"@id":"https:\/\/www.entrearteycultura.es\/?eap_event=visita-al-instituto-de-san-isidro-viernes-17-de-abril-1630h#breadcrumb"},"inLanguage":"en-US","potentialAction":[{"@type":"ReadAction","target":["https:\/\/www.entrearteycultura.es\/?eap_event=visita-al-instituto-de-san-isidro-viernes-17-de-abril-1630h"]}]},{"@type":"ImageObject","inLanguage":"en-US","@id":"https:\/\/www.entrearteycultura.es\/?eap_event=visita-al-instituto-de-san-isidro-viernes-17-de-abril-1630h#primaryimage","url":"https:\/\/www.entrearteycultura.es\/wp-content\/uploads\/2026\/03\/Imagen4.png","contentUrl":"https:\/\/www.entrearteycultura.es\/wp-content\/uploads\/2026\/03\/Imagen4.png","width":567,"height":145},{"@type":"BreadcrumbList","@id":"https:\/\/www.entrearteycultura.es\/?eap_event=visita-al-instituto-de-san-isidro-viernes-17-de-abril-1630h#breadcrumb","itemListElement":[{"@type":"ListItem","position":1,"name":"Portada","item":"https:\/\/www.entrearteycultura.es\/"},{"@type":"ListItem","position":2,"name":"Events","item":"https:\/\/www.entrearteycultura.es\/?post_type=eap_event"},{"@type":"ListItem","position":3,"name":"VISITA AL INSTITUTO DE SAN ISIDRO. Viernes, 17 de abril, 16:30h."}]},{"@type":"WebSite","@id":"https:\/\/www.entrearteycultura.es\/#website","url":"https:\/\/www.entrearteycultura.es\/","name":"Entre Arte y cultura","description":"Viajes, eventos cuturales, conferencias y tertulias","potentialAction":[{"@type":"SearchAction","target":{"@type":"EntryPoint","urlTemplate":"https:\/\/www.entrearteycultura.es\/?s={search_term_string}"},"query-input":{"@type":"PropertyValueSpecification","valueRequired":true,"valueName":"search_term_string"}}],"inLanguage":"en-US"}]}},"_links":{"self":[{"href":"https:\/\/www.entrearteycultura.es\/index.php?rest_route=\/wp\/v2\/eap_event\/9926","targetHints":{"allow":["GET"]}}],"collection":[{"href":"https:\/\/www.entrearteycultura.es\/index.php?rest_route=\/wp\/v2\/eap_event"}],"about":[{"href":"https:\/\/www.entrearteycultura.es\/index.php?rest_route=\/wp\/v2\/types\/eap_event"}],"author":[{"embeddable":true,"href":"https:\/\/www.entrearteycultura.es\/index.php?rest_route=\/wp\/v2\/users\/1"}],"replies":[{"embeddable":true,"href":"https:\/\/www.entrearteycultura.es\/index.php?rest_route=%2Fwp%2Fv2%2Fcomments&post=9926"}],"version-history":[{"count":2,"href":"https:\/\/www.entrearteycultura.es\/index.php?rest_route=\/wp\/v2\/eap_event\/9926\/revisions"}],"predecessor-version":[{"id":9929,"href":"https:\/\/www.entrearteycultura.es\/index.php?rest_route=\/wp\/v2\/eap_event\/9926\/revisions\/9929"}],"wp:featuredmedia":[{"embeddable":true,"href":"https:\/\/www.entrearteycultura.es\/index.php?rest_route=\/wp\/v2\/media\/9927"}],"wp:attachment":[{"href":"https:\/\/www.entrearteycultura.es\/index.php?rest_route=%2Fwp%2Fv2%2Fmedia&parent=9926"}],"wp:term":[{"taxonomy":"category","embeddable":true,"href":"https:\/\/www.entrearteycultura.es\/index.php?rest_route=%2Fwp%2Fv2%2Fcategories&post=9926"}],"curies":[{"name":"wp","href":"https:\/\/api.w.org\/{rel}","templated":true}]}}

<p>Heredero de los Estudios de la Villa (1346), del <strong>Colegio Imperial</strong>, fundado en 1603 por la Emperatriz María de Austria, hija de Carlos V, con el objetivo de educar a los hijos de los príncipes y nobles, y de los <strong>Reales Estudios de San Isidro</strong> (1625), el <strong>Instituto de San Isidro</strong> es el centro educativo más antiguo de Madrid y posiblemente de España. Entre sus alumnos cabe destacar algunos de los personajes más destacados de la historia, política, ciencia y cultura como Lope de Vega, Calderón de la Barca, Francisco de Quevedo, José Canalejas, Pío Baroja, Gregorio Marañón, el Rey Juan Carlos I, José de Echegaray, Víctor Hugo, José Luis Sampedro o Vicente Aleixandre. El edificio actual guarda tesoros como un magnífico <strong>claustro barroco</strong> (1672), una <strong>escalera barroca</strong> o una <strong>elegante capilla</strong> (1723), entre otras obras de arte. Es a lo largo de la escalera donde se localiza un pequeño y precioso <strong>museo</strong>  dedicado a la historia del instituto. Durante este semestre, se exponen una selección de instrumentos científicos históricos procedentes del antiguo Gabinete de Física y Química del IES San Isidro, conservados en el museo Nacional de Ciencia y Tecnología</p>



<p></p>

<p>Heredero de los Estudios de la Villa (1346), del Colegio Imperial, fundado en 1603 por la Emperatriz María de Austria, hija de Carlos V, con el objetivo de educar a los hijos de los príncipes y nobles, y de los Reales Estudios de San Isidro (1625), el Instituto de San Isidro es el centro educativo más [&hellip;]</p>

<!-- This site is optimized with the Yoast SEO plugin v27.5 - https://yoast.com/product/yoast-seo-wordpress/ -->
<title>VISITA AL INSTITUTO DE SAN ISIDRO. Viernes, 17 de abril, 16:30h. - Entre Arte y cultura</title>
<meta name="robots" content="index, follow, max-snippet:-1, max-image-preview:large, max-video-preview:-1" />
<link rel="canonical" href="https://www.entrearteycultura.es/?eap_event=visita-al-instituto-de-san-isidro-viernes-17-de-abril-1630h" />
<meta property="og:locale" content="en_US" />
<meta property="og:type" content="article" />
<meta property="og:title" content="VISITA AL INSTITUTO DE SAN ISIDRO. Viernes, 17 de abril, 16:30h. - Entre Arte y cultura" />
<meta property="og:description" content="Heredero de los Estudios de la Villa (1346), del Colegio Imperial, fundado en 1603 por la Emperatriz María de Austria, hija de Carlos V, con el objetivo de educar a los hijos de los príncipes y nobles, y de los Reales Estudios de San Isidro (1625), el Instituto de San Isidro es el centro educativo más [&hellip;]" />
<meta property="og:url" content="https://www.entrearteycultura.es/?eap_event=visita-al-instituto-de-san-isidro-viernes-17-de-abril-1630h" />
<meta property="og:site_name" content="Entre Arte y cultura" />
<meta property="article:modified_time" content="2026-04-30T11:39:42+00:00" />
<meta property="og:image" content="https://www.entrearteycultura.es/wp-content/uploads/2026/03/Imagen4.png" />
	<meta property="og:image:width" content="567" />
	<meta property="og:image:height" content="145" />
	<meta property="og:image:type" content="image/png" />
<meta name="twitter:card" content="summary_large_image" />
<meta name="twitter:label1" content="Est. reading time" />
	<meta name="twitter:data1" content="2 minutes" />
<script type="application/ld+json" class="yoast-schema-graph">{"@context":"https:\/\/schema.org","@graph":[{"@type":"WebPage","@id":"https:\/\/www.entrearteycultura.es\/?eap_event=visita-al-instituto-de-san-isidro-viernes-17-de-abril-1630h","url":"https:\/\/www.entrearteycultura.es\/?eap_event=visita-al-instituto-de-san-isidro-viernes-17-de-abril-1630h","name":"VISITA AL INSTITUTO DE SAN ISIDRO. Viernes, 17 de abril, 16:30h. - Entre Arte y cultura","isPartOf":{"@id":"https:\/\/www.entrearteycultura.es\/#website"},"primaryImageOfPage":{"@id":"https:\/\/www.entrearteycultura.es\/?eap_event=visita-al-instituto-de-san-isidro-viernes-17-de-abril-1630h#primaryimage"},"image":{"@id":"https:\/\/www.entrearteycultura.es\/?eap_event=visita-al-instituto-de-san-isidro-viernes-17-de-abril-1630h#primaryimage"},"thumbnailUrl":"https:\/\/www.entrearteycultura.es\/wp-content\/uploads\/2026\/03\/Imagen4.png","datePublished":"2026-03-01T20:32:02+00:00","dateModified":"2026-04-30T11:39:42+00:00","breadcrumb":{"@id":"https:\/\/www.entrearteycultura.es\/?eap_event=visita-al-instituto-de-san-isidro-viernes-17-de-abril-1630h#breadcrumb"},"inLanguage":"en-US","potentialAction":[{"@type":"ReadAction","target":["https:\/\/www.entrearteycultura.es\/?eap_event=visita-al-instituto-de-san-isidro-viernes-17-de-abril-1630h"]}]},{"@type":"ImageObject","inLanguage":"en-US","@id":"https:\/\/www.entrearteycultura.es\/?eap_event=visita-al-instituto-de-san-isidro-viernes-17-de-abril-1630h#primaryimage","url":"https:\/\/www.entrearteycultura.es\/wp-content\/uploads\/2026\/03\/Imagen4.png","contentUrl":"https:\/\/www.entrearteycultura.es\/wp-content\/uploads\/2026\/03\/Imagen4.png","width":567,"height":145},{"@type":"BreadcrumbList","@id":"https:\/\/www.entrearteycultura.es\/?eap_event=visita-al-instituto-de-san-isidro-viernes-17-de-abril-1630h#breadcrumb","itemListElement":[{"@type":"ListItem","position":1,"name":"Portada","item":"https:\/\/www.entrearteycultura.es\/"},{"@type":"ListItem","position":2,"name":"Events","item":"https:\/\/www.entrearteycultura.es\/?post_type=eap_event"},{"@type":"ListItem","position":3,"name":"VISITA AL INSTITUTO DE SAN ISIDRO. Viernes, 17 de abril, 16:30h."}]},{"@type":"WebSite","@id":"https:\/\/www.entrearteycultura.es\/#website","url":"https:\/\/www.entrearteycultura.es\/","name":"Entre Arte y cultura","description":"Viajes, eventos cuturales, conferencias y tertulias","potentialAction":[{"@type":"SearchAction","target":{"@type":"EntryPoint","urlTemplate":"https:\/\/www.entrearteycultura.es\/?s={search_term_string}"},"query-input":{"@type":"PropertyValueSpecification","valueRequired":true,"valueName":"search_term_string"}}],"inLanguage":"en-US"}]}</script>
<!-- / Yoast SEO plugin. -->

Heredero de los Estudios de la Villa (1346), del Colegio Imperial, fundado en 1603 por la Emperatriz María de Austria, hija de Carlos V, con el objetivo de educar a los hijos de los príncipes y nobles, y de los Reales Estudios de San Isidro (1625), el Instituto de San Isidro es el centro educativo más [&hellip;]
