{"id":987,"date":"2024-10-04T15:21:23","date_gmt":"2024-10-04T15:21:23","guid":{"rendered":"https:\/\/www.entrearteycultura.es\/?post_type=eap_event&#038;p=987"},"modified":"2024-12-17T10:39:51","modified_gmt":"2024-12-17T10:39:51","slug":"visita-a-la-exposicion-soledad-sevilla-lunes-4-de-noviembre-1700h","status":"publish","type":"eap_event","link":"https:\/\/www.entrearteycultura.es\/?eap_event=visita-a-la-exposicion-soledad-sevilla-lunes-4-de-noviembre-1700h","title":{"rendered":"VISITA A LA EXPOSICI\u00d3N SOLEDAD SEVILLA.\u00a0Lunes 2 de diciembre, 17:00h."},"content":{"rendered":"\n<p>El\u00a0<strong>Museo Reina Sof\u00eda<\/strong>\u00a0presenta la muestra de la pintora valenciana Soledad Sevilla (Valencia 1944), quien recibi\u00f3 el\u00a0<strong>premio Vel\u00e1zquez de Artes Pl\u00e1sticas en 2022<\/strong>. La exposici\u00f3n re\u00fane trabajos que abarcan desde sus primeros pasos hasta sus producciones actuales, algunas espec\u00edficamente realizadas para esta muestra. Podremos ver un centenar de trabajos que abarcan desde sus primeros pasos en el Centro de C\u00e1lculo de la UCM hasta sus producciones actuales con sus \u00faltimas series como Horizontes blancos o Sempere, donde homenajea a su referente y amigo Eusebio Sempere.<br>Bono + 8\u20ac entrada<\/p>\n","protected":false},"excerpt":{"rendered":"<p>El\u00a0Museo Reina Sof\u00eda\u00a0presenta la muestra de la pintora valenciana Soledad Sevilla (Valencia 1944), quien recibi\u00f3 el\u00a0premio Vel\u00e1zquez de Artes Pl\u00e1sticas en 2022. La exposici\u00f3n re\u00fane trabajos que abarcan desde sus primeros pasos hasta sus producciones actuales, algunas espec\u00edficamente realizadas para esta muestra. Podremos ver un centenar de trabajos que abarcan desde sus primeros pasos en [&hellip;]<\/p>\n","protected":false},"author":1,"featured_media":989,"comment_status":"open","ping_status":"closed","template":"","categories":[45],"class_list":["post-987","eap_event","type-eap_event","status-publish","has-post-thumbnail","hentry","category-eventos-pasados"],"yoast_head":"<!-- This site is optimized with the Yoast SEO plugin v27.5 - https:\/\/yoast.com\/product\/yoast-seo-wordpress\/ -->\n<title>VISITA A LA EXPOSICI\u00d3N SOLEDAD SEVILLA.\u00a0Lunes 2 de diciembre, 17:00h. - Entre Arte y cultura<\/title>\n<meta name=\"robots\" content=\"index, follow, max-snippet:-1, max-image-preview:large, max-video-preview:-1\" \/>\n<link rel=\"canonical\" href=\"https:\/\/www.entrearteycultura.es\/?eap_event=visita-a-la-exposicion-soledad-sevilla-lunes-4-de-noviembre-1700h\" \/>\n<meta property=\"og:locale\" content=\"en_US\" \/>\n<meta property=\"og:type\" content=\"article\" \/>\n<meta property=\"og:title\" content=\"VISITA A LA EXPOSICI\u00d3N SOLEDAD SEVILLA.\u00a0Lunes 2 de diciembre, 17:00h. - Entre Arte y cultura\" \/>\n<meta property=\"og:description\" content=\"El\u00a0Museo Reina Sof\u00eda\u00a0presenta la muestra de la pintora valenciana Soledad Sevilla (Valencia 1944), quien recibi\u00f3 el\u00a0premio Vel\u00e1zquez de Artes Pl\u00e1sticas en 2022. La exposici\u00f3n re\u00fane trabajos que abarcan desde sus primeros pasos hasta sus producciones actuales, algunas espec\u00edficamente realizadas para esta muestra. Podremos ver un centenar de trabajos que abarcan desde sus primeros pasos en [&hellip;]\" \/>\n<meta property=\"og:url\" content=\"https:\/\/www.entrearteycultura.es\/?eap_event=visita-a-la-exposicion-soledad-sevilla-lunes-4-de-noviembre-1700h\" \/>\n<meta property=\"og:site_name\" content=\"Entre Arte y cultura\" \/>\n<meta property=\"article:modified_time\" content=\"2024-12-17T10:39:51+00:00\" \/>\n<meta property=\"og:image\" content=\"https:\/\/www.entrearteycultura.es\/wp-content\/uploads\/2024\/10\/Imagen3.jpg\" \/>\n\t<meta property=\"og:image:width\" content=\"567\" \/>\n\t<meta property=\"og:image:height\" content=\"168\" \/>\n\t<meta property=\"og:image:type\" content=\"image\/jpeg\" \/>\n<meta name=\"twitter:card\" content=\"summary_large_image\" \/>\n<meta name=\"twitter:label1\" content=\"Est. reading time\" \/>\n\t<meta name=\"twitter:data1\" content=\"1 minute\" \/>\n<script type=\"application\/ld+json\" class=\"yoast-schema-graph\">{\"@context\":\"https:\\\/\\\/schema.org\",\"@graph\":[{\"@type\":\"WebPage\",\"@id\":\"https:\\\/\\\/www.entrearteycultura.es\\\/?eap_event=visita-a-la-exposicion-soledad-sevilla-lunes-4-de-noviembre-1700h\",\"url\":\"https:\\\/\\\/www.entrearteycultura.es\\\/?eap_event=visita-a-la-exposicion-soledad-sevilla-lunes-4-de-noviembre-1700h\",\"name\":\"VISITA A LA EXPOSICI\u00d3N SOLEDAD SEVILLA.\u00a0Lunes 2 de diciembre, 17:00h. - Entre Arte y cultura\",\"isPartOf\":{\"@id\":\"https:\\\/\\\/www.entrearteycultura.es\\\/#website\"},\"primaryImageOfPage\":{\"@id\":\"https:\\\/\\\/www.entrearteycultura.es\\\/?eap_event=visita-a-la-exposicion-soledad-sevilla-lunes-4-de-noviembre-1700h#primaryimage\"},\"image\":{\"@id\":\"https:\\\/\\\/www.entrearteycultura.es\\\/?eap_event=visita-a-la-exposicion-soledad-sevilla-lunes-4-de-noviembre-1700h#primaryimage\"},\"thumbnailUrl\":\"https:\\\/\\\/www.entrearteycultura.es\\\/wp-content\\\/uploads\\\/2024\\\/10\\\/Imagen3.jpg\",\"datePublished\":\"2024-10-04T15:21:23+00:00\",\"dateModified\":\"2024-12-17T10:39:51+00:00\",\"breadcrumb\":{\"@id\":\"https:\\\/\\\/www.entrearteycultura.es\\\/?eap_event=visita-a-la-exposicion-soledad-sevilla-lunes-4-de-noviembre-1700h#breadcrumb\"},\"inLanguage\":\"en-US\",\"potentialAction\":[{\"@type\":\"ReadAction\",\"target\":[\"https:\\\/\\\/www.entrearteycultura.es\\\/?eap_event=visita-a-la-exposicion-soledad-sevilla-lunes-4-de-noviembre-1700h\"]}]},{\"@type\":\"ImageObject\",\"inLanguage\":\"en-US\",\"@id\":\"https:\\\/\\\/www.entrearteycultura.es\\\/?eap_event=visita-a-la-exposicion-soledad-sevilla-lunes-4-de-noviembre-1700h#primaryimage\",\"url\":\"https:\\\/\\\/www.entrearteycultura.es\\\/wp-content\\\/uploads\\\/2024\\\/10\\\/Imagen3.jpg\",\"contentUrl\":\"https:\\\/\\\/www.entrearteycultura.es\\\/wp-content\\\/uploads\\\/2024\\\/10\\\/Imagen3.jpg\",\"width\":567,\"height\":168},{\"@type\":\"BreadcrumbList\",\"@id\":\"https:\\\/\\\/www.entrearteycultura.es\\\/?eap_event=visita-a-la-exposicion-soledad-sevilla-lunes-4-de-noviembre-1700h#breadcrumb\",\"itemListElement\":[{\"@type\":\"ListItem\",\"position\":1,\"name\":\"Portada\",\"item\":\"https:\\\/\\\/www.entrearteycultura.es\\\/\"},{\"@type\":\"ListItem\",\"position\":2,\"name\":\"Events\",\"item\":\"https:\\\/\\\/www.entrearteycultura.es\\\/?post_type=eap_event\"},{\"@type\":\"ListItem\",\"position\":3,\"name\":\"VISITA A LA EXPOSICI\u00d3N SOLEDAD SEVILLA.\u00a0Lunes 2 de diciembre, 17:00h.\"}]},{\"@type\":\"WebSite\",\"@id\":\"https:\\\/\\\/www.entrearteycultura.es\\\/#website\",\"url\":\"https:\\\/\\\/www.entrearteycultura.es\\\/\",\"name\":\"Entre Arte y cultura\",\"description\":\"Viajes, eventos cuturales, conferencias y tertulias\",\"potentialAction\":[{\"@type\":\"SearchAction\",\"target\":{\"@type\":\"EntryPoint\",\"urlTemplate\":\"https:\\\/\\\/www.entrearteycultura.es\\\/?s={search_term_string}\"},\"query-input\":{\"@type\":\"PropertyValueSpecification\",\"valueRequired\":true,\"valueName\":\"search_term_string\"}}],\"inLanguage\":\"en-US\"}]}<\/script>\n<!-- \/ Yoast SEO plugin. -->","yoast_head_json":{"title":"VISITA A LA EXPOSICI\u00d3N SOLEDAD SEVILLA.\u00a0Lunes 2 de diciembre, 17:00h. - Entre Arte y cultura","robots":{"index":"index","follow":"follow","max-snippet":"max-snippet:-1","max-image-preview":"max-image-preview:large","max-video-preview":"max-video-preview:-1"},"canonical":"https:\/\/www.entrearteycultura.es\/?eap_event=visita-a-la-exposicion-soledad-sevilla-lunes-4-de-noviembre-1700h","og_locale":"en_US","og_type":"article","og_title":"VISITA A LA EXPOSICI\u00d3N SOLEDAD SEVILLA.\u00a0Lunes 2 de diciembre, 17:00h. - Entre Arte y cultura","og_description":"El\u00a0Museo Reina Sof\u00eda\u00a0presenta la muestra de la pintora valenciana Soledad Sevilla (Valencia 1944), quien recibi\u00f3 el\u00a0premio Vel\u00e1zquez de Artes Pl\u00e1sticas en 2022. La exposici\u00f3n re\u00fane trabajos que abarcan desde sus primeros pasos hasta sus producciones actuales, algunas espec\u00edficamente realizadas para esta muestra. Podremos ver un centenar de trabajos que abarcan desde sus primeros pasos en [&hellip;]","og_url":"https:\/\/www.entrearteycultura.es\/?eap_event=visita-a-la-exposicion-soledad-sevilla-lunes-4-de-noviembre-1700h","og_site_name":"Entre Arte y cultura","article_modified_time":"2024-12-17T10:39:51+00:00","og_image":[{"width":567,"height":168,"url":"https:\/\/www.entrearteycultura.es\/wp-content\/uploads\/2024\/10\/Imagen3.jpg","type":"image\/jpeg"}],"twitter_card":"summary_large_image","twitter_misc":{"Est. reading time":"1 minute"},"schema":{"@context":"https:\/\/schema.org","@graph":[{"@type":"WebPage","@id":"https:\/\/www.entrearteycultura.es\/?eap_event=visita-a-la-exposicion-soledad-sevilla-lunes-4-de-noviembre-1700h","url":"https:\/\/www.entrearteycultura.es\/?eap_event=visita-a-la-exposicion-soledad-sevilla-lunes-4-de-noviembre-1700h","name":"VISITA A LA EXPOSICI\u00d3N SOLEDAD SEVILLA.\u00a0Lunes 2 de diciembre, 17:00h. - Entre Arte y cultura","isPartOf":{"@id":"https:\/\/www.entrearteycultura.es\/#website"},"primaryImageOfPage":{"@id":"https:\/\/www.entrearteycultura.es\/?eap_event=visita-a-la-exposicion-soledad-sevilla-lunes-4-de-noviembre-1700h#primaryimage"},"image":{"@id":"https:\/\/www.entrearteycultura.es\/?eap_event=visita-a-la-exposicion-soledad-sevilla-lunes-4-de-noviembre-1700h#primaryimage"},"thumbnailUrl":"https:\/\/www.entrearteycultura.es\/wp-content\/uploads\/2024\/10\/Imagen3.jpg","datePublished":"2024-10-04T15:21:23+00:00","dateModified":"2024-12-17T10:39:51+00:00","breadcrumb":{"@id":"https:\/\/www.entrearteycultura.es\/?eap_event=visita-a-la-exposicion-soledad-sevilla-lunes-4-de-noviembre-1700h#breadcrumb"},"inLanguage":"en-US","potentialAction":[{"@type":"ReadAction","target":["https:\/\/www.entrearteycultura.es\/?eap_event=visita-a-la-exposicion-soledad-sevilla-lunes-4-de-noviembre-1700h"]}]},{"@type":"ImageObject","inLanguage":"en-US","@id":"https:\/\/www.entrearteycultura.es\/?eap_event=visita-a-la-exposicion-soledad-sevilla-lunes-4-de-noviembre-1700h#primaryimage","url":"https:\/\/www.entrearteycultura.es\/wp-content\/uploads\/2024\/10\/Imagen3.jpg","contentUrl":"https:\/\/www.entrearteycultura.es\/wp-content\/uploads\/2024\/10\/Imagen3.jpg","width":567,"height":168},{"@type":"BreadcrumbList","@id":"https:\/\/www.entrearteycultura.es\/?eap_event=visita-a-la-exposicion-soledad-sevilla-lunes-4-de-noviembre-1700h#breadcrumb","itemListElement":[{"@type":"ListItem","position":1,"name":"Portada","item":"https:\/\/www.entrearteycultura.es\/"},{"@type":"ListItem","position":2,"name":"Events","item":"https:\/\/www.entrearteycultura.es\/?post_type=eap_event"},{"@type":"ListItem","position":3,"name":"VISITA A LA EXPOSICI\u00d3N SOLEDAD SEVILLA.\u00a0Lunes 2 de diciembre, 17:00h."}]},{"@type":"WebSite","@id":"https:\/\/www.entrearteycultura.es\/#website","url":"https:\/\/www.entrearteycultura.es\/","name":"Entre Arte y cultura","description":"Viajes, eventos cuturales, conferencias y tertulias","potentialAction":[{"@type":"SearchAction","target":{"@type":"EntryPoint","urlTemplate":"https:\/\/www.entrearteycultura.es\/?s={search_term_string}"},"query-input":{"@type":"PropertyValueSpecification","valueRequired":true,"valueName":"search_term_string"}}],"inLanguage":"en-US"}]}},"_links":{"self":[{"href":"https:\/\/www.entrearteycultura.es\/index.php?rest_route=\/wp\/v2\/eap_event\/987","targetHints":{"allow":["GET"]}}],"collection":[{"href":"https:\/\/www.entrearteycultura.es\/index.php?rest_route=\/wp\/v2\/eap_event"}],"about":[{"href":"https:\/\/www.entrearteycultura.es\/index.php?rest_route=\/wp\/v2\/types\/eap_event"}],"author":[{"embeddable":true,"href":"https:\/\/www.entrearteycultura.es\/index.php?rest_route=\/wp\/v2\/users\/1"}],"replies":[{"embeddable":true,"href":"https:\/\/www.entrearteycultura.es\/index.php?rest_route=%2Fwp%2Fv2%2Fcomments&post=987"}],"version-history":[{"count":4,"href":"https:\/\/www.entrearteycultura.es\/index.php?rest_route=\/wp\/v2\/eap_event\/987\/revisions"}],"predecessor-version":[{"id":1009,"href":"https:\/\/www.entrearteycultura.es\/index.php?rest_route=\/wp\/v2\/eap_event\/987\/revisions\/1009"}],"wp:featuredmedia":[{"embeddable":true,"href":"https:\/\/www.entrearteycultura.es\/index.php?rest_route=\/wp\/v2\/media\/989"}],"wp:attachment":[{"href":"https:\/\/www.entrearteycultura.es\/index.php?rest_route=%2Fwp%2Fv2%2Fmedia&parent=987"}],"wp:term":[{"taxonomy":"category","embeddable":true,"href":"https:\/\/www.entrearteycultura.es\/index.php?rest_route=%2Fwp%2Fv2%2Fcategories&post=987"}],"curies":[{"name":"wp","href":"https:\/\/api.w.org\/{rel}","templated":true}]}}

VISITA A LA EXPOSICIÓN SOLEDAD SEVILLA. Lunes 2 de diciembre, 17:00h.

<p>El <strong>Museo Reina Sofía</strong> presenta la muestra de la pintora valenciana Soledad Sevilla (Valencia 1944), quien recibió el <strong>premio Velázquez de Artes Plásticas en 2022</strong>. La exposición reúne trabajos que abarcan desde sus primeros pasos hasta sus producciones actuales, algunas específicamente realizadas para esta muestra. Podremos ver un centenar de trabajos que abarcan desde sus primeros pasos en el Centro de Cálculo de la UCM hasta sus producciones actuales con sus últimas series como Horizontes blancos o Sempere, donde homenajea a su referente y amigo Eusebio Sempere.<br>Bono + 8€ entrada</p>

<p>El Museo Reina Sofía presenta la muestra de la pintora valenciana Soledad Sevilla (Valencia 1944), quien recibió el premio Velázquez de Artes Plásticas en 2022. La exposición reúne trabajos que abarcan desde sus primeros pasos hasta sus producciones actuales, algunas específicamente realizadas para esta muestra. Podremos ver un centenar de trabajos que abarcan desde sus primeros pasos en [&hellip;]</p>

<!-- This site is optimized with the Yoast SEO plugin v27.5 - https://yoast.com/product/yoast-seo-wordpress/ -->
<title>VISITA A LA EXPOSICIÓN SOLEDAD SEVILLA. Lunes 2 de diciembre, 17:00h. - Entre Arte y cultura</title>
<meta name="robots" content="index, follow, max-snippet:-1, max-image-preview:large, max-video-preview:-1" />
<link rel="canonical" href="https://www.entrearteycultura.es/?eap_event=visita-a-la-exposicion-soledad-sevilla-lunes-4-de-noviembre-1700h" />
<meta property="og:locale" content="en_US" />
<meta property="og:type" content="article" />
<meta property="og:title" content="VISITA A LA EXPOSICIÓN SOLEDAD SEVILLA. Lunes 2 de diciembre, 17:00h. - Entre Arte y cultura" />
<meta property="og:description" content="El Museo Reina Sofía presenta la muestra de la pintora valenciana Soledad Sevilla (Valencia 1944), quien recibió el premio Velázquez de Artes Plásticas en 2022. La exposición reúne trabajos que abarcan desde sus primeros pasos hasta sus producciones actuales, algunas específicamente realizadas para esta muestra. Podremos ver un centenar de trabajos que abarcan desde sus primeros pasos en [&hellip;]" />
<meta property="og:url" content="https://www.entrearteycultura.es/?eap_event=visita-a-la-exposicion-soledad-sevilla-lunes-4-de-noviembre-1700h" />
<meta property="og:site_name" content="Entre Arte y cultura" />
<meta property="article:modified_time" content="2024-12-17T10:39:51+00:00" />
<meta property="og:image" content="https://www.entrearteycultura.es/wp-content/uploads/2024/10/Imagen3.jpg" />
	<meta property="og:image:width" content="567" />
	<meta property="og:image:height" content="168" />
	<meta property="og:image:type" content="image/jpeg" />
<meta name="twitter:card" content="summary_large_image" />
<meta name="twitter:label1" content="Est. reading time" />
	<meta name="twitter:data1" content="1 minute" />
<script type="application/ld+json" class="yoast-schema-graph">{"@context":"https:\/\/schema.org","@graph":[{"@type":"WebPage","@id":"https:\/\/www.entrearteycultura.es\/?eap_event=visita-a-la-exposicion-soledad-sevilla-lunes-4-de-noviembre-1700h","url":"https:\/\/www.entrearteycultura.es\/?eap_event=visita-a-la-exposicion-soledad-sevilla-lunes-4-de-noviembre-1700h","name":"VISITA A LA EXPOSICIÓN SOLEDAD SEVILLA. Lunes 2 de diciembre, 17:00h. - Entre Arte y cultura","isPartOf":{"@id":"https:\/\/www.entrearteycultura.es\/#website"},"primaryImageOfPage":{"@id":"https:\/\/www.entrearteycultura.es\/?eap_event=visita-a-la-exposicion-soledad-sevilla-lunes-4-de-noviembre-1700h#primaryimage"},"image":{"@id":"https:\/\/www.entrearteycultura.es\/?eap_event=visita-a-la-exposicion-soledad-sevilla-lunes-4-de-noviembre-1700h#primaryimage"},"thumbnailUrl":"https:\/\/www.entrearteycultura.es\/wp-content\/uploads\/2024\/10\/Imagen3.jpg","datePublished":"2024-10-04T15:21:23+00:00","dateModified":"2024-12-17T10:39:51+00:00","breadcrumb":{"@id":"https:\/\/www.entrearteycultura.es\/?eap_event=visita-a-la-exposicion-soledad-sevilla-lunes-4-de-noviembre-1700h#breadcrumb"},"inLanguage":"en-US","potentialAction":[{"@type":"ReadAction","target":["https:\/\/www.entrearteycultura.es\/?eap_event=visita-a-la-exposicion-soledad-sevilla-lunes-4-de-noviembre-1700h"]}]},{"@type":"ImageObject","inLanguage":"en-US","@id":"https:\/\/www.entrearteycultura.es\/?eap_event=visita-a-la-exposicion-soledad-sevilla-lunes-4-de-noviembre-1700h#primaryimage","url":"https:\/\/www.entrearteycultura.es\/wp-content\/uploads\/2024\/10\/Imagen3.jpg","contentUrl":"https:\/\/www.entrearteycultura.es\/wp-content\/uploads\/2024\/10\/Imagen3.jpg","width":567,"height":168},{"@type":"BreadcrumbList","@id":"https:\/\/www.entrearteycultura.es\/?eap_event=visita-a-la-exposicion-soledad-sevilla-lunes-4-de-noviembre-1700h#breadcrumb","itemListElement":[{"@type":"ListItem","position":1,"name":"Portada","item":"https:\/\/www.entrearteycultura.es\/"},{"@type":"ListItem","position":2,"name":"Events","item":"https:\/\/www.entrearteycultura.es\/?post_type=eap_event"},{"@type":"ListItem","position":3,"name":"VISITA A LA EXPOSICIÓN SOLEDAD SEVILLA. Lunes 2 de diciembre, 17:00h."}]},{"@type":"WebSite","@id":"https:\/\/www.entrearteycultura.es\/#website","url":"https:\/\/www.entrearteycultura.es\/","name":"Entre Arte y cultura","description":"Viajes, eventos cuturales, conferencias y tertulias","potentialAction":[{"@type":"SearchAction","target":{"@type":"EntryPoint","urlTemplate":"https:\/\/www.entrearteycultura.es\/?s={search_term_string}"},"query-input":{"@type":"PropertyValueSpecification","valueRequired":true,"valueName":"search_term_string"}}],"inLanguage":"en-US"}]}</script>
<!-- / Yoast SEO plugin. -->

VISITA A LA EXPOSICIÓN SOLEDAD SEVILLA. Lunes 2 de diciembre, 17:00h. - Entre Arte y cultura

El Museo Reina Sofía presenta la muestra de la pintora valenciana Soledad Sevilla (Valencia 1944), quien recibió el premio Velázquez de Artes Plásticas en 2022. La exposición reúne trabajos que abarcan desde sus primeros pasos hasta sus producciones actuales, algunas específicamente realizadas para esta muestra. Podremos ver un centenar de trabajos que abarcan desde sus primeros pasos en [&hellip;]
