{"id":942,"date":"2024-09-08T10:47:31","date_gmt":"2024-09-08T10:47:31","guid":{"rendered":"https:\/\/www.entrearteycultura.es\/?post_type=eap_event&#038;p=942"},"modified":"2024-10-21T08:22:19","modified_gmt":"2024-10-21T08:22:19","slug":"estampa-feria-de-arte-viernes-18-de-octubre-1700h","status":"publish","type":"eap_event","link":"https:\/\/www.entrearteycultura.es\/?eap_event=estampa-feria-de-arte-viernes-18-de-octubre-1700h","title":{"rendered":"VISITA A ESTAMPA, feria de arte.                                                       Viernes, 18 de octubre, 17:00h."},"content":{"rendered":"\n<p>Recorrido por la feria de arte, que este a\u00f1o celebra su 32\u00aa edici\u00f3n, para conocer las nuevas propuestas de las galer\u00edas y artistas. Esta edici\u00f3n contar\u00e1 con Alberto Garc\u00eda-Alix como artista invitado, quien presentar\u00e1 una serie de fotograf\u00edas creadas especialmente para la ocasi\u00f3n. Alberto Garc\u00eda-Alix es uno de los mejores retratistas del panorama art\u00edstico espa\u00f1ol e internacional.\u00a0<\/p>\n","protected":false},"excerpt":{"rendered":"<p>Recorrido por la feria de arte, que este a\u00f1o celebra su 32\u00aa edici\u00f3n, para conocer las nuevas propuestas de las galer\u00edas y artistas. Esta edici\u00f3n contar\u00e1 con Alberto Garc\u00eda-Alix como artista invitado, quien presentar\u00e1 una serie de fotograf\u00edas creadas especialmente para la ocasi\u00f3n. Alberto Garc\u00eda-Alix es uno de los mejores retratistas del panorama art\u00edstico espa\u00f1ol [&hellip;]<\/p>\n","protected":false},"author":1,"featured_media":939,"comment_status":"open","ping_status":"closed","template":"","categories":[45],"class_list":["post-942","eap_event","type-eap_event","status-publish","has-post-thumbnail","hentry","category-eventos-pasados"],"yoast_head":"<!-- This site is optimized with the Yoast SEO plugin v27.5 - https:\/\/yoast.com\/product\/yoast-seo-wordpress\/ -->\n<title>VISITA A ESTAMPA, feria de arte.                            Viernes, 18 de octubre, 17:00h. - Entre Arte y cultura<\/title>\n<meta name=\"robots\" content=\"index, follow, max-snippet:-1, max-image-preview:large, max-video-preview:-1\" \/>\n<link rel=\"canonical\" href=\"https:\/\/www.entrearteycultura.es\/?eap_event=estampa-feria-de-arte-viernes-18-de-octubre-1700h\" \/>\n<meta property=\"og:locale\" content=\"en_US\" \/>\n<meta property=\"og:type\" content=\"article\" \/>\n<meta property=\"og:title\" content=\"VISITA A ESTAMPA, feria de arte.                            Viernes, 18 de octubre, 17:00h. - Entre Arte y cultura\" \/>\n<meta property=\"og:description\" content=\"Recorrido por la feria de arte, que este a\u00f1o celebra su 32\u00aa edici\u00f3n, para conocer las nuevas propuestas de las galer\u00edas y artistas. Esta edici\u00f3n contar\u00e1 con Alberto Garc\u00eda-Alix como artista invitado, quien presentar\u00e1 una serie de fotograf\u00edas creadas especialmente para la ocasi\u00f3n. Alberto Garc\u00eda-Alix es uno de los mejores retratistas del panorama art\u00edstico espa\u00f1ol [&hellip;]\" \/>\n<meta property=\"og:url\" content=\"https:\/\/www.entrearteycultura.es\/?eap_event=estampa-feria-de-arte-viernes-18-de-octubre-1700h\" \/>\n<meta property=\"og:site_name\" content=\"Entre Arte y cultura\" \/>\n<meta property=\"article:modified_time\" content=\"2024-10-21T08:22:19+00:00\" \/>\n<meta property=\"og:image\" content=\"https:\/\/www.entrearteycultura.es\/wp-content\/uploads\/2024\/09\/Imagen6.jpg\" \/>\n\t<meta property=\"og:image:width\" content=\"570\" \/>\n\t<meta property=\"og:image:height\" content=\"233\" \/>\n\t<meta property=\"og:image:type\" content=\"image\/jpeg\" \/>\n<meta name=\"twitter:card\" content=\"summary_large_image\" \/>\n<meta name=\"twitter:label1\" content=\"Est. reading time\" \/>\n\t<meta name=\"twitter:data1\" content=\"1 minute\" \/>\n<script type=\"application\/ld+json\" class=\"yoast-schema-graph\">{\"@context\":\"https:\\\/\\\/schema.org\",\"@graph\":[{\"@type\":\"WebPage\",\"@id\":\"https:\\\/\\\/www.entrearteycultura.es\\\/?eap_event=estampa-feria-de-arte-viernes-18-de-octubre-1700h\",\"url\":\"https:\\\/\\\/www.entrearteycultura.es\\\/?eap_event=estampa-feria-de-arte-viernes-18-de-octubre-1700h\",\"name\":\"VISITA A ESTAMPA, feria de arte. Viernes, 18 de octubre, 17:00h. - Entre Arte y cultura\",\"isPartOf\":{\"@id\":\"https:\\\/\\\/www.entrearteycultura.es\\\/#website\"},\"primaryImageOfPage\":{\"@id\":\"https:\\\/\\\/www.entrearteycultura.es\\\/?eap_event=estampa-feria-de-arte-viernes-18-de-octubre-1700h#primaryimage\"},\"image\":{\"@id\":\"https:\\\/\\\/www.entrearteycultura.es\\\/?eap_event=estampa-feria-de-arte-viernes-18-de-octubre-1700h#primaryimage\"},\"thumbnailUrl\":\"https:\\\/\\\/www.entrearteycultura.es\\\/wp-content\\\/uploads\\\/2024\\\/09\\\/Imagen6.jpg\",\"datePublished\":\"2024-09-08T10:47:31+00:00\",\"dateModified\":\"2024-10-21T08:22:19+00:00\",\"breadcrumb\":{\"@id\":\"https:\\\/\\\/www.entrearteycultura.es\\\/?eap_event=estampa-feria-de-arte-viernes-18-de-octubre-1700h#breadcrumb\"},\"inLanguage\":\"en-US\",\"potentialAction\":[{\"@type\":\"ReadAction\",\"target\":[\"https:\\\/\\\/www.entrearteycultura.es\\\/?eap_event=estampa-feria-de-arte-viernes-18-de-octubre-1700h\"]}]},{\"@type\":\"ImageObject\",\"inLanguage\":\"en-US\",\"@id\":\"https:\\\/\\\/www.entrearteycultura.es\\\/?eap_event=estampa-feria-de-arte-viernes-18-de-octubre-1700h#primaryimage\",\"url\":\"https:\\\/\\\/www.entrearteycultura.es\\\/wp-content\\\/uploads\\\/2024\\\/09\\\/Imagen6.jpg\",\"contentUrl\":\"https:\\\/\\\/www.entrearteycultura.es\\\/wp-content\\\/uploads\\\/2024\\\/09\\\/Imagen6.jpg\",\"width\":570,\"height\":233},{\"@type\":\"BreadcrumbList\",\"@id\":\"https:\\\/\\\/www.entrearteycultura.es\\\/?eap_event=estampa-feria-de-arte-viernes-18-de-octubre-1700h#breadcrumb\",\"itemListElement\":[{\"@type\":\"ListItem\",\"position\":1,\"name\":\"Portada\",\"item\":\"https:\\\/\\\/www.entrearteycultura.es\\\/\"},{\"@type\":\"ListItem\",\"position\":2,\"name\":\"Events\",\"item\":\"https:\\\/\\\/www.entrearteycultura.es\\\/?post_type=eap_event\"},{\"@type\":\"ListItem\",\"position\":3,\"name\":\"VISITA A ESTAMPA, feria de arte. Viernes, 18 de octubre, 17:00h.\"}]},{\"@type\":\"WebSite\",\"@id\":\"https:\\\/\\\/www.entrearteycultura.es\\\/#website\",\"url\":\"https:\\\/\\\/www.entrearteycultura.es\\\/\",\"name\":\"Entre Arte y cultura\",\"description\":\"Viajes, eventos cuturales, conferencias y tertulias\",\"potentialAction\":[{\"@type\":\"SearchAction\",\"target\":{\"@type\":\"EntryPoint\",\"urlTemplate\":\"https:\\\/\\\/www.entrearteycultura.es\\\/?s={search_term_string}\"},\"query-input\":{\"@type\":\"PropertyValueSpecification\",\"valueRequired\":true,\"valueName\":\"search_term_string\"}}],\"inLanguage\":\"en-US\"}]}<\/script>\n<!-- \/ Yoast SEO plugin. -->","yoast_head_json":{"title":"VISITA A ESTAMPA, feria de arte.                            Viernes, 18 de octubre, 17:00h. - Entre Arte y cultura","robots":{"index":"index","follow":"follow","max-snippet":"max-snippet:-1","max-image-preview":"max-image-preview:large","max-video-preview":"max-video-preview:-1"},"canonical":"https:\/\/www.entrearteycultura.es\/?eap_event=estampa-feria-de-arte-viernes-18-de-octubre-1700h","og_locale":"en_US","og_type":"article","og_title":"VISITA A ESTAMPA, feria de arte.                            Viernes, 18 de octubre, 17:00h. - Entre Arte y cultura","og_description":"Recorrido por la feria de arte, que este a\u00f1o celebra su 32\u00aa edici\u00f3n, para conocer las nuevas propuestas de las galer\u00edas y artistas. Esta edici\u00f3n contar\u00e1 con Alberto Garc\u00eda-Alix como artista invitado, quien presentar\u00e1 una serie de fotograf\u00edas creadas especialmente para la ocasi\u00f3n. Alberto Garc\u00eda-Alix es uno de los mejores retratistas del panorama art\u00edstico espa\u00f1ol [&hellip;]","og_url":"https:\/\/www.entrearteycultura.es\/?eap_event=estampa-feria-de-arte-viernes-18-de-octubre-1700h","og_site_name":"Entre Arte y cultura","article_modified_time":"2024-10-21T08:22:19+00:00","og_image":[{"width":570,"height":233,"url":"https:\/\/www.entrearteycultura.es\/wp-content\/uploads\/2024\/09\/Imagen6.jpg","type":"image\/jpeg"}],"twitter_card":"summary_large_image","twitter_misc":{"Est. reading time":"1 minute"},"schema":{"@context":"https:\/\/schema.org","@graph":[{"@type":"WebPage","@id":"https:\/\/www.entrearteycultura.es\/?eap_event=estampa-feria-de-arte-viernes-18-de-octubre-1700h","url":"https:\/\/www.entrearteycultura.es\/?eap_event=estampa-feria-de-arte-viernes-18-de-octubre-1700h","name":"VISITA A ESTAMPA, feria de arte. Viernes, 18 de octubre, 17:00h. - Entre Arte y cultura","isPartOf":{"@id":"https:\/\/www.entrearteycultura.es\/#website"},"primaryImageOfPage":{"@id":"https:\/\/www.entrearteycultura.es\/?eap_event=estampa-feria-de-arte-viernes-18-de-octubre-1700h#primaryimage"},"image":{"@id":"https:\/\/www.entrearteycultura.es\/?eap_event=estampa-feria-de-arte-viernes-18-de-octubre-1700h#primaryimage"},"thumbnailUrl":"https:\/\/www.entrearteycultura.es\/wp-content\/uploads\/2024\/09\/Imagen6.jpg","datePublished":"2024-09-08T10:47:31+00:00","dateModified":"2024-10-21T08:22:19+00:00","breadcrumb":{"@id":"https:\/\/www.entrearteycultura.es\/?eap_event=estampa-feria-de-arte-viernes-18-de-octubre-1700h#breadcrumb"},"inLanguage":"en-US","potentialAction":[{"@type":"ReadAction","target":["https:\/\/www.entrearteycultura.es\/?eap_event=estampa-feria-de-arte-viernes-18-de-octubre-1700h"]}]},{"@type":"ImageObject","inLanguage":"en-US","@id":"https:\/\/www.entrearteycultura.es\/?eap_event=estampa-feria-de-arte-viernes-18-de-octubre-1700h#primaryimage","url":"https:\/\/www.entrearteycultura.es\/wp-content\/uploads\/2024\/09\/Imagen6.jpg","contentUrl":"https:\/\/www.entrearteycultura.es\/wp-content\/uploads\/2024\/09\/Imagen6.jpg","width":570,"height":233},{"@type":"BreadcrumbList","@id":"https:\/\/www.entrearteycultura.es\/?eap_event=estampa-feria-de-arte-viernes-18-de-octubre-1700h#breadcrumb","itemListElement":[{"@type":"ListItem","position":1,"name":"Portada","item":"https:\/\/www.entrearteycultura.es\/"},{"@type":"ListItem","position":2,"name":"Events","item":"https:\/\/www.entrearteycultura.es\/?post_type=eap_event"},{"@type":"ListItem","position":3,"name":"VISITA A ESTAMPA, feria de arte. Viernes, 18 de octubre, 17:00h."}]},{"@type":"WebSite","@id":"https:\/\/www.entrearteycultura.es\/#website","url":"https:\/\/www.entrearteycultura.es\/","name":"Entre Arte y cultura","description":"Viajes, eventos cuturales, conferencias y tertulias","potentialAction":[{"@type":"SearchAction","target":{"@type":"EntryPoint","urlTemplate":"https:\/\/www.entrearteycultura.es\/?s={search_term_string}"},"query-input":{"@type":"PropertyValueSpecification","valueRequired":true,"valueName":"search_term_string"}}],"inLanguage":"en-US"}]}},"_links":{"self":[{"href":"https:\/\/www.entrearteycultura.es\/index.php?rest_route=\/wp\/v2\/eap_event\/942","targetHints":{"allow":["GET"]}}],"collection":[{"href":"https:\/\/www.entrearteycultura.es\/index.php?rest_route=\/wp\/v2\/eap_event"}],"about":[{"href":"https:\/\/www.entrearteycultura.es\/index.php?rest_route=\/wp\/v2\/types\/eap_event"}],"author":[{"embeddable":true,"href":"https:\/\/www.entrearteycultura.es\/index.php?rest_route=\/wp\/v2\/users\/1"}],"replies":[{"embeddable":true,"href":"https:\/\/www.entrearteycultura.es\/index.php?rest_route=%2Fwp%2Fv2%2Fcomments&post=942"}],"version-history":[{"count":2,"href":"https:\/\/www.entrearteycultura.es\/index.php?rest_route=\/wp\/v2\/eap_event\/942\/revisions"}],"predecessor-version":[{"id":965,"href":"https:\/\/www.entrearteycultura.es\/index.php?rest_route=\/wp\/v2\/eap_event\/942\/revisions\/965"}],"wp:featuredmedia":[{"embeddable":true,"href":"https:\/\/www.entrearteycultura.es\/index.php?rest_route=\/wp\/v2\/media\/939"}],"wp:attachment":[{"href":"https:\/\/www.entrearteycultura.es\/index.php?rest_route=%2Fwp%2Fv2%2Fmedia&parent=942"}],"wp:term":[{"taxonomy":"category","embeddable":true,"href":"https:\/\/www.entrearteycultura.es\/index.php?rest_route=%2Fwp%2Fv2%2Fcategories&post=942"}],"curies":[{"name":"wp","href":"https:\/\/api.w.org\/{rel}","templated":true}]}}

<p>Recorrido por la feria de arte, que este año celebra su 32ª edición, para conocer las nuevas propuestas de las galerías y artistas. Esta edición contará con Alberto García-Alix como artista invitado, quien presentará una serie de fotografías creadas especialmente para la ocasión. Alberto García-Alix es uno de los mejores retratistas del panorama artístico español e internacional. </p>

<p>Recorrido por la feria de arte, que este año celebra su 32ª edición, para conocer las nuevas propuestas de las galerías y artistas. Esta edición contará con Alberto García-Alix como artista invitado, quien presentará una serie de fotografías creadas especialmente para la ocasión. Alberto García-Alix es uno de los mejores retratistas del panorama artístico español [&hellip;]</p>

<!-- This site is optimized with the Yoast SEO plugin v27.5 - https://yoast.com/product/yoast-seo-wordpress/ -->
<title>VISITA A ESTAMPA, feria de arte.                            Viernes, 18 de octubre, 17:00h. - Entre Arte y cultura</title>
<meta name="robots" content="index, follow, max-snippet:-1, max-image-preview:large, max-video-preview:-1" />
<link rel="canonical" href="https://www.entrearteycultura.es/?eap_event=estampa-feria-de-arte-viernes-18-de-octubre-1700h" />
<meta property="og:locale" content="en_US" />
<meta property="og:type" content="article" />
<meta property="og:title" content="VISITA A ESTAMPA, feria de arte.                            Viernes, 18 de octubre, 17:00h. - Entre Arte y cultura" />
<meta property="og:description" content="Recorrido por la feria de arte, que este año celebra su 32ª edición, para conocer las nuevas propuestas de las galerías y artistas. Esta edición contará con Alberto García-Alix como artista invitado, quien presentará una serie de fotografías creadas especialmente para la ocasión. Alberto García-Alix es uno de los mejores retratistas del panorama artístico español [&hellip;]" />
<meta property="og:url" content="https://www.entrearteycultura.es/?eap_event=estampa-feria-de-arte-viernes-18-de-octubre-1700h" />
<meta property="og:site_name" content="Entre Arte y cultura" />
<meta property="article:modified_time" content="2024-10-21T08:22:19+00:00" />
<meta property="og:image" content="https://www.entrearteycultura.es/wp-content/uploads/2024/09/Imagen6.jpg" />
	<meta property="og:image:width" content="570" />
	<meta property="og:image:height" content="233" />
	<meta property="og:image:type" content="image/jpeg" />
<meta name="twitter:card" content="summary_large_image" />
<meta name="twitter:label1" content="Est. reading time" />
	<meta name="twitter:data1" content="1 minute" />
<script type="application/ld+json" class="yoast-schema-graph">{"@context":"https:\/\/schema.org","@graph":[{"@type":"WebPage","@id":"https:\/\/www.entrearteycultura.es\/?eap_event=estampa-feria-de-arte-viernes-18-de-octubre-1700h","url":"https:\/\/www.entrearteycultura.es\/?eap_event=estampa-feria-de-arte-viernes-18-de-octubre-1700h","name":"VISITA A ESTAMPA, feria de arte. Viernes, 18 de octubre, 17:00h. - Entre Arte y cultura","isPartOf":{"@id":"https:\/\/www.entrearteycultura.es\/#website"},"primaryImageOfPage":{"@id":"https:\/\/www.entrearteycultura.es\/?eap_event=estampa-feria-de-arte-viernes-18-de-octubre-1700h#primaryimage"},"image":{"@id":"https:\/\/www.entrearteycultura.es\/?eap_event=estampa-feria-de-arte-viernes-18-de-octubre-1700h#primaryimage"},"thumbnailUrl":"https:\/\/www.entrearteycultura.es\/wp-content\/uploads\/2024\/09\/Imagen6.jpg","datePublished":"2024-09-08T10:47:31+00:00","dateModified":"2024-10-21T08:22:19+00:00","breadcrumb":{"@id":"https:\/\/www.entrearteycultura.es\/?eap_event=estampa-feria-de-arte-viernes-18-de-octubre-1700h#breadcrumb"},"inLanguage":"en-US","potentialAction":[{"@type":"ReadAction","target":["https:\/\/www.entrearteycultura.es\/?eap_event=estampa-feria-de-arte-viernes-18-de-octubre-1700h"]}]},{"@type":"ImageObject","inLanguage":"en-US","@id":"https:\/\/www.entrearteycultura.es\/?eap_event=estampa-feria-de-arte-viernes-18-de-octubre-1700h#primaryimage","url":"https:\/\/www.entrearteycultura.es\/wp-content\/uploads\/2024\/09\/Imagen6.jpg","contentUrl":"https:\/\/www.entrearteycultura.es\/wp-content\/uploads\/2024\/09\/Imagen6.jpg","width":570,"height":233},{"@type":"BreadcrumbList","@id":"https:\/\/www.entrearteycultura.es\/?eap_event=estampa-feria-de-arte-viernes-18-de-octubre-1700h#breadcrumb","itemListElement":[{"@type":"ListItem","position":1,"name":"Portada","item":"https:\/\/www.entrearteycultura.es\/"},{"@type":"ListItem","position":2,"name":"Events","item":"https:\/\/www.entrearteycultura.es\/?post_type=eap_event"},{"@type":"ListItem","position":3,"name":"VISITA A ESTAMPA, feria de arte. Viernes, 18 de octubre, 17:00h."}]},{"@type":"WebSite","@id":"https:\/\/www.entrearteycultura.es\/#website","url":"https:\/\/www.entrearteycultura.es\/","name":"Entre Arte y cultura","description":"Viajes, eventos cuturales, conferencias y tertulias","potentialAction":[{"@type":"SearchAction","target":{"@type":"EntryPoint","urlTemplate":"https:\/\/www.entrearteycultura.es\/?s={search_term_string}"},"query-input":{"@type":"PropertyValueSpecification","valueRequired":true,"valueName":"search_term_string"}}],"inLanguage":"en-US"}]}</script>
<!-- / Yoast SEO plugin. -->

Recorrido por la feria de arte, que este año celebra su 32ª edición, para conocer las nuevas propuestas de las galerías y artistas. Esta edición contará con Alberto García-Alix como artista invitado, quien presentará una serie de fotografías creadas especialmente para la ocasión. Alberto García-Alix es uno de los mejores retratistas del panorama artístico español [&hellip;]
