{"id":938,"date":"2024-09-08T10:45:28","date_gmt":"2024-09-08T10:45:28","guid":{"rendered":"https:\/\/www.entrearteycultura.es\/?post_type=eap_event&#038;p=938"},"modified":"2024-10-21T08:22:58","modified_gmt":"2024-10-21T08:22:58","slug":"biblioteca-nacional-jueves-17-de-octubre-1700h","status":"publish","type":"eap_event","link":"https:\/\/www.entrearteycultura.es\/?eap_event=biblioteca-nacional-jueves-17-de-octubre-1700h","title":{"rendered":"VISITA A LA BIBLIOTECA NACIONAL.                                                                                          Jueves 17 de octubre, 17:00h."},"content":{"rendered":"\n<p><strong>Inscripciones antes del 6 de octubre.<\/strong><\/p>\n\n\n\n<p>En 1711, Felipe V aprueba el proyecto de creaci\u00f3n de la Biblioteca Real para fomentar el estudio y reunir diversas bibliotecas privadas. La apertura se realiz\u00f3 un a\u00f1o despu\u00e9s en un pasadizo que un\u00eda el Real Alc\u00e1zar y el Monasterio de la Encarnaci\u00f3n. Poco despu\u00e9s se estableci\u00f3 el precedente del Dep\u00f3sito Legal con la obligatoriedad de entrega de un ejemplar de cualquier libro o papel editado o impreso. Tras una larga historia, en 1892 se finaliza la construcci\u00f3n del actual edificio neocl\u00e1sico de Recoletos, compartido con el Museo Arqueol\u00f3gico Nacional. Cuenta con otra sede en Alcal\u00e1 de Henares. &nbsp;En las \u00faltimas d\u00e9cadas se ha llevado a cabo una profunda renovaci\u00f3n. &nbsp;En esta visita se recorren la escalinata exterior, el zagu\u00e1n, la escalera principal, la Sala de Patronato y el Sal\u00f3n Italiano.<\/p>\n\n\n\n<p>A la finalizaci\u00f3n de la visita, podremos recorrer individualmente las tres exposiciones actuales: <em>Gonzalo Torrente Ballester<\/em>, la traves\u00eda de un creador; <em>Mar\u00eda Lej\u00e1rraga: una voz en la sombra<\/em>; <em>Carmen de Burgos, Colombine (1867-1932). La modernizaci\u00f3n de Espa\u00f1a. <\/em>&nbsp;<\/p>\n","protected":false},"excerpt":{"rendered":"<p>Inscripciones antes del 6 de octubre. En 1711, Felipe V aprueba el proyecto de creaci\u00f3n de la Biblioteca Real para fomentar el estudio y reunir diversas bibliotecas privadas. La apertura se realiz\u00f3 un a\u00f1o despu\u00e9s en un pasadizo que un\u00eda el Real Alc\u00e1zar y el Monasterio de la Encarnaci\u00f3n. Poco despu\u00e9s se estableci\u00f3 el precedente [&hellip;]<\/p>\n","protected":false},"author":1,"featured_media":940,"comment_status":"open","ping_status":"closed","template":"","categories":[45],"class_list":["post-938","eap_event","type-eap_event","status-publish","has-post-thumbnail","hentry","category-eventos-pasados"],"yoast_head":"<!-- This site is optimized with the Yoast SEO plugin v27.5 - https:\/\/yoast.com\/product\/yoast-seo-wordpress\/ -->\n<title>VISITA A LA BIBLIOTECA NACIONAL.                                             Jueves 17 de octubre, 17:00h. - Entre Arte y cultura<\/title>\n<meta name=\"robots\" content=\"index, follow, max-snippet:-1, max-image-preview:large, max-video-preview:-1\" \/>\n<link rel=\"canonical\" href=\"https:\/\/www.entrearteycultura.es\/?eap_event=biblioteca-nacional-jueves-17-de-octubre-1700h\" \/>\n<meta property=\"og:locale\" content=\"en_US\" \/>\n<meta property=\"og:type\" content=\"article\" \/>\n<meta property=\"og:title\" content=\"VISITA A LA BIBLIOTECA NACIONAL.                                             Jueves 17 de octubre, 17:00h. - Entre Arte y cultura\" \/>\n<meta property=\"og:description\" content=\"Inscripciones antes del 6 de octubre. En 1711, Felipe V aprueba el proyecto de creaci\u00f3n de la Biblioteca Real para fomentar el estudio y reunir diversas bibliotecas privadas. La apertura se realiz\u00f3 un a\u00f1o despu\u00e9s en un pasadizo que un\u00eda el Real Alc\u00e1zar y el Monasterio de la Encarnaci\u00f3n. Poco despu\u00e9s se estableci\u00f3 el precedente [&hellip;]\" \/>\n<meta property=\"og:url\" content=\"https:\/\/www.entrearteycultura.es\/?eap_event=biblioteca-nacional-jueves-17-de-octubre-1700h\" \/>\n<meta property=\"og:site_name\" content=\"Entre Arte y cultura\" \/>\n<meta property=\"article:modified_time\" content=\"2024-10-21T08:22:58+00:00\" \/>\n<meta property=\"og:image\" content=\"https:\/\/www.entrearteycultura.es\/wp-content\/uploads\/2024\/09\/Imagen5.jpg\" \/>\n\t<meta property=\"og:image:width\" content=\"855\" \/>\n\t<meta property=\"og:image:height\" content=\"271\" \/>\n\t<meta property=\"og:image:type\" content=\"image\/jpeg\" \/>\n<meta name=\"twitter:card\" content=\"summary_large_image\" \/>\n<meta name=\"twitter:label1\" content=\"Est. reading time\" \/>\n\t<meta name=\"twitter:data1\" content=\"1 minute\" \/>\n<script type=\"application\/ld+json\" class=\"yoast-schema-graph\">{\"@context\":\"https:\\\/\\\/schema.org\",\"@graph\":[{\"@type\":\"WebPage\",\"@id\":\"https:\\\/\\\/www.entrearteycultura.es\\\/?eap_event=biblioteca-nacional-jueves-17-de-octubre-1700h\",\"url\":\"https:\\\/\\\/www.entrearteycultura.es\\\/?eap_event=biblioteca-nacional-jueves-17-de-octubre-1700h\",\"name\":\"VISITA A LA BIBLIOTECA NACIONAL. Jueves 17 de octubre, 17:00h. - Entre Arte y cultura\",\"isPartOf\":{\"@id\":\"https:\\\/\\\/www.entrearteycultura.es\\\/#website\"},\"primaryImageOfPage\":{\"@id\":\"https:\\\/\\\/www.entrearteycultura.es\\\/?eap_event=biblioteca-nacional-jueves-17-de-octubre-1700h#primaryimage\"},\"image\":{\"@id\":\"https:\\\/\\\/www.entrearteycultura.es\\\/?eap_event=biblioteca-nacional-jueves-17-de-octubre-1700h#primaryimage\"},\"thumbnailUrl\":\"https:\\\/\\\/www.entrearteycultura.es\\\/wp-content\\\/uploads\\\/2024\\\/09\\\/Imagen5.jpg\",\"datePublished\":\"2024-09-08T10:45:28+00:00\",\"dateModified\":\"2024-10-21T08:22:58+00:00\",\"breadcrumb\":{\"@id\":\"https:\\\/\\\/www.entrearteycultura.es\\\/?eap_event=biblioteca-nacional-jueves-17-de-octubre-1700h#breadcrumb\"},\"inLanguage\":\"en-US\",\"potentialAction\":[{\"@type\":\"ReadAction\",\"target\":[\"https:\\\/\\\/www.entrearteycultura.es\\\/?eap_event=biblioteca-nacional-jueves-17-de-octubre-1700h\"]}]},{\"@type\":\"ImageObject\",\"inLanguage\":\"en-US\",\"@id\":\"https:\\\/\\\/www.entrearteycultura.es\\\/?eap_event=biblioteca-nacional-jueves-17-de-octubre-1700h#primaryimage\",\"url\":\"https:\\\/\\\/www.entrearteycultura.es\\\/wp-content\\\/uploads\\\/2024\\\/09\\\/Imagen5.jpg\",\"contentUrl\":\"https:\\\/\\\/www.entrearteycultura.es\\\/wp-content\\\/uploads\\\/2024\\\/09\\\/Imagen5.jpg\",\"width\":855,\"height\":271},{\"@type\":\"BreadcrumbList\",\"@id\":\"https:\\\/\\\/www.entrearteycultura.es\\\/?eap_event=biblioteca-nacional-jueves-17-de-octubre-1700h#breadcrumb\",\"itemListElement\":[{\"@type\":\"ListItem\",\"position\":1,\"name\":\"Portada\",\"item\":\"https:\\\/\\\/www.entrearteycultura.es\\\/\"},{\"@type\":\"ListItem\",\"position\":2,\"name\":\"Events\",\"item\":\"https:\\\/\\\/www.entrearteycultura.es\\\/?post_type=eap_event\"},{\"@type\":\"ListItem\",\"position\":3,\"name\":\"VISITA A LA BIBLIOTECA NACIONAL. Jueves 17 de octubre, 17:00h.\"}]},{\"@type\":\"WebSite\",\"@id\":\"https:\\\/\\\/www.entrearteycultura.es\\\/#website\",\"url\":\"https:\\\/\\\/www.entrearteycultura.es\\\/\",\"name\":\"Entre Arte y cultura\",\"description\":\"Viajes, eventos cuturales, conferencias y tertulias\",\"potentialAction\":[{\"@type\":\"SearchAction\",\"target\":{\"@type\":\"EntryPoint\",\"urlTemplate\":\"https:\\\/\\\/www.entrearteycultura.es\\\/?s={search_term_string}\"},\"query-input\":{\"@type\":\"PropertyValueSpecification\",\"valueRequired\":true,\"valueName\":\"search_term_string\"}}],\"inLanguage\":\"en-US\"}]}<\/script>\n<!-- \/ Yoast SEO plugin. -->","yoast_head_json":{"title":"VISITA A LA BIBLIOTECA NACIONAL.                                             Jueves 17 de octubre, 17:00h. - Entre Arte y cultura","robots":{"index":"index","follow":"follow","max-snippet":"max-snippet:-1","max-image-preview":"max-image-preview:large","max-video-preview":"max-video-preview:-1"},"canonical":"https:\/\/www.entrearteycultura.es\/?eap_event=biblioteca-nacional-jueves-17-de-octubre-1700h","og_locale":"en_US","og_type":"article","og_title":"VISITA A LA BIBLIOTECA NACIONAL.                                             Jueves 17 de octubre, 17:00h. - Entre Arte y cultura","og_description":"Inscripciones antes del 6 de octubre. En 1711, Felipe V aprueba el proyecto de creaci\u00f3n de la Biblioteca Real para fomentar el estudio y reunir diversas bibliotecas privadas. La apertura se realiz\u00f3 un a\u00f1o despu\u00e9s en un pasadizo que un\u00eda el Real Alc\u00e1zar y el Monasterio de la Encarnaci\u00f3n. Poco despu\u00e9s se estableci\u00f3 el precedente [&hellip;]","og_url":"https:\/\/www.entrearteycultura.es\/?eap_event=biblioteca-nacional-jueves-17-de-octubre-1700h","og_site_name":"Entre Arte y cultura","article_modified_time":"2024-10-21T08:22:58+00:00","og_image":[{"width":855,"height":271,"url":"https:\/\/www.entrearteycultura.es\/wp-content\/uploads\/2024\/09\/Imagen5.jpg","type":"image\/jpeg"}],"twitter_card":"summary_large_image","twitter_misc":{"Est. reading time":"1 minute"},"schema":{"@context":"https:\/\/schema.org","@graph":[{"@type":"WebPage","@id":"https:\/\/www.entrearteycultura.es\/?eap_event=biblioteca-nacional-jueves-17-de-octubre-1700h","url":"https:\/\/www.entrearteycultura.es\/?eap_event=biblioteca-nacional-jueves-17-de-octubre-1700h","name":"VISITA A LA BIBLIOTECA NACIONAL. Jueves 17 de octubre, 17:00h. - Entre Arte y cultura","isPartOf":{"@id":"https:\/\/www.entrearteycultura.es\/#website"},"primaryImageOfPage":{"@id":"https:\/\/www.entrearteycultura.es\/?eap_event=biblioteca-nacional-jueves-17-de-octubre-1700h#primaryimage"},"image":{"@id":"https:\/\/www.entrearteycultura.es\/?eap_event=biblioteca-nacional-jueves-17-de-octubre-1700h#primaryimage"},"thumbnailUrl":"https:\/\/www.entrearteycultura.es\/wp-content\/uploads\/2024\/09\/Imagen5.jpg","datePublished":"2024-09-08T10:45:28+00:00","dateModified":"2024-10-21T08:22:58+00:00","breadcrumb":{"@id":"https:\/\/www.entrearteycultura.es\/?eap_event=biblioteca-nacional-jueves-17-de-octubre-1700h#breadcrumb"},"inLanguage":"en-US","potentialAction":[{"@type":"ReadAction","target":["https:\/\/www.entrearteycultura.es\/?eap_event=biblioteca-nacional-jueves-17-de-octubre-1700h"]}]},{"@type":"ImageObject","inLanguage":"en-US","@id":"https:\/\/www.entrearteycultura.es\/?eap_event=biblioteca-nacional-jueves-17-de-octubre-1700h#primaryimage","url":"https:\/\/www.entrearteycultura.es\/wp-content\/uploads\/2024\/09\/Imagen5.jpg","contentUrl":"https:\/\/www.entrearteycultura.es\/wp-content\/uploads\/2024\/09\/Imagen5.jpg","width":855,"height":271},{"@type":"BreadcrumbList","@id":"https:\/\/www.entrearteycultura.es\/?eap_event=biblioteca-nacional-jueves-17-de-octubre-1700h#breadcrumb","itemListElement":[{"@type":"ListItem","position":1,"name":"Portada","item":"https:\/\/www.entrearteycultura.es\/"},{"@type":"ListItem","position":2,"name":"Events","item":"https:\/\/www.entrearteycultura.es\/?post_type=eap_event"},{"@type":"ListItem","position":3,"name":"VISITA A LA BIBLIOTECA NACIONAL. Jueves 17 de octubre, 17:00h."}]},{"@type":"WebSite","@id":"https:\/\/www.entrearteycultura.es\/#website","url":"https:\/\/www.entrearteycultura.es\/","name":"Entre Arte y cultura","description":"Viajes, eventos cuturales, conferencias y tertulias","potentialAction":[{"@type":"SearchAction","target":{"@type":"EntryPoint","urlTemplate":"https:\/\/www.entrearteycultura.es\/?s={search_term_string}"},"query-input":{"@type":"PropertyValueSpecification","valueRequired":true,"valueName":"search_term_string"}}],"inLanguage":"en-US"}]}},"_links":{"self":[{"href":"https:\/\/www.entrearteycultura.es\/index.php?rest_route=\/wp\/v2\/eap_event\/938","targetHints":{"allow":["GET"]}}],"collection":[{"href":"https:\/\/www.entrearteycultura.es\/index.php?rest_route=\/wp\/v2\/eap_event"}],"about":[{"href":"https:\/\/www.entrearteycultura.es\/index.php?rest_route=\/wp\/v2\/types\/eap_event"}],"author":[{"embeddable":true,"href":"https:\/\/www.entrearteycultura.es\/index.php?rest_route=\/wp\/v2\/users\/1"}],"replies":[{"embeddable":true,"href":"https:\/\/www.entrearteycultura.es\/index.php?rest_route=%2Fwp%2Fv2%2Fcomments&post=938"}],"version-history":[{"count":3,"href":"https:\/\/www.entrearteycultura.es\/index.php?rest_route=\/wp\/v2\/eap_event\/938\/revisions"}],"predecessor-version":[{"id":967,"href":"https:\/\/www.entrearteycultura.es\/index.php?rest_route=\/wp\/v2\/eap_event\/938\/revisions\/967"}],"wp:featuredmedia":[{"embeddable":true,"href":"https:\/\/www.entrearteycultura.es\/index.php?rest_route=\/wp\/v2\/media\/940"}],"wp:attachment":[{"href":"https:\/\/www.entrearteycultura.es\/index.php?rest_route=%2Fwp%2Fv2%2Fmedia&parent=938"}],"wp:term":[{"taxonomy":"category","embeddable":true,"href":"https:\/\/www.entrearteycultura.es\/index.php?rest_route=%2Fwp%2Fv2%2Fcategories&post=938"}],"curies":[{"name":"wp","href":"https:\/\/api.w.org\/{rel}","templated":true}]}}

<p><strong>Inscripciones antes del 6 de octubre.</strong></p>



<p>En 1711, Felipe V aprueba el proyecto de creación de la Biblioteca Real para fomentar el estudio y reunir diversas bibliotecas privadas. La apertura se realizó un año después en un pasadizo que unía el Real Alcázar y el Monasterio de la Encarnación. Poco después se estableció el precedente del Depósito Legal con la obligatoriedad de entrega de un ejemplar de cualquier libro o papel editado o impreso. Tras una larga historia, en 1892 se finaliza la construcción del actual edificio neoclásico de Recoletos, compartido con el Museo Arqueológico Nacional. Cuenta con otra sede en Alcalá de Henares. &nbsp;En las últimas décadas se ha llevado a cabo una profunda renovación. &nbsp;En esta visita se recorren la escalinata exterior, el zaguán, la escalera principal, la Sala de Patronato y el Salón Italiano.</p>



<p>A la finalización de la visita, podremos recorrer individualmente las tres exposiciones actuales: <em>Gonzalo Torrente Ballester</em>, la travesía de un creador; <em>María Lejárraga: una voz en la sombra</em>; <em>Carmen de Burgos, Colombine (1867-1932). La modernización de España. </em>&nbsp;</p>

<p>Inscripciones antes del 6 de octubre. En 1711, Felipe V aprueba el proyecto de creación de la Biblioteca Real para fomentar el estudio y reunir diversas bibliotecas privadas. La apertura se realizó un año después en un pasadizo que unía el Real Alcázar y el Monasterio de la Encarnación. Poco después se estableció el precedente [&hellip;]</p>

<!-- This site is optimized with the Yoast SEO plugin v27.5 - https://yoast.com/product/yoast-seo-wordpress/ -->
<title>VISITA A LA BIBLIOTECA NACIONAL.                                             Jueves 17 de octubre, 17:00h. - Entre Arte y cultura</title>
<meta name="robots" content="index, follow, max-snippet:-1, max-image-preview:large, max-video-preview:-1" />
<link rel="canonical" href="https://www.entrearteycultura.es/?eap_event=biblioteca-nacional-jueves-17-de-octubre-1700h" />
<meta property="og:locale" content="en_US" />
<meta property="og:type" content="article" />
<meta property="og:title" content="VISITA A LA BIBLIOTECA NACIONAL.                                             Jueves 17 de octubre, 17:00h. - Entre Arte y cultura" />
<meta property="og:description" content="Inscripciones antes del 6 de octubre. En 1711, Felipe V aprueba el proyecto de creación de la Biblioteca Real para fomentar el estudio y reunir diversas bibliotecas privadas. La apertura se realizó un año después en un pasadizo que unía el Real Alcázar y el Monasterio de la Encarnación. Poco después se estableció el precedente [&hellip;]" />
<meta property="og:url" content="https://www.entrearteycultura.es/?eap_event=biblioteca-nacional-jueves-17-de-octubre-1700h" />
<meta property="og:site_name" content="Entre Arte y cultura" />
<meta property="article:modified_time" content="2024-10-21T08:22:58+00:00" />
<meta property="og:image" content="https://www.entrearteycultura.es/wp-content/uploads/2024/09/Imagen5.jpg" />
	<meta property="og:image:width" content="855" />
	<meta property="og:image:height" content="271" />
	<meta property="og:image:type" content="image/jpeg" />
<meta name="twitter:card" content="summary_large_image" />
<meta name="twitter:label1" content="Est. reading time" />
	<meta name="twitter:data1" content="1 minute" />
<script type="application/ld+json" class="yoast-schema-graph">{"@context":"https:\/\/schema.org","@graph":[{"@type":"WebPage","@id":"https:\/\/www.entrearteycultura.es\/?eap_event=biblioteca-nacional-jueves-17-de-octubre-1700h","url":"https:\/\/www.entrearteycultura.es\/?eap_event=biblioteca-nacional-jueves-17-de-octubre-1700h","name":"VISITA A LA BIBLIOTECA NACIONAL. Jueves 17 de octubre, 17:00h. - Entre Arte y cultura","isPartOf":{"@id":"https:\/\/www.entrearteycultura.es\/#website"},"primaryImageOfPage":{"@id":"https:\/\/www.entrearteycultura.es\/?eap_event=biblioteca-nacional-jueves-17-de-octubre-1700h#primaryimage"},"image":{"@id":"https:\/\/www.entrearteycultura.es\/?eap_event=biblioteca-nacional-jueves-17-de-octubre-1700h#primaryimage"},"thumbnailUrl":"https:\/\/www.entrearteycultura.es\/wp-content\/uploads\/2024\/09\/Imagen5.jpg","datePublished":"2024-09-08T10:45:28+00:00","dateModified":"2024-10-21T08:22:58+00:00","breadcrumb":{"@id":"https:\/\/www.entrearteycultura.es\/?eap_event=biblioteca-nacional-jueves-17-de-octubre-1700h#breadcrumb"},"inLanguage":"en-US","potentialAction":[{"@type":"ReadAction","target":["https:\/\/www.entrearteycultura.es\/?eap_event=biblioteca-nacional-jueves-17-de-octubre-1700h"]}]},{"@type":"ImageObject","inLanguage":"en-US","@id":"https:\/\/www.entrearteycultura.es\/?eap_event=biblioteca-nacional-jueves-17-de-octubre-1700h#primaryimage","url":"https:\/\/www.entrearteycultura.es\/wp-content\/uploads\/2024\/09\/Imagen5.jpg","contentUrl":"https:\/\/www.entrearteycultura.es\/wp-content\/uploads\/2024\/09\/Imagen5.jpg","width":855,"height":271},{"@type":"BreadcrumbList","@id":"https:\/\/www.entrearteycultura.es\/?eap_event=biblioteca-nacional-jueves-17-de-octubre-1700h#breadcrumb","itemListElement":[{"@type":"ListItem","position":1,"name":"Portada","item":"https:\/\/www.entrearteycultura.es\/"},{"@type":"ListItem","position":2,"name":"Events","item":"https:\/\/www.entrearteycultura.es\/?post_type=eap_event"},{"@type":"ListItem","position":3,"name":"VISITA A LA BIBLIOTECA NACIONAL. Jueves 17 de octubre, 17:00h."}]},{"@type":"WebSite","@id":"https:\/\/www.entrearteycultura.es\/#website","url":"https:\/\/www.entrearteycultura.es\/","name":"Entre Arte y cultura","description":"Viajes, eventos cuturales, conferencias y tertulias","potentialAction":[{"@type":"SearchAction","target":{"@type":"EntryPoint","urlTemplate":"https:\/\/www.entrearteycultura.es\/?s={search_term_string}"},"query-input":{"@type":"PropertyValueSpecification","valueRequired":true,"valueName":"search_term_string"}}],"inLanguage":"en-US"}]}</script>
<!-- / Yoast SEO plugin. -->

Inscripciones antes del 6 de octubre. En 1711, Felipe V aprueba el proyecto de creación de la Biblioteca Real para fomentar el estudio y reunir diversas bibliotecas privadas. La apertura se realizó un año después en un pasadizo que unía el Real Alcázar y el Monasterio de la Encarnación. Poco después se estableció el precedente [&hellip;]
