{"id":933,"date":"2024-09-08T10:40:43","date_gmt":"2024-09-08T10:40:43","guid":{"rendered":"https:\/\/www.entrearteycultura.es\/?post_type=eap_event&#038;p=933"},"modified":"2024-10-09T13:55:22","modified_gmt":"2024-10-09T13:55:22","slug":"cata-de-tomates-2","status":"publish","type":"eap_event","link":"https:\/\/www.entrearteycultura.es\/?eap_event=cata-de-tomates-2","title":{"rendered":"CATA DE TOMATES                                                                        Mi\u00e9rcoles 2 de octubre, 19:00 h."},"content":{"rendered":"\n<p>Volvemos a programar una nueva cata con diferentes tipos de tomates, dado el \u00e9xito de anteriores catas y por petici\u00f3n expresa de muchos que quieren repetir.<\/p>\n\n\n\n<p>Con la colaboraci\u00f3n del Mercado de la Paz, y de la mano de su gerente Guillermo del Campo, tendremos la oportunidad de probar diversos tipos de tomates, apreciando sus texturas, olores, sabores, or\u00edgenes y conocer sus propiedades, tomando una copa de vino.<\/p>\n","protected":false},"excerpt":{"rendered":"<p>Volvemos a programar una nueva cata con diferentes tipos de tomates, dado el \u00e9xito de anteriores catas y por petici\u00f3n expresa de muchos que quieren repetir. Con la colaboraci\u00f3n del Mercado de la Paz, y de la mano de su gerente Guillermo del Campo, tendremos la oportunidad de probar diversos tipos de tomates, apreciando sus [&hellip;]<\/p>\n","protected":false},"author":1,"featured_media":772,"comment_status":"open","ping_status":"closed","template":"","categories":[45],"class_list":["post-933","eap_event","type-eap_event","status-publish","has-post-thumbnail","hentry","category-eventos-pasados"],"yoast_head":"<!-- This site is optimized with the Yoast SEO plugin v27.5 - https:\/\/yoast.com\/product\/yoast-seo-wordpress\/ -->\n<title>CATA DE TOMATES                                    Mi\u00e9rcoles 2 de octubre, 19:00 h. - Entre Arte y cultura<\/title>\n<meta name=\"robots\" content=\"index, follow, max-snippet:-1, max-image-preview:large, max-video-preview:-1\" \/>\n<link rel=\"canonical\" href=\"https:\/\/www.entrearteycultura.es\/?eap_event=cata-de-tomates-2\" \/>\n<meta property=\"og:locale\" content=\"en_US\" \/>\n<meta property=\"og:type\" content=\"article\" \/>\n<meta property=\"og:title\" content=\"CATA DE TOMATES                                    Mi\u00e9rcoles 2 de octubre, 19:00 h. - Entre Arte y cultura\" \/>\n<meta property=\"og:description\" content=\"Volvemos a programar una nueva cata con diferentes tipos de tomates, dado el \u00e9xito de anteriores catas y por petici\u00f3n expresa de muchos que quieren repetir. Con la colaboraci\u00f3n del Mercado de la Paz, y de la mano de su gerente Guillermo del Campo, tendremos la oportunidad de probar diversos tipos de tomates, apreciando sus [&hellip;]\" \/>\n<meta property=\"og:url\" content=\"https:\/\/www.entrearteycultura.es\/?eap_event=cata-de-tomates-2\" \/>\n<meta property=\"og:site_name\" content=\"Entre Arte y cultura\" \/>\n<meta property=\"article:modified_time\" content=\"2024-10-09T13:55:22+00:00\" \/>\n<meta property=\"og:image\" content=\"https:\/\/www.entrearteycultura.es\/wp-content\/uploads\/2024\/01\/Imagen1-1.png\" \/>\n\t<meta property=\"og:image:width\" content=\"1134\" \/>\n\t<meta property=\"og:image:height\" content=\"432\" \/>\n\t<meta property=\"og:image:type\" content=\"image\/png\" \/>\n<meta name=\"twitter:card\" content=\"summary_large_image\" \/>\n<meta name=\"twitter:label1\" content=\"Est. reading time\" \/>\n\t<meta name=\"twitter:data1\" content=\"1 minute\" \/>\n<script type=\"application\/ld+json\" class=\"yoast-schema-graph\">{\"@context\":\"https:\\\/\\\/schema.org\",\"@graph\":[{\"@type\":\"WebPage\",\"@id\":\"https:\\\/\\\/www.entrearteycultura.es\\\/?eap_event=cata-de-tomates-2\",\"url\":\"https:\\\/\\\/www.entrearteycultura.es\\\/?eap_event=cata-de-tomates-2\",\"name\":\"CATA DE TOMATES Mi\u00e9rcoles 2 de octubre, 19:00 h. - Entre Arte y cultura\",\"isPartOf\":{\"@id\":\"https:\\\/\\\/www.entrearteycultura.es\\\/#website\"},\"primaryImageOfPage\":{\"@id\":\"https:\\\/\\\/www.entrearteycultura.es\\\/?eap_event=cata-de-tomates-2#primaryimage\"},\"image\":{\"@id\":\"https:\\\/\\\/www.entrearteycultura.es\\\/?eap_event=cata-de-tomates-2#primaryimage\"},\"thumbnailUrl\":\"https:\\\/\\\/www.entrearteycultura.es\\\/wp-content\\\/uploads\\\/2024\\\/01\\\/Imagen1-1.png\",\"datePublished\":\"2024-09-08T10:40:43+00:00\",\"dateModified\":\"2024-10-09T13:55:22+00:00\",\"breadcrumb\":{\"@id\":\"https:\\\/\\\/www.entrearteycultura.es\\\/?eap_event=cata-de-tomates-2#breadcrumb\"},\"inLanguage\":\"en-US\",\"potentialAction\":[{\"@type\":\"ReadAction\",\"target\":[\"https:\\\/\\\/www.entrearteycultura.es\\\/?eap_event=cata-de-tomates-2\"]}]},{\"@type\":\"ImageObject\",\"inLanguage\":\"en-US\",\"@id\":\"https:\\\/\\\/www.entrearteycultura.es\\\/?eap_event=cata-de-tomates-2#primaryimage\",\"url\":\"https:\\\/\\\/www.entrearteycultura.es\\\/wp-content\\\/uploads\\\/2024\\\/01\\\/Imagen1-1.png\",\"contentUrl\":\"https:\\\/\\\/www.entrearteycultura.es\\\/wp-content\\\/uploads\\\/2024\\\/01\\\/Imagen1-1.png\",\"width\":1134,\"height\":432},{\"@type\":\"BreadcrumbList\",\"@id\":\"https:\\\/\\\/www.entrearteycultura.es\\\/?eap_event=cata-de-tomates-2#breadcrumb\",\"itemListElement\":[{\"@type\":\"ListItem\",\"position\":1,\"name\":\"Portada\",\"item\":\"https:\\\/\\\/www.entrearteycultura.es\\\/\"},{\"@type\":\"ListItem\",\"position\":2,\"name\":\"Events\",\"item\":\"https:\\\/\\\/www.entrearteycultura.es\\\/?post_type=eap_event\"},{\"@type\":\"ListItem\",\"position\":3,\"name\":\"CATA DE TOMATES Mi\u00e9rcoles 2 de octubre, 19:00 h.\"}]},{\"@type\":\"WebSite\",\"@id\":\"https:\\\/\\\/www.entrearteycultura.es\\\/#website\",\"url\":\"https:\\\/\\\/www.entrearteycultura.es\\\/\",\"name\":\"Entre Arte y cultura\",\"description\":\"Viajes, eventos cuturales, conferencias y tertulias\",\"potentialAction\":[{\"@type\":\"SearchAction\",\"target\":{\"@type\":\"EntryPoint\",\"urlTemplate\":\"https:\\\/\\\/www.entrearteycultura.es\\\/?s={search_term_string}\"},\"query-input\":{\"@type\":\"PropertyValueSpecification\",\"valueRequired\":true,\"valueName\":\"search_term_string\"}}],\"inLanguage\":\"en-US\"}]}<\/script>\n<!-- \/ Yoast SEO plugin. -->","yoast_head_json":{"title":"CATA DE TOMATES                                    Mi\u00e9rcoles 2 de octubre, 19:00 h. - Entre Arte y cultura","robots":{"index":"index","follow":"follow","max-snippet":"max-snippet:-1","max-image-preview":"max-image-preview:large","max-video-preview":"max-video-preview:-1"},"canonical":"https:\/\/www.entrearteycultura.es\/?eap_event=cata-de-tomates-2","og_locale":"en_US","og_type":"article","og_title":"CATA DE TOMATES                                    Mi\u00e9rcoles 2 de octubre, 19:00 h. - Entre Arte y cultura","og_description":"Volvemos a programar una nueva cata con diferentes tipos de tomates, dado el \u00e9xito de anteriores catas y por petici\u00f3n expresa de muchos que quieren repetir. Con la colaboraci\u00f3n del Mercado de la Paz, y de la mano de su gerente Guillermo del Campo, tendremos la oportunidad de probar diversos tipos de tomates, apreciando sus [&hellip;]","og_url":"https:\/\/www.entrearteycultura.es\/?eap_event=cata-de-tomates-2","og_site_name":"Entre Arte y cultura","article_modified_time":"2024-10-09T13:55:22+00:00","og_image":[{"width":1134,"height":432,"url":"https:\/\/www.entrearteycultura.es\/wp-content\/uploads\/2024\/01\/Imagen1-1.png","type":"image\/png"}],"twitter_card":"summary_large_image","twitter_misc":{"Est. reading time":"1 minute"},"schema":{"@context":"https:\/\/schema.org","@graph":[{"@type":"WebPage","@id":"https:\/\/www.entrearteycultura.es\/?eap_event=cata-de-tomates-2","url":"https:\/\/www.entrearteycultura.es\/?eap_event=cata-de-tomates-2","name":"CATA DE TOMATES Mi\u00e9rcoles 2 de octubre, 19:00 h. - Entre Arte y cultura","isPartOf":{"@id":"https:\/\/www.entrearteycultura.es\/#website"},"primaryImageOfPage":{"@id":"https:\/\/www.entrearteycultura.es\/?eap_event=cata-de-tomates-2#primaryimage"},"image":{"@id":"https:\/\/www.entrearteycultura.es\/?eap_event=cata-de-tomates-2#primaryimage"},"thumbnailUrl":"https:\/\/www.entrearteycultura.es\/wp-content\/uploads\/2024\/01\/Imagen1-1.png","datePublished":"2024-09-08T10:40:43+00:00","dateModified":"2024-10-09T13:55:22+00:00","breadcrumb":{"@id":"https:\/\/www.entrearteycultura.es\/?eap_event=cata-de-tomates-2#breadcrumb"},"inLanguage":"en-US","potentialAction":[{"@type":"ReadAction","target":["https:\/\/www.entrearteycultura.es\/?eap_event=cata-de-tomates-2"]}]},{"@type":"ImageObject","inLanguage":"en-US","@id":"https:\/\/www.entrearteycultura.es\/?eap_event=cata-de-tomates-2#primaryimage","url":"https:\/\/www.entrearteycultura.es\/wp-content\/uploads\/2024\/01\/Imagen1-1.png","contentUrl":"https:\/\/www.entrearteycultura.es\/wp-content\/uploads\/2024\/01\/Imagen1-1.png","width":1134,"height":432},{"@type":"BreadcrumbList","@id":"https:\/\/www.entrearteycultura.es\/?eap_event=cata-de-tomates-2#breadcrumb","itemListElement":[{"@type":"ListItem","position":1,"name":"Portada","item":"https:\/\/www.entrearteycultura.es\/"},{"@type":"ListItem","position":2,"name":"Events","item":"https:\/\/www.entrearteycultura.es\/?post_type=eap_event"},{"@type":"ListItem","position":3,"name":"CATA DE TOMATES Mi\u00e9rcoles 2 de octubre, 19:00 h."}]},{"@type":"WebSite","@id":"https:\/\/www.entrearteycultura.es\/#website","url":"https:\/\/www.entrearteycultura.es\/","name":"Entre Arte y cultura","description":"Viajes, eventos cuturales, conferencias y tertulias","potentialAction":[{"@type":"SearchAction","target":{"@type":"EntryPoint","urlTemplate":"https:\/\/www.entrearteycultura.es\/?s={search_term_string}"},"query-input":{"@type":"PropertyValueSpecification","valueRequired":true,"valueName":"search_term_string"}}],"inLanguage":"en-US"}]}},"_links":{"self":[{"href":"https:\/\/www.entrearteycultura.es\/index.php?rest_route=\/wp\/v2\/eap_event\/933","targetHints":{"allow":["GET"]}}],"collection":[{"href":"https:\/\/www.entrearteycultura.es\/index.php?rest_route=\/wp\/v2\/eap_event"}],"about":[{"href":"https:\/\/www.entrearteycultura.es\/index.php?rest_route=\/wp\/v2\/types\/eap_event"}],"author":[{"embeddable":true,"href":"https:\/\/www.entrearteycultura.es\/index.php?rest_route=\/wp\/v2\/users\/1"}],"replies":[{"embeddable":true,"href":"https:\/\/www.entrearteycultura.es\/index.php?rest_route=%2Fwp%2Fv2%2Fcomments&post=933"}],"version-history":[{"count":2,"href":"https:\/\/www.entrearteycultura.es\/index.php?rest_route=\/wp\/v2\/eap_event\/933\/revisions"}],"predecessor-version":[{"id":957,"href":"https:\/\/www.entrearteycultura.es\/index.php?rest_route=\/wp\/v2\/eap_event\/933\/revisions\/957"}],"wp:featuredmedia":[{"embeddable":true,"href":"https:\/\/www.entrearteycultura.es\/index.php?rest_route=\/wp\/v2\/media\/772"}],"wp:attachment":[{"href":"https:\/\/www.entrearteycultura.es\/index.php?rest_route=%2Fwp%2Fv2%2Fmedia&parent=933"}],"wp:term":[{"taxonomy":"category","embeddable":true,"href":"https:\/\/www.entrearteycultura.es\/index.php?rest_route=%2Fwp%2Fv2%2Fcategories&post=933"}],"curies":[{"name":"wp","href":"https:\/\/api.w.org\/{rel}","templated":true}]}}

CATA DE TOMATES                                                                        Miércoles 2 de octubre, 19:00 h.

<p>Volvemos a programar una nueva cata con diferentes tipos de tomates, dado el éxito de anteriores catas y por petición expresa de muchos que quieren repetir.</p>



<p>Con la colaboración del Mercado de la Paz, y de la mano de su gerente Guillermo del Campo, tendremos la oportunidad de probar diversos tipos de tomates, apreciando sus texturas, olores, sabores, orígenes y conocer sus propiedades, tomando una copa de vino.</p>

<p>Volvemos a programar una nueva cata con diferentes tipos de tomates, dado el éxito de anteriores catas y por petición expresa de muchos que quieren repetir. Con la colaboración del Mercado de la Paz, y de la mano de su gerente Guillermo del Campo, tendremos la oportunidad de probar diversos tipos de tomates, apreciando sus [&hellip;]</p>

<!-- This site is optimized with the Yoast SEO plugin v27.5 - https://yoast.com/product/yoast-seo-wordpress/ -->
<title>CATA DE TOMATES                                    Miércoles 2 de octubre, 19:00 h. - Entre Arte y cultura</title>
<meta name="robots" content="index, follow, max-snippet:-1, max-image-preview:large, max-video-preview:-1" />
<link rel="canonical" href="https://www.entrearteycultura.es/?eap_event=cata-de-tomates-2" />
<meta property="og:locale" content="en_US" />
<meta property="og:type" content="article" />
<meta property="og:title" content="CATA DE TOMATES                                    Miércoles 2 de octubre, 19:00 h. - Entre Arte y cultura" />
<meta property="og:description" content="Volvemos a programar una nueva cata con diferentes tipos de tomates, dado el éxito de anteriores catas y por petición expresa de muchos que quieren repetir. Con la colaboración del Mercado de la Paz, y de la mano de su gerente Guillermo del Campo, tendremos la oportunidad de probar diversos tipos de tomates, apreciando sus [&hellip;]" />
<meta property="og:url" content="https://www.entrearteycultura.es/?eap_event=cata-de-tomates-2" />
<meta property="og:site_name" content="Entre Arte y cultura" />
<meta property="article:modified_time" content="2024-10-09T13:55:22+00:00" />
<meta property="og:image" content="https://www.entrearteycultura.es/wp-content/uploads/2024/01/Imagen1-1.png" />
	<meta property="og:image:width" content="1134" />
	<meta property="og:image:height" content="432" />
	<meta property="og:image:type" content="image/png" />
<meta name="twitter:card" content="summary_large_image" />
<meta name="twitter:label1" content="Est. reading time" />
	<meta name="twitter:data1" content="1 minute" />
<script type="application/ld+json" class="yoast-schema-graph">{"@context":"https:\/\/schema.org","@graph":[{"@type":"WebPage","@id":"https:\/\/www.entrearteycultura.es\/?eap_event=cata-de-tomates-2","url":"https:\/\/www.entrearteycultura.es\/?eap_event=cata-de-tomates-2","name":"CATA DE TOMATES Miércoles 2 de octubre, 19:00 h. - Entre Arte y cultura","isPartOf":{"@id":"https:\/\/www.entrearteycultura.es\/#website"},"primaryImageOfPage":{"@id":"https:\/\/www.entrearteycultura.es\/?eap_event=cata-de-tomates-2#primaryimage"},"image":{"@id":"https:\/\/www.entrearteycultura.es\/?eap_event=cata-de-tomates-2#primaryimage"},"thumbnailUrl":"https:\/\/www.entrearteycultura.es\/wp-content\/uploads\/2024\/01\/Imagen1-1.png","datePublished":"2024-09-08T10:40:43+00:00","dateModified":"2024-10-09T13:55:22+00:00","breadcrumb":{"@id":"https:\/\/www.entrearteycultura.es\/?eap_event=cata-de-tomates-2#breadcrumb"},"inLanguage":"en-US","potentialAction":[{"@type":"ReadAction","target":["https:\/\/www.entrearteycultura.es\/?eap_event=cata-de-tomates-2"]}]},{"@type":"ImageObject","inLanguage":"en-US","@id":"https:\/\/www.entrearteycultura.es\/?eap_event=cata-de-tomates-2#primaryimage","url":"https:\/\/www.entrearteycultura.es\/wp-content\/uploads\/2024\/01\/Imagen1-1.png","contentUrl":"https:\/\/www.entrearteycultura.es\/wp-content\/uploads\/2024\/01\/Imagen1-1.png","width":1134,"height":432},{"@type":"BreadcrumbList","@id":"https:\/\/www.entrearteycultura.es\/?eap_event=cata-de-tomates-2#breadcrumb","itemListElement":[{"@type":"ListItem","position":1,"name":"Portada","item":"https:\/\/www.entrearteycultura.es\/"},{"@type":"ListItem","position":2,"name":"Events","item":"https:\/\/www.entrearteycultura.es\/?post_type=eap_event"},{"@type":"ListItem","position":3,"name":"CATA DE TOMATES Miércoles 2 de octubre, 19:00 h."}]},{"@type":"WebSite","@id":"https:\/\/www.entrearteycultura.es\/#website","url":"https:\/\/www.entrearteycultura.es\/","name":"Entre Arte y cultura","description":"Viajes, eventos cuturales, conferencias y tertulias","potentialAction":[{"@type":"SearchAction","target":{"@type":"EntryPoint","urlTemplate":"https:\/\/www.entrearteycultura.es\/?s={search_term_string}"},"query-input":{"@type":"PropertyValueSpecification","valueRequired":true,"valueName":"search_term_string"}}],"inLanguage":"en-US"}]}</script>
<!-- / Yoast SEO plugin. -->

CATA DE TOMATES                                    Miércoles 2 de octubre, 19:00 h. - Entre Arte y cultura

Volvemos a programar una nueva cata con diferentes tipos de tomates, dado el éxito de anteriores catas y por petición expresa de muchos que quieren repetir. Con la colaboración del Mercado de la Paz, y de la mano de su gerente Guillermo del Campo, tendremos la oportunidad de probar diversos tipos de tomates, apreciando sus [&hellip;]

CATA DE TOMATES Miércoles 2 de octubre, 19:00 h. - Entre Arte y cultura

CATA DE TOMATES Miércoles 2 de octubre, 19:00 h.
