{"id":882,"date":"2024-07-11T11:44:46","date_gmt":"2024-07-11T11:44:46","guid":{"rendered":"https:\/\/www.entrearteycultura.es\/?post_type=eap_event&#038;p=882"},"modified":"2025-02-10T13:23:14","modified_gmt":"2025-02-10T13:23:14","slug":"valencia-importante-patrimonio-desconocido-y-nuevo-centro-de-arte-contemporaneo-2","status":"publish","type":"eap_event","link":"https:\/\/www.entrearteycultura.es\/?eap_event=valencia-importante-patrimonio-desconocido-y-nuevo-centro-de-arte-contemporaneo-2","title":{"rendered":"VALENCIA:\u00a0 importante patrimonio desconocido y nuevo centro de arte contempor\u00e1neo.                                                                 VIERNES 7 &#8211; DOMINGO 9 FEBRERO 2025 (nuevas fechas)"},"content":{"rendered":"\n<p>Convocamos nuevas fechas tras los tristes acontecimientos ocurridos en octubre en Valencia y acudimos para seguir apoyando el conocimiento del patrimonio cultural y art\u00edstico de la ciudad.<\/p>\n\n\n\n<p>El <strong>Centro de Arte Hortensia Herrero,<\/strong> recientemente inaugurado, expone su colecci\u00f3n de arte contempor\u00e1neo y se ha convertido en una nueva ventana al arte actual en Valencia. Junto al <strong>IVAM<\/strong> (Instituto Valenciano de Arte Moderno) y el <strong>Centro del Carmen<\/strong>, constituyen un tr\u00edo de ases ganadores al que se les ha unido el nuevo proyecto de <strong>Bomba Gens.<\/strong><\/p>\n\n\n\n<p>Esta excelente actividad se completa con el generoso mecenazgo de Hortensia Herrero en la restauraci\u00f3n de los magn\u00edficos frescos de la I<strong>glesia de San Nicol\u00e1s y de la Iglesia de los Santos Juanes<\/strong>, as\u00ed como del <strong>Colegio Mayor de la Seda.<\/strong><\/p>\n\n\n\n<p>Tendremos ocasi\u00f3n de visitar la <strong>iglesia y convento de El Patriarca<\/strong> as\u00ed como la Catedral magnifico exponente del g\u00f3tico levantino.<\/p>\n\n\n\n<p>El NY Times ha nombrado a Valencia uno de los mejores destinos del mundo para ir en 2024. Entre las razones est\u00e1 por su escena cultural vibrante, su rica tradici\u00f3n gastron\u00f3mica, la peatonalizaci\u00f3n y restauraci\u00f3n de su centro y por la capitalidad verde.<\/p>\n","protected":false},"excerpt":{"rendered":"<p>Convocamos nuevas fechas tras los tristes acontecimientos ocurridos en octubre en Valencia y acudimos para seguir apoyando el conocimiento del patrimonio cultural y art\u00edstico de la ciudad. El Centro de Arte Hortensia Herrero, recientemente inaugurado, expone su colecci\u00f3n de arte contempor\u00e1neo y se ha convertido en una nueva ventana al arte actual en Valencia. Junto [&hellip;]<\/p>\n","protected":false},"author":1,"featured_media":883,"comment_status":"open","ping_status":"closed","template":"","categories":[45],"class_list":["post-882","eap_event","type-eap_event","status-publish","has-post-thumbnail","hentry","category-eventos-pasados"],"yoast_head":"<!-- This site is optimized with the Yoast SEO plugin v27.5 - https:\/\/yoast.com\/product\/yoast-seo-wordpress\/ -->\n<title>VALENCIA:\u00a0 importante patrimonio desconocido y nuevo centro de arte contempor\u00e1neo.                                 VIERNES 7 - DOMINGO 9 FEBRERO 2025 (nuevas fechas) - Entre Arte y cultura<\/title>\n<meta name=\"robots\" content=\"index, follow, max-snippet:-1, max-image-preview:large, max-video-preview:-1\" \/>\n<link rel=\"canonical\" href=\"https:\/\/www.entrearteycultura.es\/?eap_event=valencia-importante-patrimonio-desconocido-y-nuevo-centro-de-arte-contemporaneo-2\" \/>\n<meta property=\"og:locale\" content=\"en_US\" \/>\n<meta property=\"og:type\" content=\"article\" \/>\n<meta property=\"og:title\" content=\"VALENCIA:\u00a0 importante patrimonio desconocido y nuevo centro de arte contempor\u00e1neo.                                 VIERNES 7 - DOMINGO 9 FEBRERO 2025 (nuevas fechas) - Entre Arte y cultura\" \/>\n<meta property=\"og:description\" content=\"Convocamos nuevas fechas tras los tristes acontecimientos ocurridos en octubre en Valencia y acudimos para seguir apoyando el conocimiento del patrimonio cultural y art\u00edstico de la ciudad. El Centro de Arte Hortensia Herrero, recientemente inaugurado, expone su colecci\u00f3n de arte contempor\u00e1neo y se ha convertido en una nueva ventana al arte actual en Valencia. Junto [&hellip;]\" \/>\n<meta property=\"og:url\" content=\"https:\/\/www.entrearteycultura.es\/?eap_event=valencia-importante-patrimonio-desconocido-y-nuevo-centro-de-arte-contemporaneo-2\" \/>\n<meta property=\"og:site_name\" content=\"Entre Arte y cultura\" \/>\n<meta property=\"article:modified_time\" content=\"2025-02-10T13:23:14+00:00\" \/>\n<meta property=\"og:image\" content=\"https:\/\/www.entrearteycultura.es\/wp-content\/uploads\/2024\/07\/valencia-2.png\" \/>\n\t<meta property=\"og:image:width\" content=\"639\" \/>\n\t<meta property=\"og:image:height\" content=\"307\" \/>\n\t<meta property=\"og:image:type\" content=\"image\/png\" \/>\n<meta name=\"twitter:card\" content=\"summary_large_image\" \/>\n<meta name=\"twitter:label1\" content=\"Est. reading time\" \/>\n\t<meta name=\"twitter:data1\" content=\"1 minute\" \/>\n<script type=\"application\/ld+json\" class=\"yoast-schema-graph\">{\"@context\":\"https:\\\/\\\/schema.org\",\"@graph\":[{\"@type\":\"WebPage\",\"@id\":\"https:\\\/\\\/www.entrearteycultura.es\\\/?eap_event=valencia-importante-patrimonio-desconocido-y-nuevo-centro-de-arte-contemporaneo-2\",\"url\":\"https:\\\/\\\/www.entrearteycultura.es\\\/?eap_event=valencia-importante-patrimonio-desconocido-y-nuevo-centro-de-arte-contemporaneo-2\",\"name\":\"VALENCIA:\u00a0 importante patrimonio desconocido y nuevo centro de arte contempor\u00e1neo. VIERNES 7 - DOMINGO 9 FEBRERO 2025 (nuevas fechas) - Entre Arte y cultura\",\"isPartOf\":{\"@id\":\"https:\\\/\\\/www.entrearteycultura.es\\\/#website\"},\"primaryImageOfPage\":{\"@id\":\"https:\\\/\\\/www.entrearteycultura.es\\\/?eap_event=valencia-importante-patrimonio-desconocido-y-nuevo-centro-de-arte-contemporaneo-2#primaryimage\"},\"image\":{\"@id\":\"https:\\\/\\\/www.entrearteycultura.es\\\/?eap_event=valencia-importante-patrimonio-desconocido-y-nuevo-centro-de-arte-contemporaneo-2#primaryimage\"},\"thumbnailUrl\":\"https:\\\/\\\/www.entrearteycultura.es\\\/wp-content\\\/uploads\\\/2024\\\/07\\\/valencia-2.png\",\"datePublished\":\"2024-07-11T11:44:46+00:00\",\"dateModified\":\"2025-02-10T13:23:14+00:00\",\"breadcrumb\":{\"@id\":\"https:\\\/\\\/www.entrearteycultura.es\\\/?eap_event=valencia-importante-patrimonio-desconocido-y-nuevo-centro-de-arte-contemporaneo-2#breadcrumb\"},\"inLanguage\":\"en-US\",\"potentialAction\":[{\"@type\":\"ReadAction\",\"target\":[\"https:\\\/\\\/www.entrearteycultura.es\\\/?eap_event=valencia-importante-patrimonio-desconocido-y-nuevo-centro-de-arte-contemporaneo-2\"]}]},{\"@type\":\"ImageObject\",\"inLanguage\":\"en-US\",\"@id\":\"https:\\\/\\\/www.entrearteycultura.es\\\/?eap_event=valencia-importante-patrimonio-desconocido-y-nuevo-centro-de-arte-contemporaneo-2#primaryimage\",\"url\":\"https:\\\/\\\/www.entrearteycultura.es\\\/wp-content\\\/uploads\\\/2024\\\/07\\\/valencia-2.png\",\"contentUrl\":\"https:\\\/\\\/www.entrearteycultura.es\\\/wp-content\\\/uploads\\\/2024\\\/07\\\/valencia-2.png\",\"width\":639,\"height\":307},{\"@type\":\"BreadcrumbList\",\"@id\":\"https:\\\/\\\/www.entrearteycultura.es\\\/?eap_event=valencia-importante-patrimonio-desconocido-y-nuevo-centro-de-arte-contemporaneo-2#breadcrumb\",\"itemListElement\":[{\"@type\":\"ListItem\",\"position\":1,\"name\":\"Portada\",\"item\":\"https:\\\/\\\/www.entrearteycultura.es\\\/\"},{\"@type\":\"ListItem\",\"position\":2,\"name\":\"Events\",\"item\":\"https:\\\/\\\/www.entrearteycultura.es\\\/?post_type=eap_event\"},{\"@type\":\"ListItem\",\"position\":3,\"name\":\"VALENCIA:\u00a0 importante patrimonio desconocido y nuevo centro de arte contempor\u00e1neo. VIERNES 7 &#8211; DOMINGO 9 FEBRERO 2025 (nuevas fechas)\"}]},{\"@type\":\"WebSite\",\"@id\":\"https:\\\/\\\/www.entrearteycultura.es\\\/#website\",\"url\":\"https:\\\/\\\/www.entrearteycultura.es\\\/\",\"name\":\"Entre Arte y cultura\",\"description\":\"Viajes, eventos cuturales, conferencias y tertulias\",\"potentialAction\":[{\"@type\":\"SearchAction\",\"target\":{\"@type\":\"EntryPoint\",\"urlTemplate\":\"https:\\\/\\\/www.entrearteycultura.es\\\/?s={search_term_string}\"},\"query-input\":{\"@type\":\"PropertyValueSpecification\",\"valueRequired\":true,\"valueName\":\"search_term_string\"}}],\"inLanguage\":\"en-US\"}]}<\/script>\n<!-- \/ Yoast SEO plugin. -->","yoast_head_json":{"title":"VALENCIA:\u00a0 importante patrimonio desconocido y nuevo centro de arte contempor\u00e1neo.                                 VIERNES 7 - DOMINGO 9 FEBRERO 2025 (nuevas fechas) - Entre Arte y cultura","robots":{"index":"index","follow":"follow","max-snippet":"max-snippet:-1","max-image-preview":"max-image-preview:large","max-video-preview":"max-video-preview:-1"},"canonical":"https:\/\/www.entrearteycultura.es\/?eap_event=valencia-importante-patrimonio-desconocido-y-nuevo-centro-de-arte-contemporaneo-2","og_locale":"en_US","og_type":"article","og_title":"VALENCIA:\u00a0 importante patrimonio desconocido y nuevo centro de arte contempor\u00e1neo.                                 VIERNES 7 - DOMINGO 9 FEBRERO 2025 (nuevas fechas) - Entre Arte y cultura","og_description":"Convocamos nuevas fechas tras los tristes acontecimientos ocurridos en octubre en Valencia y acudimos para seguir apoyando el conocimiento del patrimonio cultural y art\u00edstico de la ciudad. El Centro de Arte Hortensia Herrero, recientemente inaugurado, expone su colecci\u00f3n de arte contempor\u00e1neo y se ha convertido en una nueva ventana al arte actual en Valencia. Junto [&hellip;]","og_url":"https:\/\/www.entrearteycultura.es\/?eap_event=valencia-importante-patrimonio-desconocido-y-nuevo-centro-de-arte-contemporaneo-2","og_site_name":"Entre Arte y cultura","article_modified_time":"2025-02-10T13:23:14+00:00","og_image":[{"width":639,"height":307,"url":"https:\/\/www.entrearteycultura.es\/wp-content\/uploads\/2024\/07\/valencia-2.png","type":"image\/png"}],"twitter_card":"summary_large_image","twitter_misc":{"Est. reading time":"1 minute"},"schema":{"@context":"https:\/\/schema.org","@graph":[{"@type":"WebPage","@id":"https:\/\/www.entrearteycultura.es\/?eap_event=valencia-importante-patrimonio-desconocido-y-nuevo-centro-de-arte-contemporaneo-2","url":"https:\/\/www.entrearteycultura.es\/?eap_event=valencia-importante-patrimonio-desconocido-y-nuevo-centro-de-arte-contemporaneo-2","name":"VALENCIA:\u00a0 importante patrimonio desconocido y nuevo centro de arte contempor\u00e1neo. VIERNES 7 - DOMINGO 9 FEBRERO 2025 (nuevas fechas) - Entre Arte y cultura","isPartOf":{"@id":"https:\/\/www.entrearteycultura.es\/#website"},"primaryImageOfPage":{"@id":"https:\/\/www.entrearteycultura.es\/?eap_event=valencia-importante-patrimonio-desconocido-y-nuevo-centro-de-arte-contemporaneo-2#primaryimage"},"image":{"@id":"https:\/\/www.entrearteycultura.es\/?eap_event=valencia-importante-patrimonio-desconocido-y-nuevo-centro-de-arte-contemporaneo-2#primaryimage"},"thumbnailUrl":"https:\/\/www.entrearteycultura.es\/wp-content\/uploads\/2024\/07\/valencia-2.png","datePublished":"2024-07-11T11:44:46+00:00","dateModified":"2025-02-10T13:23:14+00:00","breadcrumb":{"@id":"https:\/\/www.entrearteycultura.es\/?eap_event=valencia-importante-patrimonio-desconocido-y-nuevo-centro-de-arte-contemporaneo-2#breadcrumb"},"inLanguage":"en-US","potentialAction":[{"@type":"ReadAction","target":["https:\/\/www.entrearteycultura.es\/?eap_event=valencia-importante-patrimonio-desconocido-y-nuevo-centro-de-arte-contemporaneo-2"]}]},{"@type":"ImageObject","inLanguage":"en-US","@id":"https:\/\/www.entrearteycultura.es\/?eap_event=valencia-importante-patrimonio-desconocido-y-nuevo-centro-de-arte-contemporaneo-2#primaryimage","url":"https:\/\/www.entrearteycultura.es\/wp-content\/uploads\/2024\/07\/valencia-2.png","contentUrl":"https:\/\/www.entrearteycultura.es\/wp-content\/uploads\/2024\/07\/valencia-2.png","width":639,"height":307},{"@type":"BreadcrumbList","@id":"https:\/\/www.entrearteycultura.es\/?eap_event=valencia-importante-patrimonio-desconocido-y-nuevo-centro-de-arte-contemporaneo-2#breadcrumb","itemListElement":[{"@type":"ListItem","position":1,"name":"Portada","item":"https:\/\/www.entrearteycultura.es\/"},{"@type":"ListItem","position":2,"name":"Events","item":"https:\/\/www.entrearteycultura.es\/?post_type=eap_event"},{"@type":"ListItem","position":3,"name":"VALENCIA:\u00a0 importante patrimonio desconocido y nuevo centro de arte contempor\u00e1neo. VIERNES 7 &#8211; DOMINGO 9 FEBRERO 2025 (nuevas fechas)"}]},{"@type":"WebSite","@id":"https:\/\/www.entrearteycultura.es\/#website","url":"https:\/\/www.entrearteycultura.es\/","name":"Entre Arte y cultura","description":"Viajes, eventos cuturales, conferencias y tertulias","potentialAction":[{"@type":"SearchAction","target":{"@type":"EntryPoint","urlTemplate":"https:\/\/www.entrearteycultura.es\/?s={search_term_string}"},"query-input":{"@type":"PropertyValueSpecification","valueRequired":true,"valueName":"search_term_string"}}],"inLanguage":"en-US"}]}},"_links":{"self":[{"href":"https:\/\/www.entrearteycultura.es\/index.php?rest_route=\/wp\/v2\/eap_event\/882","targetHints":{"allow":["GET"]}}],"collection":[{"href":"https:\/\/www.entrearteycultura.es\/index.php?rest_route=\/wp\/v2\/eap_event"}],"about":[{"href":"https:\/\/www.entrearteycultura.es\/index.php?rest_route=\/wp\/v2\/types\/eap_event"}],"author":[{"embeddable":true,"href":"https:\/\/www.entrearteycultura.es\/index.php?rest_route=\/wp\/v2\/users\/1"}],"replies":[{"embeddable":true,"href":"https:\/\/www.entrearteycultura.es\/index.php?rest_route=%2Fwp%2Fv2%2Fcomments&post=882"}],"version-history":[{"count":9,"href":"https:\/\/www.entrearteycultura.es\/index.php?rest_route=\/wp\/v2\/eap_event\/882\/revisions"}],"predecessor-version":[{"id":1029,"href":"https:\/\/www.entrearteycultura.es\/index.php?rest_route=\/wp\/v2\/eap_event\/882\/revisions\/1029"}],"wp:featuredmedia":[{"embeddable":true,"href":"https:\/\/www.entrearteycultura.es\/index.php?rest_route=\/wp\/v2\/media\/883"}],"wp:attachment":[{"href":"https:\/\/www.entrearteycultura.es\/index.php?rest_route=%2Fwp%2Fv2%2Fmedia&parent=882"}],"wp:term":[{"taxonomy":"category","embeddable":true,"href":"https:\/\/www.entrearteycultura.es\/index.php?rest_route=%2Fwp%2Fv2%2Fcategories&post=882"}],"curies":[{"name":"wp","href":"https:\/\/api.w.org\/{rel}","templated":true}]}}

VALENCIA:  importante patrimonio desconocido y nuevo centro de arte contemporáneo.                                                                 VIERNES 7 &#8211; DOMINGO 9 FEBRERO 2025 (nuevas fechas)

<p>Convocamos nuevas fechas tras los tristes acontecimientos ocurridos en octubre en Valencia y acudimos para seguir apoyando el conocimiento del patrimonio cultural y artístico de la ciudad.</p>



<p>El <strong>Centro de Arte Hortensia Herrero,</strong> recientemente inaugurado, expone su colección de arte contemporáneo y se ha convertido en una nueva ventana al arte actual en Valencia. Junto al <strong>IVAM</strong> (Instituto Valenciano de Arte Moderno) y el <strong>Centro del Carmen</strong>, constituyen un trío de ases ganadores al que se les ha unido el nuevo proyecto de <strong>Bomba Gens.</strong></p>



<p>Esta excelente actividad se completa con el generoso mecenazgo de Hortensia Herrero en la restauración de los magníficos frescos de la I<strong>glesia de San Nicolás y de la Iglesia de los Santos Juanes</strong>, así como del <strong>Colegio Mayor de la Seda.</strong></p>



<p>Tendremos ocasión de visitar la <strong>iglesia y convento de El Patriarca</strong> así como la Catedral magnifico exponente del gótico levantino.</p>



<p>El NY Times ha nombrado a Valencia uno de los mejores destinos del mundo para ir en 2024. Entre las razones está por su escena cultural vibrante, su rica tradición gastronómica, la peatonalización y restauración de su centro y por la capitalidad verde.</p>

<p>Convocamos nuevas fechas tras los tristes acontecimientos ocurridos en octubre en Valencia y acudimos para seguir apoyando el conocimiento del patrimonio cultural y artístico de la ciudad. El Centro de Arte Hortensia Herrero, recientemente inaugurado, expone su colección de arte contemporáneo y se ha convertido en una nueva ventana al arte actual en Valencia. Junto [&hellip;]</p>

<!-- This site is optimized with the Yoast SEO plugin v27.5 - https://yoast.com/product/yoast-seo-wordpress/ -->
<title>VALENCIA:  importante patrimonio desconocido y nuevo centro de arte contemporáneo.                                 VIERNES 7 - DOMINGO 9 FEBRERO 2025 (nuevas fechas) - Entre Arte y cultura</title>
<meta name="robots" content="index, follow, max-snippet:-1, max-image-preview:large, max-video-preview:-1" />
<link rel="canonical" href="https://www.entrearteycultura.es/?eap_event=valencia-importante-patrimonio-desconocido-y-nuevo-centro-de-arte-contemporaneo-2" />
<meta property="og:locale" content="en_US" />
<meta property="og:type" content="article" />
<meta property="og:title" content="VALENCIA:  importante patrimonio desconocido y nuevo centro de arte contemporáneo.                                 VIERNES 7 - DOMINGO 9 FEBRERO 2025 (nuevas fechas) - Entre Arte y cultura" />
<meta property="og:description" content="Convocamos nuevas fechas tras los tristes acontecimientos ocurridos en octubre en Valencia y acudimos para seguir apoyando el conocimiento del patrimonio cultural y artístico de la ciudad. El Centro de Arte Hortensia Herrero, recientemente inaugurado, expone su colección de arte contemporáneo y se ha convertido en una nueva ventana al arte actual en Valencia. Junto [&hellip;]" />
<meta property="og:url" content="https://www.entrearteycultura.es/?eap_event=valencia-importante-patrimonio-desconocido-y-nuevo-centro-de-arte-contemporaneo-2" />
<meta property="og:site_name" content="Entre Arte y cultura" />
<meta property="article:modified_time" content="2025-02-10T13:23:14+00:00" />
<meta property="og:image" content="https://www.entrearteycultura.es/wp-content/uploads/2024/07/valencia-2.png" />
	<meta property="og:image:width" content="639" />
	<meta property="og:image:height" content="307" />
	<meta property="og:image:type" content="image/png" />
<meta name="twitter:card" content="summary_large_image" />
<meta name="twitter:label1" content="Est. reading time" />
	<meta name="twitter:data1" content="1 minute" />
<script type="application/ld+json" class="yoast-schema-graph">{"@context":"https:\/\/schema.org","@graph":[{"@type":"WebPage","@id":"https:\/\/www.entrearteycultura.es\/?eap_event=valencia-importante-patrimonio-desconocido-y-nuevo-centro-de-arte-contemporaneo-2","url":"https:\/\/www.entrearteycultura.es\/?eap_event=valencia-importante-patrimonio-desconocido-y-nuevo-centro-de-arte-contemporaneo-2","name":"VALENCIA:  importante patrimonio desconocido y nuevo centro de arte contemporáneo. VIERNES 7 - DOMINGO 9 FEBRERO 2025 (nuevas fechas) - Entre Arte y cultura","isPartOf":{"@id":"https:\/\/www.entrearteycultura.es\/#website"},"primaryImageOfPage":{"@id":"https:\/\/www.entrearteycultura.es\/?eap_event=valencia-importante-patrimonio-desconocido-y-nuevo-centro-de-arte-contemporaneo-2#primaryimage"},"image":{"@id":"https:\/\/www.entrearteycultura.es\/?eap_event=valencia-importante-patrimonio-desconocido-y-nuevo-centro-de-arte-contemporaneo-2#primaryimage"},"thumbnailUrl":"https:\/\/www.entrearteycultura.es\/wp-content\/uploads\/2024\/07\/valencia-2.png","datePublished":"2024-07-11T11:44:46+00:00","dateModified":"2025-02-10T13:23:14+00:00","breadcrumb":{"@id":"https:\/\/www.entrearteycultura.es\/?eap_event=valencia-importante-patrimonio-desconocido-y-nuevo-centro-de-arte-contemporaneo-2#breadcrumb"},"inLanguage":"en-US","potentialAction":[{"@type":"ReadAction","target":["https:\/\/www.entrearteycultura.es\/?eap_event=valencia-importante-patrimonio-desconocido-y-nuevo-centro-de-arte-contemporaneo-2"]}]},{"@type":"ImageObject","inLanguage":"en-US","@id":"https:\/\/www.entrearteycultura.es\/?eap_event=valencia-importante-patrimonio-desconocido-y-nuevo-centro-de-arte-contemporaneo-2#primaryimage","url":"https:\/\/www.entrearteycultura.es\/wp-content\/uploads\/2024\/07\/valencia-2.png","contentUrl":"https:\/\/www.entrearteycultura.es\/wp-content\/uploads\/2024\/07\/valencia-2.png","width":639,"height":307},{"@type":"BreadcrumbList","@id":"https:\/\/www.entrearteycultura.es\/?eap_event=valencia-importante-patrimonio-desconocido-y-nuevo-centro-de-arte-contemporaneo-2#breadcrumb","itemListElement":[{"@type":"ListItem","position":1,"name":"Portada","item":"https:\/\/www.entrearteycultura.es\/"},{"@type":"ListItem","position":2,"name":"Events","item":"https:\/\/www.entrearteycultura.es\/?post_type=eap_event"},{"@type":"ListItem","position":3,"name":"VALENCIA:  importante patrimonio desconocido y nuevo centro de arte contemporáneo. VIERNES 7 &#8211; DOMINGO 9 FEBRERO 2025 (nuevas fechas)"}]},{"@type":"WebSite","@id":"https:\/\/www.entrearteycultura.es\/#website","url":"https:\/\/www.entrearteycultura.es\/","name":"Entre Arte y cultura","description":"Viajes, eventos cuturales, conferencias y tertulias","potentialAction":[{"@type":"SearchAction","target":{"@type":"EntryPoint","urlTemplate":"https:\/\/www.entrearteycultura.es\/?s={search_term_string}"},"query-input":{"@type":"PropertyValueSpecification","valueRequired":true,"valueName":"search_term_string"}}],"inLanguage":"en-US"}]}</script>
<!-- / Yoast SEO plugin. -->

VALENCIA:  importante patrimonio desconocido y nuevo centro de arte contemporáneo.                                 VIERNES 7 - DOMINGO 9 FEBRERO 2025 (nuevas fechas) - Entre Arte y cultura

Convocamos nuevas fechas tras los tristes acontecimientos ocurridos en octubre en Valencia y acudimos para seguir apoyando el conocimiento del patrimonio cultural y artístico de la ciudad. El Centro de Arte Hortensia Herrero, recientemente inaugurado, expone su colección de arte contemporáneo y se ha convertido en una nueva ventana al arte actual en Valencia. Junto [&hellip;]

VALENCIA:  importante patrimonio desconocido y nuevo centro de arte contemporáneo. VIERNES 7 - DOMINGO 9 FEBRERO 2025 (nuevas fechas) - Entre Arte y cultura

VALENCIA:  importante patrimonio desconocido y nuevo centro de arte contemporáneo. VIERNES 7 &#8211; DOMINGO 9 FEBRERO 2025 (nuevas fechas)
