{"id":871,"date":"2024-07-11T10:06:10","date_gmt":"2024-07-11T10:06:10","guid":{"rendered":"https:\/\/www.entrearteycultura.es\/?post_type=eap_event&#038;p=871"},"modified":"2024-10-30T11:30:16","modified_gmt":"2024-10-30T11:30:16","slug":"milan-el-perfecto-equilibrio-entre-la-historia-y-la-modernidad","status":"publish","type":"eap_event","link":"https:\/\/www.entrearteycultura.es\/?eap_event=milan-el-perfecto-equilibrio-entre-la-historia-y-la-modernidad","title":{"rendered":"MIL\u00c1N, el perfecto equilibrio entre la historia y la modernidad.                                                                                                               JUEVES 31 OCTUBRE &#8211; LUNES 4 NOVIEMBRE 2024"},"content":{"rendered":"\n<p>Mil\u00e1n a\u00fana la majestuosidad de los Sforza (Castillo Sforzesco que conserva la Piedad Rondanini de Miguel Angel), las colecciones de arte en de la Pinacoteca Brera,\u00a0 las espectaculares obras de arte de Leonardo Da Vinci (La Ultima Cena), junto con fundaciones y colecciones de arte contempor\u00e1neo y dise\u00f1o. Por otro lado, sus nuevos barrios como Porta Nuova y CityLife est\u00e1n delimitados por extraordinarios rascacielos de talla mundial como el Bosque Vertical o las Tres Torres.<\/p>\n","protected":false},"excerpt":{"rendered":"<p>Mil\u00e1n a\u00fana la majestuosidad de los Sforza (Castillo Sforzesco que conserva la Piedad Rondanini de Miguel Angel), las colecciones de arte en de la Pinacoteca Brera,\u00a0 las espectaculares obras de arte de Leonardo Da Vinci (La Ultima Cena), junto con fundaciones y colecciones de arte contempor\u00e1neo y dise\u00f1o. Por otro lado, sus nuevos barrios como [&hellip;]<\/p>\n","protected":false},"author":1,"featured_media":872,"comment_status":"open","ping_status":"closed","template":"","categories":[45],"class_list":["post-871","eap_event","type-eap_event","status-publish","has-post-thumbnail","hentry","category-eventos-pasados"],"yoast_head":"<!-- This site is optimized with the Yoast SEO plugin v27.5 - https:\/\/yoast.com\/product\/yoast-seo-wordpress\/ -->\n<title>MIL\u00c1N, el perfecto equilibrio entre la historia y la modernidad.                                                        JUEVES 31 OCTUBRE - LUNES 4 NOVIEMBRE 2024 - Entre Arte y cultura<\/title>\n<meta name=\"robots\" content=\"index, follow, max-snippet:-1, max-image-preview:large, max-video-preview:-1\" \/>\n<link rel=\"canonical\" href=\"https:\/\/www.entrearteycultura.es\/?eap_event=milan-el-perfecto-equilibrio-entre-la-historia-y-la-modernidad\" \/>\n<meta property=\"og:locale\" content=\"en_US\" \/>\n<meta property=\"og:type\" content=\"article\" \/>\n<meta property=\"og:title\" content=\"MIL\u00c1N, el perfecto equilibrio entre la historia y la modernidad.                                                        JUEVES 31 OCTUBRE - LUNES 4 NOVIEMBRE 2024 - Entre Arte y cultura\" \/>\n<meta property=\"og:description\" content=\"Mil\u00e1n a\u00fana la majestuosidad de los Sforza (Castillo Sforzesco que conserva la Piedad Rondanini de Miguel Angel), las colecciones de arte en de la Pinacoteca Brera,\u00a0 las espectaculares obras de arte de Leonardo Da Vinci (La Ultima Cena), junto con fundaciones y colecciones de arte contempor\u00e1neo y dise\u00f1o. Por otro lado, sus nuevos barrios como [&hellip;]\" \/>\n<meta property=\"og:url\" content=\"https:\/\/www.entrearteycultura.es\/?eap_event=milan-el-perfecto-equilibrio-entre-la-historia-y-la-modernidad\" \/>\n<meta property=\"og:site_name\" content=\"Entre Arte y cultura\" \/>\n<meta property=\"article:modified_time\" content=\"2024-10-30T11:30:16+00:00\" \/>\n<meta property=\"og:image\" content=\"https:\/\/www.entrearteycultura.es\/wp-content\/uploads\/2024\/07\/milan.jpg\" \/>\n\t<meta property=\"og:image:width\" content=\"1200\" \/>\n\t<meta property=\"og:image:height\" content=\"800\" \/>\n\t<meta property=\"og:image:type\" content=\"image\/jpeg\" \/>\n<meta name=\"twitter:card\" content=\"summary_large_image\" \/>\n<meta name=\"twitter:label1\" content=\"Est. reading time\" \/>\n\t<meta name=\"twitter:data1\" content=\"1 minute\" \/>\n<script type=\"application\/ld+json\" class=\"yoast-schema-graph\">{\"@context\":\"https:\\\/\\\/schema.org\",\"@graph\":[{\"@type\":\"WebPage\",\"@id\":\"https:\\\/\\\/www.entrearteycultura.es\\\/?eap_event=milan-el-perfecto-equilibrio-entre-la-historia-y-la-modernidad\",\"url\":\"https:\\\/\\\/www.entrearteycultura.es\\\/?eap_event=milan-el-perfecto-equilibrio-entre-la-historia-y-la-modernidad\",\"name\":\"MIL\u00c1N, el perfecto equilibrio entre la historia y la modernidad. JUEVES 31 OCTUBRE - LUNES 4 NOVIEMBRE 2024 - Entre Arte y cultura\",\"isPartOf\":{\"@id\":\"https:\\\/\\\/www.entrearteycultura.es\\\/#website\"},\"primaryImageOfPage\":{\"@id\":\"https:\\\/\\\/www.entrearteycultura.es\\\/?eap_event=milan-el-perfecto-equilibrio-entre-la-historia-y-la-modernidad#primaryimage\"},\"image\":{\"@id\":\"https:\\\/\\\/www.entrearteycultura.es\\\/?eap_event=milan-el-perfecto-equilibrio-entre-la-historia-y-la-modernidad#primaryimage\"},\"thumbnailUrl\":\"https:\\\/\\\/www.entrearteycultura.es\\\/wp-content\\\/uploads\\\/2024\\\/07\\\/milan.jpg\",\"datePublished\":\"2024-07-11T10:06:10+00:00\",\"dateModified\":\"2024-10-30T11:30:16+00:00\",\"breadcrumb\":{\"@id\":\"https:\\\/\\\/www.entrearteycultura.es\\\/?eap_event=milan-el-perfecto-equilibrio-entre-la-historia-y-la-modernidad#breadcrumb\"},\"inLanguage\":\"en-US\",\"potentialAction\":[{\"@type\":\"ReadAction\",\"target\":[\"https:\\\/\\\/www.entrearteycultura.es\\\/?eap_event=milan-el-perfecto-equilibrio-entre-la-historia-y-la-modernidad\"]}]},{\"@type\":\"ImageObject\",\"inLanguage\":\"en-US\",\"@id\":\"https:\\\/\\\/www.entrearteycultura.es\\\/?eap_event=milan-el-perfecto-equilibrio-entre-la-historia-y-la-modernidad#primaryimage\",\"url\":\"https:\\\/\\\/www.entrearteycultura.es\\\/wp-content\\\/uploads\\\/2024\\\/07\\\/milan.jpg\",\"contentUrl\":\"https:\\\/\\\/www.entrearteycultura.es\\\/wp-content\\\/uploads\\\/2024\\\/07\\\/milan.jpg\",\"width\":1200,\"height\":800},{\"@type\":\"BreadcrumbList\",\"@id\":\"https:\\\/\\\/www.entrearteycultura.es\\\/?eap_event=milan-el-perfecto-equilibrio-entre-la-historia-y-la-modernidad#breadcrumb\",\"itemListElement\":[{\"@type\":\"ListItem\",\"position\":1,\"name\":\"Portada\",\"item\":\"https:\\\/\\\/www.entrearteycultura.es\\\/\"},{\"@type\":\"ListItem\",\"position\":2,\"name\":\"Events\",\"item\":\"https:\\\/\\\/www.entrearteycultura.es\\\/?post_type=eap_event\"},{\"@type\":\"ListItem\",\"position\":3,\"name\":\"MIL\u00c1N, el perfecto equilibrio entre la historia y la modernidad. JUEVES 31 OCTUBRE &#8211; LUNES 4 NOVIEMBRE 2024\"}]},{\"@type\":\"WebSite\",\"@id\":\"https:\\\/\\\/www.entrearteycultura.es\\\/#website\",\"url\":\"https:\\\/\\\/www.entrearteycultura.es\\\/\",\"name\":\"Entre Arte y cultura\",\"description\":\"Viajes, eventos cuturales, conferencias y tertulias\",\"potentialAction\":[{\"@type\":\"SearchAction\",\"target\":{\"@type\":\"EntryPoint\",\"urlTemplate\":\"https:\\\/\\\/www.entrearteycultura.es\\\/?s={search_term_string}\"},\"query-input\":{\"@type\":\"PropertyValueSpecification\",\"valueRequired\":true,\"valueName\":\"search_term_string\"}}],\"inLanguage\":\"en-US\"}]}<\/script>\n<!-- \/ Yoast SEO plugin. -->","yoast_head_json":{"title":"MIL\u00c1N, el perfecto equilibrio entre la historia y la modernidad.                                                        JUEVES 31 OCTUBRE - LUNES 4 NOVIEMBRE 2024 - Entre Arte y cultura","robots":{"index":"index","follow":"follow","max-snippet":"max-snippet:-1","max-image-preview":"max-image-preview:large","max-video-preview":"max-video-preview:-1"},"canonical":"https:\/\/www.entrearteycultura.es\/?eap_event=milan-el-perfecto-equilibrio-entre-la-historia-y-la-modernidad","og_locale":"en_US","og_type":"article","og_title":"MIL\u00c1N, el perfecto equilibrio entre la historia y la modernidad.                                                        JUEVES 31 OCTUBRE - LUNES 4 NOVIEMBRE 2024 - Entre Arte y cultura","og_description":"Mil\u00e1n a\u00fana la majestuosidad de los Sforza (Castillo Sforzesco que conserva la Piedad Rondanini de Miguel Angel), las colecciones de arte en de la Pinacoteca Brera,\u00a0 las espectaculares obras de arte de Leonardo Da Vinci (La Ultima Cena), junto con fundaciones y colecciones de arte contempor\u00e1neo y dise\u00f1o. Por otro lado, sus nuevos barrios como [&hellip;]","og_url":"https:\/\/www.entrearteycultura.es\/?eap_event=milan-el-perfecto-equilibrio-entre-la-historia-y-la-modernidad","og_site_name":"Entre Arte y cultura","article_modified_time":"2024-10-30T11:30:16+00:00","og_image":[{"width":1200,"height":800,"url":"https:\/\/www.entrearteycultura.es\/wp-content\/uploads\/2024\/07\/milan.jpg","type":"image\/jpeg"}],"twitter_card":"summary_large_image","twitter_misc":{"Est. reading time":"1 minute"},"schema":{"@context":"https:\/\/schema.org","@graph":[{"@type":"WebPage","@id":"https:\/\/www.entrearteycultura.es\/?eap_event=milan-el-perfecto-equilibrio-entre-la-historia-y-la-modernidad","url":"https:\/\/www.entrearteycultura.es\/?eap_event=milan-el-perfecto-equilibrio-entre-la-historia-y-la-modernidad","name":"MIL\u00c1N, el perfecto equilibrio entre la historia y la modernidad. JUEVES 31 OCTUBRE - LUNES 4 NOVIEMBRE 2024 - Entre Arte y cultura","isPartOf":{"@id":"https:\/\/www.entrearteycultura.es\/#website"},"primaryImageOfPage":{"@id":"https:\/\/www.entrearteycultura.es\/?eap_event=milan-el-perfecto-equilibrio-entre-la-historia-y-la-modernidad#primaryimage"},"image":{"@id":"https:\/\/www.entrearteycultura.es\/?eap_event=milan-el-perfecto-equilibrio-entre-la-historia-y-la-modernidad#primaryimage"},"thumbnailUrl":"https:\/\/www.entrearteycultura.es\/wp-content\/uploads\/2024\/07\/milan.jpg","datePublished":"2024-07-11T10:06:10+00:00","dateModified":"2024-10-30T11:30:16+00:00","breadcrumb":{"@id":"https:\/\/www.entrearteycultura.es\/?eap_event=milan-el-perfecto-equilibrio-entre-la-historia-y-la-modernidad#breadcrumb"},"inLanguage":"en-US","potentialAction":[{"@type":"ReadAction","target":["https:\/\/www.entrearteycultura.es\/?eap_event=milan-el-perfecto-equilibrio-entre-la-historia-y-la-modernidad"]}]},{"@type":"ImageObject","inLanguage":"en-US","@id":"https:\/\/www.entrearteycultura.es\/?eap_event=milan-el-perfecto-equilibrio-entre-la-historia-y-la-modernidad#primaryimage","url":"https:\/\/www.entrearteycultura.es\/wp-content\/uploads\/2024\/07\/milan.jpg","contentUrl":"https:\/\/www.entrearteycultura.es\/wp-content\/uploads\/2024\/07\/milan.jpg","width":1200,"height":800},{"@type":"BreadcrumbList","@id":"https:\/\/www.entrearteycultura.es\/?eap_event=milan-el-perfecto-equilibrio-entre-la-historia-y-la-modernidad#breadcrumb","itemListElement":[{"@type":"ListItem","position":1,"name":"Portada","item":"https:\/\/www.entrearteycultura.es\/"},{"@type":"ListItem","position":2,"name":"Events","item":"https:\/\/www.entrearteycultura.es\/?post_type=eap_event"},{"@type":"ListItem","position":3,"name":"MIL\u00c1N, el perfecto equilibrio entre la historia y la modernidad. JUEVES 31 OCTUBRE &#8211; LUNES 4 NOVIEMBRE 2024"}]},{"@type":"WebSite","@id":"https:\/\/www.entrearteycultura.es\/#website","url":"https:\/\/www.entrearteycultura.es\/","name":"Entre Arte y cultura","description":"Viajes, eventos cuturales, conferencias y tertulias","potentialAction":[{"@type":"SearchAction","target":{"@type":"EntryPoint","urlTemplate":"https:\/\/www.entrearteycultura.es\/?s={search_term_string}"},"query-input":{"@type":"PropertyValueSpecification","valueRequired":true,"valueName":"search_term_string"}}],"inLanguage":"en-US"}]}},"_links":{"self":[{"href":"https:\/\/www.entrearteycultura.es\/index.php?rest_route=\/wp\/v2\/eap_event\/871","targetHints":{"allow":["GET"]}}],"collection":[{"href":"https:\/\/www.entrearteycultura.es\/index.php?rest_route=\/wp\/v2\/eap_event"}],"about":[{"href":"https:\/\/www.entrearteycultura.es\/index.php?rest_route=\/wp\/v2\/types\/eap_event"}],"author":[{"embeddable":true,"href":"https:\/\/www.entrearteycultura.es\/index.php?rest_route=\/wp\/v2\/users\/1"}],"replies":[{"embeddable":true,"href":"https:\/\/www.entrearteycultura.es\/index.php?rest_route=%2Fwp%2Fv2%2Fcomments&post=871"}],"version-history":[{"count":4,"href":"https:\/\/www.entrearteycultura.es\/index.php?rest_route=\/wp\/v2\/eap_event\/871\/revisions"}],"predecessor-version":[{"id":960,"href":"https:\/\/www.entrearteycultura.es\/index.php?rest_route=\/wp\/v2\/eap_event\/871\/revisions\/960"}],"wp:featuredmedia":[{"embeddable":true,"href":"https:\/\/www.entrearteycultura.es\/index.php?rest_route=\/wp\/v2\/media\/872"}],"wp:attachment":[{"href":"https:\/\/www.entrearteycultura.es\/index.php?rest_route=%2Fwp%2Fv2%2Fmedia&parent=871"}],"wp:term":[{"taxonomy":"category","embeddable":true,"href":"https:\/\/www.entrearteycultura.es\/index.php?rest_route=%2Fwp%2Fv2%2Fcategories&post=871"}],"curies":[{"name":"wp","href":"https:\/\/api.w.org\/{rel}","templated":true}]}}

MILÁN, el perfecto equilibrio entre la historia y la modernidad.                                                                                                               JUEVES 31 OCTUBRE &#8211; LUNES 4 NOVIEMBRE 2024

<p>Milán aúna la majestuosidad de los Sforza (Castillo Sforzesco que conserva la Piedad Rondanini de Miguel Angel), las colecciones de arte en de la Pinacoteca Brera,  las espectaculares obras de arte de Leonardo Da Vinci (La Ultima Cena), junto con fundaciones y colecciones de arte contemporáneo y diseño. Por otro lado, sus nuevos barrios como Porta Nuova y CityLife están delimitados por extraordinarios rascacielos de talla mundial como el Bosque Vertical o las Tres Torres.</p>

<p>Milán aúna la majestuosidad de los Sforza (Castillo Sforzesco que conserva la Piedad Rondanini de Miguel Angel), las colecciones de arte en de la Pinacoteca Brera,  las espectaculares obras de arte de Leonardo Da Vinci (La Ultima Cena), junto con fundaciones y colecciones de arte contemporáneo y diseño. Por otro lado, sus nuevos barrios como [&hellip;]</p>

<!-- This site is optimized with the Yoast SEO plugin v27.5 - https://yoast.com/product/yoast-seo-wordpress/ -->
<title>MILÁN, el perfecto equilibrio entre la historia y la modernidad.                                                        JUEVES 31 OCTUBRE - LUNES 4 NOVIEMBRE 2024 - Entre Arte y cultura</title>
<meta name="robots" content="index, follow, max-snippet:-1, max-image-preview:large, max-video-preview:-1" />
<link rel="canonical" href="https://www.entrearteycultura.es/?eap_event=milan-el-perfecto-equilibrio-entre-la-historia-y-la-modernidad" />
<meta property="og:locale" content="en_US" />
<meta property="og:type" content="article" />
<meta property="og:title" content="MILÁN, el perfecto equilibrio entre la historia y la modernidad.                                                        JUEVES 31 OCTUBRE - LUNES 4 NOVIEMBRE 2024 - Entre Arte y cultura" />
<meta property="og:description" content="Milán aúna la majestuosidad de los Sforza (Castillo Sforzesco que conserva la Piedad Rondanini de Miguel Angel), las colecciones de arte en de la Pinacoteca Brera,  las espectaculares obras de arte de Leonardo Da Vinci (La Ultima Cena), junto con fundaciones y colecciones de arte contemporáneo y diseño. Por otro lado, sus nuevos barrios como [&hellip;]" />
<meta property="og:url" content="https://www.entrearteycultura.es/?eap_event=milan-el-perfecto-equilibrio-entre-la-historia-y-la-modernidad" />
<meta property="og:site_name" content="Entre Arte y cultura" />
<meta property="article:modified_time" content="2024-10-30T11:30:16+00:00" />
<meta property="og:image" content="https://www.entrearteycultura.es/wp-content/uploads/2024/07/milan.jpg" />
	<meta property="og:image:width" content="1200" />
	<meta property="og:image:height" content="800" />
	<meta property="og:image:type" content="image/jpeg" />
<meta name="twitter:card" content="summary_large_image" />
<meta name="twitter:label1" content="Est. reading time" />
	<meta name="twitter:data1" content="1 minute" />
<script type="application/ld+json" class="yoast-schema-graph">{"@context":"https:\/\/schema.org","@graph":[{"@type":"WebPage","@id":"https:\/\/www.entrearteycultura.es\/?eap_event=milan-el-perfecto-equilibrio-entre-la-historia-y-la-modernidad","url":"https:\/\/www.entrearteycultura.es\/?eap_event=milan-el-perfecto-equilibrio-entre-la-historia-y-la-modernidad","name":"MILÁN, el perfecto equilibrio entre la historia y la modernidad. JUEVES 31 OCTUBRE - LUNES 4 NOVIEMBRE 2024 - Entre Arte y cultura","isPartOf":{"@id":"https:\/\/www.entrearteycultura.es\/#website"},"primaryImageOfPage":{"@id":"https:\/\/www.entrearteycultura.es\/?eap_event=milan-el-perfecto-equilibrio-entre-la-historia-y-la-modernidad#primaryimage"},"image":{"@id":"https:\/\/www.entrearteycultura.es\/?eap_event=milan-el-perfecto-equilibrio-entre-la-historia-y-la-modernidad#primaryimage"},"thumbnailUrl":"https:\/\/www.entrearteycultura.es\/wp-content\/uploads\/2024\/07\/milan.jpg","datePublished":"2024-07-11T10:06:10+00:00","dateModified":"2024-10-30T11:30:16+00:00","breadcrumb":{"@id":"https:\/\/www.entrearteycultura.es\/?eap_event=milan-el-perfecto-equilibrio-entre-la-historia-y-la-modernidad#breadcrumb"},"inLanguage":"en-US","potentialAction":[{"@type":"ReadAction","target":["https:\/\/www.entrearteycultura.es\/?eap_event=milan-el-perfecto-equilibrio-entre-la-historia-y-la-modernidad"]}]},{"@type":"ImageObject","inLanguage":"en-US","@id":"https:\/\/www.entrearteycultura.es\/?eap_event=milan-el-perfecto-equilibrio-entre-la-historia-y-la-modernidad#primaryimage","url":"https:\/\/www.entrearteycultura.es\/wp-content\/uploads\/2024\/07\/milan.jpg","contentUrl":"https:\/\/www.entrearteycultura.es\/wp-content\/uploads\/2024\/07\/milan.jpg","width":1200,"height":800},{"@type":"BreadcrumbList","@id":"https:\/\/www.entrearteycultura.es\/?eap_event=milan-el-perfecto-equilibrio-entre-la-historia-y-la-modernidad#breadcrumb","itemListElement":[{"@type":"ListItem","position":1,"name":"Portada","item":"https:\/\/www.entrearteycultura.es\/"},{"@type":"ListItem","position":2,"name":"Events","item":"https:\/\/www.entrearteycultura.es\/?post_type=eap_event"},{"@type":"ListItem","position":3,"name":"MILÁN, el perfecto equilibrio entre la historia y la modernidad. JUEVES 31 OCTUBRE &#8211; LUNES 4 NOVIEMBRE 2024"}]},{"@type":"WebSite","@id":"https:\/\/www.entrearteycultura.es\/#website","url":"https:\/\/www.entrearteycultura.es\/","name":"Entre Arte y cultura","description":"Viajes, eventos cuturales, conferencias y tertulias","potentialAction":[{"@type":"SearchAction","target":{"@type":"EntryPoint","urlTemplate":"https:\/\/www.entrearteycultura.es\/?s={search_term_string}"},"query-input":{"@type":"PropertyValueSpecification","valueRequired":true,"valueName":"search_term_string"}}],"inLanguage":"en-US"}]}</script>
<!-- / Yoast SEO plugin. -->

MILÁN, el perfecto equilibrio entre la historia y la modernidad.                                                        JUEVES 31 OCTUBRE - LUNES 4 NOVIEMBRE 2024 - Entre Arte y cultura

Milán aúna la majestuosidad de los Sforza (Castillo Sforzesco que conserva la Piedad Rondanini de Miguel Angel), las colecciones de arte en de la Pinacoteca Brera,  las espectaculares obras de arte de Leonardo Da Vinci (La Ultima Cena), junto con fundaciones y colecciones de arte contemporáneo y diseño. Por otro lado, sus nuevos barrios como [&hellip;]

MILÁN, el perfecto equilibrio entre la historia y la modernidad. JUEVES 31 OCTUBRE - LUNES 4 NOVIEMBRE 2024 - Entre Arte y cultura

MILÁN, el perfecto equilibrio entre la historia y la modernidad. JUEVES 31 OCTUBRE &#8211; LUNES 4 NOVIEMBRE 2024
