{"id":841,"date":"2024-04-26T11:30:09","date_gmt":"2024-04-26T11:30:09","guid":{"rendered":"https:\/\/www.entrearteycultura.es\/?post_type=eap_event&#038;p=841"},"modified":"2024-06-03T11:22:31","modified_gmt":"2024-06-03T11:22:31","slug":"escapada-villa-romana-de-carranque-y-los-grecos-poco-conocidos-en-illescas","status":"publish","type":"eap_event","link":"https:\/\/www.entrearteycultura.es\/?eap_event=escapada-villa-romana-de-carranque-y-los-grecos-poco-conocidos-en-illescas","title":{"rendered":"ESCAPADA: Villa Romana de Carranque y los Grecos poco conocidos en Illescas"},"content":{"rendered":"\n<p>La villa romana del&nbsp;<strong>parque arqueol\u00f3gico de Carranque<\/strong>&nbsp;surge en \u00e9poca altoimperial como centro agr\u00edcola que termin\u00f3 siendo un destacado centro de poder en \u00e9poca tardorromana, y tambi\u00e9n de ocupaci\u00f3n visigoda y andalus\u00ed. As\u00ed lo reflejan el edificio palacial y el importante conjunto de mosaicos, uno de los m\u00e1s importantes de la pen\u00ednsula ib\u00e9rica. A continuaci\u00f3n, la cercana&nbsp;<strong>Illescas<\/strong>&nbsp;conserva sus importantes ra\u00edces medievales y mud\u00e9jares, as\u00ed como el&nbsp;<strong>Hospital de la Caridad<\/strong>, con un destacado conjunto de cinco cuadros de El Greco.<\/p>\n\n\n\n<p>isita a la obra de Vel\u00e1zquez en el Museo del Prado, centr\u00e1ndonos en Las Meninas, su obra m\u00e1s importante detr\u00e1s de la cual hay numerosas interpretaciones que esconden una serie de enigmas y dobles significados. As\u00ed mismo podremos acercarnos al estilo y la t\u00e9cnica del artista.<\/p>\n","protected":false},"excerpt":{"rendered":"<p>La villa romana del&nbsp;parque arqueol\u00f3gico de Carranque&nbsp;surge en \u00e9poca altoimperial como centro agr\u00edcola que termin\u00f3 siendo un destacado centro de poder en \u00e9poca tardorromana, y tambi\u00e9n de ocupaci\u00f3n visigoda y andalus\u00ed. As\u00ed lo reflejan el edificio palacial y el importante conjunto de mosaicos, uno de los m\u00e1s importantes de la pen\u00ednsula ib\u00e9rica. A continuaci\u00f3n, la [&hellip;]<\/p>\n","protected":false},"author":1,"featured_media":842,"comment_status":"open","ping_status":"closed","template":"","categories":[45],"class_list":["post-841","eap_event","type-eap_event","status-publish","has-post-thumbnail","hentry","category-eventos-pasados"],"yoast_head":"<!-- This site is optimized with the Yoast SEO plugin v27.5 - https:\/\/yoast.com\/product\/yoast-seo-wordpress\/ -->\n<title>ESCAPADA: Villa Romana de Carranque y los Grecos poco conocidos en Illescas - Entre Arte y cultura<\/title>\n<meta name=\"robots\" content=\"index, follow, max-snippet:-1, max-image-preview:large, max-video-preview:-1\" \/>\n<link rel=\"canonical\" href=\"https:\/\/www.entrearteycultura.es\/?eap_event=escapada-villa-romana-de-carranque-y-los-grecos-poco-conocidos-en-illescas\" \/>\n<meta property=\"og:locale\" content=\"en_US\" \/>\n<meta property=\"og:type\" content=\"article\" \/>\n<meta property=\"og:title\" content=\"ESCAPADA: Villa Romana de Carranque y los Grecos poco conocidos en Illescas - Entre Arte y cultura\" \/>\n<meta property=\"og:description\" content=\"La villa romana del&nbsp;parque arqueol\u00f3gico de Carranque&nbsp;surge en \u00e9poca altoimperial como centro agr\u00edcola que termin\u00f3 siendo un destacado centro de poder en \u00e9poca tardorromana, y tambi\u00e9n de ocupaci\u00f3n visigoda y andalus\u00ed. As\u00ed lo reflejan el edificio palacial y el importante conjunto de mosaicos, uno de los m\u00e1s importantes de la pen\u00ednsula ib\u00e9rica. A continuaci\u00f3n, la [&hellip;]\" \/>\n<meta property=\"og:url\" content=\"https:\/\/www.entrearteycultura.es\/?eap_event=escapada-villa-romana-de-carranque-y-los-grecos-poco-conocidos-en-illescas\" \/>\n<meta property=\"og:site_name\" content=\"Entre Arte y cultura\" \/>\n<meta property=\"article:modified_time\" content=\"2024-06-03T11:22:31+00:00\" \/>\n<meta property=\"og:image\" content=\"https:\/\/www.entrearteycultura.es\/wp-content\/uploads\/2024\/04\/Imagen1-1.png\" \/>\n\t<meta property=\"og:image:width\" content=\"567\" \/>\n\t<meta property=\"og:image:height\" content=\"158\" \/>\n\t<meta property=\"og:image:type\" content=\"image\/png\" \/>\n<meta name=\"twitter:card\" content=\"summary_large_image\" \/>\n<meta name=\"twitter:label1\" content=\"Est. reading time\" \/>\n\t<meta name=\"twitter:data1\" content=\"1 minute\" \/>\n<script type=\"application\/ld+json\" class=\"yoast-schema-graph\">{\"@context\":\"https:\\\/\\\/schema.org\",\"@graph\":[{\"@type\":\"WebPage\",\"@id\":\"https:\\\/\\\/www.entrearteycultura.es\\\/?eap_event=escapada-villa-romana-de-carranque-y-los-grecos-poco-conocidos-en-illescas\",\"url\":\"https:\\\/\\\/www.entrearteycultura.es\\\/?eap_event=escapada-villa-romana-de-carranque-y-los-grecos-poco-conocidos-en-illescas\",\"name\":\"ESCAPADA: Villa Romana de Carranque y los Grecos poco conocidos en Illescas - Entre Arte y cultura\",\"isPartOf\":{\"@id\":\"https:\\\/\\\/www.entrearteycultura.es\\\/#website\"},\"primaryImageOfPage\":{\"@id\":\"https:\\\/\\\/www.entrearteycultura.es\\\/?eap_event=escapada-villa-romana-de-carranque-y-los-grecos-poco-conocidos-en-illescas#primaryimage\"},\"image\":{\"@id\":\"https:\\\/\\\/www.entrearteycultura.es\\\/?eap_event=escapada-villa-romana-de-carranque-y-los-grecos-poco-conocidos-en-illescas#primaryimage\"},\"thumbnailUrl\":\"https:\\\/\\\/www.entrearteycultura.es\\\/wp-content\\\/uploads\\\/2024\\\/04\\\/Imagen1-1.png\",\"datePublished\":\"2024-04-26T11:30:09+00:00\",\"dateModified\":\"2024-06-03T11:22:31+00:00\",\"breadcrumb\":{\"@id\":\"https:\\\/\\\/www.entrearteycultura.es\\\/?eap_event=escapada-villa-romana-de-carranque-y-los-grecos-poco-conocidos-en-illescas#breadcrumb\"},\"inLanguage\":\"en-US\",\"potentialAction\":[{\"@type\":\"ReadAction\",\"target\":[\"https:\\\/\\\/www.entrearteycultura.es\\\/?eap_event=escapada-villa-romana-de-carranque-y-los-grecos-poco-conocidos-en-illescas\"]}]},{\"@type\":\"ImageObject\",\"inLanguage\":\"en-US\",\"@id\":\"https:\\\/\\\/www.entrearteycultura.es\\\/?eap_event=escapada-villa-romana-de-carranque-y-los-grecos-poco-conocidos-en-illescas#primaryimage\",\"url\":\"https:\\\/\\\/www.entrearteycultura.es\\\/wp-content\\\/uploads\\\/2024\\\/04\\\/Imagen1-1.png\",\"contentUrl\":\"https:\\\/\\\/www.entrearteycultura.es\\\/wp-content\\\/uploads\\\/2024\\\/04\\\/Imagen1-1.png\",\"width\":567,\"height\":158},{\"@type\":\"BreadcrumbList\",\"@id\":\"https:\\\/\\\/www.entrearteycultura.es\\\/?eap_event=escapada-villa-romana-de-carranque-y-los-grecos-poco-conocidos-en-illescas#breadcrumb\",\"itemListElement\":[{\"@type\":\"ListItem\",\"position\":1,\"name\":\"Portada\",\"item\":\"https:\\\/\\\/www.entrearteycultura.es\\\/\"},{\"@type\":\"ListItem\",\"position\":2,\"name\":\"Events\",\"item\":\"https:\\\/\\\/www.entrearteycultura.es\\\/?post_type=eap_event\"},{\"@type\":\"ListItem\",\"position\":3,\"name\":\"ESCAPADA: Villa Romana de Carranque y los Grecos poco conocidos en Illescas\"}]},{\"@type\":\"WebSite\",\"@id\":\"https:\\\/\\\/www.entrearteycultura.es\\\/#website\",\"url\":\"https:\\\/\\\/www.entrearteycultura.es\\\/\",\"name\":\"Entre Arte y cultura\",\"description\":\"Viajes, eventos cuturales, conferencias y tertulias\",\"potentialAction\":[{\"@type\":\"SearchAction\",\"target\":{\"@type\":\"EntryPoint\",\"urlTemplate\":\"https:\\\/\\\/www.entrearteycultura.es\\\/?s={search_term_string}\"},\"query-input\":{\"@type\":\"PropertyValueSpecification\",\"valueRequired\":true,\"valueName\":\"search_term_string\"}}],\"inLanguage\":\"en-US\"}]}<\/script>\n<!-- \/ Yoast SEO plugin. -->","yoast_head_json":{"title":"ESCAPADA: Villa Romana de Carranque y los Grecos poco conocidos en Illescas - Entre Arte y cultura","robots":{"index":"index","follow":"follow","max-snippet":"max-snippet:-1","max-image-preview":"max-image-preview:large","max-video-preview":"max-video-preview:-1"},"canonical":"https:\/\/www.entrearteycultura.es\/?eap_event=escapada-villa-romana-de-carranque-y-los-grecos-poco-conocidos-en-illescas","og_locale":"en_US","og_type":"article","og_title":"ESCAPADA: Villa Romana de Carranque y los Grecos poco conocidos en Illescas - Entre Arte y cultura","og_description":"La villa romana del&nbsp;parque arqueol\u00f3gico de Carranque&nbsp;surge en \u00e9poca altoimperial como centro agr\u00edcola que termin\u00f3 siendo un destacado centro de poder en \u00e9poca tardorromana, y tambi\u00e9n de ocupaci\u00f3n visigoda y andalus\u00ed. As\u00ed lo reflejan el edificio palacial y el importante conjunto de mosaicos, uno de los m\u00e1s importantes de la pen\u00ednsula ib\u00e9rica. A continuaci\u00f3n, la [&hellip;]","og_url":"https:\/\/www.entrearteycultura.es\/?eap_event=escapada-villa-romana-de-carranque-y-los-grecos-poco-conocidos-en-illescas","og_site_name":"Entre Arte y cultura","article_modified_time":"2024-06-03T11:22:31+00:00","og_image":[{"width":567,"height":158,"url":"https:\/\/www.entrearteycultura.es\/wp-content\/uploads\/2024\/04\/Imagen1-1.png","type":"image\/png"}],"twitter_card":"summary_large_image","twitter_misc":{"Est. reading time":"1 minute"},"schema":{"@context":"https:\/\/schema.org","@graph":[{"@type":"WebPage","@id":"https:\/\/www.entrearteycultura.es\/?eap_event=escapada-villa-romana-de-carranque-y-los-grecos-poco-conocidos-en-illescas","url":"https:\/\/www.entrearteycultura.es\/?eap_event=escapada-villa-romana-de-carranque-y-los-grecos-poco-conocidos-en-illescas","name":"ESCAPADA: Villa Romana de Carranque y los Grecos poco conocidos en Illescas - Entre Arte y cultura","isPartOf":{"@id":"https:\/\/www.entrearteycultura.es\/#website"},"primaryImageOfPage":{"@id":"https:\/\/www.entrearteycultura.es\/?eap_event=escapada-villa-romana-de-carranque-y-los-grecos-poco-conocidos-en-illescas#primaryimage"},"image":{"@id":"https:\/\/www.entrearteycultura.es\/?eap_event=escapada-villa-romana-de-carranque-y-los-grecos-poco-conocidos-en-illescas#primaryimage"},"thumbnailUrl":"https:\/\/www.entrearteycultura.es\/wp-content\/uploads\/2024\/04\/Imagen1-1.png","datePublished":"2024-04-26T11:30:09+00:00","dateModified":"2024-06-03T11:22:31+00:00","breadcrumb":{"@id":"https:\/\/www.entrearteycultura.es\/?eap_event=escapada-villa-romana-de-carranque-y-los-grecos-poco-conocidos-en-illescas#breadcrumb"},"inLanguage":"en-US","potentialAction":[{"@type":"ReadAction","target":["https:\/\/www.entrearteycultura.es\/?eap_event=escapada-villa-romana-de-carranque-y-los-grecos-poco-conocidos-en-illescas"]}]},{"@type":"ImageObject","inLanguage":"en-US","@id":"https:\/\/www.entrearteycultura.es\/?eap_event=escapada-villa-romana-de-carranque-y-los-grecos-poco-conocidos-en-illescas#primaryimage","url":"https:\/\/www.entrearteycultura.es\/wp-content\/uploads\/2024\/04\/Imagen1-1.png","contentUrl":"https:\/\/www.entrearteycultura.es\/wp-content\/uploads\/2024\/04\/Imagen1-1.png","width":567,"height":158},{"@type":"BreadcrumbList","@id":"https:\/\/www.entrearteycultura.es\/?eap_event=escapada-villa-romana-de-carranque-y-los-grecos-poco-conocidos-en-illescas#breadcrumb","itemListElement":[{"@type":"ListItem","position":1,"name":"Portada","item":"https:\/\/www.entrearteycultura.es\/"},{"@type":"ListItem","position":2,"name":"Events","item":"https:\/\/www.entrearteycultura.es\/?post_type=eap_event"},{"@type":"ListItem","position":3,"name":"ESCAPADA: Villa Romana de Carranque y los Grecos poco conocidos en Illescas"}]},{"@type":"WebSite","@id":"https:\/\/www.entrearteycultura.es\/#website","url":"https:\/\/www.entrearteycultura.es\/","name":"Entre Arte y cultura","description":"Viajes, eventos cuturales, conferencias y tertulias","potentialAction":[{"@type":"SearchAction","target":{"@type":"EntryPoint","urlTemplate":"https:\/\/www.entrearteycultura.es\/?s={search_term_string}"},"query-input":{"@type":"PropertyValueSpecification","valueRequired":true,"valueName":"search_term_string"}}],"inLanguage":"en-US"}]}},"_links":{"self":[{"href":"https:\/\/www.entrearteycultura.es\/index.php?rest_route=\/wp\/v2\/eap_event\/841","targetHints":{"allow":["GET"]}}],"collection":[{"href":"https:\/\/www.entrearteycultura.es\/index.php?rest_route=\/wp\/v2\/eap_event"}],"about":[{"href":"https:\/\/www.entrearteycultura.es\/index.php?rest_route=\/wp\/v2\/types\/eap_event"}],"author":[{"embeddable":true,"href":"https:\/\/www.entrearteycultura.es\/index.php?rest_route=\/wp\/v2\/users\/1"}],"replies":[{"embeddable":true,"href":"https:\/\/www.entrearteycultura.es\/index.php?rest_route=%2Fwp%2Fv2%2Fcomments&post=841"}],"version-history":[{"count":1,"href":"https:\/\/www.entrearteycultura.es\/index.php?rest_route=\/wp\/v2\/eap_event\/841\/revisions"}],"predecessor-version":[{"id":843,"href":"https:\/\/www.entrearteycultura.es\/index.php?rest_route=\/wp\/v2\/eap_event\/841\/revisions\/843"}],"wp:featuredmedia":[{"embeddable":true,"href":"https:\/\/www.entrearteycultura.es\/index.php?rest_route=\/wp\/v2\/media\/842"}],"wp:attachment":[{"href":"https:\/\/www.entrearteycultura.es\/index.php?rest_route=%2Fwp%2Fv2%2Fmedia&parent=841"}],"wp:term":[{"taxonomy":"category","embeddable":true,"href":"https:\/\/www.entrearteycultura.es\/index.php?rest_route=%2Fwp%2Fv2%2Fcategories&post=841"}],"curies":[{"name":"wp","href":"https:\/\/api.w.org\/{rel}","templated":true}]}}

<p>La villa romana del&nbsp;<strong>parque arqueológico de Carranque</strong>&nbsp;surge en época altoimperial como centro agrícola que terminó siendo un destacado centro de poder en época tardorromana, y también de ocupación visigoda y andalusí. Así lo reflejan el edificio palacial y el importante conjunto de mosaicos, uno de los más importantes de la península ibérica. A continuación, la cercana&nbsp;<strong>Illescas</strong>&nbsp;conserva sus importantes raíces medievales y mudéjares, así como el&nbsp;<strong>Hospital de la Caridad</strong>, con un destacado conjunto de cinco cuadros de El Greco.</p>



<p>isita a la obra de Velázquez en el Museo del Prado, centrándonos en Las Meninas, su obra más importante detrás de la cual hay numerosas interpretaciones que esconden una serie de enigmas y dobles significados. Así mismo podremos acercarnos al estilo y la técnica del artista.</p>

<p>La villa romana del&nbsp;parque arqueológico de Carranque&nbsp;surge en época altoimperial como centro agrícola que terminó siendo un destacado centro de poder en época tardorromana, y también de ocupación visigoda y andalusí. Así lo reflejan el edificio palacial y el importante conjunto de mosaicos, uno de los más importantes de la península ibérica. A continuación, la [&hellip;]</p>

<!-- This site is optimized with the Yoast SEO plugin v27.5 - https://yoast.com/product/yoast-seo-wordpress/ -->
<title>ESCAPADA: Villa Romana de Carranque y los Grecos poco conocidos en Illescas - Entre Arte y cultura</title>
<meta name="robots" content="index, follow, max-snippet:-1, max-image-preview:large, max-video-preview:-1" />
<link rel="canonical" href="https://www.entrearteycultura.es/?eap_event=escapada-villa-romana-de-carranque-y-los-grecos-poco-conocidos-en-illescas" />
<meta property="og:locale" content="en_US" />
<meta property="og:type" content="article" />
<meta property="og:title" content="ESCAPADA: Villa Romana de Carranque y los Grecos poco conocidos en Illescas - Entre Arte y cultura" />
<meta property="og:description" content="La villa romana del&nbsp;parque arqueológico de Carranque&nbsp;surge en época altoimperial como centro agrícola que terminó siendo un destacado centro de poder en época tardorromana, y también de ocupación visigoda y andalusí. Así lo reflejan el edificio palacial y el importante conjunto de mosaicos, uno de los más importantes de la península ibérica. A continuación, la [&hellip;]" />
<meta property="og:url" content="https://www.entrearteycultura.es/?eap_event=escapada-villa-romana-de-carranque-y-los-grecos-poco-conocidos-en-illescas" />
<meta property="og:site_name" content="Entre Arte y cultura" />
<meta property="article:modified_time" content="2024-06-03T11:22:31+00:00" />
<meta property="og:image" content="https://www.entrearteycultura.es/wp-content/uploads/2024/04/Imagen1-1.png" />
	<meta property="og:image:width" content="567" />
	<meta property="og:image:height" content="158" />
	<meta property="og:image:type" content="image/png" />
<meta name="twitter:card" content="summary_large_image" />
<meta name="twitter:label1" content="Est. reading time" />
	<meta name="twitter:data1" content="1 minute" />
<script type="application/ld+json" class="yoast-schema-graph">{"@context":"https:\/\/schema.org","@graph":[{"@type":"WebPage","@id":"https:\/\/www.entrearteycultura.es\/?eap_event=escapada-villa-romana-de-carranque-y-los-grecos-poco-conocidos-en-illescas","url":"https:\/\/www.entrearteycultura.es\/?eap_event=escapada-villa-romana-de-carranque-y-los-grecos-poco-conocidos-en-illescas","name":"ESCAPADA: Villa Romana de Carranque y los Grecos poco conocidos en Illescas - Entre Arte y cultura","isPartOf":{"@id":"https:\/\/www.entrearteycultura.es\/#website"},"primaryImageOfPage":{"@id":"https:\/\/www.entrearteycultura.es\/?eap_event=escapada-villa-romana-de-carranque-y-los-grecos-poco-conocidos-en-illescas#primaryimage"},"image":{"@id":"https:\/\/www.entrearteycultura.es\/?eap_event=escapada-villa-romana-de-carranque-y-los-grecos-poco-conocidos-en-illescas#primaryimage"},"thumbnailUrl":"https:\/\/www.entrearteycultura.es\/wp-content\/uploads\/2024\/04\/Imagen1-1.png","datePublished":"2024-04-26T11:30:09+00:00","dateModified":"2024-06-03T11:22:31+00:00","breadcrumb":{"@id":"https:\/\/www.entrearteycultura.es\/?eap_event=escapada-villa-romana-de-carranque-y-los-grecos-poco-conocidos-en-illescas#breadcrumb"},"inLanguage":"en-US","potentialAction":[{"@type":"ReadAction","target":["https:\/\/www.entrearteycultura.es\/?eap_event=escapada-villa-romana-de-carranque-y-los-grecos-poco-conocidos-en-illescas"]}]},{"@type":"ImageObject","inLanguage":"en-US","@id":"https:\/\/www.entrearteycultura.es\/?eap_event=escapada-villa-romana-de-carranque-y-los-grecos-poco-conocidos-en-illescas#primaryimage","url":"https:\/\/www.entrearteycultura.es\/wp-content\/uploads\/2024\/04\/Imagen1-1.png","contentUrl":"https:\/\/www.entrearteycultura.es\/wp-content\/uploads\/2024\/04\/Imagen1-1.png","width":567,"height":158},{"@type":"BreadcrumbList","@id":"https:\/\/www.entrearteycultura.es\/?eap_event=escapada-villa-romana-de-carranque-y-los-grecos-poco-conocidos-en-illescas#breadcrumb","itemListElement":[{"@type":"ListItem","position":1,"name":"Portada","item":"https:\/\/www.entrearteycultura.es\/"},{"@type":"ListItem","position":2,"name":"Events","item":"https:\/\/www.entrearteycultura.es\/?post_type=eap_event"},{"@type":"ListItem","position":3,"name":"ESCAPADA: Villa Romana de Carranque y los Grecos poco conocidos en Illescas"}]},{"@type":"WebSite","@id":"https:\/\/www.entrearteycultura.es\/#website","url":"https:\/\/www.entrearteycultura.es\/","name":"Entre Arte y cultura","description":"Viajes, eventos cuturales, conferencias y tertulias","potentialAction":[{"@type":"SearchAction","target":{"@type":"EntryPoint","urlTemplate":"https:\/\/www.entrearteycultura.es\/?s={search_term_string}"},"query-input":{"@type":"PropertyValueSpecification","valueRequired":true,"valueName":"search_term_string"}}],"inLanguage":"en-US"}]}</script>
<!-- / Yoast SEO plugin. -->

La villa romana del&nbsp;parque arqueológico de Carranque&nbsp;surge en época altoimperial como centro agrícola que terminó siendo un destacado centro de poder en época tardorromana, y también de ocupación visigoda y andalusí. Así lo reflejan el edificio palacial y el importante conjunto de mosaicos, uno de los más importantes de la península ibérica. A continuación, la [&hellip;]
