{"id":823,"date":"2024-03-21T11:48:27","date_gmt":"2024-03-21T11:48:27","guid":{"rendered":"https:\/\/www.entrearteycultura.es\/?post_type=eap_event&#038;p=823"},"modified":"2024-05-27T11:08:11","modified_gmt":"2024-05-27T11:08:11","slug":"palacio-de-la-bolsa-de-madrid","status":"publish","type":"eap_event","link":"https:\/\/www.entrearteycultura.es\/?eap_event=palacio-de-la-bolsa-de-madrid","title":{"rendered":"Palacio de la Bolsa de Madrid"},"content":{"rendered":"\n<p>El Palacio de la Bolsa de Madrid, de estilo neocl\u00e1sico fue inaugurado a finales del siglo XIX como sede de la Bolsa de Madrid y desde 2001 tambi\u00e9n es sede de Bolsas y Mercados Espa\u00f1oles (BME). Este edificio representativo del sistema de contrataci\u00f3n de acciones ya no funciona como sede operativa (debido al cambio a la contrataci\u00f3n electr\u00f3nica), sino que se usa como sede de eventos corporativos.<br>Desde su imponente fachada, podremos acceder al\u00a0<strong>parqu\u00e9 de la bolsa<\/strong>\u00a0con su disposici\u00f3n original y sus pinturas aleg\u00f3ricas,\u00a0<strong>sal\u00f3n de pasos perdidos, recibidor o hall\u00a0<\/strong>con decoraci\u00f3n asimismo simb\u00f3lica, o la curiosa\u00a0<strong>galer\u00eda de &#8220;fisgones&#8221;<\/strong>. Podremos ver, entre otras cosas, los tickers o paneles electr\u00f3nicos de cotizaci\u00f3n, relojes y pantallas necesarias para su actividad, as\u00ed como una\u00a0<strong>colecci\u00f3n de objetos decorativos.<\/strong><br><strong>PLAZAS LIMITADAS: INSCRIPCI\u00d3N ANTES del 28 de abril.<\/strong><\/p>\n","protected":false},"excerpt":{"rendered":"<p>El Palacio de la Bolsa de Madrid, de estilo neocl\u00e1sico fue inaugurado a finales del siglo XIX como sede de la Bolsa de Madrid y desde 2001 tambi\u00e9n es sede de Bolsas y Mercados Espa\u00f1oles (BME). Este edificio representativo del sistema de contrataci\u00f3n de acciones ya no funciona como sede operativa (debido al cambio a [&hellip;]<\/p>\n","protected":false},"author":1,"featured_media":824,"comment_status":"open","ping_status":"closed","template":"","categories":[45],"class_list":["post-823","eap_event","type-eap_event","status-publish","has-post-thumbnail","hentry","category-eventos-pasados"],"yoast_head":"<!-- This site is optimized with the Yoast SEO plugin v27.5 - https:\/\/yoast.com\/product\/yoast-seo-wordpress\/ -->\n<title>Palacio de la Bolsa de Madrid - Entre Arte y cultura<\/title>\n<meta name=\"robots\" content=\"index, follow, max-snippet:-1, max-image-preview:large, max-video-preview:-1\" \/>\n<link rel=\"canonical\" href=\"https:\/\/www.entrearteycultura.es\/?eap_event=palacio-de-la-bolsa-de-madrid\" \/>\n<meta property=\"og:locale\" content=\"en_US\" \/>\n<meta property=\"og:type\" content=\"article\" \/>\n<meta property=\"og:title\" content=\"Palacio de la Bolsa de Madrid - Entre Arte y cultura\" \/>\n<meta property=\"og:description\" content=\"El Palacio de la Bolsa de Madrid, de estilo neocl\u00e1sico fue inaugurado a finales del siglo XIX como sede de la Bolsa de Madrid y desde 2001 tambi\u00e9n es sede de Bolsas y Mercados Espa\u00f1oles (BME). Este edificio representativo del sistema de contrataci\u00f3n de acciones ya no funciona como sede operativa (debido al cambio a [&hellip;]\" \/>\n<meta property=\"og:url\" content=\"https:\/\/www.entrearteycultura.es\/?eap_event=palacio-de-la-bolsa-de-madrid\" \/>\n<meta property=\"og:site_name\" content=\"Entre Arte y cultura\" \/>\n<meta property=\"article:modified_time\" content=\"2024-05-27T11:08:11+00:00\" \/>\n<meta property=\"og:image\" content=\"https:\/\/www.entrearteycultura.es\/wp-content\/uploads\/2024\/03\/la-bolsa.png\" \/>\n\t<meta property=\"og:image:width\" content=\"952\" \/>\n\t<meta property=\"og:image:height\" content=\"349\" \/>\n\t<meta property=\"og:image:type\" content=\"image\/png\" \/>\n<meta name=\"twitter:card\" content=\"summary_large_image\" \/>\n<meta name=\"twitter:label1\" content=\"Est. reading time\" \/>\n\t<meta name=\"twitter:data1\" content=\"1 minute\" \/>\n<script type=\"application\/ld+json\" class=\"yoast-schema-graph\">{\"@context\":\"https:\\\/\\\/schema.org\",\"@graph\":[{\"@type\":\"WebPage\",\"@id\":\"https:\\\/\\\/www.entrearteycultura.es\\\/?eap_event=palacio-de-la-bolsa-de-madrid\",\"url\":\"https:\\\/\\\/www.entrearteycultura.es\\\/?eap_event=palacio-de-la-bolsa-de-madrid\",\"name\":\"Palacio de la Bolsa de Madrid - Entre Arte y cultura\",\"isPartOf\":{\"@id\":\"https:\\\/\\\/www.entrearteycultura.es\\\/#website\"},\"primaryImageOfPage\":{\"@id\":\"https:\\\/\\\/www.entrearteycultura.es\\\/?eap_event=palacio-de-la-bolsa-de-madrid#primaryimage\"},\"image\":{\"@id\":\"https:\\\/\\\/www.entrearteycultura.es\\\/?eap_event=palacio-de-la-bolsa-de-madrid#primaryimage\"},\"thumbnailUrl\":\"https:\\\/\\\/www.entrearteycultura.es\\\/wp-content\\\/uploads\\\/2024\\\/03\\\/la-bolsa.png\",\"datePublished\":\"2024-03-21T11:48:27+00:00\",\"dateModified\":\"2024-05-27T11:08:11+00:00\",\"breadcrumb\":{\"@id\":\"https:\\\/\\\/www.entrearteycultura.es\\\/?eap_event=palacio-de-la-bolsa-de-madrid#breadcrumb\"},\"inLanguage\":\"en-US\",\"potentialAction\":[{\"@type\":\"ReadAction\",\"target\":[\"https:\\\/\\\/www.entrearteycultura.es\\\/?eap_event=palacio-de-la-bolsa-de-madrid\"]}]},{\"@type\":\"ImageObject\",\"inLanguage\":\"en-US\",\"@id\":\"https:\\\/\\\/www.entrearteycultura.es\\\/?eap_event=palacio-de-la-bolsa-de-madrid#primaryimage\",\"url\":\"https:\\\/\\\/www.entrearteycultura.es\\\/wp-content\\\/uploads\\\/2024\\\/03\\\/la-bolsa.png\",\"contentUrl\":\"https:\\\/\\\/www.entrearteycultura.es\\\/wp-content\\\/uploads\\\/2024\\\/03\\\/la-bolsa.png\",\"width\":952,\"height\":349},{\"@type\":\"BreadcrumbList\",\"@id\":\"https:\\\/\\\/www.entrearteycultura.es\\\/?eap_event=palacio-de-la-bolsa-de-madrid#breadcrumb\",\"itemListElement\":[{\"@type\":\"ListItem\",\"position\":1,\"name\":\"Portada\",\"item\":\"https:\\\/\\\/www.entrearteycultura.es\\\/\"},{\"@type\":\"ListItem\",\"position\":2,\"name\":\"Events\",\"item\":\"https:\\\/\\\/www.entrearteycultura.es\\\/?post_type=eap_event\"},{\"@type\":\"ListItem\",\"position\":3,\"name\":\"Palacio de la Bolsa de Madrid\"}]},{\"@type\":\"WebSite\",\"@id\":\"https:\\\/\\\/www.entrearteycultura.es\\\/#website\",\"url\":\"https:\\\/\\\/www.entrearteycultura.es\\\/\",\"name\":\"Entre Arte y cultura\",\"description\":\"Viajes, eventos cuturales, conferencias y tertulias\",\"potentialAction\":[{\"@type\":\"SearchAction\",\"target\":{\"@type\":\"EntryPoint\",\"urlTemplate\":\"https:\\\/\\\/www.entrearteycultura.es\\\/?s={search_term_string}\"},\"query-input\":{\"@type\":\"PropertyValueSpecification\",\"valueRequired\":true,\"valueName\":\"search_term_string\"}}],\"inLanguage\":\"en-US\"}]}<\/script>\n<!-- \/ Yoast SEO plugin. -->","yoast_head_json":{"title":"Palacio de la Bolsa de Madrid - Entre Arte y cultura","robots":{"index":"index","follow":"follow","max-snippet":"max-snippet:-1","max-image-preview":"max-image-preview:large","max-video-preview":"max-video-preview:-1"},"canonical":"https:\/\/www.entrearteycultura.es\/?eap_event=palacio-de-la-bolsa-de-madrid","og_locale":"en_US","og_type":"article","og_title":"Palacio de la Bolsa de Madrid - Entre Arte y cultura","og_description":"El Palacio de la Bolsa de Madrid, de estilo neocl\u00e1sico fue inaugurado a finales del siglo XIX como sede de la Bolsa de Madrid y desde 2001 tambi\u00e9n es sede de Bolsas y Mercados Espa\u00f1oles (BME). Este edificio representativo del sistema de contrataci\u00f3n de acciones ya no funciona como sede operativa (debido al cambio a [&hellip;]","og_url":"https:\/\/www.entrearteycultura.es\/?eap_event=palacio-de-la-bolsa-de-madrid","og_site_name":"Entre Arte y cultura","article_modified_time":"2024-05-27T11:08:11+00:00","og_image":[{"width":952,"height":349,"url":"https:\/\/www.entrearteycultura.es\/wp-content\/uploads\/2024\/03\/la-bolsa.png","type":"image\/png"}],"twitter_card":"summary_large_image","twitter_misc":{"Est. reading time":"1 minute"},"schema":{"@context":"https:\/\/schema.org","@graph":[{"@type":"WebPage","@id":"https:\/\/www.entrearteycultura.es\/?eap_event=palacio-de-la-bolsa-de-madrid","url":"https:\/\/www.entrearteycultura.es\/?eap_event=palacio-de-la-bolsa-de-madrid","name":"Palacio de la Bolsa de Madrid - Entre Arte y cultura","isPartOf":{"@id":"https:\/\/www.entrearteycultura.es\/#website"},"primaryImageOfPage":{"@id":"https:\/\/www.entrearteycultura.es\/?eap_event=palacio-de-la-bolsa-de-madrid#primaryimage"},"image":{"@id":"https:\/\/www.entrearteycultura.es\/?eap_event=palacio-de-la-bolsa-de-madrid#primaryimage"},"thumbnailUrl":"https:\/\/www.entrearteycultura.es\/wp-content\/uploads\/2024\/03\/la-bolsa.png","datePublished":"2024-03-21T11:48:27+00:00","dateModified":"2024-05-27T11:08:11+00:00","breadcrumb":{"@id":"https:\/\/www.entrearteycultura.es\/?eap_event=palacio-de-la-bolsa-de-madrid#breadcrumb"},"inLanguage":"en-US","potentialAction":[{"@type":"ReadAction","target":["https:\/\/www.entrearteycultura.es\/?eap_event=palacio-de-la-bolsa-de-madrid"]}]},{"@type":"ImageObject","inLanguage":"en-US","@id":"https:\/\/www.entrearteycultura.es\/?eap_event=palacio-de-la-bolsa-de-madrid#primaryimage","url":"https:\/\/www.entrearteycultura.es\/wp-content\/uploads\/2024\/03\/la-bolsa.png","contentUrl":"https:\/\/www.entrearteycultura.es\/wp-content\/uploads\/2024\/03\/la-bolsa.png","width":952,"height":349},{"@type":"BreadcrumbList","@id":"https:\/\/www.entrearteycultura.es\/?eap_event=palacio-de-la-bolsa-de-madrid#breadcrumb","itemListElement":[{"@type":"ListItem","position":1,"name":"Portada","item":"https:\/\/www.entrearteycultura.es\/"},{"@type":"ListItem","position":2,"name":"Events","item":"https:\/\/www.entrearteycultura.es\/?post_type=eap_event"},{"@type":"ListItem","position":3,"name":"Palacio de la Bolsa de Madrid"}]},{"@type":"WebSite","@id":"https:\/\/www.entrearteycultura.es\/#website","url":"https:\/\/www.entrearteycultura.es\/","name":"Entre Arte y cultura","description":"Viajes, eventos cuturales, conferencias y tertulias","potentialAction":[{"@type":"SearchAction","target":{"@type":"EntryPoint","urlTemplate":"https:\/\/www.entrearteycultura.es\/?s={search_term_string}"},"query-input":{"@type":"PropertyValueSpecification","valueRequired":true,"valueName":"search_term_string"}}],"inLanguage":"en-US"}]}},"_links":{"self":[{"href":"https:\/\/www.entrearteycultura.es\/index.php?rest_route=\/wp\/v2\/eap_event\/823","targetHints":{"allow":["GET"]}}],"collection":[{"href":"https:\/\/www.entrearteycultura.es\/index.php?rest_route=\/wp\/v2\/eap_event"}],"about":[{"href":"https:\/\/www.entrearteycultura.es\/index.php?rest_route=\/wp\/v2\/types\/eap_event"}],"author":[{"embeddable":true,"href":"https:\/\/www.entrearteycultura.es\/index.php?rest_route=\/wp\/v2\/users\/1"}],"replies":[{"embeddable":true,"href":"https:\/\/www.entrearteycultura.es\/index.php?rest_route=%2Fwp%2Fv2%2Fcomments&post=823"}],"version-history":[{"count":1,"href":"https:\/\/www.entrearteycultura.es\/index.php?rest_route=\/wp\/v2\/eap_event\/823\/revisions"}],"predecessor-version":[{"id":825,"href":"https:\/\/www.entrearteycultura.es\/index.php?rest_route=\/wp\/v2\/eap_event\/823\/revisions\/825"}],"wp:featuredmedia":[{"embeddable":true,"href":"https:\/\/www.entrearteycultura.es\/index.php?rest_route=\/wp\/v2\/media\/824"}],"wp:attachment":[{"href":"https:\/\/www.entrearteycultura.es\/index.php?rest_route=%2Fwp%2Fv2%2Fmedia&parent=823"}],"wp:term":[{"taxonomy":"category","embeddable":true,"href":"https:\/\/www.entrearteycultura.es\/index.php?rest_route=%2Fwp%2Fv2%2Fcategories&post=823"}],"curies":[{"name":"wp","href":"https:\/\/api.w.org\/{rel}","templated":true}]}}

<p>El Palacio de la Bolsa de Madrid, de estilo neoclásico fue inaugurado a finales del siglo XIX como sede de la Bolsa de Madrid y desde 2001 también es sede de Bolsas y Mercados Españoles (BME). Este edificio representativo del sistema de contratación de acciones ya no funciona como sede operativa (debido al cambio a la contratación electrónica), sino que se usa como sede de eventos corporativos.<br>Desde su imponente fachada, podremos acceder al <strong>parqué de la bolsa</strong> con su disposición original y sus pinturas alegóricas, <strong>salón de pasos perdidos, recibidor o hall </strong>con decoración asimismo simbólica, o la curiosa <strong>galería de &#8220;fisgones&#8221;</strong>. Podremos ver, entre otras cosas, los tickers o paneles electrónicos de cotización, relojes y pantallas necesarias para su actividad, así como una <strong>colección de objetos decorativos.</strong><br><strong>PLAZAS LIMITADAS: INSCRIPCIÓN ANTES del 28 de abril.</strong></p>

<p>El Palacio de la Bolsa de Madrid, de estilo neoclásico fue inaugurado a finales del siglo XIX como sede de la Bolsa de Madrid y desde 2001 también es sede de Bolsas y Mercados Españoles (BME). Este edificio representativo del sistema de contratación de acciones ya no funciona como sede operativa (debido al cambio a [&hellip;]</p>

<!-- This site is optimized with the Yoast SEO plugin v27.5 - https://yoast.com/product/yoast-seo-wordpress/ -->
<title>Palacio de la Bolsa de Madrid - Entre Arte y cultura</title>
<meta name="robots" content="index, follow, max-snippet:-1, max-image-preview:large, max-video-preview:-1" />
<link rel="canonical" href="https://www.entrearteycultura.es/?eap_event=palacio-de-la-bolsa-de-madrid" />
<meta property="og:locale" content="en_US" />
<meta property="og:type" content="article" />
<meta property="og:title" content="Palacio de la Bolsa de Madrid - Entre Arte y cultura" />
<meta property="og:description" content="El Palacio de la Bolsa de Madrid, de estilo neoclásico fue inaugurado a finales del siglo XIX como sede de la Bolsa de Madrid y desde 2001 también es sede de Bolsas y Mercados Españoles (BME). Este edificio representativo del sistema de contratación de acciones ya no funciona como sede operativa (debido al cambio a [&hellip;]" />
<meta property="og:url" content="https://www.entrearteycultura.es/?eap_event=palacio-de-la-bolsa-de-madrid" />
<meta property="og:site_name" content="Entre Arte y cultura" />
<meta property="article:modified_time" content="2024-05-27T11:08:11+00:00" />
<meta property="og:image" content="https://www.entrearteycultura.es/wp-content/uploads/2024/03/la-bolsa.png" />
	<meta property="og:image:width" content="952" />
	<meta property="og:image:height" content="349" />
	<meta property="og:image:type" content="image/png" />
<meta name="twitter:card" content="summary_large_image" />
<meta name="twitter:label1" content="Est. reading time" />
	<meta name="twitter:data1" content="1 minute" />
<script type="application/ld+json" class="yoast-schema-graph">{"@context":"https:\/\/schema.org","@graph":[{"@type":"WebPage","@id":"https:\/\/www.entrearteycultura.es\/?eap_event=palacio-de-la-bolsa-de-madrid","url":"https:\/\/www.entrearteycultura.es\/?eap_event=palacio-de-la-bolsa-de-madrid","name":"Palacio de la Bolsa de Madrid - Entre Arte y cultura","isPartOf":{"@id":"https:\/\/www.entrearteycultura.es\/#website"},"primaryImageOfPage":{"@id":"https:\/\/www.entrearteycultura.es\/?eap_event=palacio-de-la-bolsa-de-madrid#primaryimage"},"image":{"@id":"https:\/\/www.entrearteycultura.es\/?eap_event=palacio-de-la-bolsa-de-madrid#primaryimage"},"thumbnailUrl":"https:\/\/www.entrearteycultura.es\/wp-content\/uploads\/2024\/03\/la-bolsa.png","datePublished":"2024-03-21T11:48:27+00:00","dateModified":"2024-05-27T11:08:11+00:00","breadcrumb":{"@id":"https:\/\/www.entrearteycultura.es\/?eap_event=palacio-de-la-bolsa-de-madrid#breadcrumb"},"inLanguage":"en-US","potentialAction":[{"@type":"ReadAction","target":["https:\/\/www.entrearteycultura.es\/?eap_event=palacio-de-la-bolsa-de-madrid"]}]},{"@type":"ImageObject","inLanguage":"en-US","@id":"https:\/\/www.entrearteycultura.es\/?eap_event=palacio-de-la-bolsa-de-madrid#primaryimage","url":"https:\/\/www.entrearteycultura.es\/wp-content\/uploads\/2024\/03\/la-bolsa.png","contentUrl":"https:\/\/www.entrearteycultura.es\/wp-content\/uploads\/2024\/03\/la-bolsa.png","width":952,"height":349},{"@type":"BreadcrumbList","@id":"https:\/\/www.entrearteycultura.es\/?eap_event=palacio-de-la-bolsa-de-madrid#breadcrumb","itemListElement":[{"@type":"ListItem","position":1,"name":"Portada","item":"https:\/\/www.entrearteycultura.es\/"},{"@type":"ListItem","position":2,"name":"Events","item":"https:\/\/www.entrearteycultura.es\/?post_type=eap_event"},{"@type":"ListItem","position":3,"name":"Palacio de la Bolsa de Madrid"}]},{"@type":"WebSite","@id":"https:\/\/www.entrearteycultura.es\/#website","url":"https:\/\/www.entrearteycultura.es\/","name":"Entre Arte y cultura","description":"Viajes, eventos cuturales, conferencias y tertulias","potentialAction":[{"@type":"SearchAction","target":{"@type":"EntryPoint","urlTemplate":"https:\/\/www.entrearteycultura.es\/?s={search_term_string}"},"query-input":{"@type":"PropertyValueSpecification","valueRequired":true,"valueName":"search_term_string"}}],"inLanguage":"en-US"}]}</script>
<!-- / Yoast SEO plugin. -->

El Palacio de la Bolsa de Madrid, de estilo neoclásico fue inaugurado a finales del siglo XIX como sede de la Bolsa de Madrid y desde 2001 también es sede de Bolsas y Mercados Españoles (BME). Este edificio representativo del sistema de contratación de acciones ya no funciona como sede operativa (debido al cambio a [&hellip;]
