{"id":817,"date":"2024-03-21T11:40:43","date_gmt":"2024-03-21T11:40:43","guid":{"rendered":"https:\/\/www.entrearteycultura.es\/?post_type=eap_event&#038;p=817"},"modified":"2024-04-22T11:57:49","modified_gmt":"2024-04-22T11:57:49","slug":"visita-a-la-coleccion-privada-inelcom","status":"publish","type":"eap_event","link":"https:\/\/www.entrearteycultura.es\/?eap_event=visita-a-la-coleccion-privada-inelcom","title":{"rendered":"Visita a la colecci\u00f3n privada Inelcom"},"content":{"rendered":"\n<p>La compa\u00f1\u00eda tecnol\u00f3gica Inelcom tiene una importante colecci\u00f3n de arte integrada por mas de 400 obras de 124 artistas de los cuales se exponen 93 en un espacio habilitado en la sede de Madrid, que incluye&nbsp;<strong>fotograf\u00eda, instalaci\u00f3n, pintura, video, dibujo y escultura.<\/strong><\/p>\n\n\n\n<p>Las obras reunidas se fundamentan en cuatro ideas fuertemente ligadas a la empresa: el concepto de comunicaci\u00f3n\/incomunicaci\u00f3n; la energ\u00eda como fuerte, veh\u00edculo y objeto de todas sus manifestaciones; la memoria frente al olvido y el medio natural: fuerza, vida y paisaje. Desde 2011 cuenta con el asesoramiento de Vicente Todol\u00ed (que fuera director de Tate Modern en Londres).<\/p>\n","protected":false},"excerpt":{"rendered":"<p>La compa\u00f1\u00eda tecnol\u00f3gica Inelcom tiene una importante colecci\u00f3n de arte integrada por mas de 400 obras de 124 artistas de los cuales se exponen 93 en un espacio habilitado en la sede de Madrid, que incluye&nbsp;fotograf\u00eda, instalaci\u00f3n, pintura, video, dibujo y escultura. Las obras reunidas se fundamentan en cuatro ideas fuertemente ligadas a la empresa: [&hellip;]<\/p>\n","protected":false},"author":1,"featured_media":818,"comment_status":"open","ping_status":"closed","template":"","categories":[45],"class_list":["post-817","eap_event","type-eap_event","status-publish","has-post-thumbnail","hentry","category-eventos-pasados"],"yoast_head":"<!-- This site is optimized with the Yoast SEO plugin v27.5 - https:\/\/yoast.com\/product\/yoast-seo-wordpress\/ -->\n<title>Visita a la colecci\u00f3n privada Inelcom - Entre Arte y cultura<\/title>\n<meta name=\"robots\" content=\"index, follow, max-snippet:-1, max-image-preview:large, max-video-preview:-1\" \/>\n<link rel=\"canonical\" href=\"https:\/\/www.entrearteycultura.es\/?eap_event=visita-a-la-coleccion-privada-inelcom\" \/>\n<meta property=\"og:locale\" content=\"en_US\" \/>\n<meta property=\"og:type\" content=\"article\" \/>\n<meta property=\"og:title\" content=\"Visita a la colecci\u00f3n privada Inelcom - Entre Arte y cultura\" \/>\n<meta property=\"og:description\" content=\"La compa\u00f1\u00eda tecnol\u00f3gica Inelcom tiene una importante colecci\u00f3n de arte integrada por mas de 400 obras de 124 artistas de los cuales se exponen 93 en un espacio habilitado en la sede de Madrid, que incluye&nbsp;fotograf\u00eda, instalaci\u00f3n, pintura, video, dibujo y escultura. Las obras reunidas se fundamentan en cuatro ideas fuertemente ligadas a la empresa: [&hellip;]\" \/>\n<meta property=\"og:url\" content=\"https:\/\/www.entrearteycultura.es\/?eap_event=visita-a-la-coleccion-privada-inelcom\" \/>\n<meta property=\"og:site_name\" content=\"Entre Arte y cultura\" \/>\n<meta property=\"article:modified_time\" content=\"2024-04-22T11:57:49+00:00\" \/>\n<meta property=\"og:image\" content=\"https:\/\/www.entrearteycultura.es\/wp-content\/uploads\/2024\/03\/inelcom.png\" \/>\n\t<meta property=\"og:image:width\" content=\"949\" \/>\n\t<meta property=\"og:image:height\" content=\"282\" \/>\n\t<meta property=\"og:image:type\" content=\"image\/png\" \/>\n<meta name=\"twitter:card\" content=\"summary_large_image\" \/>\n<meta name=\"twitter:label1\" content=\"Est. reading time\" \/>\n\t<meta name=\"twitter:data1\" content=\"1 minute\" \/>\n<script type=\"application\/ld+json\" class=\"yoast-schema-graph\">{\"@context\":\"https:\\\/\\\/schema.org\",\"@graph\":[{\"@type\":\"WebPage\",\"@id\":\"https:\\\/\\\/www.entrearteycultura.es\\\/?eap_event=visita-a-la-coleccion-privada-inelcom\",\"url\":\"https:\\\/\\\/www.entrearteycultura.es\\\/?eap_event=visita-a-la-coleccion-privada-inelcom\",\"name\":\"Visita a la colecci\u00f3n privada Inelcom - Entre Arte y cultura\",\"isPartOf\":{\"@id\":\"https:\\\/\\\/www.entrearteycultura.es\\\/#website\"},\"primaryImageOfPage\":{\"@id\":\"https:\\\/\\\/www.entrearteycultura.es\\\/?eap_event=visita-a-la-coleccion-privada-inelcom#primaryimage\"},\"image\":{\"@id\":\"https:\\\/\\\/www.entrearteycultura.es\\\/?eap_event=visita-a-la-coleccion-privada-inelcom#primaryimage\"},\"thumbnailUrl\":\"https:\\\/\\\/www.entrearteycultura.es\\\/wp-content\\\/uploads\\\/2024\\\/03\\\/inelcom.png\",\"datePublished\":\"2024-03-21T11:40:43+00:00\",\"dateModified\":\"2024-04-22T11:57:49+00:00\",\"breadcrumb\":{\"@id\":\"https:\\\/\\\/www.entrearteycultura.es\\\/?eap_event=visita-a-la-coleccion-privada-inelcom#breadcrumb\"},\"inLanguage\":\"en-US\",\"potentialAction\":[{\"@type\":\"ReadAction\",\"target\":[\"https:\\\/\\\/www.entrearteycultura.es\\\/?eap_event=visita-a-la-coleccion-privada-inelcom\"]}]},{\"@type\":\"ImageObject\",\"inLanguage\":\"en-US\",\"@id\":\"https:\\\/\\\/www.entrearteycultura.es\\\/?eap_event=visita-a-la-coleccion-privada-inelcom#primaryimage\",\"url\":\"https:\\\/\\\/www.entrearteycultura.es\\\/wp-content\\\/uploads\\\/2024\\\/03\\\/inelcom.png\",\"contentUrl\":\"https:\\\/\\\/www.entrearteycultura.es\\\/wp-content\\\/uploads\\\/2024\\\/03\\\/inelcom.png\",\"width\":949,\"height\":282},{\"@type\":\"BreadcrumbList\",\"@id\":\"https:\\\/\\\/www.entrearteycultura.es\\\/?eap_event=visita-a-la-coleccion-privada-inelcom#breadcrumb\",\"itemListElement\":[{\"@type\":\"ListItem\",\"position\":1,\"name\":\"Portada\",\"item\":\"https:\\\/\\\/www.entrearteycultura.es\\\/\"},{\"@type\":\"ListItem\",\"position\":2,\"name\":\"Events\",\"item\":\"https:\\\/\\\/www.entrearteycultura.es\\\/?post_type=eap_event\"},{\"@type\":\"ListItem\",\"position\":3,\"name\":\"Visita a la colecci\u00f3n privada Inelcom\"}]},{\"@type\":\"WebSite\",\"@id\":\"https:\\\/\\\/www.entrearteycultura.es\\\/#website\",\"url\":\"https:\\\/\\\/www.entrearteycultura.es\\\/\",\"name\":\"Entre Arte y cultura\",\"description\":\"Viajes, eventos cuturales, conferencias y tertulias\",\"potentialAction\":[{\"@type\":\"SearchAction\",\"target\":{\"@type\":\"EntryPoint\",\"urlTemplate\":\"https:\\\/\\\/www.entrearteycultura.es\\\/?s={search_term_string}\"},\"query-input\":{\"@type\":\"PropertyValueSpecification\",\"valueRequired\":true,\"valueName\":\"search_term_string\"}}],\"inLanguage\":\"en-US\"}]}<\/script>\n<!-- \/ Yoast SEO plugin. -->","yoast_head_json":{"title":"Visita a la colecci\u00f3n privada Inelcom - Entre Arte y cultura","robots":{"index":"index","follow":"follow","max-snippet":"max-snippet:-1","max-image-preview":"max-image-preview:large","max-video-preview":"max-video-preview:-1"},"canonical":"https:\/\/www.entrearteycultura.es\/?eap_event=visita-a-la-coleccion-privada-inelcom","og_locale":"en_US","og_type":"article","og_title":"Visita a la colecci\u00f3n privada Inelcom - Entre Arte y cultura","og_description":"La compa\u00f1\u00eda tecnol\u00f3gica Inelcom tiene una importante colecci\u00f3n de arte integrada por mas de 400 obras de 124 artistas de los cuales se exponen 93 en un espacio habilitado en la sede de Madrid, que incluye&nbsp;fotograf\u00eda, instalaci\u00f3n, pintura, video, dibujo y escultura. Las obras reunidas se fundamentan en cuatro ideas fuertemente ligadas a la empresa: [&hellip;]","og_url":"https:\/\/www.entrearteycultura.es\/?eap_event=visita-a-la-coleccion-privada-inelcom","og_site_name":"Entre Arte y cultura","article_modified_time":"2024-04-22T11:57:49+00:00","og_image":[{"width":949,"height":282,"url":"https:\/\/www.entrearteycultura.es\/wp-content\/uploads\/2024\/03\/inelcom.png","type":"image\/png"}],"twitter_card":"summary_large_image","twitter_misc":{"Est. reading time":"1 minute"},"schema":{"@context":"https:\/\/schema.org","@graph":[{"@type":"WebPage","@id":"https:\/\/www.entrearteycultura.es\/?eap_event=visita-a-la-coleccion-privada-inelcom","url":"https:\/\/www.entrearteycultura.es\/?eap_event=visita-a-la-coleccion-privada-inelcom","name":"Visita a la colecci\u00f3n privada Inelcom - Entre Arte y cultura","isPartOf":{"@id":"https:\/\/www.entrearteycultura.es\/#website"},"primaryImageOfPage":{"@id":"https:\/\/www.entrearteycultura.es\/?eap_event=visita-a-la-coleccion-privada-inelcom#primaryimage"},"image":{"@id":"https:\/\/www.entrearteycultura.es\/?eap_event=visita-a-la-coleccion-privada-inelcom#primaryimage"},"thumbnailUrl":"https:\/\/www.entrearteycultura.es\/wp-content\/uploads\/2024\/03\/inelcom.png","datePublished":"2024-03-21T11:40:43+00:00","dateModified":"2024-04-22T11:57:49+00:00","breadcrumb":{"@id":"https:\/\/www.entrearteycultura.es\/?eap_event=visita-a-la-coleccion-privada-inelcom#breadcrumb"},"inLanguage":"en-US","potentialAction":[{"@type":"ReadAction","target":["https:\/\/www.entrearteycultura.es\/?eap_event=visita-a-la-coleccion-privada-inelcom"]}]},{"@type":"ImageObject","inLanguage":"en-US","@id":"https:\/\/www.entrearteycultura.es\/?eap_event=visita-a-la-coleccion-privada-inelcom#primaryimage","url":"https:\/\/www.entrearteycultura.es\/wp-content\/uploads\/2024\/03\/inelcom.png","contentUrl":"https:\/\/www.entrearteycultura.es\/wp-content\/uploads\/2024\/03\/inelcom.png","width":949,"height":282},{"@type":"BreadcrumbList","@id":"https:\/\/www.entrearteycultura.es\/?eap_event=visita-a-la-coleccion-privada-inelcom#breadcrumb","itemListElement":[{"@type":"ListItem","position":1,"name":"Portada","item":"https:\/\/www.entrearteycultura.es\/"},{"@type":"ListItem","position":2,"name":"Events","item":"https:\/\/www.entrearteycultura.es\/?post_type=eap_event"},{"@type":"ListItem","position":3,"name":"Visita a la colecci\u00f3n privada Inelcom"}]},{"@type":"WebSite","@id":"https:\/\/www.entrearteycultura.es\/#website","url":"https:\/\/www.entrearteycultura.es\/","name":"Entre Arte y cultura","description":"Viajes, eventos cuturales, conferencias y tertulias","potentialAction":[{"@type":"SearchAction","target":{"@type":"EntryPoint","urlTemplate":"https:\/\/www.entrearteycultura.es\/?s={search_term_string}"},"query-input":{"@type":"PropertyValueSpecification","valueRequired":true,"valueName":"search_term_string"}}],"inLanguage":"en-US"}]}},"_links":{"self":[{"href":"https:\/\/www.entrearteycultura.es\/index.php?rest_route=\/wp\/v2\/eap_event\/817","targetHints":{"allow":["GET"]}}],"collection":[{"href":"https:\/\/www.entrearteycultura.es\/index.php?rest_route=\/wp\/v2\/eap_event"}],"about":[{"href":"https:\/\/www.entrearteycultura.es\/index.php?rest_route=\/wp\/v2\/types\/eap_event"}],"author":[{"embeddable":true,"href":"https:\/\/www.entrearteycultura.es\/index.php?rest_route=\/wp\/v2\/users\/1"}],"replies":[{"embeddable":true,"href":"https:\/\/www.entrearteycultura.es\/index.php?rest_route=%2Fwp%2Fv2%2Fcomments&post=817"}],"version-history":[{"count":1,"href":"https:\/\/www.entrearteycultura.es\/index.php?rest_route=\/wp\/v2\/eap_event\/817\/revisions"}],"predecessor-version":[{"id":819,"href":"https:\/\/www.entrearteycultura.es\/index.php?rest_route=\/wp\/v2\/eap_event\/817\/revisions\/819"}],"wp:featuredmedia":[{"embeddable":true,"href":"https:\/\/www.entrearteycultura.es\/index.php?rest_route=\/wp\/v2\/media\/818"}],"wp:attachment":[{"href":"https:\/\/www.entrearteycultura.es\/index.php?rest_route=%2Fwp%2Fv2%2Fmedia&parent=817"}],"wp:term":[{"taxonomy":"category","embeddable":true,"href":"https:\/\/www.entrearteycultura.es\/index.php?rest_route=%2Fwp%2Fv2%2Fcategories&post=817"}],"curies":[{"name":"wp","href":"https:\/\/api.w.org\/{rel}","templated":true}]}}

Visita a la colección privada Inelcom

<p>La compañía tecnológica Inelcom tiene una importante colección de arte integrada por mas de 400 obras de 124 artistas de los cuales se exponen 93 en un espacio habilitado en la sede de Madrid, que incluye&nbsp;<strong>fotografía, instalación, pintura, video, dibujo y escultura.</strong></p>



<p>Las obras reunidas se fundamentan en cuatro ideas fuertemente ligadas a la empresa: el concepto de comunicación/incomunicación; la energía como fuerte, vehículo y objeto de todas sus manifestaciones; la memoria frente al olvido y el medio natural: fuerza, vida y paisaje. Desde 2011 cuenta con el asesoramiento de Vicente Todolí (que fuera director de Tate Modern en Londres).</p>

<p>La compañía tecnológica Inelcom tiene una importante colección de arte integrada por mas de 400 obras de 124 artistas de los cuales se exponen 93 en un espacio habilitado en la sede de Madrid, que incluye&nbsp;fotografía, instalación, pintura, video, dibujo y escultura. Las obras reunidas se fundamentan en cuatro ideas fuertemente ligadas a la empresa: [&hellip;]</p>

<!-- This site is optimized with the Yoast SEO plugin v27.5 - https://yoast.com/product/yoast-seo-wordpress/ -->
<title>Visita a la colección privada Inelcom - Entre Arte y cultura</title>
<meta name="robots" content="index, follow, max-snippet:-1, max-image-preview:large, max-video-preview:-1" />
<link rel="canonical" href="https://www.entrearteycultura.es/?eap_event=visita-a-la-coleccion-privada-inelcom" />
<meta property="og:locale" content="en_US" />
<meta property="og:type" content="article" />
<meta property="og:title" content="Visita a la colección privada Inelcom - Entre Arte y cultura" />
<meta property="og:description" content="La compañía tecnológica Inelcom tiene una importante colección de arte integrada por mas de 400 obras de 124 artistas de los cuales se exponen 93 en un espacio habilitado en la sede de Madrid, que incluye&nbsp;fotografía, instalación, pintura, video, dibujo y escultura. Las obras reunidas se fundamentan en cuatro ideas fuertemente ligadas a la empresa: [&hellip;]" />
<meta property="og:url" content="https://www.entrearteycultura.es/?eap_event=visita-a-la-coleccion-privada-inelcom" />
<meta property="og:site_name" content="Entre Arte y cultura" />
<meta property="article:modified_time" content="2024-04-22T11:57:49+00:00" />
<meta property="og:image" content="https://www.entrearteycultura.es/wp-content/uploads/2024/03/inelcom.png" />
	<meta property="og:image:width" content="949" />
	<meta property="og:image:height" content="282" />
	<meta property="og:image:type" content="image/png" />
<meta name="twitter:card" content="summary_large_image" />
<meta name="twitter:label1" content="Est. reading time" />
	<meta name="twitter:data1" content="1 minute" />
<script type="application/ld+json" class="yoast-schema-graph">{"@context":"https:\/\/schema.org","@graph":[{"@type":"WebPage","@id":"https:\/\/www.entrearteycultura.es\/?eap_event=visita-a-la-coleccion-privada-inelcom","url":"https:\/\/www.entrearteycultura.es\/?eap_event=visita-a-la-coleccion-privada-inelcom","name":"Visita a la colección privada Inelcom - Entre Arte y cultura","isPartOf":{"@id":"https:\/\/www.entrearteycultura.es\/#website"},"primaryImageOfPage":{"@id":"https:\/\/www.entrearteycultura.es\/?eap_event=visita-a-la-coleccion-privada-inelcom#primaryimage"},"image":{"@id":"https:\/\/www.entrearteycultura.es\/?eap_event=visita-a-la-coleccion-privada-inelcom#primaryimage"},"thumbnailUrl":"https:\/\/www.entrearteycultura.es\/wp-content\/uploads\/2024\/03\/inelcom.png","datePublished":"2024-03-21T11:40:43+00:00","dateModified":"2024-04-22T11:57:49+00:00","breadcrumb":{"@id":"https:\/\/www.entrearteycultura.es\/?eap_event=visita-a-la-coleccion-privada-inelcom#breadcrumb"},"inLanguage":"en-US","potentialAction":[{"@type":"ReadAction","target":["https:\/\/www.entrearteycultura.es\/?eap_event=visita-a-la-coleccion-privada-inelcom"]}]},{"@type":"ImageObject","inLanguage":"en-US","@id":"https:\/\/www.entrearteycultura.es\/?eap_event=visita-a-la-coleccion-privada-inelcom#primaryimage","url":"https:\/\/www.entrearteycultura.es\/wp-content\/uploads\/2024\/03\/inelcom.png","contentUrl":"https:\/\/www.entrearteycultura.es\/wp-content\/uploads\/2024\/03\/inelcom.png","width":949,"height":282},{"@type":"BreadcrumbList","@id":"https:\/\/www.entrearteycultura.es\/?eap_event=visita-a-la-coleccion-privada-inelcom#breadcrumb","itemListElement":[{"@type":"ListItem","position":1,"name":"Portada","item":"https:\/\/www.entrearteycultura.es\/"},{"@type":"ListItem","position":2,"name":"Events","item":"https:\/\/www.entrearteycultura.es\/?post_type=eap_event"},{"@type":"ListItem","position":3,"name":"Visita a la colección privada Inelcom"}]},{"@type":"WebSite","@id":"https:\/\/www.entrearteycultura.es\/#website","url":"https:\/\/www.entrearteycultura.es\/","name":"Entre Arte y cultura","description":"Viajes, eventos cuturales, conferencias y tertulias","potentialAction":[{"@type":"SearchAction","target":{"@type":"EntryPoint","urlTemplate":"https:\/\/www.entrearteycultura.es\/?s={search_term_string}"},"query-input":{"@type":"PropertyValueSpecification","valueRequired":true,"valueName":"search_term_string"}}],"inLanguage":"en-US"}]}</script>
<!-- / Yoast SEO plugin. -->

Visita a la colección privada Inelcom - Entre Arte y cultura

La compañía tecnológica Inelcom tiene una importante colección de arte integrada por mas de 400 obras de 124 artistas de los cuales se exponen 93 en un espacio habilitado en la sede de Madrid, que incluye&nbsp;fotografía, instalación, pintura, video, dibujo y escultura. Las obras reunidas se fundamentan en cuatro ideas fuertemente ligadas a la empresa: [&hellip;]
