{"id":808,"date":"2024-03-21T10:37:14","date_gmt":"2024-03-21T10:37:14","guid":{"rendered":"https:\/\/www.entrearteycultura.es\/?post_type=eap_event&#038;p=808"},"modified":"2024-04-22T11:59:13","modified_gmt":"2024-04-22T11:59:13","slug":"visita-al-museo-naval","status":"publish","type":"eap_event","link":"https:\/\/www.entrearteycultura.es\/?eap_event=visita-al-museo-naval","title":{"rendered":"Visita al Museo Naval"},"content":{"rendered":"\n<p>El Museo Naval alberga una interesante colecci\u00f3n de piezas que nos lleva la historia de Espa\u00f1a relacionada con el mundo de la navegaci\u00f3n y a la historia de la Armada Espa\u00f1ola, aquella que domin\u00f3 los mares por m\u00e1s de un siglo. As\u00ed mismo nos permite acercarnos a las principales expediciones desde la Edad Media hasta la actualidad. En sus salas se conservan importantes obras como el\u00a0<strong>mapa de Juan de la Cosa del a\u00f1o 1500<\/strong>, primero que representa el continente americano; el amplio conjunto de piezas rescatadas del gale\u00f3n San Diego, que naufrag\u00f3 en aguas de Filipinas en el a\u00f1o 1600; retratos realizados por\u00a0<strong>Vicente L\u00f3pez, Joaqu\u00edn Sorolla y Fernando \u00c1lvarez de Sotomayor,\u00a0<\/strong>as\u00ed como diversos tipos de embarcaciones, instrumentos cient\u00edficos, mapas y globos terr\u00e1queos usados entonces.<\/p>\n","protected":false},"excerpt":{"rendered":"<p>El Museo Naval alberga una interesante colecci\u00f3n de piezas que nos lleva la historia de Espa\u00f1a relacionada con el mundo de la navegaci\u00f3n y a la historia de la Armada Espa\u00f1ola, aquella que domin\u00f3 los mares por m\u00e1s de un siglo. As\u00ed mismo nos permite acercarnos a las principales expediciones desde la Edad Media hasta [&hellip;]<\/p>\n","protected":false},"author":1,"featured_media":809,"comment_status":"open","ping_status":"closed","template":"","categories":[45],"class_list":["post-808","eap_event","type-eap_event","status-publish","has-post-thumbnail","hentry","category-eventos-pasados"],"yoast_head":"<!-- This site is optimized with the Yoast SEO plugin v27.5 - https:\/\/yoast.com\/product\/yoast-seo-wordpress\/ -->\n<title>Visita al Museo Naval - Entre Arte y cultura<\/title>\n<meta name=\"robots\" content=\"index, follow, max-snippet:-1, max-image-preview:large, max-video-preview:-1\" \/>\n<link rel=\"canonical\" href=\"https:\/\/www.entrearteycultura.es\/?eap_event=visita-al-museo-naval\" \/>\n<meta property=\"og:locale\" content=\"en_US\" \/>\n<meta property=\"og:type\" content=\"article\" \/>\n<meta property=\"og:title\" content=\"Visita al Museo Naval - Entre Arte y cultura\" \/>\n<meta property=\"og:description\" content=\"El Museo Naval alberga una interesante colecci\u00f3n de piezas que nos lleva la historia de Espa\u00f1a relacionada con el mundo de la navegaci\u00f3n y a la historia de la Armada Espa\u00f1ola, aquella que domin\u00f3 los mares por m\u00e1s de un siglo. As\u00ed mismo nos permite acercarnos a las principales expediciones desde la Edad Media hasta [&hellip;]\" \/>\n<meta property=\"og:url\" content=\"https:\/\/www.entrearteycultura.es\/?eap_event=visita-al-museo-naval\" \/>\n<meta property=\"og:site_name\" content=\"Entre Arte y cultura\" \/>\n<meta property=\"article:modified_time\" content=\"2024-04-22T11:59:13+00:00\" \/>\n<meta property=\"og:image\" content=\"https:\/\/www.entrearteycultura.es\/wp-content\/uploads\/2024\/03\/m-naval.png\" \/>\n\t<meta property=\"og:image:width\" content=\"955\" \/>\n\t<meta property=\"og:image:height\" content=\"547\" \/>\n\t<meta property=\"og:image:type\" content=\"image\/png\" \/>\n<meta name=\"twitter:card\" content=\"summary_large_image\" \/>\n<meta name=\"twitter:label1\" content=\"Est. reading time\" \/>\n\t<meta name=\"twitter:data1\" content=\"1 minute\" \/>\n<script type=\"application\/ld+json\" class=\"yoast-schema-graph\">{\"@context\":\"https:\\\/\\\/schema.org\",\"@graph\":[{\"@type\":\"WebPage\",\"@id\":\"https:\\\/\\\/www.entrearteycultura.es\\\/?eap_event=visita-al-museo-naval\",\"url\":\"https:\\\/\\\/www.entrearteycultura.es\\\/?eap_event=visita-al-museo-naval\",\"name\":\"Visita al Museo Naval - Entre Arte y cultura\",\"isPartOf\":{\"@id\":\"https:\\\/\\\/www.entrearteycultura.es\\\/#website\"},\"primaryImageOfPage\":{\"@id\":\"https:\\\/\\\/www.entrearteycultura.es\\\/?eap_event=visita-al-museo-naval#primaryimage\"},\"image\":{\"@id\":\"https:\\\/\\\/www.entrearteycultura.es\\\/?eap_event=visita-al-museo-naval#primaryimage\"},\"thumbnailUrl\":\"https:\\\/\\\/www.entrearteycultura.es\\\/wp-content\\\/uploads\\\/2024\\\/03\\\/m-naval.png\",\"datePublished\":\"2024-03-21T10:37:14+00:00\",\"dateModified\":\"2024-04-22T11:59:13+00:00\",\"breadcrumb\":{\"@id\":\"https:\\\/\\\/www.entrearteycultura.es\\\/?eap_event=visita-al-museo-naval#breadcrumb\"},\"inLanguage\":\"en-US\",\"potentialAction\":[{\"@type\":\"ReadAction\",\"target\":[\"https:\\\/\\\/www.entrearteycultura.es\\\/?eap_event=visita-al-museo-naval\"]}]},{\"@type\":\"ImageObject\",\"inLanguage\":\"en-US\",\"@id\":\"https:\\\/\\\/www.entrearteycultura.es\\\/?eap_event=visita-al-museo-naval#primaryimage\",\"url\":\"https:\\\/\\\/www.entrearteycultura.es\\\/wp-content\\\/uploads\\\/2024\\\/03\\\/m-naval.png\",\"contentUrl\":\"https:\\\/\\\/www.entrearteycultura.es\\\/wp-content\\\/uploads\\\/2024\\\/03\\\/m-naval.png\",\"width\":955,\"height\":547},{\"@type\":\"BreadcrumbList\",\"@id\":\"https:\\\/\\\/www.entrearteycultura.es\\\/?eap_event=visita-al-museo-naval#breadcrumb\",\"itemListElement\":[{\"@type\":\"ListItem\",\"position\":1,\"name\":\"Portada\",\"item\":\"https:\\\/\\\/www.entrearteycultura.es\\\/\"},{\"@type\":\"ListItem\",\"position\":2,\"name\":\"Events\",\"item\":\"https:\\\/\\\/www.entrearteycultura.es\\\/?post_type=eap_event\"},{\"@type\":\"ListItem\",\"position\":3,\"name\":\"Visita al Museo Naval\"}]},{\"@type\":\"WebSite\",\"@id\":\"https:\\\/\\\/www.entrearteycultura.es\\\/#website\",\"url\":\"https:\\\/\\\/www.entrearteycultura.es\\\/\",\"name\":\"Entre Arte y cultura\",\"description\":\"Viajes, eventos cuturales, conferencias y tertulias\",\"potentialAction\":[{\"@type\":\"SearchAction\",\"target\":{\"@type\":\"EntryPoint\",\"urlTemplate\":\"https:\\\/\\\/www.entrearteycultura.es\\\/?s={search_term_string}\"},\"query-input\":{\"@type\":\"PropertyValueSpecification\",\"valueRequired\":true,\"valueName\":\"search_term_string\"}}],\"inLanguage\":\"en-US\"}]}<\/script>\n<!-- \/ Yoast SEO plugin. -->","yoast_head_json":{"title":"Visita al Museo Naval - Entre Arte y cultura","robots":{"index":"index","follow":"follow","max-snippet":"max-snippet:-1","max-image-preview":"max-image-preview:large","max-video-preview":"max-video-preview:-1"},"canonical":"https:\/\/www.entrearteycultura.es\/?eap_event=visita-al-museo-naval","og_locale":"en_US","og_type":"article","og_title":"Visita al Museo Naval - Entre Arte y cultura","og_description":"El Museo Naval alberga una interesante colecci\u00f3n de piezas que nos lleva la historia de Espa\u00f1a relacionada con el mundo de la navegaci\u00f3n y a la historia de la Armada Espa\u00f1ola, aquella que domin\u00f3 los mares por m\u00e1s de un siglo. As\u00ed mismo nos permite acercarnos a las principales expediciones desde la Edad Media hasta [&hellip;]","og_url":"https:\/\/www.entrearteycultura.es\/?eap_event=visita-al-museo-naval","og_site_name":"Entre Arte y cultura","article_modified_time":"2024-04-22T11:59:13+00:00","og_image":[{"width":955,"height":547,"url":"https:\/\/www.entrearteycultura.es\/wp-content\/uploads\/2024\/03\/m-naval.png","type":"image\/png"}],"twitter_card":"summary_large_image","twitter_misc":{"Est. reading time":"1 minute"},"schema":{"@context":"https:\/\/schema.org","@graph":[{"@type":"WebPage","@id":"https:\/\/www.entrearteycultura.es\/?eap_event=visita-al-museo-naval","url":"https:\/\/www.entrearteycultura.es\/?eap_event=visita-al-museo-naval","name":"Visita al Museo Naval - Entre Arte y cultura","isPartOf":{"@id":"https:\/\/www.entrearteycultura.es\/#website"},"primaryImageOfPage":{"@id":"https:\/\/www.entrearteycultura.es\/?eap_event=visita-al-museo-naval#primaryimage"},"image":{"@id":"https:\/\/www.entrearteycultura.es\/?eap_event=visita-al-museo-naval#primaryimage"},"thumbnailUrl":"https:\/\/www.entrearteycultura.es\/wp-content\/uploads\/2024\/03\/m-naval.png","datePublished":"2024-03-21T10:37:14+00:00","dateModified":"2024-04-22T11:59:13+00:00","breadcrumb":{"@id":"https:\/\/www.entrearteycultura.es\/?eap_event=visita-al-museo-naval#breadcrumb"},"inLanguage":"en-US","potentialAction":[{"@type":"ReadAction","target":["https:\/\/www.entrearteycultura.es\/?eap_event=visita-al-museo-naval"]}]},{"@type":"ImageObject","inLanguage":"en-US","@id":"https:\/\/www.entrearteycultura.es\/?eap_event=visita-al-museo-naval#primaryimage","url":"https:\/\/www.entrearteycultura.es\/wp-content\/uploads\/2024\/03\/m-naval.png","contentUrl":"https:\/\/www.entrearteycultura.es\/wp-content\/uploads\/2024\/03\/m-naval.png","width":955,"height":547},{"@type":"BreadcrumbList","@id":"https:\/\/www.entrearteycultura.es\/?eap_event=visita-al-museo-naval#breadcrumb","itemListElement":[{"@type":"ListItem","position":1,"name":"Portada","item":"https:\/\/www.entrearteycultura.es\/"},{"@type":"ListItem","position":2,"name":"Events","item":"https:\/\/www.entrearteycultura.es\/?post_type=eap_event"},{"@type":"ListItem","position":3,"name":"Visita al Museo Naval"}]},{"@type":"WebSite","@id":"https:\/\/www.entrearteycultura.es\/#website","url":"https:\/\/www.entrearteycultura.es\/","name":"Entre Arte y cultura","description":"Viajes, eventos cuturales, conferencias y tertulias","potentialAction":[{"@type":"SearchAction","target":{"@type":"EntryPoint","urlTemplate":"https:\/\/www.entrearteycultura.es\/?s={search_term_string}"},"query-input":{"@type":"PropertyValueSpecification","valueRequired":true,"valueName":"search_term_string"}}],"inLanguage":"en-US"}]}},"_links":{"self":[{"href":"https:\/\/www.entrearteycultura.es\/index.php?rest_route=\/wp\/v2\/eap_event\/808","targetHints":{"allow":["GET"]}}],"collection":[{"href":"https:\/\/www.entrearteycultura.es\/index.php?rest_route=\/wp\/v2\/eap_event"}],"about":[{"href":"https:\/\/www.entrearteycultura.es\/index.php?rest_route=\/wp\/v2\/types\/eap_event"}],"author":[{"embeddable":true,"href":"https:\/\/www.entrearteycultura.es\/index.php?rest_route=\/wp\/v2\/users\/1"}],"replies":[{"embeddable":true,"href":"https:\/\/www.entrearteycultura.es\/index.php?rest_route=%2Fwp%2Fv2%2Fcomments&post=808"}],"version-history":[{"count":1,"href":"https:\/\/www.entrearteycultura.es\/index.php?rest_route=\/wp\/v2\/eap_event\/808\/revisions"}],"predecessor-version":[{"id":810,"href":"https:\/\/www.entrearteycultura.es\/index.php?rest_route=\/wp\/v2\/eap_event\/808\/revisions\/810"}],"wp:featuredmedia":[{"embeddable":true,"href":"https:\/\/www.entrearteycultura.es\/index.php?rest_route=\/wp\/v2\/media\/809"}],"wp:attachment":[{"href":"https:\/\/www.entrearteycultura.es\/index.php?rest_route=%2Fwp%2Fv2%2Fmedia&parent=808"}],"wp:term":[{"taxonomy":"category","embeddable":true,"href":"https:\/\/www.entrearteycultura.es\/index.php?rest_route=%2Fwp%2Fv2%2Fcategories&post=808"}],"curies":[{"name":"wp","href":"https:\/\/api.w.org\/{rel}","templated":true}]}}

<p>El Museo Naval alberga una interesante colección de piezas que nos lleva la historia de España relacionada con el mundo de la navegación y a la historia de la Armada Española, aquella que dominó los mares por más de un siglo. Así mismo nos permite acercarnos a las principales expediciones desde la Edad Media hasta la actualidad. En sus salas se conservan importantes obras como el <strong>mapa de Juan de la Cosa del año 1500</strong>, primero que representa el continente americano; el amplio conjunto de piezas rescatadas del galeón San Diego, que naufragó en aguas de Filipinas en el año 1600; retratos realizados por <strong>Vicente López, Joaquín Sorolla y Fernando Álvarez de Sotomayor, </strong>así como diversos tipos de embarcaciones, instrumentos científicos, mapas y globos terráqueos usados entonces.</p>

<p>El Museo Naval alberga una interesante colección de piezas que nos lleva la historia de España relacionada con el mundo de la navegación y a la historia de la Armada Española, aquella que dominó los mares por más de un siglo. Así mismo nos permite acercarnos a las principales expediciones desde la Edad Media hasta [&hellip;]</p>

<!-- This site is optimized with the Yoast SEO plugin v27.5 - https://yoast.com/product/yoast-seo-wordpress/ -->
<title>Visita al Museo Naval - Entre Arte y cultura</title>
<meta name="robots" content="index, follow, max-snippet:-1, max-image-preview:large, max-video-preview:-1" />
<link rel="canonical" href="https://www.entrearteycultura.es/?eap_event=visita-al-museo-naval" />
<meta property="og:locale" content="en_US" />
<meta property="og:type" content="article" />
<meta property="og:title" content="Visita al Museo Naval - Entre Arte y cultura" />
<meta property="og:description" content="El Museo Naval alberga una interesante colección de piezas que nos lleva la historia de España relacionada con el mundo de la navegación y a la historia de la Armada Española, aquella que dominó los mares por más de un siglo. Así mismo nos permite acercarnos a las principales expediciones desde la Edad Media hasta [&hellip;]" />
<meta property="og:url" content="https://www.entrearteycultura.es/?eap_event=visita-al-museo-naval" />
<meta property="og:site_name" content="Entre Arte y cultura" />
<meta property="article:modified_time" content="2024-04-22T11:59:13+00:00" />
<meta property="og:image" content="https://www.entrearteycultura.es/wp-content/uploads/2024/03/m-naval.png" />
	<meta property="og:image:width" content="955" />
	<meta property="og:image:height" content="547" />
	<meta property="og:image:type" content="image/png" />
<meta name="twitter:card" content="summary_large_image" />
<meta name="twitter:label1" content="Est. reading time" />
	<meta name="twitter:data1" content="1 minute" />
<script type="application/ld+json" class="yoast-schema-graph">{"@context":"https:\/\/schema.org","@graph":[{"@type":"WebPage","@id":"https:\/\/www.entrearteycultura.es\/?eap_event=visita-al-museo-naval","url":"https:\/\/www.entrearteycultura.es\/?eap_event=visita-al-museo-naval","name":"Visita al Museo Naval - Entre Arte y cultura","isPartOf":{"@id":"https:\/\/www.entrearteycultura.es\/#website"},"primaryImageOfPage":{"@id":"https:\/\/www.entrearteycultura.es\/?eap_event=visita-al-museo-naval#primaryimage"},"image":{"@id":"https:\/\/www.entrearteycultura.es\/?eap_event=visita-al-museo-naval#primaryimage"},"thumbnailUrl":"https:\/\/www.entrearteycultura.es\/wp-content\/uploads\/2024\/03\/m-naval.png","datePublished":"2024-03-21T10:37:14+00:00","dateModified":"2024-04-22T11:59:13+00:00","breadcrumb":{"@id":"https:\/\/www.entrearteycultura.es\/?eap_event=visita-al-museo-naval#breadcrumb"},"inLanguage":"en-US","potentialAction":[{"@type":"ReadAction","target":["https:\/\/www.entrearteycultura.es\/?eap_event=visita-al-museo-naval"]}]},{"@type":"ImageObject","inLanguage":"en-US","@id":"https:\/\/www.entrearteycultura.es\/?eap_event=visita-al-museo-naval#primaryimage","url":"https:\/\/www.entrearteycultura.es\/wp-content\/uploads\/2024\/03\/m-naval.png","contentUrl":"https:\/\/www.entrearteycultura.es\/wp-content\/uploads\/2024\/03\/m-naval.png","width":955,"height":547},{"@type":"BreadcrumbList","@id":"https:\/\/www.entrearteycultura.es\/?eap_event=visita-al-museo-naval#breadcrumb","itemListElement":[{"@type":"ListItem","position":1,"name":"Portada","item":"https:\/\/www.entrearteycultura.es\/"},{"@type":"ListItem","position":2,"name":"Events","item":"https:\/\/www.entrearteycultura.es\/?post_type=eap_event"},{"@type":"ListItem","position":3,"name":"Visita al Museo Naval"}]},{"@type":"WebSite","@id":"https:\/\/www.entrearteycultura.es\/#website","url":"https:\/\/www.entrearteycultura.es\/","name":"Entre Arte y cultura","description":"Viajes, eventos cuturales, conferencias y tertulias","potentialAction":[{"@type":"SearchAction","target":{"@type":"EntryPoint","urlTemplate":"https:\/\/www.entrearteycultura.es\/?s={search_term_string}"},"query-input":{"@type":"PropertyValueSpecification","valueRequired":true,"valueName":"search_term_string"}}],"inLanguage":"en-US"}]}</script>
<!-- / Yoast SEO plugin. -->

El Museo Naval alberga una interesante colección de piezas que nos lleva la historia de España relacionada con el mundo de la navegación y a la historia de la Armada Española, aquella que dominó los mares por más de un siglo. Así mismo nos permite acercarnos a las principales expediciones desde la Edad Media hasta [&hellip;]
