{"id":805,"date":"2024-03-21T10:33:44","date_gmt":"2024-03-21T10:33:44","guid":{"rendered":"https:\/\/www.entrearteycultura.es\/?post_type=eap_event&#038;p=805"},"modified":"2024-04-22T12:00:18","modified_gmt":"2024-04-22T12:00:18","slug":"coleccion-bbva-visita-al-almacen-y-los-talleres-de-restauracion","status":"publish","type":"eap_event","link":"https:\/\/www.entrearteycultura.es\/?eap_event=coleccion-bbva-visita-al-almacen-y-los-talleres-de-restauracion","title":{"rendered":"Colecci\u00f3n BBVA: visita al almac\u00e9n y los talleres de restauraci\u00f3n"},"content":{"rendered":"\n<p>La importante colecci\u00f3n BBVA se ha convertido en uno de los conjuntos art\u00edsticos privados m\u00e1s importantes de Espa\u00f1a con m\u00e1s de 9.000 obras relevantes de disciplinas como la pintura, el dibujo, la obra gr\u00e1fica, la escultura y las artes decorativas.<br>Visitaremos los\u00a0<strong>almacenes donde se conservan las obras<\/strong>\u00a0que no est\u00e1n expuestas en algunas de las sedes del banco, as\u00ed como los\u00a0<strong>talleres de pintura, escultura y marcos, obras sobre papel y artes decorativas<\/strong>, donde se restauran las obras del banco.<\/p>\n","protected":false},"excerpt":{"rendered":"<p>La importante colecci\u00f3n BBVA se ha convertido en uno de los conjuntos art\u00edsticos privados m\u00e1s importantes de Espa\u00f1a con m\u00e1s de 9.000 obras relevantes de disciplinas como la pintura, el dibujo, la obra gr\u00e1fica, la escultura y las artes decorativas.Visitaremos los\u00a0almacenes donde se conservan las obras\u00a0que no est\u00e1n expuestas en algunas de las sedes del [&hellip;]<\/p>\n","protected":false},"author":1,"featured_media":806,"comment_status":"open","ping_status":"closed","template":"","categories":[45],"class_list":["post-805","eap_event","type-eap_event","status-publish","has-post-thumbnail","hentry","category-eventos-pasados"],"yoast_head":"<!-- This site is optimized with the Yoast SEO plugin v27.5 - https:\/\/yoast.com\/product\/yoast-seo-wordpress\/ -->\n<title>Colecci\u00f3n BBVA: visita al almac\u00e9n y los talleres de restauraci\u00f3n - Entre Arte y cultura<\/title>\n<meta name=\"robots\" content=\"index, follow, max-snippet:-1, max-image-preview:large, max-video-preview:-1\" \/>\n<link rel=\"canonical\" href=\"https:\/\/www.entrearteycultura.es\/?eap_event=coleccion-bbva-visita-al-almacen-y-los-talleres-de-restauracion\" \/>\n<meta property=\"og:locale\" content=\"en_US\" \/>\n<meta property=\"og:type\" content=\"article\" \/>\n<meta property=\"og:title\" content=\"Colecci\u00f3n BBVA: visita al almac\u00e9n y los talleres de restauraci\u00f3n - Entre Arte y cultura\" \/>\n<meta property=\"og:description\" content=\"La importante colecci\u00f3n BBVA se ha convertido en uno de los conjuntos art\u00edsticos privados m\u00e1s importantes de Espa\u00f1a con m\u00e1s de 9.000 obras relevantes de disciplinas como la pintura, el dibujo, la obra gr\u00e1fica, la escultura y las artes decorativas.Visitaremos los\u00a0almacenes donde se conservan las obras\u00a0que no est\u00e1n expuestas en algunas de las sedes del [&hellip;]\" \/>\n<meta property=\"og:url\" content=\"https:\/\/www.entrearteycultura.es\/?eap_event=coleccion-bbva-visita-al-almacen-y-los-talleres-de-restauracion\" \/>\n<meta property=\"og:site_name\" content=\"Entre Arte y cultura\" \/>\n<meta property=\"article:modified_time\" content=\"2024-04-22T12:00:18+00:00\" \/>\n<meta property=\"og:image\" content=\"https:\/\/www.entrearteycultura.es\/wp-content\/uploads\/2024\/03\/almacen-col-BBVA.png\" \/>\n\t<meta property=\"og:image:width\" content=\"973\" \/>\n\t<meta property=\"og:image:height\" content=\"399\" \/>\n\t<meta property=\"og:image:type\" content=\"image\/png\" \/>\n<meta name=\"twitter:card\" content=\"summary_large_image\" \/>\n<script type=\"application\/ld+json\" class=\"yoast-schema-graph\">{\"@context\":\"https:\\\/\\\/schema.org\",\"@graph\":[{\"@type\":\"WebPage\",\"@id\":\"https:\\\/\\\/www.entrearteycultura.es\\\/?eap_event=coleccion-bbva-visita-al-almacen-y-los-talleres-de-restauracion\",\"url\":\"https:\\\/\\\/www.entrearteycultura.es\\\/?eap_event=coleccion-bbva-visita-al-almacen-y-los-talleres-de-restauracion\",\"name\":\"Colecci\u00f3n BBVA: visita al almac\u00e9n y los talleres de restauraci\u00f3n - Entre Arte y cultura\",\"isPartOf\":{\"@id\":\"https:\\\/\\\/www.entrearteycultura.es\\\/#website\"},\"primaryImageOfPage\":{\"@id\":\"https:\\\/\\\/www.entrearteycultura.es\\\/?eap_event=coleccion-bbva-visita-al-almacen-y-los-talleres-de-restauracion#primaryimage\"},\"image\":{\"@id\":\"https:\\\/\\\/www.entrearteycultura.es\\\/?eap_event=coleccion-bbva-visita-al-almacen-y-los-talleres-de-restauracion#primaryimage\"},\"thumbnailUrl\":\"https:\\\/\\\/www.entrearteycultura.es\\\/wp-content\\\/uploads\\\/2024\\\/03\\\/almacen-col-BBVA.png\",\"datePublished\":\"2024-03-21T10:33:44+00:00\",\"dateModified\":\"2024-04-22T12:00:18+00:00\",\"breadcrumb\":{\"@id\":\"https:\\\/\\\/www.entrearteycultura.es\\\/?eap_event=coleccion-bbva-visita-al-almacen-y-los-talleres-de-restauracion#breadcrumb\"},\"inLanguage\":\"en-US\",\"potentialAction\":[{\"@type\":\"ReadAction\",\"target\":[\"https:\\\/\\\/www.entrearteycultura.es\\\/?eap_event=coleccion-bbva-visita-al-almacen-y-los-talleres-de-restauracion\"]}]},{\"@type\":\"ImageObject\",\"inLanguage\":\"en-US\",\"@id\":\"https:\\\/\\\/www.entrearteycultura.es\\\/?eap_event=coleccion-bbva-visita-al-almacen-y-los-talleres-de-restauracion#primaryimage\",\"url\":\"https:\\\/\\\/www.entrearteycultura.es\\\/wp-content\\\/uploads\\\/2024\\\/03\\\/almacen-col-BBVA.png\",\"contentUrl\":\"https:\\\/\\\/www.entrearteycultura.es\\\/wp-content\\\/uploads\\\/2024\\\/03\\\/almacen-col-BBVA.png\",\"width\":973,\"height\":399},{\"@type\":\"BreadcrumbList\",\"@id\":\"https:\\\/\\\/www.entrearteycultura.es\\\/?eap_event=coleccion-bbva-visita-al-almacen-y-los-talleres-de-restauracion#breadcrumb\",\"itemListElement\":[{\"@type\":\"ListItem\",\"position\":1,\"name\":\"Portada\",\"item\":\"https:\\\/\\\/www.entrearteycultura.es\\\/\"},{\"@type\":\"ListItem\",\"position\":2,\"name\":\"Events\",\"item\":\"https:\\\/\\\/www.entrearteycultura.es\\\/?post_type=eap_event\"},{\"@type\":\"ListItem\",\"position\":3,\"name\":\"Colecci\u00f3n BBVA: visita al almac\u00e9n y los talleres de restauraci\u00f3n\"}]},{\"@type\":\"WebSite\",\"@id\":\"https:\\\/\\\/www.entrearteycultura.es\\\/#website\",\"url\":\"https:\\\/\\\/www.entrearteycultura.es\\\/\",\"name\":\"Entre Arte y cultura\",\"description\":\"Viajes, eventos cuturales, conferencias y tertulias\",\"potentialAction\":[{\"@type\":\"SearchAction\",\"target\":{\"@type\":\"EntryPoint\",\"urlTemplate\":\"https:\\\/\\\/www.entrearteycultura.es\\\/?s={search_term_string}\"},\"query-input\":{\"@type\":\"PropertyValueSpecification\",\"valueRequired\":true,\"valueName\":\"search_term_string\"}}],\"inLanguage\":\"en-US\"}]}<\/script>\n<!-- \/ Yoast SEO plugin. -->","yoast_head_json":{"title":"Colecci\u00f3n BBVA: visita al almac\u00e9n y los talleres de restauraci\u00f3n - Entre Arte y cultura","robots":{"index":"index","follow":"follow","max-snippet":"max-snippet:-1","max-image-preview":"max-image-preview:large","max-video-preview":"max-video-preview:-1"},"canonical":"https:\/\/www.entrearteycultura.es\/?eap_event=coleccion-bbva-visita-al-almacen-y-los-talleres-de-restauracion","og_locale":"en_US","og_type":"article","og_title":"Colecci\u00f3n BBVA: visita al almac\u00e9n y los talleres de restauraci\u00f3n - Entre Arte y cultura","og_description":"La importante colecci\u00f3n BBVA se ha convertido en uno de los conjuntos art\u00edsticos privados m\u00e1s importantes de Espa\u00f1a con m\u00e1s de 9.000 obras relevantes de disciplinas como la pintura, el dibujo, la obra gr\u00e1fica, la escultura y las artes decorativas.Visitaremos los\u00a0almacenes donde se conservan las obras\u00a0que no est\u00e1n expuestas en algunas de las sedes del [&hellip;]","og_url":"https:\/\/www.entrearteycultura.es\/?eap_event=coleccion-bbva-visita-al-almacen-y-los-talleres-de-restauracion","og_site_name":"Entre Arte y cultura","article_modified_time":"2024-04-22T12:00:18+00:00","og_image":[{"width":973,"height":399,"url":"https:\/\/www.entrearteycultura.es\/wp-content\/uploads\/2024\/03\/almacen-col-BBVA.png","type":"image\/png"}],"twitter_card":"summary_large_image","schema":{"@context":"https:\/\/schema.org","@graph":[{"@type":"WebPage","@id":"https:\/\/www.entrearteycultura.es\/?eap_event=coleccion-bbva-visita-al-almacen-y-los-talleres-de-restauracion","url":"https:\/\/www.entrearteycultura.es\/?eap_event=coleccion-bbva-visita-al-almacen-y-los-talleres-de-restauracion","name":"Colecci\u00f3n BBVA: visita al almac\u00e9n y los talleres de restauraci\u00f3n - Entre Arte y cultura","isPartOf":{"@id":"https:\/\/www.entrearteycultura.es\/#website"},"primaryImageOfPage":{"@id":"https:\/\/www.entrearteycultura.es\/?eap_event=coleccion-bbva-visita-al-almacen-y-los-talleres-de-restauracion#primaryimage"},"image":{"@id":"https:\/\/www.entrearteycultura.es\/?eap_event=coleccion-bbva-visita-al-almacen-y-los-talleres-de-restauracion#primaryimage"},"thumbnailUrl":"https:\/\/www.entrearteycultura.es\/wp-content\/uploads\/2024\/03\/almacen-col-BBVA.png","datePublished":"2024-03-21T10:33:44+00:00","dateModified":"2024-04-22T12:00:18+00:00","breadcrumb":{"@id":"https:\/\/www.entrearteycultura.es\/?eap_event=coleccion-bbva-visita-al-almacen-y-los-talleres-de-restauracion#breadcrumb"},"inLanguage":"en-US","potentialAction":[{"@type":"ReadAction","target":["https:\/\/www.entrearteycultura.es\/?eap_event=coleccion-bbva-visita-al-almacen-y-los-talleres-de-restauracion"]}]},{"@type":"ImageObject","inLanguage":"en-US","@id":"https:\/\/www.entrearteycultura.es\/?eap_event=coleccion-bbva-visita-al-almacen-y-los-talleres-de-restauracion#primaryimage","url":"https:\/\/www.entrearteycultura.es\/wp-content\/uploads\/2024\/03\/almacen-col-BBVA.png","contentUrl":"https:\/\/www.entrearteycultura.es\/wp-content\/uploads\/2024\/03\/almacen-col-BBVA.png","width":973,"height":399},{"@type":"BreadcrumbList","@id":"https:\/\/www.entrearteycultura.es\/?eap_event=coleccion-bbva-visita-al-almacen-y-los-talleres-de-restauracion#breadcrumb","itemListElement":[{"@type":"ListItem","position":1,"name":"Portada","item":"https:\/\/www.entrearteycultura.es\/"},{"@type":"ListItem","position":2,"name":"Events","item":"https:\/\/www.entrearteycultura.es\/?post_type=eap_event"},{"@type":"ListItem","position":3,"name":"Colecci\u00f3n BBVA: visita al almac\u00e9n y los talleres de restauraci\u00f3n"}]},{"@type":"WebSite","@id":"https:\/\/www.entrearteycultura.es\/#website","url":"https:\/\/www.entrearteycultura.es\/","name":"Entre Arte y cultura","description":"Viajes, eventos cuturales, conferencias y tertulias","potentialAction":[{"@type":"SearchAction","target":{"@type":"EntryPoint","urlTemplate":"https:\/\/www.entrearteycultura.es\/?s={search_term_string}"},"query-input":{"@type":"PropertyValueSpecification","valueRequired":true,"valueName":"search_term_string"}}],"inLanguage":"en-US"}]}},"_links":{"self":[{"href":"https:\/\/www.entrearteycultura.es\/index.php?rest_route=\/wp\/v2\/eap_event\/805","targetHints":{"allow":["GET"]}}],"collection":[{"href":"https:\/\/www.entrearteycultura.es\/index.php?rest_route=\/wp\/v2\/eap_event"}],"about":[{"href":"https:\/\/www.entrearteycultura.es\/index.php?rest_route=\/wp\/v2\/types\/eap_event"}],"author":[{"embeddable":true,"href":"https:\/\/www.entrearteycultura.es\/index.php?rest_route=\/wp\/v2\/users\/1"}],"replies":[{"embeddable":true,"href":"https:\/\/www.entrearteycultura.es\/index.php?rest_route=%2Fwp%2Fv2%2Fcomments&post=805"}],"version-history":[{"count":1,"href":"https:\/\/www.entrearteycultura.es\/index.php?rest_route=\/wp\/v2\/eap_event\/805\/revisions"}],"predecessor-version":[{"id":807,"href":"https:\/\/www.entrearteycultura.es\/index.php?rest_route=\/wp\/v2\/eap_event\/805\/revisions\/807"}],"wp:featuredmedia":[{"embeddable":true,"href":"https:\/\/www.entrearteycultura.es\/index.php?rest_route=\/wp\/v2\/media\/806"}],"wp:attachment":[{"href":"https:\/\/www.entrearteycultura.es\/index.php?rest_route=%2Fwp%2Fv2%2Fmedia&parent=805"}],"wp:term":[{"taxonomy":"category","embeddable":true,"href":"https:\/\/www.entrearteycultura.es\/index.php?rest_route=%2Fwp%2Fv2%2Fcategories&post=805"}],"curies":[{"name":"wp","href":"https:\/\/api.w.org\/{rel}","templated":true}]}}

Colección BBVA: visita al almacén y los talleres de restauración

<p>La importante colección BBVA se ha convertido en uno de los conjuntos artísticos privados más importantes de España con más de 9.000 obras relevantes de disciplinas como la pintura, el dibujo, la obra gráfica, la escultura y las artes decorativas.<br>Visitaremos los <strong>almacenes donde se conservan las obras</strong> que no están expuestas en algunas de las sedes del banco, así como los <strong>talleres de pintura, escultura y marcos, obras sobre papel y artes decorativas</strong>, donde se restauran las obras del banco.</p>

<p>La importante colección BBVA se ha convertido en uno de los conjuntos artísticos privados más importantes de España con más de 9.000 obras relevantes de disciplinas como la pintura, el dibujo, la obra gráfica, la escultura y las artes decorativas.Visitaremos los almacenes donde se conservan las obras que no están expuestas en algunas de las sedes del [&hellip;]</p>

<!-- This site is optimized with the Yoast SEO plugin v27.5 - https://yoast.com/product/yoast-seo-wordpress/ -->
<title>Colección BBVA: visita al almacén y los talleres de restauración - Entre Arte y cultura</title>
<meta name="robots" content="index, follow, max-snippet:-1, max-image-preview:large, max-video-preview:-1" />
<link rel="canonical" href="https://www.entrearteycultura.es/?eap_event=coleccion-bbva-visita-al-almacen-y-los-talleres-de-restauracion" />
<meta property="og:locale" content="en_US" />
<meta property="og:type" content="article" />
<meta property="og:title" content="Colección BBVA: visita al almacén y los talleres de restauración - Entre Arte y cultura" />
<meta property="og:description" content="La importante colección BBVA se ha convertido en uno de los conjuntos artísticos privados más importantes de España con más de 9.000 obras relevantes de disciplinas como la pintura, el dibujo, la obra gráfica, la escultura y las artes decorativas.Visitaremos los almacenes donde se conservan las obras que no están expuestas en algunas de las sedes del [&hellip;]" />
<meta property="og:url" content="https://www.entrearteycultura.es/?eap_event=coleccion-bbva-visita-al-almacen-y-los-talleres-de-restauracion" />
<meta property="og:site_name" content="Entre Arte y cultura" />
<meta property="article:modified_time" content="2024-04-22T12:00:18+00:00" />
<meta property="og:image" content="https://www.entrearteycultura.es/wp-content/uploads/2024/03/almacen-col-BBVA.png" />
	<meta property="og:image:width" content="973" />
	<meta property="og:image:height" content="399" />
	<meta property="og:image:type" content="image/png" />
<meta name="twitter:card" content="summary_large_image" />
<script type="application/ld+json" class="yoast-schema-graph">{"@context":"https:\/\/schema.org","@graph":[{"@type":"WebPage","@id":"https:\/\/www.entrearteycultura.es\/?eap_event=coleccion-bbva-visita-al-almacen-y-los-talleres-de-restauracion","url":"https:\/\/www.entrearteycultura.es\/?eap_event=coleccion-bbva-visita-al-almacen-y-los-talleres-de-restauracion","name":"Colección BBVA: visita al almacén y los talleres de restauración - Entre Arte y cultura","isPartOf":{"@id":"https:\/\/www.entrearteycultura.es\/#website"},"primaryImageOfPage":{"@id":"https:\/\/www.entrearteycultura.es\/?eap_event=coleccion-bbva-visita-al-almacen-y-los-talleres-de-restauracion#primaryimage"},"image":{"@id":"https:\/\/www.entrearteycultura.es\/?eap_event=coleccion-bbva-visita-al-almacen-y-los-talleres-de-restauracion#primaryimage"},"thumbnailUrl":"https:\/\/www.entrearteycultura.es\/wp-content\/uploads\/2024\/03\/almacen-col-BBVA.png","datePublished":"2024-03-21T10:33:44+00:00","dateModified":"2024-04-22T12:00:18+00:00","breadcrumb":{"@id":"https:\/\/www.entrearteycultura.es\/?eap_event=coleccion-bbva-visita-al-almacen-y-los-talleres-de-restauracion#breadcrumb"},"inLanguage":"en-US","potentialAction":[{"@type":"ReadAction","target":["https:\/\/www.entrearteycultura.es\/?eap_event=coleccion-bbva-visita-al-almacen-y-los-talleres-de-restauracion"]}]},{"@type":"ImageObject","inLanguage":"en-US","@id":"https:\/\/www.entrearteycultura.es\/?eap_event=coleccion-bbva-visita-al-almacen-y-los-talleres-de-restauracion#primaryimage","url":"https:\/\/www.entrearteycultura.es\/wp-content\/uploads\/2024\/03\/almacen-col-BBVA.png","contentUrl":"https:\/\/www.entrearteycultura.es\/wp-content\/uploads\/2024\/03\/almacen-col-BBVA.png","width":973,"height":399},{"@type":"BreadcrumbList","@id":"https:\/\/www.entrearteycultura.es\/?eap_event=coleccion-bbva-visita-al-almacen-y-los-talleres-de-restauracion#breadcrumb","itemListElement":[{"@type":"ListItem","position":1,"name":"Portada","item":"https:\/\/www.entrearteycultura.es\/"},{"@type":"ListItem","position":2,"name":"Events","item":"https:\/\/www.entrearteycultura.es\/?post_type=eap_event"},{"@type":"ListItem","position":3,"name":"Colección BBVA: visita al almacén y los talleres de restauración"}]},{"@type":"WebSite","@id":"https:\/\/www.entrearteycultura.es\/#website","url":"https:\/\/www.entrearteycultura.es\/","name":"Entre Arte y cultura","description":"Viajes, eventos cuturales, conferencias y tertulias","potentialAction":[{"@type":"SearchAction","target":{"@type":"EntryPoint","urlTemplate":"https:\/\/www.entrearteycultura.es\/?s={search_term_string}"},"query-input":{"@type":"PropertyValueSpecification","valueRequired":true,"valueName":"search_term_string"}}],"inLanguage":"en-US"}]}</script>
<!-- / Yoast SEO plugin. -->

Colección BBVA: visita al almacén y los talleres de restauración - Entre Arte y cultura

La importante colección BBVA se ha convertido en uno de los conjuntos artísticos privados más importantes de España con más de 9.000 obras relevantes de disciplinas como la pintura, el dibujo, la obra gráfica, la escultura y las artes decorativas.Visitaremos los almacenes donde se conservan las obras que no están expuestas en algunas de las sedes del [&hellip;]
