{"id":797,"date":"2024-02-19T12:58:33","date_gmt":"2024-02-19T12:58:33","guid":{"rendered":"https:\/\/www.entrearteycultura.es\/?post_type=eap_event&#038;p=797"},"modified":"2024-03-21T10:22:13","modified_gmt":"2024-03-21T10:22:13","slug":"visita-a-arco","status":"publish","type":"eap_event","link":"https:\/\/www.entrearteycultura.es\/?eap_event=visita-a-arco","title":{"rendered":"Visita a ARCO"},"content":{"rendered":"\n<p>ARCO es el escaparate del arte contempor\u00e1neo m\u00e1s internacional. Este a\u00f1o celebra su 43\u00aa edici\u00f3n con el programa con el mar Caribe como proyecto central. El programa comisariado por Carla Acevedo-Yates y Sara Hermann Morera, \u2018La orilla, la marea, la corriente: un Caribe oce\u00e1nico\u2019, girar\u00e1 en torno a las escenas art\u00edsticas de los territorios conectados por este mar. <\/p>\n\n\n\n<p>207 galer\u00edas de 36 pa\u00edses convertir\u00e1n a Madrid en capital internacional del arte contempor\u00e1neo, de las cuales, 172 galer\u00edas integran el Programa General con destacadas galer\u00edas internacionales, junto con las secciones comisariadas: <em>La orilla, la marea, la corriente: un Caribe oce\u00e1nico<\/em>, con 19 galer\u00edas; <em>Opening<\/em>, comisariada por Cristina Anglada y Yina Jim\u00e9nez Suriel con 16, y <em>Nunca lo mismo. Arte latinoamericano<\/em>, comisariada por Jos\u00e9 Esparza Chong Cuy y Manuela Moscoso, continuar\u00e1 reforzando el v\u00ednculo hist\u00f3rico entre ARCOmadrid y el arte Latinoamericano con 12 galer\u00edas.<\/p>\n\n\n\n<p><strong>Punto de encuentro: 17:15h. Puerta Norte (mostradores ARCO).<br>Precio: bono + entrada 15\u20ac (quien no disponga de entrada)<\/strong><\/p>\n","protected":false},"excerpt":{"rendered":"<p>ARCO es el escaparate del arte contempor\u00e1neo m\u00e1s internacional. Este a\u00f1o celebra su 43\u00aa edici\u00f3n con el programa con el mar Caribe como proyecto central. El programa comisariado por Carla Acevedo-Yates y Sara Hermann Morera, \u2018La orilla, la marea, la corriente: un Caribe oce\u00e1nico\u2019, girar\u00e1 en torno a las escenas art\u00edsticas de los territorios conectados [&hellip;]<\/p>\n","protected":false},"author":1,"featured_media":798,"comment_status":"open","ping_status":"closed","template":"","categories":[45],"class_list":["post-797","eap_event","type-eap_event","status-publish","has-post-thumbnail","hentry","category-eventos-pasados"],"yoast_head":"<!-- This site is optimized with the Yoast SEO plugin v27.5 - https:\/\/yoast.com\/product\/yoast-seo-wordpress\/ -->\n<title>Visita a ARCO - Entre Arte y cultura<\/title>\n<meta name=\"robots\" content=\"index, follow, max-snippet:-1, max-image-preview:large, max-video-preview:-1\" \/>\n<link rel=\"canonical\" href=\"https:\/\/www.entrearteycultura.es\/?eap_event=visita-a-arco\" \/>\n<meta property=\"og:locale\" content=\"en_US\" \/>\n<meta property=\"og:type\" content=\"article\" \/>\n<meta property=\"og:title\" content=\"Visita a ARCO - Entre Arte y cultura\" \/>\n<meta property=\"og:description\" content=\"ARCO es el escaparate del arte contempor\u00e1neo m\u00e1s internacional. Este a\u00f1o celebra su 43\u00aa edici\u00f3n con el programa con el mar Caribe como proyecto central. El programa comisariado por Carla Acevedo-Yates y Sara Hermann Morera, \u2018La orilla, la marea, la corriente: un Caribe oce\u00e1nico\u2019, girar\u00e1 en torno a las escenas art\u00edsticas de los territorios conectados [&hellip;]\" \/>\n<meta property=\"og:url\" content=\"https:\/\/www.entrearteycultura.es\/?eap_event=visita-a-arco\" \/>\n<meta property=\"og:site_name\" content=\"Entre Arte y cultura\" \/>\n<meta property=\"article:modified_time\" content=\"2024-03-21T10:22:13+00:00\" \/>\n<meta property=\"og:image\" content=\"https:\/\/www.entrearteycultura.es\/wp-content\/uploads\/2024\/02\/Imagen3.jpg\" \/>\n\t<meta property=\"og:image:width\" content=\"567\" \/>\n\t<meta property=\"og:image:height\" content=\"288\" \/>\n\t<meta property=\"og:image:type\" content=\"image\/jpeg\" \/>\n<meta name=\"twitter:card\" content=\"summary_large_image\" \/>\n<meta name=\"twitter:label1\" content=\"Est. reading time\" \/>\n\t<meta name=\"twitter:data1\" content=\"1 minute\" \/>\n<script type=\"application\/ld+json\" class=\"yoast-schema-graph\">{\"@context\":\"https:\\\/\\\/schema.org\",\"@graph\":[{\"@type\":\"WebPage\",\"@id\":\"https:\\\/\\\/www.entrearteycultura.es\\\/?eap_event=visita-a-arco\",\"url\":\"https:\\\/\\\/www.entrearteycultura.es\\\/?eap_event=visita-a-arco\",\"name\":\"Visita a ARCO - Entre Arte y cultura\",\"isPartOf\":{\"@id\":\"https:\\\/\\\/www.entrearteycultura.es\\\/#website\"},\"primaryImageOfPage\":{\"@id\":\"https:\\\/\\\/www.entrearteycultura.es\\\/?eap_event=visita-a-arco#primaryimage\"},\"image\":{\"@id\":\"https:\\\/\\\/www.entrearteycultura.es\\\/?eap_event=visita-a-arco#primaryimage\"},\"thumbnailUrl\":\"https:\\\/\\\/www.entrearteycultura.es\\\/wp-content\\\/uploads\\\/2024\\\/02\\\/Imagen3.jpg\",\"datePublished\":\"2024-02-19T12:58:33+00:00\",\"dateModified\":\"2024-03-21T10:22:13+00:00\",\"breadcrumb\":{\"@id\":\"https:\\\/\\\/www.entrearteycultura.es\\\/?eap_event=visita-a-arco#breadcrumb\"},\"inLanguage\":\"en-US\",\"potentialAction\":[{\"@type\":\"ReadAction\",\"target\":[\"https:\\\/\\\/www.entrearteycultura.es\\\/?eap_event=visita-a-arco\"]}]},{\"@type\":\"ImageObject\",\"inLanguage\":\"en-US\",\"@id\":\"https:\\\/\\\/www.entrearteycultura.es\\\/?eap_event=visita-a-arco#primaryimage\",\"url\":\"https:\\\/\\\/www.entrearteycultura.es\\\/wp-content\\\/uploads\\\/2024\\\/02\\\/Imagen3.jpg\",\"contentUrl\":\"https:\\\/\\\/www.entrearteycultura.es\\\/wp-content\\\/uploads\\\/2024\\\/02\\\/Imagen3.jpg\",\"width\":567,\"height\":288},{\"@type\":\"BreadcrumbList\",\"@id\":\"https:\\\/\\\/www.entrearteycultura.es\\\/?eap_event=visita-a-arco#breadcrumb\",\"itemListElement\":[{\"@type\":\"ListItem\",\"position\":1,\"name\":\"Portada\",\"item\":\"https:\\\/\\\/www.entrearteycultura.es\\\/\"},{\"@type\":\"ListItem\",\"position\":2,\"name\":\"Events\",\"item\":\"https:\\\/\\\/www.entrearteycultura.es\\\/?post_type=eap_event\"},{\"@type\":\"ListItem\",\"position\":3,\"name\":\"Visita a ARCO\"}]},{\"@type\":\"WebSite\",\"@id\":\"https:\\\/\\\/www.entrearteycultura.es\\\/#website\",\"url\":\"https:\\\/\\\/www.entrearteycultura.es\\\/\",\"name\":\"Entre Arte y cultura\",\"description\":\"Viajes, eventos cuturales, conferencias y tertulias\",\"potentialAction\":[{\"@type\":\"SearchAction\",\"target\":{\"@type\":\"EntryPoint\",\"urlTemplate\":\"https:\\\/\\\/www.entrearteycultura.es\\\/?s={search_term_string}\"},\"query-input\":{\"@type\":\"PropertyValueSpecification\",\"valueRequired\":true,\"valueName\":\"search_term_string\"}}],\"inLanguage\":\"en-US\"}]}<\/script>\n<!-- \/ Yoast SEO plugin. -->","yoast_head_json":{"title":"Visita a ARCO - Entre Arte y cultura","robots":{"index":"index","follow":"follow","max-snippet":"max-snippet:-1","max-image-preview":"max-image-preview:large","max-video-preview":"max-video-preview:-1"},"canonical":"https:\/\/www.entrearteycultura.es\/?eap_event=visita-a-arco","og_locale":"en_US","og_type":"article","og_title":"Visita a ARCO - Entre Arte y cultura","og_description":"ARCO es el escaparate del arte contempor\u00e1neo m\u00e1s internacional. Este a\u00f1o celebra su 43\u00aa edici\u00f3n con el programa con el mar Caribe como proyecto central. El programa comisariado por Carla Acevedo-Yates y Sara Hermann Morera, \u2018La orilla, la marea, la corriente: un Caribe oce\u00e1nico\u2019, girar\u00e1 en torno a las escenas art\u00edsticas de los territorios conectados [&hellip;]","og_url":"https:\/\/www.entrearteycultura.es\/?eap_event=visita-a-arco","og_site_name":"Entre Arte y cultura","article_modified_time":"2024-03-21T10:22:13+00:00","og_image":[{"width":567,"height":288,"url":"https:\/\/www.entrearteycultura.es\/wp-content\/uploads\/2024\/02\/Imagen3.jpg","type":"image\/jpeg"}],"twitter_card":"summary_large_image","twitter_misc":{"Est. reading time":"1 minute"},"schema":{"@context":"https:\/\/schema.org","@graph":[{"@type":"WebPage","@id":"https:\/\/www.entrearteycultura.es\/?eap_event=visita-a-arco","url":"https:\/\/www.entrearteycultura.es\/?eap_event=visita-a-arco","name":"Visita a ARCO - Entre Arte y cultura","isPartOf":{"@id":"https:\/\/www.entrearteycultura.es\/#website"},"primaryImageOfPage":{"@id":"https:\/\/www.entrearteycultura.es\/?eap_event=visita-a-arco#primaryimage"},"image":{"@id":"https:\/\/www.entrearteycultura.es\/?eap_event=visita-a-arco#primaryimage"},"thumbnailUrl":"https:\/\/www.entrearteycultura.es\/wp-content\/uploads\/2024\/02\/Imagen3.jpg","datePublished":"2024-02-19T12:58:33+00:00","dateModified":"2024-03-21T10:22:13+00:00","breadcrumb":{"@id":"https:\/\/www.entrearteycultura.es\/?eap_event=visita-a-arco#breadcrumb"},"inLanguage":"en-US","potentialAction":[{"@type":"ReadAction","target":["https:\/\/www.entrearteycultura.es\/?eap_event=visita-a-arco"]}]},{"@type":"ImageObject","inLanguage":"en-US","@id":"https:\/\/www.entrearteycultura.es\/?eap_event=visita-a-arco#primaryimage","url":"https:\/\/www.entrearteycultura.es\/wp-content\/uploads\/2024\/02\/Imagen3.jpg","contentUrl":"https:\/\/www.entrearteycultura.es\/wp-content\/uploads\/2024\/02\/Imagen3.jpg","width":567,"height":288},{"@type":"BreadcrumbList","@id":"https:\/\/www.entrearteycultura.es\/?eap_event=visita-a-arco#breadcrumb","itemListElement":[{"@type":"ListItem","position":1,"name":"Portada","item":"https:\/\/www.entrearteycultura.es\/"},{"@type":"ListItem","position":2,"name":"Events","item":"https:\/\/www.entrearteycultura.es\/?post_type=eap_event"},{"@type":"ListItem","position":3,"name":"Visita a ARCO"}]},{"@type":"WebSite","@id":"https:\/\/www.entrearteycultura.es\/#website","url":"https:\/\/www.entrearteycultura.es\/","name":"Entre Arte y cultura","description":"Viajes, eventos cuturales, conferencias y tertulias","potentialAction":[{"@type":"SearchAction","target":{"@type":"EntryPoint","urlTemplate":"https:\/\/www.entrearteycultura.es\/?s={search_term_string}"},"query-input":{"@type":"PropertyValueSpecification","valueRequired":true,"valueName":"search_term_string"}}],"inLanguage":"en-US"}]}},"_links":{"self":[{"href":"https:\/\/www.entrearteycultura.es\/index.php?rest_route=\/wp\/v2\/eap_event\/797","targetHints":{"allow":["GET"]}}],"collection":[{"href":"https:\/\/www.entrearteycultura.es\/index.php?rest_route=\/wp\/v2\/eap_event"}],"about":[{"href":"https:\/\/www.entrearteycultura.es\/index.php?rest_route=\/wp\/v2\/types\/eap_event"}],"author":[{"embeddable":true,"href":"https:\/\/www.entrearteycultura.es\/index.php?rest_route=\/wp\/v2\/users\/1"}],"replies":[{"embeddable":true,"href":"https:\/\/www.entrearteycultura.es\/index.php?rest_route=%2Fwp%2Fv2%2Fcomments&post=797"}],"version-history":[{"count":1,"href":"https:\/\/www.entrearteycultura.es\/index.php?rest_route=\/wp\/v2\/eap_event\/797\/revisions"}],"predecessor-version":[{"id":799,"href":"https:\/\/www.entrearteycultura.es\/index.php?rest_route=\/wp\/v2\/eap_event\/797\/revisions\/799"}],"wp:featuredmedia":[{"embeddable":true,"href":"https:\/\/www.entrearteycultura.es\/index.php?rest_route=\/wp\/v2\/media\/798"}],"wp:attachment":[{"href":"https:\/\/www.entrearteycultura.es\/index.php?rest_route=%2Fwp%2Fv2%2Fmedia&parent=797"}],"wp:term":[{"taxonomy":"category","embeddable":true,"href":"https:\/\/www.entrearteycultura.es\/index.php?rest_route=%2Fwp%2Fv2%2Fcategories&post=797"}],"curies":[{"name":"wp","href":"https:\/\/api.w.org\/{rel}","templated":true}]}}

<p>ARCO es el escaparate del arte contemporáneo más internacional. Este año celebra su 43ª edición con el programa con el mar Caribe como proyecto central. El programa comisariado por Carla Acevedo-Yates y Sara Hermann Morera, ‘La orilla, la marea, la corriente: un Caribe oceánico’, girará en torno a las escenas artísticas de los territorios conectados por este mar. </p>



<p>207 galerías de 36 países convertirán a Madrid en capital internacional del arte contemporáneo, de las cuales, 172 galerías integran el Programa General con destacadas galerías internacionales, junto con las secciones comisariadas: <em>La orilla, la marea, la corriente: un Caribe oceánico</em>, con 19 galerías; <em>Opening</em>, comisariada por Cristina Anglada y Yina Jiménez Suriel con 16, y <em>Nunca lo mismo. Arte latinoamericano</em>, comisariada por José Esparza Chong Cuy y Manuela Moscoso, continuará reforzando el vínculo histórico entre ARCOmadrid y el arte Latinoamericano con 12 galerías.</p>



<p><strong>Punto de encuentro: 17:15h. Puerta Norte (mostradores ARCO).<br>Precio: bono + entrada 15€ (quien no disponga de entrada)</strong></p>

<p>ARCO es el escaparate del arte contemporáneo más internacional. Este año celebra su 43ª edición con el programa con el mar Caribe como proyecto central. El programa comisariado por Carla Acevedo-Yates y Sara Hermann Morera, ‘La orilla, la marea, la corriente: un Caribe oceánico’, girará en torno a las escenas artísticas de los territorios conectados [&hellip;]</p>

<!-- This site is optimized with the Yoast SEO plugin v27.5 - https://yoast.com/product/yoast-seo-wordpress/ -->
<title>Visita a ARCO - Entre Arte y cultura</title>
<meta name="robots" content="index, follow, max-snippet:-1, max-image-preview:large, max-video-preview:-1" />
<link rel="canonical" href="https://www.entrearteycultura.es/?eap_event=visita-a-arco" />
<meta property="og:locale" content="en_US" />
<meta property="og:type" content="article" />
<meta property="og:title" content="Visita a ARCO - Entre Arte y cultura" />
<meta property="og:description" content="ARCO es el escaparate del arte contemporáneo más internacional. Este año celebra su 43ª edición con el programa con el mar Caribe como proyecto central. El programa comisariado por Carla Acevedo-Yates y Sara Hermann Morera, ‘La orilla, la marea, la corriente: un Caribe oceánico’, girará en torno a las escenas artísticas de los territorios conectados [&hellip;]" />
<meta property="og:url" content="https://www.entrearteycultura.es/?eap_event=visita-a-arco" />
<meta property="og:site_name" content="Entre Arte y cultura" />
<meta property="article:modified_time" content="2024-03-21T10:22:13+00:00" />
<meta property="og:image" content="https://www.entrearteycultura.es/wp-content/uploads/2024/02/Imagen3.jpg" />
	<meta property="og:image:width" content="567" />
	<meta property="og:image:height" content="288" />
	<meta property="og:image:type" content="image/jpeg" />
<meta name="twitter:card" content="summary_large_image" />
<meta name="twitter:label1" content="Est. reading time" />
	<meta name="twitter:data1" content="1 minute" />
<script type="application/ld+json" class="yoast-schema-graph">{"@context":"https:\/\/schema.org","@graph":[{"@type":"WebPage","@id":"https:\/\/www.entrearteycultura.es\/?eap_event=visita-a-arco","url":"https:\/\/www.entrearteycultura.es\/?eap_event=visita-a-arco","name":"Visita a ARCO - Entre Arte y cultura","isPartOf":{"@id":"https:\/\/www.entrearteycultura.es\/#website"},"primaryImageOfPage":{"@id":"https:\/\/www.entrearteycultura.es\/?eap_event=visita-a-arco#primaryimage"},"image":{"@id":"https:\/\/www.entrearteycultura.es\/?eap_event=visita-a-arco#primaryimage"},"thumbnailUrl":"https:\/\/www.entrearteycultura.es\/wp-content\/uploads\/2024\/02\/Imagen3.jpg","datePublished":"2024-02-19T12:58:33+00:00","dateModified":"2024-03-21T10:22:13+00:00","breadcrumb":{"@id":"https:\/\/www.entrearteycultura.es\/?eap_event=visita-a-arco#breadcrumb"},"inLanguage":"en-US","potentialAction":[{"@type":"ReadAction","target":["https:\/\/www.entrearteycultura.es\/?eap_event=visita-a-arco"]}]},{"@type":"ImageObject","inLanguage":"en-US","@id":"https:\/\/www.entrearteycultura.es\/?eap_event=visita-a-arco#primaryimage","url":"https:\/\/www.entrearteycultura.es\/wp-content\/uploads\/2024\/02\/Imagen3.jpg","contentUrl":"https:\/\/www.entrearteycultura.es\/wp-content\/uploads\/2024\/02\/Imagen3.jpg","width":567,"height":288},{"@type":"BreadcrumbList","@id":"https:\/\/www.entrearteycultura.es\/?eap_event=visita-a-arco#breadcrumb","itemListElement":[{"@type":"ListItem","position":1,"name":"Portada","item":"https:\/\/www.entrearteycultura.es\/"},{"@type":"ListItem","position":2,"name":"Events","item":"https:\/\/www.entrearteycultura.es\/?post_type=eap_event"},{"@type":"ListItem","position":3,"name":"Visita a ARCO"}]},{"@type":"WebSite","@id":"https:\/\/www.entrearteycultura.es\/#website","url":"https:\/\/www.entrearteycultura.es\/","name":"Entre Arte y cultura","description":"Viajes, eventos cuturales, conferencias y tertulias","potentialAction":[{"@type":"SearchAction","target":{"@type":"EntryPoint","urlTemplate":"https:\/\/www.entrearteycultura.es\/?s={search_term_string}"},"query-input":{"@type":"PropertyValueSpecification","valueRequired":true,"valueName":"search_term_string"}}],"inLanguage":"en-US"}]}</script>
<!-- / Yoast SEO plugin. -->

ARCO es el escaparate del arte contemporáneo más internacional. Este año celebra su 43ª edición con el programa con el mar Caribe como proyecto central. El programa comisariado por Carla Acevedo-Yates y Sara Hermann Morera, ‘La orilla, la marea, la corriente: un Caribe oceánico’, girará en torno a las escenas artísticas de los territorios conectados [&hellip;]
