{"id":786,"date":"2024-02-07T14:21:22","date_gmt":"2024-02-07T14:21:22","guid":{"rendered":"https:\/\/www.entrearteycultura.es\/?post_type=eap_event&#038;p=786"},"modified":"2024-02-19T11:20:37","modified_gmt":"2024-02-19T11:20:37","slug":"visita-a-galerias-de-arte-barrio-de-salamanca","status":"publish","type":"eap_event","link":"https:\/\/www.entrearteycultura.es\/?eap_event=visita-a-galerias-de-arte-barrio-de-salamanca","title":{"rendered":"Visita a galer\u00edas de arte (barrio de Salamanca)"},"content":{"rendered":"\n<p>Visita a cinco galer\u00edas del barrio de Salamanca, cuyas caracter\u00edsticas y exposiciones son muy interesantes y las propuestas muy diferentes:<br>\u2022 \u00a0 \u00a0 Galer\u00eda Guillermo de Osma: Equipo Cr\u00f3nica<br>\u2022 \u00a0 \u00a0 Galer\u00eda Fernandez Braso: Rosa Brun<br>\u2022 \u00a0 \u00a0 Galer\u00eda Parra: Heinz Marck<br>\u2022 \u00a0 \u00a0 Galer\u00eda Fernando Pradilla: Marina Vargas<br>\u2022 \u00a0 \u00a0 Galer\u00eda We Collect: CB Hoyo<\/p>\n","protected":false},"excerpt":{"rendered":"<p>Visita a cinco galer\u00edas del barrio de Salamanca, cuyas caracter\u00edsticas y exposiciones son muy interesantes y las propuestas muy diferentes:\u2022 \u00a0 \u00a0 Galer\u00eda Guillermo de Osma: Equipo Cr\u00f3nica\u2022 \u00a0 \u00a0 Galer\u00eda Fernandez Braso: Rosa Brun\u2022 \u00a0 \u00a0 Galer\u00eda Parra: Heinz Marck\u2022 \u00a0 \u00a0 Galer\u00eda Fernando Pradilla: Marina Vargas\u2022 \u00a0 \u00a0 Galer\u00eda We Collect: CB Hoyo<\/p>\n","protected":false},"author":1,"featured_media":787,"comment_status":"open","ping_status":"closed","template":"","categories":[45],"class_list":["post-786","eap_event","type-eap_event","status-publish","has-post-thumbnail","hentry","category-eventos-pasados"],"yoast_head":"<!-- This site is optimized with the Yoast SEO plugin v27.5 - https:\/\/yoast.com\/product\/yoast-seo-wordpress\/ -->\n<title>Visita a galer\u00edas de arte (barrio de Salamanca) - Entre Arte y cultura<\/title>\n<meta name=\"robots\" content=\"index, follow, max-snippet:-1, max-image-preview:large, max-video-preview:-1\" \/>\n<link rel=\"canonical\" href=\"https:\/\/www.entrearteycultura.es\/?eap_event=visita-a-galerias-de-arte-barrio-de-salamanca\" \/>\n<meta property=\"og:locale\" content=\"en_US\" \/>\n<meta property=\"og:type\" content=\"article\" \/>\n<meta property=\"og:title\" content=\"Visita a galer\u00edas de arte (barrio de Salamanca) - Entre Arte y cultura\" \/>\n<meta property=\"og:description\" content=\"Visita a cinco galer\u00edas del barrio de Salamanca, cuyas caracter\u00edsticas y exposiciones son muy interesantes y las propuestas muy diferentes:\u2022 \u00a0 \u00a0 Galer\u00eda Guillermo de Osma: Equipo Cr\u00f3nica\u2022 \u00a0 \u00a0 Galer\u00eda Fernandez Braso: Rosa Brun\u2022 \u00a0 \u00a0 Galer\u00eda Parra: Heinz Marck\u2022 \u00a0 \u00a0 Galer\u00eda Fernando Pradilla: Marina Vargas\u2022 \u00a0 \u00a0 Galer\u00eda We Collect: CB Hoyo\" \/>\n<meta property=\"og:url\" content=\"https:\/\/www.entrearteycultura.es\/?eap_event=visita-a-galerias-de-arte-barrio-de-salamanca\" \/>\n<meta property=\"og:site_name\" content=\"Entre Arte y cultura\" \/>\n<meta property=\"article:modified_time\" content=\"2024-02-19T11:20:37+00:00\" \/>\n<meta property=\"og:image\" content=\"https:\/\/www.entrearteycultura.es\/wp-content\/uploads\/2024\/02\/unnamed.png\" \/>\n\t<meta property=\"og:image:width\" content=\"850\" \/>\n\t<meta property=\"og:image:height\" content=\"354\" \/>\n\t<meta property=\"og:image:type\" content=\"image\/png\" \/>\n<meta name=\"twitter:card\" content=\"summary_large_image\" \/>\n<script type=\"application\/ld+json\" class=\"yoast-schema-graph\">{\"@context\":\"https:\\\/\\\/schema.org\",\"@graph\":[{\"@type\":\"WebPage\",\"@id\":\"https:\\\/\\\/www.entrearteycultura.es\\\/?eap_event=visita-a-galerias-de-arte-barrio-de-salamanca\",\"url\":\"https:\\\/\\\/www.entrearteycultura.es\\\/?eap_event=visita-a-galerias-de-arte-barrio-de-salamanca\",\"name\":\"Visita a galer\u00edas de arte (barrio de Salamanca) - Entre Arte y cultura\",\"isPartOf\":{\"@id\":\"https:\\\/\\\/www.entrearteycultura.es\\\/#website\"},\"primaryImageOfPage\":{\"@id\":\"https:\\\/\\\/www.entrearteycultura.es\\\/?eap_event=visita-a-galerias-de-arte-barrio-de-salamanca#primaryimage\"},\"image\":{\"@id\":\"https:\\\/\\\/www.entrearteycultura.es\\\/?eap_event=visita-a-galerias-de-arte-barrio-de-salamanca#primaryimage\"},\"thumbnailUrl\":\"https:\\\/\\\/www.entrearteycultura.es\\\/wp-content\\\/uploads\\\/2024\\\/02\\\/unnamed.png\",\"datePublished\":\"2024-02-07T14:21:22+00:00\",\"dateModified\":\"2024-02-19T11:20:37+00:00\",\"breadcrumb\":{\"@id\":\"https:\\\/\\\/www.entrearteycultura.es\\\/?eap_event=visita-a-galerias-de-arte-barrio-de-salamanca#breadcrumb\"},\"inLanguage\":\"en-US\",\"potentialAction\":[{\"@type\":\"ReadAction\",\"target\":[\"https:\\\/\\\/www.entrearteycultura.es\\\/?eap_event=visita-a-galerias-de-arte-barrio-de-salamanca\"]}]},{\"@type\":\"ImageObject\",\"inLanguage\":\"en-US\",\"@id\":\"https:\\\/\\\/www.entrearteycultura.es\\\/?eap_event=visita-a-galerias-de-arte-barrio-de-salamanca#primaryimage\",\"url\":\"https:\\\/\\\/www.entrearteycultura.es\\\/wp-content\\\/uploads\\\/2024\\\/02\\\/unnamed.png\",\"contentUrl\":\"https:\\\/\\\/www.entrearteycultura.es\\\/wp-content\\\/uploads\\\/2024\\\/02\\\/unnamed.png\",\"width\":850,\"height\":354},{\"@type\":\"BreadcrumbList\",\"@id\":\"https:\\\/\\\/www.entrearteycultura.es\\\/?eap_event=visita-a-galerias-de-arte-barrio-de-salamanca#breadcrumb\",\"itemListElement\":[{\"@type\":\"ListItem\",\"position\":1,\"name\":\"Portada\",\"item\":\"https:\\\/\\\/www.entrearteycultura.es\\\/\"},{\"@type\":\"ListItem\",\"position\":2,\"name\":\"Events\",\"item\":\"https:\\\/\\\/www.entrearteycultura.es\\\/?post_type=eap_event\"},{\"@type\":\"ListItem\",\"position\":3,\"name\":\"Visita a galer\u00edas de arte (barrio de Salamanca)\"}]},{\"@type\":\"WebSite\",\"@id\":\"https:\\\/\\\/www.entrearteycultura.es\\\/#website\",\"url\":\"https:\\\/\\\/www.entrearteycultura.es\\\/\",\"name\":\"Entre Arte y cultura\",\"description\":\"Viajes, eventos cuturales, conferencias y tertulias\",\"potentialAction\":[{\"@type\":\"SearchAction\",\"target\":{\"@type\":\"EntryPoint\",\"urlTemplate\":\"https:\\\/\\\/www.entrearteycultura.es\\\/?s={search_term_string}\"},\"query-input\":{\"@type\":\"PropertyValueSpecification\",\"valueRequired\":true,\"valueName\":\"search_term_string\"}}],\"inLanguage\":\"en-US\"}]}<\/script>\n<!-- \/ Yoast SEO plugin. -->","yoast_head_json":{"title":"Visita a galer\u00edas de arte (barrio de Salamanca) - Entre Arte y cultura","robots":{"index":"index","follow":"follow","max-snippet":"max-snippet:-1","max-image-preview":"max-image-preview:large","max-video-preview":"max-video-preview:-1"},"canonical":"https:\/\/www.entrearteycultura.es\/?eap_event=visita-a-galerias-de-arte-barrio-de-salamanca","og_locale":"en_US","og_type":"article","og_title":"Visita a galer\u00edas de arte (barrio de Salamanca) - Entre Arte y cultura","og_description":"Visita a cinco galer\u00edas del barrio de Salamanca, cuyas caracter\u00edsticas y exposiciones son muy interesantes y las propuestas muy diferentes:\u2022 \u00a0 \u00a0 Galer\u00eda Guillermo de Osma: Equipo Cr\u00f3nica\u2022 \u00a0 \u00a0 Galer\u00eda Fernandez Braso: Rosa Brun\u2022 \u00a0 \u00a0 Galer\u00eda Parra: Heinz Marck\u2022 \u00a0 \u00a0 Galer\u00eda Fernando Pradilla: Marina Vargas\u2022 \u00a0 \u00a0 Galer\u00eda We Collect: CB Hoyo","og_url":"https:\/\/www.entrearteycultura.es\/?eap_event=visita-a-galerias-de-arte-barrio-de-salamanca","og_site_name":"Entre Arte y cultura","article_modified_time":"2024-02-19T11:20:37+00:00","og_image":[{"width":850,"height":354,"url":"https:\/\/www.entrearteycultura.es\/wp-content\/uploads\/2024\/02\/unnamed.png","type":"image\/png"}],"twitter_card":"summary_large_image","schema":{"@context":"https:\/\/schema.org","@graph":[{"@type":"WebPage","@id":"https:\/\/www.entrearteycultura.es\/?eap_event=visita-a-galerias-de-arte-barrio-de-salamanca","url":"https:\/\/www.entrearteycultura.es\/?eap_event=visita-a-galerias-de-arte-barrio-de-salamanca","name":"Visita a galer\u00edas de arte (barrio de Salamanca) - Entre Arte y cultura","isPartOf":{"@id":"https:\/\/www.entrearteycultura.es\/#website"},"primaryImageOfPage":{"@id":"https:\/\/www.entrearteycultura.es\/?eap_event=visita-a-galerias-de-arte-barrio-de-salamanca#primaryimage"},"image":{"@id":"https:\/\/www.entrearteycultura.es\/?eap_event=visita-a-galerias-de-arte-barrio-de-salamanca#primaryimage"},"thumbnailUrl":"https:\/\/www.entrearteycultura.es\/wp-content\/uploads\/2024\/02\/unnamed.png","datePublished":"2024-02-07T14:21:22+00:00","dateModified":"2024-02-19T11:20:37+00:00","breadcrumb":{"@id":"https:\/\/www.entrearteycultura.es\/?eap_event=visita-a-galerias-de-arte-barrio-de-salamanca#breadcrumb"},"inLanguage":"en-US","potentialAction":[{"@type":"ReadAction","target":["https:\/\/www.entrearteycultura.es\/?eap_event=visita-a-galerias-de-arte-barrio-de-salamanca"]}]},{"@type":"ImageObject","inLanguage":"en-US","@id":"https:\/\/www.entrearteycultura.es\/?eap_event=visita-a-galerias-de-arte-barrio-de-salamanca#primaryimage","url":"https:\/\/www.entrearteycultura.es\/wp-content\/uploads\/2024\/02\/unnamed.png","contentUrl":"https:\/\/www.entrearteycultura.es\/wp-content\/uploads\/2024\/02\/unnamed.png","width":850,"height":354},{"@type":"BreadcrumbList","@id":"https:\/\/www.entrearteycultura.es\/?eap_event=visita-a-galerias-de-arte-barrio-de-salamanca#breadcrumb","itemListElement":[{"@type":"ListItem","position":1,"name":"Portada","item":"https:\/\/www.entrearteycultura.es\/"},{"@type":"ListItem","position":2,"name":"Events","item":"https:\/\/www.entrearteycultura.es\/?post_type=eap_event"},{"@type":"ListItem","position":3,"name":"Visita a galer\u00edas de arte (barrio de Salamanca)"}]},{"@type":"WebSite","@id":"https:\/\/www.entrearteycultura.es\/#website","url":"https:\/\/www.entrearteycultura.es\/","name":"Entre Arte y cultura","description":"Viajes, eventos cuturales, conferencias y tertulias","potentialAction":[{"@type":"SearchAction","target":{"@type":"EntryPoint","urlTemplate":"https:\/\/www.entrearteycultura.es\/?s={search_term_string}"},"query-input":{"@type":"PropertyValueSpecification","valueRequired":true,"valueName":"search_term_string"}}],"inLanguage":"en-US"}]}},"_links":{"self":[{"href":"https:\/\/www.entrearteycultura.es\/index.php?rest_route=\/wp\/v2\/eap_event\/786","targetHints":{"allow":["GET"]}}],"collection":[{"href":"https:\/\/www.entrearteycultura.es\/index.php?rest_route=\/wp\/v2\/eap_event"}],"about":[{"href":"https:\/\/www.entrearteycultura.es\/index.php?rest_route=\/wp\/v2\/types\/eap_event"}],"author":[{"embeddable":true,"href":"https:\/\/www.entrearteycultura.es\/index.php?rest_route=\/wp\/v2\/users\/1"}],"replies":[{"embeddable":true,"href":"https:\/\/www.entrearteycultura.es\/index.php?rest_route=%2Fwp%2Fv2%2Fcomments&post=786"}],"version-history":[{"count":1,"href":"https:\/\/www.entrearteycultura.es\/index.php?rest_route=\/wp\/v2\/eap_event\/786\/revisions"}],"predecessor-version":[{"id":788,"href":"https:\/\/www.entrearteycultura.es\/index.php?rest_route=\/wp\/v2\/eap_event\/786\/revisions\/788"}],"wp:featuredmedia":[{"embeddable":true,"href":"https:\/\/www.entrearteycultura.es\/index.php?rest_route=\/wp\/v2\/media\/787"}],"wp:attachment":[{"href":"https:\/\/www.entrearteycultura.es\/index.php?rest_route=%2Fwp%2Fv2%2Fmedia&parent=786"}],"wp:term":[{"taxonomy":"category","embeddable":true,"href":"https:\/\/www.entrearteycultura.es\/index.php?rest_route=%2Fwp%2Fv2%2Fcategories&post=786"}],"curies":[{"name":"wp","href":"https:\/\/api.w.org\/{rel}","templated":true}]}}

Visita a galerías de arte (barrio de Salamanca)

<p>Visita a cinco galerías del barrio de Salamanca, cuyas características y exposiciones son muy interesantes y las propuestas muy diferentes:<br>•     Galería Guillermo de Osma: Equipo Crónica<br>•     Galería Fernandez Braso: Rosa Brun<br>•     Galería Parra: Heinz Marck<br>•     Galería Fernando Pradilla: Marina Vargas<br>•     Galería We Collect: CB Hoyo</p>

<p>Visita a cinco galerías del barrio de Salamanca, cuyas características y exposiciones son muy interesantes y las propuestas muy diferentes:•     Galería Guillermo de Osma: Equipo Crónica•     Galería Fernandez Braso: Rosa Brun•     Galería Parra: Heinz Marck•     Galería Fernando Pradilla: Marina Vargas•     Galería We Collect: CB Hoyo</p>

<!-- This site is optimized with the Yoast SEO plugin v27.5 - https://yoast.com/product/yoast-seo-wordpress/ -->
<title>Visita a galerías de arte (barrio de Salamanca) - Entre Arte y cultura</title>
<meta name="robots" content="index, follow, max-snippet:-1, max-image-preview:large, max-video-preview:-1" />
<link rel="canonical" href="https://www.entrearteycultura.es/?eap_event=visita-a-galerias-de-arte-barrio-de-salamanca" />
<meta property="og:locale" content="en_US" />
<meta property="og:type" content="article" />
<meta property="og:title" content="Visita a galerías de arte (barrio de Salamanca) - Entre Arte y cultura" />
<meta property="og:description" content="Visita a cinco galerías del barrio de Salamanca, cuyas características y exposiciones son muy interesantes y las propuestas muy diferentes:•     Galería Guillermo de Osma: Equipo Crónica•     Galería Fernandez Braso: Rosa Brun•     Galería Parra: Heinz Marck•     Galería Fernando Pradilla: Marina Vargas•     Galería We Collect: CB Hoyo" />
<meta property="og:url" content="https://www.entrearteycultura.es/?eap_event=visita-a-galerias-de-arte-barrio-de-salamanca" />
<meta property="og:site_name" content="Entre Arte y cultura" />
<meta property="article:modified_time" content="2024-02-19T11:20:37+00:00" />
<meta property="og:image" content="https://www.entrearteycultura.es/wp-content/uploads/2024/02/unnamed.png" />
	<meta property="og:image:width" content="850" />
	<meta property="og:image:height" content="354" />
	<meta property="og:image:type" content="image/png" />
<meta name="twitter:card" content="summary_large_image" />
<script type="application/ld+json" class="yoast-schema-graph">{"@context":"https:\/\/schema.org","@graph":[{"@type":"WebPage","@id":"https:\/\/www.entrearteycultura.es\/?eap_event=visita-a-galerias-de-arte-barrio-de-salamanca","url":"https:\/\/www.entrearteycultura.es\/?eap_event=visita-a-galerias-de-arte-barrio-de-salamanca","name":"Visita a galerías de arte (barrio de Salamanca) - Entre Arte y cultura","isPartOf":{"@id":"https:\/\/www.entrearteycultura.es\/#website"},"primaryImageOfPage":{"@id":"https:\/\/www.entrearteycultura.es\/?eap_event=visita-a-galerias-de-arte-barrio-de-salamanca#primaryimage"},"image":{"@id":"https:\/\/www.entrearteycultura.es\/?eap_event=visita-a-galerias-de-arte-barrio-de-salamanca#primaryimage"},"thumbnailUrl":"https:\/\/www.entrearteycultura.es\/wp-content\/uploads\/2024\/02\/unnamed.png","datePublished":"2024-02-07T14:21:22+00:00","dateModified":"2024-02-19T11:20:37+00:00","breadcrumb":{"@id":"https:\/\/www.entrearteycultura.es\/?eap_event=visita-a-galerias-de-arte-barrio-de-salamanca#breadcrumb"},"inLanguage":"en-US","potentialAction":[{"@type":"ReadAction","target":["https:\/\/www.entrearteycultura.es\/?eap_event=visita-a-galerias-de-arte-barrio-de-salamanca"]}]},{"@type":"ImageObject","inLanguage":"en-US","@id":"https:\/\/www.entrearteycultura.es\/?eap_event=visita-a-galerias-de-arte-barrio-de-salamanca#primaryimage","url":"https:\/\/www.entrearteycultura.es\/wp-content\/uploads\/2024\/02\/unnamed.png","contentUrl":"https:\/\/www.entrearteycultura.es\/wp-content\/uploads\/2024\/02\/unnamed.png","width":850,"height":354},{"@type":"BreadcrumbList","@id":"https:\/\/www.entrearteycultura.es\/?eap_event=visita-a-galerias-de-arte-barrio-de-salamanca#breadcrumb","itemListElement":[{"@type":"ListItem","position":1,"name":"Portada","item":"https:\/\/www.entrearteycultura.es\/"},{"@type":"ListItem","position":2,"name":"Events","item":"https:\/\/www.entrearteycultura.es\/?post_type=eap_event"},{"@type":"ListItem","position":3,"name":"Visita a galerías de arte (barrio de Salamanca)"}]},{"@type":"WebSite","@id":"https:\/\/www.entrearteycultura.es\/#website","url":"https:\/\/www.entrearteycultura.es\/","name":"Entre Arte y cultura","description":"Viajes, eventos cuturales, conferencias y tertulias","potentialAction":[{"@type":"SearchAction","target":{"@type":"EntryPoint","urlTemplate":"https:\/\/www.entrearteycultura.es\/?s={search_term_string}"},"query-input":{"@type":"PropertyValueSpecification","valueRequired":true,"valueName":"search_term_string"}}],"inLanguage":"en-US"}]}</script>
<!-- / Yoast SEO plugin. -->

Visita a galerías de arte (barrio de Salamanca) - Entre Arte y cultura

Visita a cinco galerías del barrio de Salamanca, cuyas características y exposiciones son muy interesantes y las propuestas muy diferentes:•     Galería Guillermo de Osma: Equipo Crónica•     Galería Fernandez Braso: Rosa Brun•     Galería Parra: Heinz Marck•     Galería Fernando Pradilla: Marina Vargas•     Galería We Collect: CB Hoyo
