{"id":774,"date":"2024-01-11T13:21:27","date_gmt":"2024-01-11T13:21:27","guid":{"rendered":"https:\/\/www.entrearteycultura.es\/?post_type=eap_event&#038;p=774"},"modified":"2024-03-21T10:24:10","modified_gmt":"2024-03-21T10:24:10","slug":"los-origenes-de-madrid-muralla-arabe-y-museo-de-san-isidro","status":"publish","type":"eap_event","link":"https:\/\/www.entrearteycultura.es\/?eap_event=los-origenes-de-madrid-muralla-arabe-y-museo-de-san-isidro","title":{"rendered":"Los or\u00edgenes de Madrid: Muralla \u00e1rabe y Museo de San Isidro"},"content":{"rendered":"\n<p>Para conocer los or\u00edgenes de Madrid, la ciudad que nos acoge, es necesario acercarse a los restos visibles de la <strong>muralla \u00e1rabe<\/strong>, puesto que la ciudad tuvo origen \u00e1rabe que se remonta al siglo IX. Este primer acercamiento nos permitir\u00e1 comprender muchos conceptos asociados a la historia y arte de nuestra ciudad.<\/p>\n\n\n\n<p>Esos primeros siglos de enclave medieval hasta su declaraci\u00f3n como capital de la corte en el siglo XVI quedan perfectamente explicados en el <strong>Museo de San Isidro<\/strong>, abierto en el 2000 y que recoge una muestra de objetos arqueol\u00f3gicos y art\u00edsticos de esos siglos. El museo esta localizado en el espacio que ocupaba el palacete del siglo XVI de la familia Vargas, donde vivi\u00f3 San Isidro y donde se ubica el pozo de su milagro m\u00e1s famoso.<\/p>\n","protected":false},"excerpt":{"rendered":"<p>Para conocer los or\u00edgenes de Madrid, la ciudad que nos acoge, es necesario acercarse a los restos visibles de la muralla \u00e1rabe, puesto que la ciudad tuvo origen \u00e1rabe que se remonta al siglo IX. Este primer acercamiento nos permitir\u00e1 comprender muchos conceptos asociados a la historia y arte de nuestra ciudad. Esos primeros siglos [&hellip;]<\/p>\n","protected":false},"author":1,"featured_media":775,"comment_status":"open","ping_status":"closed","template":"","categories":[45],"class_list":["post-774","eap_event","type-eap_event","status-publish","has-post-thumbnail","hentry","category-eventos-pasados"],"yoast_head":"<!-- This site is optimized with the Yoast SEO plugin v27.5 - https:\/\/yoast.com\/product\/yoast-seo-wordpress\/ -->\n<title>Los or\u00edgenes de Madrid: Muralla \u00e1rabe y Museo de San Isidro - Entre Arte y cultura<\/title>\n<meta name=\"robots\" content=\"index, follow, max-snippet:-1, max-image-preview:large, max-video-preview:-1\" \/>\n<link rel=\"canonical\" href=\"https:\/\/www.entrearteycultura.es\/?eap_event=los-origenes-de-madrid-muralla-arabe-y-museo-de-san-isidro\" \/>\n<meta property=\"og:locale\" content=\"en_US\" \/>\n<meta property=\"og:type\" content=\"article\" \/>\n<meta property=\"og:title\" content=\"Los or\u00edgenes de Madrid: Muralla \u00e1rabe y Museo de San Isidro - Entre Arte y cultura\" \/>\n<meta property=\"og:description\" content=\"Para conocer los or\u00edgenes de Madrid, la ciudad que nos acoge, es necesario acercarse a los restos visibles de la muralla \u00e1rabe, puesto que la ciudad tuvo origen \u00e1rabe que se remonta al siglo IX. Este primer acercamiento nos permitir\u00e1 comprender muchos conceptos asociados a la historia y arte de nuestra ciudad. Esos primeros siglos [&hellip;]\" \/>\n<meta property=\"og:url\" content=\"https:\/\/www.entrearteycultura.es\/?eap_event=los-origenes-de-madrid-muralla-arabe-y-museo-de-san-isidro\" \/>\n<meta property=\"og:site_name\" content=\"Entre Arte y cultura\" \/>\n<meta property=\"article:modified_time\" content=\"2024-03-21T10:24:10+00:00\" \/>\n<meta property=\"og:image\" content=\"https:\/\/www.entrearteycultura.es\/wp-content\/uploads\/2024\/01\/Imagen2-1.png\" \/>\n\t<meta property=\"og:image:width\" content=\"1019\" \/>\n\t<meta property=\"og:image:height\" content=\"320\" \/>\n\t<meta property=\"og:image:type\" content=\"image\/png\" \/>\n<meta name=\"twitter:card\" content=\"summary_large_image\" \/>\n<meta name=\"twitter:label1\" content=\"Est. reading time\" \/>\n\t<meta name=\"twitter:data1\" content=\"1 minute\" \/>\n<script type=\"application\/ld+json\" class=\"yoast-schema-graph\">{\"@context\":\"https:\\\/\\\/schema.org\",\"@graph\":[{\"@type\":\"WebPage\",\"@id\":\"https:\\\/\\\/www.entrearteycultura.es\\\/?eap_event=los-origenes-de-madrid-muralla-arabe-y-museo-de-san-isidro\",\"url\":\"https:\\\/\\\/www.entrearteycultura.es\\\/?eap_event=los-origenes-de-madrid-muralla-arabe-y-museo-de-san-isidro\",\"name\":\"Los or\u00edgenes de Madrid: Muralla \u00e1rabe y Museo de San Isidro - Entre Arte y cultura\",\"isPartOf\":{\"@id\":\"https:\\\/\\\/www.entrearteycultura.es\\\/#website\"},\"primaryImageOfPage\":{\"@id\":\"https:\\\/\\\/www.entrearteycultura.es\\\/?eap_event=los-origenes-de-madrid-muralla-arabe-y-museo-de-san-isidro#primaryimage\"},\"image\":{\"@id\":\"https:\\\/\\\/www.entrearteycultura.es\\\/?eap_event=los-origenes-de-madrid-muralla-arabe-y-museo-de-san-isidro#primaryimage\"},\"thumbnailUrl\":\"https:\\\/\\\/www.entrearteycultura.es\\\/wp-content\\\/uploads\\\/2024\\\/01\\\/Imagen2-1.png\",\"datePublished\":\"2024-01-11T13:21:27+00:00\",\"dateModified\":\"2024-03-21T10:24:10+00:00\",\"breadcrumb\":{\"@id\":\"https:\\\/\\\/www.entrearteycultura.es\\\/?eap_event=los-origenes-de-madrid-muralla-arabe-y-museo-de-san-isidro#breadcrumb\"},\"inLanguage\":\"en-US\",\"potentialAction\":[{\"@type\":\"ReadAction\",\"target\":[\"https:\\\/\\\/www.entrearteycultura.es\\\/?eap_event=los-origenes-de-madrid-muralla-arabe-y-museo-de-san-isidro\"]}]},{\"@type\":\"ImageObject\",\"inLanguage\":\"en-US\",\"@id\":\"https:\\\/\\\/www.entrearteycultura.es\\\/?eap_event=los-origenes-de-madrid-muralla-arabe-y-museo-de-san-isidro#primaryimage\",\"url\":\"https:\\\/\\\/www.entrearteycultura.es\\\/wp-content\\\/uploads\\\/2024\\\/01\\\/Imagen2-1.png\",\"contentUrl\":\"https:\\\/\\\/www.entrearteycultura.es\\\/wp-content\\\/uploads\\\/2024\\\/01\\\/Imagen2-1.png\",\"width\":1019,\"height\":320},{\"@type\":\"BreadcrumbList\",\"@id\":\"https:\\\/\\\/www.entrearteycultura.es\\\/?eap_event=los-origenes-de-madrid-muralla-arabe-y-museo-de-san-isidro#breadcrumb\",\"itemListElement\":[{\"@type\":\"ListItem\",\"position\":1,\"name\":\"Portada\",\"item\":\"https:\\\/\\\/www.entrearteycultura.es\\\/\"},{\"@type\":\"ListItem\",\"position\":2,\"name\":\"Events\",\"item\":\"https:\\\/\\\/www.entrearteycultura.es\\\/?post_type=eap_event\"},{\"@type\":\"ListItem\",\"position\":3,\"name\":\"Los or\u00edgenes de Madrid: Muralla \u00e1rabe y Museo de San Isidro\"}]},{\"@type\":\"WebSite\",\"@id\":\"https:\\\/\\\/www.entrearteycultura.es\\\/#website\",\"url\":\"https:\\\/\\\/www.entrearteycultura.es\\\/\",\"name\":\"Entre Arte y cultura\",\"description\":\"Viajes, eventos cuturales, conferencias y tertulias\",\"potentialAction\":[{\"@type\":\"SearchAction\",\"target\":{\"@type\":\"EntryPoint\",\"urlTemplate\":\"https:\\\/\\\/www.entrearteycultura.es\\\/?s={search_term_string}\"},\"query-input\":{\"@type\":\"PropertyValueSpecification\",\"valueRequired\":true,\"valueName\":\"search_term_string\"}}],\"inLanguage\":\"en-US\"}]}<\/script>\n<!-- \/ Yoast SEO plugin. -->","yoast_head_json":{"title":"Los or\u00edgenes de Madrid: Muralla \u00e1rabe y Museo de San Isidro - Entre Arte y cultura","robots":{"index":"index","follow":"follow","max-snippet":"max-snippet:-1","max-image-preview":"max-image-preview:large","max-video-preview":"max-video-preview:-1"},"canonical":"https:\/\/www.entrearteycultura.es\/?eap_event=los-origenes-de-madrid-muralla-arabe-y-museo-de-san-isidro","og_locale":"en_US","og_type":"article","og_title":"Los or\u00edgenes de Madrid: Muralla \u00e1rabe y Museo de San Isidro - Entre Arte y cultura","og_description":"Para conocer los or\u00edgenes de Madrid, la ciudad que nos acoge, es necesario acercarse a los restos visibles de la muralla \u00e1rabe, puesto que la ciudad tuvo origen \u00e1rabe que se remonta al siglo IX. Este primer acercamiento nos permitir\u00e1 comprender muchos conceptos asociados a la historia y arte de nuestra ciudad. Esos primeros siglos [&hellip;]","og_url":"https:\/\/www.entrearteycultura.es\/?eap_event=los-origenes-de-madrid-muralla-arabe-y-museo-de-san-isidro","og_site_name":"Entre Arte y cultura","article_modified_time":"2024-03-21T10:24:10+00:00","og_image":[{"width":1019,"height":320,"url":"https:\/\/www.entrearteycultura.es\/wp-content\/uploads\/2024\/01\/Imagen2-1.png","type":"image\/png"}],"twitter_card":"summary_large_image","twitter_misc":{"Est. reading time":"1 minute"},"schema":{"@context":"https:\/\/schema.org","@graph":[{"@type":"WebPage","@id":"https:\/\/www.entrearteycultura.es\/?eap_event=los-origenes-de-madrid-muralla-arabe-y-museo-de-san-isidro","url":"https:\/\/www.entrearteycultura.es\/?eap_event=los-origenes-de-madrid-muralla-arabe-y-museo-de-san-isidro","name":"Los or\u00edgenes de Madrid: Muralla \u00e1rabe y Museo de San Isidro - Entre Arte y cultura","isPartOf":{"@id":"https:\/\/www.entrearteycultura.es\/#website"},"primaryImageOfPage":{"@id":"https:\/\/www.entrearteycultura.es\/?eap_event=los-origenes-de-madrid-muralla-arabe-y-museo-de-san-isidro#primaryimage"},"image":{"@id":"https:\/\/www.entrearteycultura.es\/?eap_event=los-origenes-de-madrid-muralla-arabe-y-museo-de-san-isidro#primaryimage"},"thumbnailUrl":"https:\/\/www.entrearteycultura.es\/wp-content\/uploads\/2024\/01\/Imagen2-1.png","datePublished":"2024-01-11T13:21:27+00:00","dateModified":"2024-03-21T10:24:10+00:00","breadcrumb":{"@id":"https:\/\/www.entrearteycultura.es\/?eap_event=los-origenes-de-madrid-muralla-arabe-y-museo-de-san-isidro#breadcrumb"},"inLanguage":"en-US","potentialAction":[{"@type":"ReadAction","target":["https:\/\/www.entrearteycultura.es\/?eap_event=los-origenes-de-madrid-muralla-arabe-y-museo-de-san-isidro"]}]},{"@type":"ImageObject","inLanguage":"en-US","@id":"https:\/\/www.entrearteycultura.es\/?eap_event=los-origenes-de-madrid-muralla-arabe-y-museo-de-san-isidro#primaryimage","url":"https:\/\/www.entrearteycultura.es\/wp-content\/uploads\/2024\/01\/Imagen2-1.png","contentUrl":"https:\/\/www.entrearteycultura.es\/wp-content\/uploads\/2024\/01\/Imagen2-1.png","width":1019,"height":320},{"@type":"BreadcrumbList","@id":"https:\/\/www.entrearteycultura.es\/?eap_event=los-origenes-de-madrid-muralla-arabe-y-museo-de-san-isidro#breadcrumb","itemListElement":[{"@type":"ListItem","position":1,"name":"Portada","item":"https:\/\/www.entrearteycultura.es\/"},{"@type":"ListItem","position":2,"name":"Events","item":"https:\/\/www.entrearteycultura.es\/?post_type=eap_event"},{"@type":"ListItem","position":3,"name":"Los or\u00edgenes de Madrid: Muralla \u00e1rabe y Museo de San Isidro"}]},{"@type":"WebSite","@id":"https:\/\/www.entrearteycultura.es\/#website","url":"https:\/\/www.entrearteycultura.es\/","name":"Entre Arte y cultura","description":"Viajes, eventos cuturales, conferencias y tertulias","potentialAction":[{"@type":"SearchAction","target":{"@type":"EntryPoint","urlTemplate":"https:\/\/www.entrearteycultura.es\/?s={search_term_string}"},"query-input":{"@type":"PropertyValueSpecification","valueRequired":true,"valueName":"search_term_string"}}],"inLanguage":"en-US"}]}},"_links":{"self":[{"href":"https:\/\/www.entrearteycultura.es\/index.php?rest_route=\/wp\/v2\/eap_event\/774","targetHints":{"allow":["GET"]}}],"collection":[{"href":"https:\/\/www.entrearteycultura.es\/index.php?rest_route=\/wp\/v2\/eap_event"}],"about":[{"href":"https:\/\/www.entrearteycultura.es\/index.php?rest_route=\/wp\/v2\/types\/eap_event"}],"author":[{"embeddable":true,"href":"https:\/\/www.entrearteycultura.es\/index.php?rest_route=\/wp\/v2\/users\/1"}],"replies":[{"embeddable":true,"href":"https:\/\/www.entrearteycultura.es\/index.php?rest_route=%2Fwp%2Fv2%2Fcomments&post=774"}],"version-history":[{"count":1,"href":"https:\/\/www.entrearteycultura.es\/index.php?rest_route=\/wp\/v2\/eap_event\/774\/revisions"}],"predecessor-version":[{"id":776,"href":"https:\/\/www.entrearteycultura.es\/index.php?rest_route=\/wp\/v2\/eap_event\/774\/revisions\/776"}],"wp:featuredmedia":[{"embeddable":true,"href":"https:\/\/www.entrearteycultura.es\/index.php?rest_route=\/wp\/v2\/media\/775"}],"wp:attachment":[{"href":"https:\/\/www.entrearteycultura.es\/index.php?rest_route=%2Fwp%2Fv2%2Fmedia&parent=774"}],"wp:term":[{"taxonomy":"category","embeddable":true,"href":"https:\/\/www.entrearteycultura.es\/index.php?rest_route=%2Fwp%2Fv2%2Fcategories&post=774"}],"curies":[{"name":"wp","href":"https:\/\/api.w.org\/{rel}","templated":true}]}}

Los orígenes de Madrid: Muralla árabe y Museo de San Isidro

<p>Para conocer los orígenes de Madrid, la ciudad que nos acoge, es necesario acercarse a los restos visibles de la <strong>muralla árabe</strong>, puesto que la ciudad tuvo origen árabe que se remonta al siglo IX. Este primer acercamiento nos permitirá comprender muchos conceptos asociados a la historia y arte de nuestra ciudad.</p>



<p>Esos primeros siglos de enclave medieval hasta su declaración como capital de la corte en el siglo XVI quedan perfectamente explicados en el <strong>Museo de San Isidro</strong>, abierto en el 2000 y que recoge una muestra de objetos arqueológicos y artísticos de esos siglos. El museo esta localizado en el espacio que ocupaba el palacete del siglo XVI de la familia Vargas, donde vivió San Isidro y donde se ubica el pozo de su milagro más famoso.</p>

<p>Para conocer los orígenes de Madrid, la ciudad que nos acoge, es necesario acercarse a los restos visibles de la muralla árabe, puesto que la ciudad tuvo origen árabe que se remonta al siglo IX. Este primer acercamiento nos permitirá comprender muchos conceptos asociados a la historia y arte de nuestra ciudad. Esos primeros siglos [&hellip;]</p>

<!-- This site is optimized with the Yoast SEO plugin v27.5 - https://yoast.com/product/yoast-seo-wordpress/ -->
<title>Los orígenes de Madrid: Muralla árabe y Museo de San Isidro - Entre Arte y cultura</title>
<meta name="robots" content="index, follow, max-snippet:-1, max-image-preview:large, max-video-preview:-1" />
<link rel="canonical" href="https://www.entrearteycultura.es/?eap_event=los-origenes-de-madrid-muralla-arabe-y-museo-de-san-isidro" />
<meta property="og:locale" content="en_US" />
<meta property="og:type" content="article" />
<meta property="og:title" content="Los orígenes de Madrid: Muralla árabe y Museo de San Isidro - Entre Arte y cultura" />
<meta property="og:description" content="Para conocer los orígenes de Madrid, la ciudad que nos acoge, es necesario acercarse a los restos visibles de la muralla árabe, puesto que la ciudad tuvo origen árabe que se remonta al siglo IX. Este primer acercamiento nos permitirá comprender muchos conceptos asociados a la historia y arte de nuestra ciudad. Esos primeros siglos [&hellip;]" />
<meta property="og:url" content="https://www.entrearteycultura.es/?eap_event=los-origenes-de-madrid-muralla-arabe-y-museo-de-san-isidro" />
<meta property="og:site_name" content="Entre Arte y cultura" />
<meta property="article:modified_time" content="2024-03-21T10:24:10+00:00" />
<meta property="og:image" content="https://www.entrearteycultura.es/wp-content/uploads/2024/01/Imagen2-1.png" />
	<meta property="og:image:width" content="1019" />
	<meta property="og:image:height" content="320" />
	<meta property="og:image:type" content="image/png" />
<meta name="twitter:card" content="summary_large_image" />
<meta name="twitter:label1" content="Est. reading time" />
	<meta name="twitter:data1" content="1 minute" />
<script type="application/ld+json" class="yoast-schema-graph">{"@context":"https:\/\/schema.org","@graph":[{"@type":"WebPage","@id":"https:\/\/www.entrearteycultura.es\/?eap_event=los-origenes-de-madrid-muralla-arabe-y-museo-de-san-isidro","url":"https:\/\/www.entrearteycultura.es\/?eap_event=los-origenes-de-madrid-muralla-arabe-y-museo-de-san-isidro","name":"Los orígenes de Madrid: Muralla árabe y Museo de San Isidro - Entre Arte y cultura","isPartOf":{"@id":"https:\/\/www.entrearteycultura.es\/#website"},"primaryImageOfPage":{"@id":"https:\/\/www.entrearteycultura.es\/?eap_event=los-origenes-de-madrid-muralla-arabe-y-museo-de-san-isidro#primaryimage"},"image":{"@id":"https:\/\/www.entrearteycultura.es\/?eap_event=los-origenes-de-madrid-muralla-arabe-y-museo-de-san-isidro#primaryimage"},"thumbnailUrl":"https:\/\/www.entrearteycultura.es\/wp-content\/uploads\/2024\/01\/Imagen2-1.png","datePublished":"2024-01-11T13:21:27+00:00","dateModified":"2024-03-21T10:24:10+00:00","breadcrumb":{"@id":"https:\/\/www.entrearteycultura.es\/?eap_event=los-origenes-de-madrid-muralla-arabe-y-museo-de-san-isidro#breadcrumb"},"inLanguage":"en-US","potentialAction":[{"@type":"ReadAction","target":["https:\/\/www.entrearteycultura.es\/?eap_event=los-origenes-de-madrid-muralla-arabe-y-museo-de-san-isidro"]}]},{"@type":"ImageObject","inLanguage":"en-US","@id":"https:\/\/www.entrearteycultura.es\/?eap_event=los-origenes-de-madrid-muralla-arabe-y-museo-de-san-isidro#primaryimage","url":"https:\/\/www.entrearteycultura.es\/wp-content\/uploads\/2024\/01\/Imagen2-1.png","contentUrl":"https:\/\/www.entrearteycultura.es\/wp-content\/uploads\/2024\/01\/Imagen2-1.png","width":1019,"height":320},{"@type":"BreadcrumbList","@id":"https:\/\/www.entrearteycultura.es\/?eap_event=los-origenes-de-madrid-muralla-arabe-y-museo-de-san-isidro#breadcrumb","itemListElement":[{"@type":"ListItem","position":1,"name":"Portada","item":"https:\/\/www.entrearteycultura.es\/"},{"@type":"ListItem","position":2,"name":"Events","item":"https:\/\/www.entrearteycultura.es\/?post_type=eap_event"},{"@type":"ListItem","position":3,"name":"Los orígenes de Madrid: Muralla árabe y Museo de San Isidro"}]},{"@type":"WebSite","@id":"https:\/\/www.entrearteycultura.es\/#website","url":"https:\/\/www.entrearteycultura.es\/","name":"Entre Arte y cultura","description":"Viajes, eventos cuturales, conferencias y tertulias","potentialAction":[{"@type":"SearchAction","target":{"@type":"EntryPoint","urlTemplate":"https:\/\/www.entrearteycultura.es\/?s={search_term_string}"},"query-input":{"@type":"PropertyValueSpecification","valueRequired":true,"valueName":"search_term_string"}}],"inLanguage":"en-US"}]}</script>
<!-- / Yoast SEO plugin. -->

Los orígenes de Madrid: Muralla árabe y Museo de San Isidro - Entre Arte y cultura

Para conocer los orígenes de Madrid, la ciudad que nos acoge, es necesario acercarse a los restos visibles de la muralla árabe, puesto que la ciudad tuvo origen árabe que se remonta al siglo IX. Este primer acercamiento nos permitirá comprender muchos conceptos asociados a la historia y arte de nuestra ciudad. Esos primeros siglos [&hellip;]
