{"id":705,"date":"2023-10-10T14:32:09","date_gmt":"2023-10-10T14:32:09","guid":{"rendered":"https:\/\/www.entrearteycultura.es\/?post_type=eap_event&#038;p=705"},"modified":"2023-12-16T19:03:10","modified_gmt":"2023-12-16T19:03:10","slug":"puerta-de-la-alcarria-torija-y-brihuega","status":"publish","type":"eap_event","link":"https:\/\/www.entrearteycultura.es\/?eap_event=puerta-de-la-alcarria-torija-y-brihuega","title":{"rendered":"PUERTA DE LA ALCARRIA: Torija y Brihuega"},"content":{"rendered":"\n<p>Siguiendo las huellas de Camilo Jos\u00e9 Cela en su <em>Viaje a la Alcarria<\/em>, visitaremos el castillo medieval de Torija que alberga el museo dedicado a esta obra.<\/p>\n\n\n\n<p>Brihuega, villa medieval con el castillo de Pe\u00f1a Bermeja (que alberga un cementerio en su patio de armas). Visitaremos la iglesia de Nuestra Se\u00f1ora de la Pe\u00f1a, entre rom\u00e1nico y g\u00f3tico, las cuevas \u00e1rabes, as\u00ed como la Real Fabrica de Pa\u00f1os, rehabilitada como hotel.<\/p>\n","protected":false},"excerpt":{"rendered":"<p>Siguiendo las huellas de Camilo Jos\u00e9 Cela en su Viaje a la Alcarria, visitaremos el castillo medieval de Torija que alberga el museo dedicado a esta obra. Brihuega, villa medieval con el castillo de Pe\u00f1a Bermeja (que alberga un cementerio en su patio de armas). Visitaremos la iglesia de Nuestra Se\u00f1ora de la Pe\u00f1a, entre [&hellip;]<\/p>\n","protected":false},"author":1,"featured_media":702,"comment_status":"open","ping_status":"closed","template":"","categories":[45],"class_list":["post-705","eap_event","type-eap_event","status-publish","has-post-thumbnail","hentry","category-eventos-pasados"],"yoast_head":"<!-- This site is optimized with the Yoast SEO plugin v27.5 - https:\/\/yoast.com\/product\/yoast-seo-wordpress\/ -->\n<title>PUERTA DE LA ALCARRIA: Torija y Brihuega - Entre Arte y cultura<\/title>\n<meta name=\"robots\" content=\"index, follow, max-snippet:-1, max-image-preview:large, max-video-preview:-1\" \/>\n<link rel=\"canonical\" href=\"https:\/\/www.entrearteycultura.es\/?eap_event=puerta-de-la-alcarria-torija-y-brihuega\" \/>\n<meta property=\"og:locale\" content=\"en_US\" \/>\n<meta property=\"og:type\" content=\"article\" \/>\n<meta property=\"og:title\" content=\"PUERTA DE LA ALCARRIA: Torija y Brihuega - Entre Arte y cultura\" \/>\n<meta property=\"og:description\" content=\"Siguiendo las huellas de Camilo Jos\u00e9 Cela en su Viaje a la Alcarria, visitaremos el castillo medieval de Torija que alberga el museo dedicado a esta obra. Brihuega, villa medieval con el castillo de Pe\u00f1a Bermeja (que alberga un cementerio en su patio de armas). Visitaremos la iglesia de Nuestra Se\u00f1ora de la Pe\u00f1a, entre [&hellip;]\" \/>\n<meta property=\"og:url\" content=\"https:\/\/www.entrearteycultura.es\/?eap_event=puerta-de-la-alcarria-torija-y-brihuega\" \/>\n<meta property=\"og:site_name\" content=\"Entre Arte y cultura\" \/>\n<meta property=\"article:modified_time\" content=\"2023-12-16T19:03:10+00:00\" \/>\n<meta property=\"og:image\" content=\"https:\/\/www.entrearteycultura.es\/wp-content\/uploads\/2023\/10\/Imagen3.png\" \/>\n\t<meta property=\"og:image:width\" content=\"1269\" \/>\n\t<meta property=\"og:image:height\" content=\"361\" \/>\n\t<meta property=\"og:image:type\" content=\"image\/png\" \/>\n<meta name=\"twitter:card\" content=\"summary_large_image\" \/>\n<script type=\"application\/ld+json\" class=\"yoast-schema-graph\">{\"@context\":\"https:\\\/\\\/schema.org\",\"@graph\":[{\"@type\":\"WebPage\",\"@id\":\"https:\\\/\\\/www.entrearteycultura.es\\\/?eap_event=puerta-de-la-alcarria-torija-y-brihuega\",\"url\":\"https:\\\/\\\/www.entrearteycultura.es\\\/?eap_event=puerta-de-la-alcarria-torija-y-brihuega\",\"name\":\"PUERTA DE LA ALCARRIA: Torija y Brihuega - Entre Arte y cultura\",\"isPartOf\":{\"@id\":\"https:\\\/\\\/www.entrearteycultura.es\\\/#website\"},\"primaryImageOfPage\":{\"@id\":\"https:\\\/\\\/www.entrearteycultura.es\\\/?eap_event=puerta-de-la-alcarria-torija-y-brihuega#primaryimage\"},\"image\":{\"@id\":\"https:\\\/\\\/www.entrearteycultura.es\\\/?eap_event=puerta-de-la-alcarria-torija-y-brihuega#primaryimage\"},\"thumbnailUrl\":\"https:\\\/\\\/www.entrearteycultura.es\\\/wp-content\\\/uploads\\\/2023\\\/10\\\/Imagen3.png\",\"datePublished\":\"2023-10-10T14:32:09+00:00\",\"dateModified\":\"2023-12-16T19:03:10+00:00\",\"breadcrumb\":{\"@id\":\"https:\\\/\\\/www.entrearteycultura.es\\\/?eap_event=puerta-de-la-alcarria-torija-y-brihuega#breadcrumb\"},\"inLanguage\":\"en-US\",\"potentialAction\":[{\"@type\":\"ReadAction\",\"target\":[\"https:\\\/\\\/www.entrearteycultura.es\\\/?eap_event=puerta-de-la-alcarria-torija-y-brihuega\"]}]},{\"@type\":\"ImageObject\",\"inLanguage\":\"en-US\",\"@id\":\"https:\\\/\\\/www.entrearteycultura.es\\\/?eap_event=puerta-de-la-alcarria-torija-y-brihuega#primaryimage\",\"url\":\"https:\\\/\\\/www.entrearteycultura.es\\\/wp-content\\\/uploads\\\/2023\\\/10\\\/Imagen3.png\",\"contentUrl\":\"https:\\\/\\\/www.entrearteycultura.es\\\/wp-content\\\/uploads\\\/2023\\\/10\\\/Imagen3.png\",\"width\":1269,\"height\":361},{\"@type\":\"BreadcrumbList\",\"@id\":\"https:\\\/\\\/www.entrearteycultura.es\\\/?eap_event=puerta-de-la-alcarria-torija-y-brihuega#breadcrumb\",\"itemListElement\":[{\"@type\":\"ListItem\",\"position\":1,\"name\":\"Portada\",\"item\":\"https:\\\/\\\/www.entrearteycultura.es\\\/\"},{\"@type\":\"ListItem\",\"position\":2,\"name\":\"Events\",\"item\":\"https:\\\/\\\/www.entrearteycultura.es\\\/?post_type=eap_event\"},{\"@type\":\"ListItem\",\"position\":3,\"name\":\"PUERTA DE LA ALCARRIA: Torija y Brihuega\"}]},{\"@type\":\"WebSite\",\"@id\":\"https:\\\/\\\/www.entrearteycultura.es\\\/#website\",\"url\":\"https:\\\/\\\/www.entrearteycultura.es\\\/\",\"name\":\"Entre Arte y cultura\",\"description\":\"Viajes, eventos cuturales, conferencias y tertulias\",\"potentialAction\":[{\"@type\":\"SearchAction\",\"target\":{\"@type\":\"EntryPoint\",\"urlTemplate\":\"https:\\\/\\\/www.entrearteycultura.es\\\/?s={search_term_string}\"},\"query-input\":{\"@type\":\"PropertyValueSpecification\",\"valueRequired\":true,\"valueName\":\"search_term_string\"}}],\"inLanguage\":\"en-US\"}]}<\/script>\n<!-- \/ Yoast SEO plugin. -->","yoast_head_json":{"title":"PUERTA DE LA ALCARRIA: Torija y Brihuega - Entre Arte y cultura","robots":{"index":"index","follow":"follow","max-snippet":"max-snippet:-1","max-image-preview":"max-image-preview:large","max-video-preview":"max-video-preview:-1"},"canonical":"https:\/\/www.entrearteycultura.es\/?eap_event=puerta-de-la-alcarria-torija-y-brihuega","og_locale":"en_US","og_type":"article","og_title":"PUERTA DE LA ALCARRIA: Torija y Brihuega - Entre Arte y cultura","og_description":"Siguiendo las huellas de Camilo Jos\u00e9 Cela en su Viaje a la Alcarria, visitaremos el castillo medieval de Torija que alberga el museo dedicado a esta obra. Brihuega, villa medieval con el castillo de Pe\u00f1a Bermeja (que alberga un cementerio en su patio de armas). Visitaremos la iglesia de Nuestra Se\u00f1ora de la Pe\u00f1a, entre [&hellip;]","og_url":"https:\/\/www.entrearteycultura.es\/?eap_event=puerta-de-la-alcarria-torija-y-brihuega","og_site_name":"Entre Arte y cultura","article_modified_time":"2023-12-16T19:03:10+00:00","og_image":[{"width":1269,"height":361,"url":"https:\/\/www.entrearteycultura.es\/wp-content\/uploads\/2023\/10\/Imagen3.png","type":"image\/png"}],"twitter_card":"summary_large_image","schema":{"@context":"https:\/\/schema.org","@graph":[{"@type":"WebPage","@id":"https:\/\/www.entrearteycultura.es\/?eap_event=puerta-de-la-alcarria-torija-y-brihuega","url":"https:\/\/www.entrearteycultura.es\/?eap_event=puerta-de-la-alcarria-torija-y-brihuega","name":"PUERTA DE LA ALCARRIA: Torija y Brihuega - Entre Arte y cultura","isPartOf":{"@id":"https:\/\/www.entrearteycultura.es\/#website"},"primaryImageOfPage":{"@id":"https:\/\/www.entrearteycultura.es\/?eap_event=puerta-de-la-alcarria-torija-y-brihuega#primaryimage"},"image":{"@id":"https:\/\/www.entrearteycultura.es\/?eap_event=puerta-de-la-alcarria-torija-y-brihuega#primaryimage"},"thumbnailUrl":"https:\/\/www.entrearteycultura.es\/wp-content\/uploads\/2023\/10\/Imagen3.png","datePublished":"2023-10-10T14:32:09+00:00","dateModified":"2023-12-16T19:03:10+00:00","breadcrumb":{"@id":"https:\/\/www.entrearteycultura.es\/?eap_event=puerta-de-la-alcarria-torija-y-brihuega#breadcrumb"},"inLanguage":"en-US","potentialAction":[{"@type":"ReadAction","target":["https:\/\/www.entrearteycultura.es\/?eap_event=puerta-de-la-alcarria-torija-y-brihuega"]}]},{"@type":"ImageObject","inLanguage":"en-US","@id":"https:\/\/www.entrearteycultura.es\/?eap_event=puerta-de-la-alcarria-torija-y-brihuega#primaryimage","url":"https:\/\/www.entrearteycultura.es\/wp-content\/uploads\/2023\/10\/Imagen3.png","contentUrl":"https:\/\/www.entrearteycultura.es\/wp-content\/uploads\/2023\/10\/Imagen3.png","width":1269,"height":361},{"@type":"BreadcrumbList","@id":"https:\/\/www.entrearteycultura.es\/?eap_event=puerta-de-la-alcarria-torija-y-brihuega#breadcrumb","itemListElement":[{"@type":"ListItem","position":1,"name":"Portada","item":"https:\/\/www.entrearteycultura.es\/"},{"@type":"ListItem","position":2,"name":"Events","item":"https:\/\/www.entrearteycultura.es\/?post_type=eap_event"},{"@type":"ListItem","position":3,"name":"PUERTA DE LA ALCARRIA: Torija y Brihuega"}]},{"@type":"WebSite","@id":"https:\/\/www.entrearteycultura.es\/#website","url":"https:\/\/www.entrearteycultura.es\/","name":"Entre Arte y cultura","description":"Viajes, eventos cuturales, conferencias y tertulias","potentialAction":[{"@type":"SearchAction","target":{"@type":"EntryPoint","urlTemplate":"https:\/\/www.entrearteycultura.es\/?s={search_term_string}"},"query-input":{"@type":"PropertyValueSpecification","valueRequired":true,"valueName":"search_term_string"}}],"inLanguage":"en-US"}]}},"_links":{"self":[{"href":"https:\/\/www.entrearteycultura.es\/index.php?rest_route=\/wp\/v2\/eap_event\/705","targetHints":{"allow":["GET"]}}],"collection":[{"href":"https:\/\/www.entrearteycultura.es\/index.php?rest_route=\/wp\/v2\/eap_event"}],"about":[{"href":"https:\/\/www.entrearteycultura.es\/index.php?rest_route=\/wp\/v2\/types\/eap_event"}],"author":[{"embeddable":true,"href":"https:\/\/www.entrearteycultura.es\/index.php?rest_route=\/wp\/v2\/users\/1"}],"replies":[{"embeddable":true,"href":"https:\/\/www.entrearteycultura.es\/index.php?rest_route=%2Fwp%2Fv2%2Fcomments&post=705"}],"version-history":[{"count":1,"href":"https:\/\/www.entrearteycultura.es\/index.php?rest_route=\/wp\/v2\/eap_event\/705\/revisions"}],"predecessor-version":[{"id":706,"href":"https:\/\/www.entrearteycultura.es\/index.php?rest_route=\/wp\/v2\/eap_event\/705\/revisions\/706"}],"wp:featuredmedia":[{"embeddable":true,"href":"https:\/\/www.entrearteycultura.es\/index.php?rest_route=\/wp\/v2\/media\/702"}],"wp:attachment":[{"href":"https:\/\/www.entrearteycultura.es\/index.php?rest_route=%2Fwp%2Fv2%2Fmedia&parent=705"}],"wp:term":[{"taxonomy":"category","embeddable":true,"href":"https:\/\/www.entrearteycultura.es\/index.php?rest_route=%2Fwp%2Fv2%2Fcategories&post=705"}],"curies":[{"name":"wp","href":"https:\/\/api.w.org\/{rel}","templated":true}]}}

<p>Siguiendo las huellas de Camilo José Cela en su <em>Viaje a la Alcarria</em>, visitaremos el castillo medieval de Torija que alberga el museo dedicado a esta obra.</p>



<p>Brihuega, villa medieval con el castillo de Peña Bermeja (que alberga un cementerio en su patio de armas). Visitaremos la iglesia de Nuestra Señora de la Peña, entre románico y gótico, las cuevas árabes, así como la Real Fabrica de Paños, rehabilitada como hotel.</p>

<p>Siguiendo las huellas de Camilo José Cela en su Viaje a la Alcarria, visitaremos el castillo medieval de Torija que alberga el museo dedicado a esta obra. Brihuega, villa medieval con el castillo de Peña Bermeja (que alberga un cementerio en su patio de armas). Visitaremos la iglesia de Nuestra Señora de la Peña, entre [&hellip;]</p>

<!-- This site is optimized with the Yoast SEO plugin v27.5 - https://yoast.com/product/yoast-seo-wordpress/ -->
<title>PUERTA DE LA ALCARRIA: Torija y Brihuega - Entre Arte y cultura</title>
<meta name="robots" content="index, follow, max-snippet:-1, max-image-preview:large, max-video-preview:-1" />
<link rel="canonical" href="https://www.entrearteycultura.es/?eap_event=puerta-de-la-alcarria-torija-y-brihuega" />
<meta property="og:locale" content="en_US" />
<meta property="og:type" content="article" />
<meta property="og:title" content="PUERTA DE LA ALCARRIA: Torija y Brihuega - Entre Arte y cultura" />
<meta property="og:description" content="Siguiendo las huellas de Camilo José Cela en su Viaje a la Alcarria, visitaremos el castillo medieval de Torija que alberga el museo dedicado a esta obra. Brihuega, villa medieval con el castillo de Peña Bermeja (que alberga un cementerio en su patio de armas). Visitaremos la iglesia de Nuestra Señora de la Peña, entre [&hellip;]" />
<meta property="og:url" content="https://www.entrearteycultura.es/?eap_event=puerta-de-la-alcarria-torija-y-brihuega" />
<meta property="og:site_name" content="Entre Arte y cultura" />
<meta property="article:modified_time" content="2023-12-16T19:03:10+00:00" />
<meta property="og:image" content="https://www.entrearteycultura.es/wp-content/uploads/2023/10/Imagen3.png" />
	<meta property="og:image:width" content="1269" />
	<meta property="og:image:height" content="361" />
	<meta property="og:image:type" content="image/png" />
<meta name="twitter:card" content="summary_large_image" />
<script type="application/ld+json" class="yoast-schema-graph">{"@context":"https:\/\/schema.org","@graph":[{"@type":"WebPage","@id":"https:\/\/www.entrearteycultura.es\/?eap_event=puerta-de-la-alcarria-torija-y-brihuega","url":"https:\/\/www.entrearteycultura.es\/?eap_event=puerta-de-la-alcarria-torija-y-brihuega","name":"PUERTA DE LA ALCARRIA: Torija y Brihuega - Entre Arte y cultura","isPartOf":{"@id":"https:\/\/www.entrearteycultura.es\/#website"},"primaryImageOfPage":{"@id":"https:\/\/www.entrearteycultura.es\/?eap_event=puerta-de-la-alcarria-torija-y-brihuega#primaryimage"},"image":{"@id":"https:\/\/www.entrearteycultura.es\/?eap_event=puerta-de-la-alcarria-torija-y-brihuega#primaryimage"},"thumbnailUrl":"https:\/\/www.entrearteycultura.es\/wp-content\/uploads\/2023\/10\/Imagen3.png","datePublished":"2023-10-10T14:32:09+00:00","dateModified":"2023-12-16T19:03:10+00:00","breadcrumb":{"@id":"https:\/\/www.entrearteycultura.es\/?eap_event=puerta-de-la-alcarria-torija-y-brihuega#breadcrumb"},"inLanguage":"en-US","potentialAction":[{"@type":"ReadAction","target":["https:\/\/www.entrearteycultura.es\/?eap_event=puerta-de-la-alcarria-torija-y-brihuega"]}]},{"@type":"ImageObject","inLanguage":"en-US","@id":"https:\/\/www.entrearteycultura.es\/?eap_event=puerta-de-la-alcarria-torija-y-brihuega#primaryimage","url":"https:\/\/www.entrearteycultura.es\/wp-content\/uploads\/2023\/10\/Imagen3.png","contentUrl":"https:\/\/www.entrearteycultura.es\/wp-content\/uploads\/2023\/10\/Imagen3.png","width":1269,"height":361},{"@type":"BreadcrumbList","@id":"https:\/\/www.entrearteycultura.es\/?eap_event=puerta-de-la-alcarria-torija-y-brihuega#breadcrumb","itemListElement":[{"@type":"ListItem","position":1,"name":"Portada","item":"https:\/\/www.entrearteycultura.es\/"},{"@type":"ListItem","position":2,"name":"Events","item":"https:\/\/www.entrearteycultura.es\/?post_type=eap_event"},{"@type":"ListItem","position":3,"name":"PUERTA DE LA ALCARRIA: Torija y Brihuega"}]},{"@type":"WebSite","@id":"https:\/\/www.entrearteycultura.es\/#website","url":"https:\/\/www.entrearteycultura.es\/","name":"Entre Arte y cultura","description":"Viajes, eventos cuturales, conferencias y tertulias","potentialAction":[{"@type":"SearchAction","target":{"@type":"EntryPoint","urlTemplate":"https:\/\/www.entrearteycultura.es\/?s={search_term_string}"},"query-input":{"@type":"PropertyValueSpecification","valueRequired":true,"valueName":"search_term_string"}}],"inLanguage":"en-US"}]}</script>
<!-- / Yoast SEO plugin. -->

Siguiendo las huellas de Camilo José Cela en su Viaje a la Alcarria, visitaremos el castillo medieval de Torija que alberga el museo dedicado a esta obra. Brihuega, villa medieval con el castillo de Peña Bermeja (que alberga un cementerio en su patio de armas). Visitaremos la iglesia de Nuestra Señora de la Peña, entre [&hellip;]
