{"id":697,"date":"2023-10-10T14:25:30","date_gmt":"2023-10-10T14:25:30","guid":{"rendered":"https:\/\/www.entrearteycultura.es\/?post_type=eap_event&#038;p=697"},"modified":"2023-10-23T14:40:19","modified_gmt":"2023-10-23T14:40:19","slug":"arte-contemporaneo-segovia","status":"publish","type":"eap_event","link":"https:\/\/www.entrearteycultura.es\/?eap_event=arte-contemporaneo-segovia","title":{"rendered":"ARTE CONTEMPOR\u00c1NEO SEGOVIA"},"content":{"rendered":"\n<p><strong>Visita a la exposici\u00f3n de Eugenio Ampudia y a la colecci\u00f3n MER<\/strong><\/p>\n\n\n\n<p>El artista pl\u00e1stico Eugenio Ampudia, nos mostrar\u00e1 la exposici\u00f3n en El Palacio Quintanar de Segovia, la exposici\u00f3n &#8216;C\u00f3mo si no hubiera pasado nada&#8217;, muestra retrospectiva del trabajo del artista, comisariada por Blanca de la Torre. A lo largo de la exposici\u00f3n se pueden observar obras de todo tipo de formatos, que interact\u00faan de manera activa con los espacios expositivos del Palacio, los desaf\u00edan y los alteran de manera continua, concibiendo nuevos recorridos y conceptos.<\/p>\n\n\n\n<p>Posteriormente, visitaremos la colecci\u00f3n privada MER (Marcos, Elena y su hijo Rafael), una de las colecciones espa\u00f1olas m\u00e1s importantes de arte contempor\u00e1neo internacional. Rafael Mart\u00edn Rueda nos desvelar\u00e1 la colecci\u00f3n y el proyecto de su futura exposici\u00f3n.&nbsp; Almuerzo el restaurante El Bernardino.<\/p>\n","protected":false},"excerpt":{"rendered":"<p>Visita a la exposici\u00f3n de Eugenio Ampudia y a la colecci\u00f3n MER El artista pl\u00e1stico Eugenio Ampudia, nos mostrar\u00e1 la exposici\u00f3n en El Palacio Quintanar de Segovia, la exposici\u00f3n &#8216;C\u00f3mo si no hubiera pasado nada&#8217;, muestra retrospectiva del trabajo del artista, comisariada por Blanca de la Torre. A lo largo de la exposici\u00f3n se pueden [&hellip;]<\/p>\n","protected":false},"author":1,"featured_media":700,"comment_status":"open","ping_status":"closed","template":"","categories":[45],"class_list":["post-697","eap_event","type-eap_event","status-publish","has-post-thumbnail","hentry","category-eventos-pasados"],"yoast_head":"<!-- This site is optimized with the Yoast SEO plugin v27.5 - https:\/\/yoast.com\/product\/yoast-seo-wordpress\/ -->\n<title>ARTE CONTEMPOR\u00c1NEO SEGOVIA - Entre Arte y cultura<\/title>\n<meta name=\"robots\" content=\"index, follow, max-snippet:-1, max-image-preview:large, max-video-preview:-1\" \/>\n<link rel=\"canonical\" href=\"https:\/\/www.entrearteycultura.es\/?eap_event=arte-contemporaneo-segovia\" \/>\n<meta property=\"og:locale\" content=\"en_US\" \/>\n<meta property=\"og:type\" content=\"article\" \/>\n<meta property=\"og:title\" content=\"ARTE CONTEMPOR\u00c1NEO SEGOVIA - Entre Arte y cultura\" \/>\n<meta property=\"og:description\" content=\"Visita a la exposici\u00f3n de Eugenio Ampudia y a la colecci\u00f3n MER El artista pl\u00e1stico Eugenio Ampudia, nos mostrar\u00e1 la exposici\u00f3n en El Palacio Quintanar de Segovia, la exposici\u00f3n &#8216;C\u00f3mo si no hubiera pasado nada&#8217;, muestra retrospectiva del trabajo del artista, comisariada por Blanca de la Torre. A lo largo de la exposici\u00f3n se pueden [&hellip;]\" \/>\n<meta property=\"og:url\" content=\"https:\/\/www.entrearteycultura.es\/?eap_event=arte-contemporaneo-segovia\" \/>\n<meta property=\"og:site_name\" content=\"Entre Arte y cultura\" \/>\n<meta property=\"article:modified_time\" content=\"2023-10-23T14:40:19+00:00\" \/>\n<meta property=\"og:image\" content=\"https:\/\/www.entrearteycultura.es\/wp-content\/uploads\/2023\/10\/Imagen1.jpg\" \/>\n\t<meta property=\"og:image:width\" content=\"487\" \/>\n\t<meta property=\"og:image:height\" content=\"286\" \/>\n\t<meta property=\"og:image:type\" content=\"image\/jpeg\" \/>\n<meta name=\"twitter:card\" content=\"summary_large_image\" \/>\n<meta name=\"twitter:label1\" content=\"Est. reading time\" \/>\n\t<meta name=\"twitter:data1\" content=\"1 minute\" \/>\n<script type=\"application\/ld+json\" class=\"yoast-schema-graph\">{\"@context\":\"https:\\\/\\\/schema.org\",\"@graph\":[{\"@type\":\"WebPage\",\"@id\":\"https:\\\/\\\/www.entrearteycultura.es\\\/?eap_event=arte-contemporaneo-segovia\",\"url\":\"https:\\\/\\\/www.entrearteycultura.es\\\/?eap_event=arte-contemporaneo-segovia\",\"name\":\"ARTE CONTEMPOR\u00c1NEO SEGOVIA - Entre Arte y cultura\",\"isPartOf\":{\"@id\":\"https:\\\/\\\/www.entrearteycultura.es\\\/#website\"},\"primaryImageOfPage\":{\"@id\":\"https:\\\/\\\/www.entrearteycultura.es\\\/?eap_event=arte-contemporaneo-segovia#primaryimage\"},\"image\":{\"@id\":\"https:\\\/\\\/www.entrearteycultura.es\\\/?eap_event=arte-contemporaneo-segovia#primaryimage\"},\"thumbnailUrl\":\"https:\\\/\\\/www.entrearteycultura.es\\\/wp-content\\\/uploads\\\/2023\\\/10\\\/Imagen1.jpg\",\"datePublished\":\"2023-10-10T14:25:30+00:00\",\"dateModified\":\"2023-10-23T14:40:19+00:00\",\"breadcrumb\":{\"@id\":\"https:\\\/\\\/www.entrearteycultura.es\\\/?eap_event=arte-contemporaneo-segovia#breadcrumb\"},\"inLanguage\":\"en-US\",\"potentialAction\":[{\"@type\":\"ReadAction\",\"target\":[\"https:\\\/\\\/www.entrearteycultura.es\\\/?eap_event=arte-contemporaneo-segovia\"]}]},{\"@type\":\"ImageObject\",\"inLanguage\":\"en-US\",\"@id\":\"https:\\\/\\\/www.entrearteycultura.es\\\/?eap_event=arte-contemporaneo-segovia#primaryimage\",\"url\":\"https:\\\/\\\/www.entrearteycultura.es\\\/wp-content\\\/uploads\\\/2023\\\/10\\\/Imagen1.jpg\",\"contentUrl\":\"https:\\\/\\\/www.entrearteycultura.es\\\/wp-content\\\/uploads\\\/2023\\\/10\\\/Imagen1.jpg\",\"width\":487,\"height\":286},{\"@type\":\"BreadcrumbList\",\"@id\":\"https:\\\/\\\/www.entrearteycultura.es\\\/?eap_event=arte-contemporaneo-segovia#breadcrumb\",\"itemListElement\":[{\"@type\":\"ListItem\",\"position\":1,\"name\":\"Portada\",\"item\":\"https:\\\/\\\/www.entrearteycultura.es\\\/\"},{\"@type\":\"ListItem\",\"position\":2,\"name\":\"Events\",\"item\":\"https:\\\/\\\/www.entrearteycultura.es\\\/?post_type=eap_event\"},{\"@type\":\"ListItem\",\"position\":3,\"name\":\"ARTE CONTEMPOR\u00c1NEO SEGOVIA\"}]},{\"@type\":\"WebSite\",\"@id\":\"https:\\\/\\\/www.entrearteycultura.es\\\/#website\",\"url\":\"https:\\\/\\\/www.entrearteycultura.es\\\/\",\"name\":\"Entre Arte y cultura\",\"description\":\"Viajes, eventos cuturales, conferencias y tertulias\",\"potentialAction\":[{\"@type\":\"SearchAction\",\"target\":{\"@type\":\"EntryPoint\",\"urlTemplate\":\"https:\\\/\\\/www.entrearteycultura.es\\\/?s={search_term_string}\"},\"query-input\":{\"@type\":\"PropertyValueSpecification\",\"valueRequired\":true,\"valueName\":\"search_term_string\"}}],\"inLanguage\":\"en-US\"}]}<\/script>\n<!-- \/ Yoast SEO plugin. -->","yoast_head_json":{"title":"ARTE CONTEMPOR\u00c1NEO SEGOVIA - Entre Arte y cultura","robots":{"index":"index","follow":"follow","max-snippet":"max-snippet:-1","max-image-preview":"max-image-preview:large","max-video-preview":"max-video-preview:-1"},"canonical":"https:\/\/www.entrearteycultura.es\/?eap_event=arte-contemporaneo-segovia","og_locale":"en_US","og_type":"article","og_title":"ARTE CONTEMPOR\u00c1NEO SEGOVIA - Entre Arte y cultura","og_description":"Visita a la exposici\u00f3n de Eugenio Ampudia y a la colecci\u00f3n MER El artista pl\u00e1stico Eugenio Ampudia, nos mostrar\u00e1 la exposici\u00f3n en El Palacio Quintanar de Segovia, la exposici\u00f3n &#8216;C\u00f3mo si no hubiera pasado nada&#8217;, muestra retrospectiva del trabajo del artista, comisariada por Blanca de la Torre. A lo largo de la exposici\u00f3n se pueden [&hellip;]","og_url":"https:\/\/www.entrearteycultura.es\/?eap_event=arte-contemporaneo-segovia","og_site_name":"Entre Arte y cultura","article_modified_time":"2023-10-23T14:40:19+00:00","og_image":[{"width":487,"height":286,"url":"https:\/\/www.entrearteycultura.es\/wp-content\/uploads\/2023\/10\/Imagen1.jpg","type":"image\/jpeg"}],"twitter_card":"summary_large_image","twitter_misc":{"Est. reading time":"1 minute"},"schema":{"@context":"https:\/\/schema.org","@graph":[{"@type":"WebPage","@id":"https:\/\/www.entrearteycultura.es\/?eap_event=arte-contemporaneo-segovia","url":"https:\/\/www.entrearteycultura.es\/?eap_event=arte-contemporaneo-segovia","name":"ARTE CONTEMPOR\u00c1NEO SEGOVIA - Entre Arte y cultura","isPartOf":{"@id":"https:\/\/www.entrearteycultura.es\/#website"},"primaryImageOfPage":{"@id":"https:\/\/www.entrearteycultura.es\/?eap_event=arte-contemporaneo-segovia#primaryimage"},"image":{"@id":"https:\/\/www.entrearteycultura.es\/?eap_event=arte-contemporaneo-segovia#primaryimage"},"thumbnailUrl":"https:\/\/www.entrearteycultura.es\/wp-content\/uploads\/2023\/10\/Imagen1.jpg","datePublished":"2023-10-10T14:25:30+00:00","dateModified":"2023-10-23T14:40:19+00:00","breadcrumb":{"@id":"https:\/\/www.entrearteycultura.es\/?eap_event=arte-contemporaneo-segovia#breadcrumb"},"inLanguage":"en-US","potentialAction":[{"@type":"ReadAction","target":["https:\/\/www.entrearteycultura.es\/?eap_event=arte-contemporaneo-segovia"]}]},{"@type":"ImageObject","inLanguage":"en-US","@id":"https:\/\/www.entrearteycultura.es\/?eap_event=arte-contemporaneo-segovia#primaryimage","url":"https:\/\/www.entrearteycultura.es\/wp-content\/uploads\/2023\/10\/Imagen1.jpg","contentUrl":"https:\/\/www.entrearteycultura.es\/wp-content\/uploads\/2023\/10\/Imagen1.jpg","width":487,"height":286},{"@type":"BreadcrumbList","@id":"https:\/\/www.entrearteycultura.es\/?eap_event=arte-contemporaneo-segovia#breadcrumb","itemListElement":[{"@type":"ListItem","position":1,"name":"Portada","item":"https:\/\/www.entrearteycultura.es\/"},{"@type":"ListItem","position":2,"name":"Events","item":"https:\/\/www.entrearteycultura.es\/?post_type=eap_event"},{"@type":"ListItem","position":3,"name":"ARTE CONTEMPOR\u00c1NEO SEGOVIA"}]},{"@type":"WebSite","@id":"https:\/\/www.entrearteycultura.es\/#website","url":"https:\/\/www.entrearteycultura.es\/","name":"Entre Arte y cultura","description":"Viajes, eventos cuturales, conferencias y tertulias","potentialAction":[{"@type":"SearchAction","target":{"@type":"EntryPoint","urlTemplate":"https:\/\/www.entrearteycultura.es\/?s={search_term_string}"},"query-input":{"@type":"PropertyValueSpecification","valueRequired":true,"valueName":"search_term_string"}}],"inLanguage":"en-US"}]}},"_links":{"self":[{"href":"https:\/\/www.entrearteycultura.es\/index.php?rest_route=\/wp\/v2\/eap_event\/697","targetHints":{"allow":["GET"]}}],"collection":[{"href":"https:\/\/www.entrearteycultura.es\/index.php?rest_route=\/wp\/v2\/eap_event"}],"about":[{"href":"https:\/\/www.entrearteycultura.es\/index.php?rest_route=\/wp\/v2\/types\/eap_event"}],"author":[{"embeddable":true,"href":"https:\/\/www.entrearteycultura.es\/index.php?rest_route=\/wp\/v2\/users\/1"}],"replies":[{"embeddable":true,"href":"https:\/\/www.entrearteycultura.es\/index.php?rest_route=%2Fwp%2Fv2%2Fcomments&post=697"}],"version-history":[{"count":1,"href":"https:\/\/www.entrearteycultura.es\/index.php?rest_route=\/wp\/v2\/eap_event\/697\/revisions"}],"predecessor-version":[{"id":698,"href":"https:\/\/www.entrearteycultura.es\/index.php?rest_route=\/wp\/v2\/eap_event\/697\/revisions\/698"}],"wp:featuredmedia":[{"embeddable":true,"href":"https:\/\/www.entrearteycultura.es\/index.php?rest_route=\/wp\/v2\/media\/700"}],"wp:attachment":[{"href":"https:\/\/www.entrearteycultura.es\/index.php?rest_route=%2Fwp%2Fv2%2Fmedia&parent=697"}],"wp:term":[{"taxonomy":"category","embeddable":true,"href":"https:\/\/www.entrearteycultura.es\/index.php?rest_route=%2Fwp%2Fv2%2Fcategories&post=697"}],"curies":[{"name":"wp","href":"https:\/\/api.w.org\/{rel}","templated":true}]}}

ARTE CONTEMPORÁNEO SEGOVIA

<p><strong>Visita a la exposición de Eugenio Ampudia y a la colección MER</strong></p>



<p>El artista plástico Eugenio Ampudia, nos mostrará la exposición en El Palacio Quintanar de Segovia, la exposición &#8216;Cómo si no hubiera pasado nada&#8217;, muestra retrospectiva del trabajo del artista, comisariada por Blanca de la Torre. A lo largo de la exposición se pueden observar obras de todo tipo de formatos, que interactúan de manera activa con los espacios expositivos del Palacio, los desafían y los alteran de manera continua, concibiendo nuevos recorridos y conceptos.</p>



<p>Posteriormente, visitaremos la colección privada MER (Marcos, Elena y su hijo Rafael), una de las colecciones españolas más importantes de arte contemporáneo internacional. Rafael Martín Rueda nos desvelará la colección y el proyecto de su futura exposición.&nbsp; Almuerzo el restaurante El Bernardino.</p>

<p>Visita a la exposición de Eugenio Ampudia y a la colección MER El artista plástico Eugenio Ampudia, nos mostrará la exposición en El Palacio Quintanar de Segovia, la exposición &#8216;Cómo si no hubiera pasado nada&#8217;, muestra retrospectiva del trabajo del artista, comisariada por Blanca de la Torre. A lo largo de la exposición se pueden [&hellip;]</p>

<!-- This site is optimized with the Yoast SEO plugin v27.5 - https://yoast.com/product/yoast-seo-wordpress/ -->
<title>ARTE CONTEMPORÁNEO SEGOVIA - Entre Arte y cultura</title>
<meta name="robots" content="index, follow, max-snippet:-1, max-image-preview:large, max-video-preview:-1" />
<link rel="canonical" href="https://www.entrearteycultura.es/?eap_event=arte-contemporaneo-segovia" />
<meta property="og:locale" content="en_US" />
<meta property="og:type" content="article" />
<meta property="og:title" content="ARTE CONTEMPORÁNEO SEGOVIA - Entre Arte y cultura" />
<meta property="og:description" content="Visita a la exposición de Eugenio Ampudia y a la colección MER El artista plástico Eugenio Ampudia, nos mostrará la exposición en El Palacio Quintanar de Segovia, la exposición &#8216;Cómo si no hubiera pasado nada&#8217;, muestra retrospectiva del trabajo del artista, comisariada por Blanca de la Torre. A lo largo de la exposición se pueden [&hellip;]" />
<meta property="og:url" content="https://www.entrearteycultura.es/?eap_event=arte-contemporaneo-segovia" />
<meta property="og:site_name" content="Entre Arte y cultura" />
<meta property="article:modified_time" content="2023-10-23T14:40:19+00:00" />
<meta property="og:image" content="https://www.entrearteycultura.es/wp-content/uploads/2023/10/Imagen1.jpg" />
	<meta property="og:image:width" content="487" />
	<meta property="og:image:height" content="286" />
	<meta property="og:image:type" content="image/jpeg" />
<meta name="twitter:card" content="summary_large_image" />
<meta name="twitter:label1" content="Est. reading time" />
	<meta name="twitter:data1" content="1 minute" />
<script type="application/ld+json" class="yoast-schema-graph">{"@context":"https:\/\/schema.org","@graph":[{"@type":"WebPage","@id":"https:\/\/www.entrearteycultura.es\/?eap_event=arte-contemporaneo-segovia","url":"https:\/\/www.entrearteycultura.es\/?eap_event=arte-contemporaneo-segovia","name":"ARTE CONTEMPORÁNEO SEGOVIA - Entre Arte y cultura","isPartOf":{"@id":"https:\/\/www.entrearteycultura.es\/#website"},"primaryImageOfPage":{"@id":"https:\/\/www.entrearteycultura.es\/?eap_event=arte-contemporaneo-segovia#primaryimage"},"image":{"@id":"https:\/\/www.entrearteycultura.es\/?eap_event=arte-contemporaneo-segovia#primaryimage"},"thumbnailUrl":"https:\/\/www.entrearteycultura.es\/wp-content\/uploads\/2023\/10\/Imagen1.jpg","datePublished":"2023-10-10T14:25:30+00:00","dateModified":"2023-10-23T14:40:19+00:00","breadcrumb":{"@id":"https:\/\/www.entrearteycultura.es\/?eap_event=arte-contemporaneo-segovia#breadcrumb"},"inLanguage":"en-US","potentialAction":[{"@type":"ReadAction","target":["https:\/\/www.entrearteycultura.es\/?eap_event=arte-contemporaneo-segovia"]}]},{"@type":"ImageObject","inLanguage":"en-US","@id":"https:\/\/www.entrearteycultura.es\/?eap_event=arte-contemporaneo-segovia#primaryimage","url":"https:\/\/www.entrearteycultura.es\/wp-content\/uploads\/2023\/10\/Imagen1.jpg","contentUrl":"https:\/\/www.entrearteycultura.es\/wp-content\/uploads\/2023\/10\/Imagen1.jpg","width":487,"height":286},{"@type":"BreadcrumbList","@id":"https:\/\/www.entrearteycultura.es\/?eap_event=arte-contemporaneo-segovia#breadcrumb","itemListElement":[{"@type":"ListItem","position":1,"name":"Portada","item":"https:\/\/www.entrearteycultura.es\/"},{"@type":"ListItem","position":2,"name":"Events","item":"https:\/\/www.entrearteycultura.es\/?post_type=eap_event"},{"@type":"ListItem","position":3,"name":"ARTE CONTEMPORÁNEO SEGOVIA"}]},{"@type":"WebSite","@id":"https:\/\/www.entrearteycultura.es\/#website","url":"https:\/\/www.entrearteycultura.es\/","name":"Entre Arte y cultura","description":"Viajes, eventos cuturales, conferencias y tertulias","potentialAction":[{"@type":"SearchAction","target":{"@type":"EntryPoint","urlTemplate":"https:\/\/www.entrearteycultura.es\/?s={search_term_string}"},"query-input":{"@type":"PropertyValueSpecification","valueRequired":true,"valueName":"search_term_string"}}],"inLanguage":"en-US"}]}</script>
<!-- / Yoast SEO plugin. -->

ARTE CONTEMPORÁNEO SEGOVIA - Entre Arte y cultura

Visita a la exposición de Eugenio Ampudia y a la colección MER El artista plástico Eugenio Ampudia, nos mostrará la exposición en El Palacio Quintanar de Segovia, la exposición &#8216;Cómo si no hubiera pasado nada&#8217;, muestra retrospectiva del trabajo del artista, comisariada por Blanca de la Torre. A lo largo de la exposición se pueden [&hellip;]
