{"id":681,"date":"2023-09-24T11:46:56","date_gmt":"2023-09-24T11:46:56","guid":{"rendered":"https:\/\/www.entrearteycultura.es\/?post_type=eap_event&#038;p=681"},"modified":"2023-11-05T16:09:35","modified_gmt":"2023-11-05T16:09:35","slug":"visita-al-palacio-de-fomento-actual-ministerio-de-agricultura","status":"publish","type":"eap_event","link":"https:\/\/www.entrearteycultura.es\/?eap_event=visita-al-palacio-de-fomento-actual-ministerio-de-agricultura","title":{"rendered":"Visita al Palacio de Fomento (actual Ministerio de Agricultura)"},"content":{"rendered":"\n<p><strong>URGENTE: INSCRIPCI\u00d3N ANTES DEL 1 DE OCTUBRE<\/strong><\/p>\n\n\n\n<p>En el espacio que ocupaba el Huerto del Bot\u00e1nico, hubo varios proyectos anteriores de edificaci\u00f3n hasta finales del XIX, en que se construye este palacio por el arquitecto Ricardo Vel\u00e1zquez Bosco. La fachada neocl\u00e1sica se remata con un grupo escult\u00f3rico y completa su decoraci\u00f3n con cer\u00e1micas. El interior se articula en torno a dos grandes patios con lucernario y galer\u00edas, as\u00ed como una escalera imperial con decoraci\u00f3n escult\u00f3rica y al fresco. Posee numerosos objetos art\u00edsticos (tapices, relojes, pintura, etc) del siglo XVIII.<\/p>\n","protected":false},"excerpt":{"rendered":"<p>URGENTE: INSCRIPCI\u00d3N ANTES DEL 1 DE OCTUBRE En el espacio que ocupaba el Huerto del Bot\u00e1nico, hubo varios proyectos anteriores de edificaci\u00f3n hasta finales del XIX, en que se construye este palacio por el arquitecto Ricardo Vel\u00e1zquez Bosco. La fachada neocl\u00e1sica se remata con un grupo escult\u00f3rico y completa su decoraci\u00f3n con cer\u00e1micas. El interior [&hellip;]<\/p>\n","protected":false},"author":1,"featured_media":682,"comment_status":"open","ping_status":"closed","template":"","categories":[45],"class_list":["post-681","eap_event","type-eap_event","status-publish","has-post-thumbnail","hentry","category-eventos-pasados"],"yoast_head":"<!-- This site is optimized with the Yoast SEO plugin v27.5 - https:\/\/yoast.com\/product\/yoast-seo-wordpress\/ -->\n<title>Visita al Palacio de Fomento (actual Ministerio de Agricultura) - Entre Arte y cultura<\/title>\n<meta name=\"robots\" content=\"index, follow, max-snippet:-1, max-image-preview:large, max-video-preview:-1\" \/>\n<link rel=\"canonical\" href=\"https:\/\/www.entrearteycultura.es\/?eap_event=visita-al-palacio-de-fomento-actual-ministerio-de-agricultura\" \/>\n<meta property=\"og:locale\" content=\"en_US\" \/>\n<meta property=\"og:type\" content=\"article\" \/>\n<meta property=\"og:title\" content=\"Visita al Palacio de Fomento (actual Ministerio de Agricultura) - Entre Arte y cultura\" \/>\n<meta property=\"og:description\" content=\"URGENTE: INSCRIPCI\u00d3N ANTES DEL 1 DE OCTUBRE En el espacio que ocupaba el Huerto del Bot\u00e1nico, hubo varios proyectos anteriores de edificaci\u00f3n hasta finales del XIX, en que se construye este palacio por el arquitecto Ricardo Vel\u00e1zquez Bosco. La fachada neocl\u00e1sica se remata con un grupo escult\u00f3rico y completa su decoraci\u00f3n con cer\u00e1micas. El interior [&hellip;]\" \/>\n<meta property=\"og:url\" content=\"https:\/\/www.entrearteycultura.es\/?eap_event=visita-al-palacio-de-fomento-actual-ministerio-de-agricultura\" \/>\n<meta property=\"og:site_name\" content=\"Entre Arte y cultura\" \/>\n<meta property=\"article:modified_time\" content=\"2023-11-05T16:09:35+00:00\" \/>\n<meta property=\"og:image\" content=\"https:\/\/www.entrearteycultura.es\/wp-content\/uploads\/2023\/09\/Imagen1.jpg\" \/>\n\t<meta property=\"og:image:width\" content=\"450\" \/>\n\t<meta property=\"og:image:height\" content=\"227\" \/>\n\t<meta property=\"og:image:type\" content=\"image\/jpeg\" \/>\n<meta name=\"twitter:card\" content=\"summary_large_image\" \/>\n<meta name=\"twitter:label1\" content=\"Est. reading time\" \/>\n\t<meta name=\"twitter:data1\" content=\"1 minute\" \/>\n<script type=\"application\/ld+json\" class=\"yoast-schema-graph\">{\"@context\":\"https:\\\/\\\/schema.org\",\"@graph\":[{\"@type\":\"WebPage\",\"@id\":\"https:\\\/\\\/www.entrearteycultura.es\\\/?eap_event=visita-al-palacio-de-fomento-actual-ministerio-de-agricultura\",\"url\":\"https:\\\/\\\/www.entrearteycultura.es\\\/?eap_event=visita-al-palacio-de-fomento-actual-ministerio-de-agricultura\",\"name\":\"Visita al Palacio de Fomento (actual Ministerio de Agricultura) - Entre Arte y cultura\",\"isPartOf\":{\"@id\":\"https:\\\/\\\/www.entrearteycultura.es\\\/#website\"},\"primaryImageOfPage\":{\"@id\":\"https:\\\/\\\/www.entrearteycultura.es\\\/?eap_event=visita-al-palacio-de-fomento-actual-ministerio-de-agricultura#primaryimage\"},\"image\":{\"@id\":\"https:\\\/\\\/www.entrearteycultura.es\\\/?eap_event=visita-al-palacio-de-fomento-actual-ministerio-de-agricultura#primaryimage\"},\"thumbnailUrl\":\"https:\\\/\\\/www.entrearteycultura.es\\\/wp-content\\\/uploads\\\/2023\\\/09\\\/Imagen1.jpg\",\"datePublished\":\"2023-09-24T11:46:56+00:00\",\"dateModified\":\"2023-11-05T16:09:35+00:00\",\"breadcrumb\":{\"@id\":\"https:\\\/\\\/www.entrearteycultura.es\\\/?eap_event=visita-al-palacio-de-fomento-actual-ministerio-de-agricultura#breadcrumb\"},\"inLanguage\":\"en-US\",\"potentialAction\":[{\"@type\":\"ReadAction\",\"target\":[\"https:\\\/\\\/www.entrearteycultura.es\\\/?eap_event=visita-al-palacio-de-fomento-actual-ministerio-de-agricultura\"]}]},{\"@type\":\"ImageObject\",\"inLanguage\":\"en-US\",\"@id\":\"https:\\\/\\\/www.entrearteycultura.es\\\/?eap_event=visita-al-palacio-de-fomento-actual-ministerio-de-agricultura#primaryimage\",\"url\":\"https:\\\/\\\/www.entrearteycultura.es\\\/wp-content\\\/uploads\\\/2023\\\/09\\\/Imagen1.jpg\",\"contentUrl\":\"https:\\\/\\\/www.entrearteycultura.es\\\/wp-content\\\/uploads\\\/2023\\\/09\\\/Imagen1.jpg\",\"width\":450,\"height\":227},{\"@type\":\"BreadcrumbList\",\"@id\":\"https:\\\/\\\/www.entrearteycultura.es\\\/?eap_event=visita-al-palacio-de-fomento-actual-ministerio-de-agricultura#breadcrumb\",\"itemListElement\":[{\"@type\":\"ListItem\",\"position\":1,\"name\":\"Portada\",\"item\":\"https:\\\/\\\/www.entrearteycultura.es\\\/\"},{\"@type\":\"ListItem\",\"position\":2,\"name\":\"Events\",\"item\":\"https:\\\/\\\/www.entrearteycultura.es\\\/?post_type=eap_event\"},{\"@type\":\"ListItem\",\"position\":3,\"name\":\"Visita al Palacio de Fomento (actual Ministerio de Agricultura)\"}]},{\"@type\":\"WebSite\",\"@id\":\"https:\\\/\\\/www.entrearteycultura.es\\\/#website\",\"url\":\"https:\\\/\\\/www.entrearteycultura.es\\\/\",\"name\":\"Entre Arte y cultura\",\"description\":\"Viajes, eventos cuturales, conferencias y tertulias\",\"potentialAction\":[{\"@type\":\"SearchAction\",\"target\":{\"@type\":\"EntryPoint\",\"urlTemplate\":\"https:\\\/\\\/www.entrearteycultura.es\\\/?s={search_term_string}\"},\"query-input\":{\"@type\":\"PropertyValueSpecification\",\"valueRequired\":true,\"valueName\":\"search_term_string\"}}],\"inLanguage\":\"en-US\"}]}<\/script>\n<!-- \/ Yoast SEO plugin. -->","yoast_head_json":{"title":"Visita al Palacio de Fomento (actual Ministerio de Agricultura) - Entre Arte y cultura","robots":{"index":"index","follow":"follow","max-snippet":"max-snippet:-1","max-image-preview":"max-image-preview:large","max-video-preview":"max-video-preview:-1"},"canonical":"https:\/\/www.entrearteycultura.es\/?eap_event=visita-al-palacio-de-fomento-actual-ministerio-de-agricultura","og_locale":"en_US","og_type":"article","og_title":"Visita al Palacio de Fomento (actual Ministerio de Agricultura) - Entre Arte y cultura","og_description":"URGENTE: INSCRIPCI\u00d3N ANTES DEL 1 DE OCTUBRE En el espacio que ocupaba el Huerto del Bot\u00e1nico, hubo varios proyectos anteriores de edificaci\u00f3n hasta finales del XIX, en que se construye este palacio por el arquitecto Ricardo Vel\u00e1zquez Bosco. La fachada neocl\u00e1sica se remata con un grupo escult\u00f3rico y completa su decoraci\u00f3n con cer\u00e1micas. El interior [&hellip;]","og_url":"https:\/\/www.entrearteycultura.es\/?eap_event=visita-al-palacio-de-fomento-actual-ministerio-de-agricultura","og_site_name":"Entre Arte y cultura","article_modified_time":"2023-11-05T16:09:35+00:00","og_image":[{"width":450,"height":227,"url":"https:\/\/www.entrearteycultura.es\/wp-content\/uploads\/2023\/09\/Imagen1.jpg","type":"image\/jpeg"}],"twitter_card":"summary_large_image","twitter_misc":{"Est. reading time":"1 minute"},"schema":{"@context":"https:\/\/schema.org","@graph":[{"@type":"WebPage","@id":"https:\/\/www.entrearteycultura.es\/?eap_event=visita-al-palacio-de-fomento-actual-ministerio-de-agricultura","url":"https:\/\/www.entrearteycultura.es\/?eap_event=visita-al-palacio-de-fomento-actual-ministerio-de-agricultura","name":"Visita al Palacio de Fomento (actual Ministerio de Agricultura) - Entre Arte y cultura","isPartOf":{"@id":"https:\/\/www.entrearteycultura.es\/#website"},"primaryImageOfPage":{"@id":"https:\/\/www.entrearteycultura.es\/?eap_event=visita-al-palacio-de-fomento-actual-ministerio-de-agricultura#primaryimage"},"image":{"@id":"https:\/\/www.entrearteycultura.es\/?eap_event=visita-al-palacio-de-fomento-actual-ministerio-de-agricultura#primaryimage"},"thumbnailUrl":"https:\/\/www.entrearteycultura.es\/wp-content\/uploads\/2023\/09\/Imagen1.jpg","datePublished":"2023-09-24T11:46:56+00:00","dateModified":"2023-11-05T16:09:35+00:00","breadcrumb":{"@id":"https:\/\/www.entrearteycultura.es\/?eap_event=visita-al-palacio-de-fomento-actual-ministerio-de-agricultura#breadcrumb"},"inLanguage":"en-US","potentialAction":[{"@type":"ReadAction","target":["https:\/\/www.entrearteycultura.es\/?eap_event=visita-al-palacio-de-fomento-actual-ministerio-de-agricultura"]}]},{"@type":"ImageObject","inLanguage":"en-US","@id":"https:\/\/www.entrearteycultura.es\/?eap_event=visita-al-palacio-de-fomento-actual-ministerio-de-agricultura#primaryimage","url":"https:\/\/www.entrearteycultura.es\/wp-content\/uploads\/2023\/09\/Imagen1.jpg","contentUrl":"https:\/\/www.entrearteycultura.es\/wp-content\/uploads\/2023\/09\/Imagen1.jpg","width":450,"height":227},{"@type":"BreadcrumbList","@id":"https:\/\/www.entrearteycultura.es\/?eap_event=visita-al-palacio-de-fomento-actual-ministerio-de-agricultura#breadcrumb","itemListElement":[{"@type":"ListItem","position":1,"name":"Portada","item":"https:\/\/www.entrearteycultura.es\/"},{"@type":"ListItem","position":2,"name":"Events","item":"https:\/\/www.entrearteycultura.es\/?post_type=eap_event"},{"@type":"ListItem","position":3,"name":"Visita al Palacio de Fomento (actual Ministerio de Agricultura)"}]},{"@type":"WebSite","@id":"https:\/\/www.entrearteycultura.es\/#website","url":"https:\/\/www.entrearteycultura.es\/","name":"Entre Arte y cultura","description":"Viajes, eventos cuturales, conferencias y tertulias","potentialAction":[{"@type":"SearchAction","target":{"@type":"EntryPoint","urlTemplate":"https:\/\/www.entrearteycultura.es\/?s={search_term_string}"},"query-input":{"@type":"PropertyValueSpecification","valueRequired":true,"valueName":"search_term_string"}}],"inLanguage":"en-US"}]}},"_links":{"self":[{"href":"https:\/\/www.entrearteycultura.es\/index.php?rest_route=\/wp\/v2\/eap_event\/681","targetHints":{"allow":["GET"]}}],"collection":[{"href":"https:\/\/www.entrearteycultura.es\/index.php?rest_route=\/wp\/v2\/eap_event"}],"about":[{"href":"https:\/\/www.entrearteycultura.es\/index.php?rest_route=\/wp\/v2\/types\/eap_event"}],"author":[{"embeddable":true,"href":"https:\/\/www.entrearteycultura.es\/index.php?rest_route=\/wp\/v2\/users\/1"}],"replies":[{"embeddable":true,"href":"https:\/\/www.entrearteycultura.es\/index.php?rest_route=%2Fwp%2Fv2%2Fcomments&post=681"}],"version-history":[{"count":1,"href":"https:\/\/www.entrearteycultura.es\/index.php?rest_route=\/wp\/v2\/eap_event\/681\/revisions"}],"predecessor-version":[{"id":683,"href":"https:\/\/www.entrearteycultura.es\/index.php?rest_route=\/wp\/v2\/eap_event\/681\/revisions\/683"}],"wp:featuredmedia":[{"embeddable":true,"href":"https:\/\/www.entrearteycultura.es\/index.php?rest_route=\/wp\/v2\/media\/682"}],"wp:attachment":[{"href":"https:\/\/www.entrearteycultura.es\/index.php?rest_route=%2Fwp%2Fv2%2Fmedia&parent=681"}],"wp:term":[{"taxonomy":"category","embeddable":true,"href":"https:\/\/www.entrearteycultura.es\/index.php?rest_route=%2Fwp%2Fv2%2Fcategories&post=681"}],"curies":[{"name":"wp","href":"https:\/\/api.w.org\/{rel}","templated":true}]}}

<p><strong>URGENTE: INSCRIPCIÓN ANTES DEL 1 DE OCTUBRE</strong></p>



<p>En el espacio que ocupaba el Huerto del Botánico, hubo varios proyectos anteriores de edificación hasta finales del XIX, en que se construye este palacio por el arquitecto Ricardo Velázquez Bosco. La fachada neoclásica se remata con un grupo escultórico y completa su decoración con cerámicas. El interior se articula en torno a dos grandes patios con lucernario y galerías, así como una escalera imperial con decoración escultórica y al fresco. Posee numerosos objetos artísticos (tapices, relojes, pintura, etc) del siglo XVIII.</p>

<p>URGENTE: INSCRIPCIÓN ANTES DEL 1 DE OCTUBRE En el espacio que ocupaba el Huerto del Botánico, hubo varios proyectos anteriores de edificación hasta finales del XIX, en que se construye este palacio por el arquitecto Ricardo Velázquez Bosco. La fachada neoclásica se remata con un grupo escultórico y completa su decoración con cerámicas. El interior [&hellip;]</p>

<!-- This site is optimized with the Yoast SEO plugin v27.5 - https://yoast.com/product/yoast-seo-wordpress/ -->
<title>Visita al Palacio de Fomento (actual Ministerio de Agricultura) - Entre Arte y cultura</title>
<meta name="robots" content="index, follow, max-snippet:-1, max-image-preview:large, max-video-preview:-1" />
<link rel="canonical" href="https://www.entrearteycultura.es/?eap_event=visita-al-palacio-de-fomento-actual-ministerio-de-agricultura" />
<meta property="og:locale" content="en_US" />
<meta property="og:type" content="article" />
<meta property="og:title" content="Visita al Palacio de Fomento (actual Ministerio de Agricultura) - Entre Arte y cultura" />
<meta property="og:description" content="URGENTE: INSCRIPCIÓN ANTES DEL 1 DE OCTUBRE En el espacio que ocupaba el Huerto del Botánico, hubo varios proyectos anteriores de edificación hasta finales del XIX, en que se construye este palacio por el arquitecto Ricardo Velázquez Bosco. La fachada neoclásica se remata con un grupo escultórico y completa su decoración con cerámicas. El interior [&hellip;]" />
<meta property="og:url" content="https://www.entrearteycultura.es/?eap_event=visita-al-palacio-de-fomento-actual-ministerio-de-agricultura" />
<meta property="og:site_name" content="Entre Arte y cultura" />
<meta property="article:modified_time" content="2023-11-05T16:09:35+00:00" />
<meta property="og:image" content="https://www.entrearteycultura.es/wp-content/uploads/2023/09/Imagen1.jpg" />
	<meta property="og:image:width" content="450" />
	<meta property="og:image:height" content="227" />
	<meta property="og:image:type" content="image/jpeg" />
<meta name="twitter:card" content="summary_large_image" />
<meta name="twitter:label1" content="Est. reading time" />
	<meta name="twitter:data1" content="1 minute" />
<script type="application/ld+json" class="yoast-schema-graph">{"@context":"https:\/\/schema.org","@graph":[{"@type":"WebPage","@id":"https:\/\/www.entrearteycultura.es\/?eap_event=visita-al-palacio-de-fomento-actual-ministerio-de-agricultura","url":"https:\/\/www.entrearteycultura.es\/?eap_event=visita-al-palacio-de-fomento-actual-ministerio-de-agricultura","name":"Visita al Palacio de Fomento (actual Ministerio de Agricultura) - Entre Arte y cultura","isPartOf":{"@id":"https:\/\/www.entrearteycultura.es\/#website"},"primaryImageOfPage":{"@id":"https:\/\/www.entrearteycultura.es\/?eap_event=visita-al-palacio-de-fomento-actual-ministerio-de-agricultura#primaryimage"},"image":{"@id":"https:\/\/www.entrearteycultura.es\/?eap_event=visita-al-palacio-de-fomento-actual-ministerio-de-agricultura#primaryimage"},"thumbnailUrl":"https:\/\/www.entrearteycultura.es\/wp-content\/uploads\/2023\/09\/Imagen1.jpg","datePublished":"2023-09-24T11:46:56+00:00","dateModified":"2023-11-05T16:09:35+00:00","breadcrumb":{"@id":"https:\/\/www.entrearteycultura.es\/?eap_event=visita-al-palacio-de-fomento-actual-ministerio-de-agricultura#breadcrumb"},"inLanguage":"en-US","potentialAction":[{"@type":"ReadAction","target":["https:\/\/www.entrearteycultura.es\/?eap_event=visita-al-palacio-de-fomento-actual-ministerio-de-agricultura"]}]},{"@type":"ImageObject","inLanguage":"en-US","@id":"https:\/\/www.entrearteycultura.es\/?eap_event=visita-al-palacio-de-fomento-actual-ministerio-de-agricultura#primaryimage","url":"https:\/\/www.entrearteycultura.es\/wp-content\/uploads\/2023\/09\/Imagen1.jpg","contentUrl":"https:\/\/www.entrearteycultura.es\/wp-content\/uploads\/2023\/09\/Imagen1.jpg","width":450,"height":227},{"@type":"BreadcrumbList","@id":"https:\/\/www.entrearteycultura.es\/?eap_event=visita-al-palacio-de-fomento-actual-ministerio-de-agricultura#breadcrumb","itemListElement":[{"@type":"ListItem","position":1,"name":"Portada","item":"https:\/\/www.entrearteycultura.es\/"},{"@type":"ListItem","position":2,"name":"Events","item":"https:\/\/www.entrearteycultura.es\/?post_type=eap_event"},{"@type":"ListItem","position":3,"name":"Visita al Palacio de Fomento (actual Ministerio de Agricultura)"}]},{"@type":"WebSite","@id":"https:\/\/www.entrearteycultura.es\/#website","url":"https:\/\/www.entrearteycultura.es\/","name":"Entre Arte y cultura","description":"Viajes, eventos cuturales, conferencias y tertulias","potentialAction":[{"@type":"SearchAction","target":{"@type":"EntryPoint","urlTemplate":"https:\/\/www.entrearteycultura.es\/?s={search_term_string}"},"query-input":{"@type":"PropertyValueSpecification","valueRequired":true,"valueName":"search_term_string"}}],"inLanguage":"en-US"}]}</script>
<!-- / Yoast SEO plugin. -->

URGENTE: INSCRIPCIÓN ANTES DEL 1 DE OCTUBRE En el espacio que ocupaba el Huerto del Botánico, hubo varios proyectos anteriores de edificación hasta finales del XIX, en que se construye este palacio por el arquitecto Ricardo Velázquez Bosco. La fachada neoclásica se remata con un grupo escultórico y completa su decoración con cerámicas. El interior [&hellip;]
