{"id":675,"date":"2023-09-05T11:52:16","date_gmt":"2023-09-05T11:52:16","guid":{"rendered":"https:\/\/www.entrearteycultura.es\/?post_type=eap_event&#038;p=675"},"modified":"2023-10-03T18:32:58","modified_gmt":"2023-10-03T18:32:58","slug":"visita-al-palacio-de-fernan-nunez","status":"publish","type":"eap_event","link":"https:\/\/www.entrearteycultura.es\/?eap_event=visita-al-palacio-de-fernan-nunez","title":{"rendered":"Visita al Palacio de Fern\u00e1n Nu\u00f1ez"},"content":{"rendered":"\n<p>Este palacio se empez\u00f3 a construir en estilo neocl\u00e1sico por el I duque de Fern\u00e1n N\u00fa\u00f1ez en 1790. La actual configuraci\u00f3n es producto de la remodelaci\u00f3n realizada por el Conde de Cervell\u00f3n, esposo de la hija del I Duque de Fern\u00e1n N\u00fa\u00f1ez, con el prop\u00f3sito de convertirlo en una de las residencias m\u00e1s sobresalientes del Madrid de mediados del siglo XIX. Desde 1985 es la sede de la&nbsp;Fundaci\u00f3n de&nbsp;los Ferrocarriles Espa\u00f1oles.&nbsp;<\/p>\n\n\n\n<p>Este palacio ha llegado hasta nuestros d\u00edas en perfecto estado y manteniendo su mobiliario, l\u00e1mparas y adornos originales, como congelado en el tiempo. El palacio cuenta con dos \u00e1reas: la noble y la de servicio y caballerizas. La parte noble, que es la que mejor se conserva, est\u00e1 decorada con una abundante producci\u00f3n de alfombras y tapices de la Real F\u00e1brica de Santa B\u00e1rbara, algunas r\u00e9plicas de cartones de Goya, as\u00ed como taraceas en pisos y techos, l\u00e1mparas de cristal de Baccarat, tejidos de seda, m\u00e1rmoles, bronces, muebles con profusi\u00f3n de dorados y otros elementos de lujosa factura.<\/p>\n","protected":false},"excerpt":{"rendered":"<p>Este palacio se empez\u00f3 a construir en estilo neocl\u00e1sico por el I duque de Fern\u00e1n N\u00fa\u00f1ez en 1790. La actual configuraci\u00f3n es producto de la remodelaci\u00f3n realizada por el Conde de Cervell\u00f3n, esposo de la hija del I Duque de Fern\u00e1n N\u00fa\u00f1ez, con el prop\u00f3sito de convertirlo en una de las residencias m\u00e1s sobresalientes del [&hellip;]<\/p>\n","protected":false},"author":1,"featured_media":676,"comment_status":"open","ping_status":"closed","template":"","categories":[45],"class_list":["post-675","eap_event","type-eap_event","status-publish","has-post-thumbnail","hentry","category-eventos-pasados"],"yoast_head":"<!-- This site is optimized with the Yoast SEO plugin v27.5 - https:\/\/yoast.com\/product\/yoast-seo-wordpress\/ -->\n<title>Visita al Palacio de Fern\u00e1n Nu\u00f1ez - Entre Arte y cultura<\/title>\n<meta name=\"robots\" content=\"index, follow, max-snippet:-1, max-image-preview:large, max-video-preview:-1\" \/>\n<link rel=\"canonical\" href=\"https:\/\/www.entrearteycultura.es\/?eap_event=visita-al-palacio-de-fernan-nunez\" \/>\n<meta property=\"og:locale\" content=\"en_US\" \/>\n<meta property=\"og:type\" content=\"article\" \/>\n<meta property=\"og:title\" content=\"Visita al Palacio de Fern\u00e1n Nu\u00f1ez - Entre Arte y cultura\" \/>\n<meta property=\"og:description\" content=\"Este palacio se empez\u00f3 a construir en estilo neocl\u00e1sico por el I duque de Fern\u00e1n N\u00fa\u00f1ez en 1790. La actual configuraci\u00f3n es producto de la remodelaci\u00f3n realizada por el Conde de Cervell\u00f3n, esposo de la hija del I Duque de Fern\u00e1n N\u00fa\u00f1ez, con el prop\u00f3sito de convertirlo en una de las residencias m\u00e1s sobresalientes del [&hellip;]\" \/>\n<meta property=\"og:url\" content=\"https:\/\/www.entrearteycultura.es\/?eap_event=visita-al-palacio-de-fernan-nunez\" \/>\n<meta property=\"og:site_name\" content=\"Entre Arte y cultura\" \/>\n<meta property=\"article:modified_time\" content=\"2023-10-03T18:32:58+00:00\" \/>\n<meta property=\"og:image\" content=\"https:\/\/www.entrearteycultura.es\/wp-content\/uploads\/2023\/09\/Imagen1-1.png\" \/>\n\t<meta property=\"og:image:width\" content=\"614\" \/>\n\t<meta property=\"og:image:height\" content=\"370\" \/>\n\t<meta property=\"og:image:type\" content=\"image\/png\" \/>\n<meta name=\"twitter:card\" content=\"summary_large_image\" \/>\n<meta name=\"twitter:label1\" content=\"Est. reading time\" \/>\n\t<meta name=\"twitter:data1\" content=\"1 minute\" \/>\n<script type=\"application\/ld+json\" class=\"yoast-schema-graph\">{\"@context\":\"https:\\\/\\\/schema.org\",\"@graph\":[{\"@type\":\"WebPage\",\"@id\":\"https:\\\/\\\/www.entrearteycultura.es\\\/?eap_event=visita-al-palacio-de-fernan-nunez\",\"url\":\"https:\\\/\\\/www.entrearteycultura.es\\\/?eap_event=visita-al-palacio-de-fernan-nunez\",\"name\":\"Visita al Palacio de Fern\u00e1n Nu\u00f1ez - Entre Arte y cultura\",\"isPartOf\":{\"@id\":\"https:\\\/\\\/www.entrearteycultura.es\\\/#website\"},\"primaryImageOfPage\":{\"@id\":\"https:\\\/\\\/www.entrearteycultura.es\\\/?eap_event=visita-al-palacio-de-fernan-nunez#primaryimage\"},\"image\":{\"@id\":\"https:\\\/\\\/www.entrearteycultura.es\\\/?eap_event=visita-al-palacio-de-fernan-nunez#primaryimage\"},\"thumbnailUrl\":\"https:\\\/\\\/www.entrearteycultura.es\\\/wp-content\\\/uploads\\\/2023\\\/09\\\/Imagen1-1.png\",\"datePublished\":\"2023-09-05T11:52:16+00:00\",\"dateModified\":\"2023-10-03T18:32:58+00:00\",\"breadcrumb\":{\"@id\":\"https:\\\/\\\/www.entrearteycultura.es\\\/?eap_event=visita-al-palacio-de-fernan-nunez#breadcrumb\"},\"inLanguage\":\"en-US\",\"potentialAction\":[{\"@type\":\"ReadAction\",\"target\":[\"https:\\\/\\\/www.entrearteycultura.es\\\/?eap_event=visita-al-palacio-de-fernan-nunez\"]}]},{\"@type\":\"ImageObject\",\"inLanguage\":\"en-US\",\"@id\":\"https:\\\/\\\/www.entrearteycultura.es\\\/?eap_event=visita-al-palacio-de-fernan-nunez#primaryimage\",\"url\":\"https:\\\/\\\/www.entrearteycultura.es\\\/wp-content\\\/uploads\\\/2023\\\/09\\\/Imagen1-1.png\",\"contentUrl\":\"https:\\\/\\\/www.entrearteycultura.es\\\/wp-content\\\/uploads\\\/2023\\\/09\\\/Imagen1-1.png\",\"width\":614,\"height\":370},{\"@type\":\"BreadcrumbList\",\"@id\":\"https:\\\/\\\/www.entrearteycultura.es\\\/?eap_event=visita-al-palacio-de-fernan-nunez#breadcrumb\",\"itemListElement\":[{\"@type\":\"ListItem\",\"position\":1,\"name\":\"Portada\",\"item\":\"https:\\\/\\\/www.entrearteycultura.es\\\/\"},{\"@type\":\"ListItem\",\"position\":2,\"name\":\"Events\",\"item\":\"https:\\\/\\\/www.entrearteycultura.es\\\/?post_type=eap_event\"},{\"@type\":\"ListItem\",\"position\":3,\"name\":\"Visita al Palacio de Fern\u00e1n Nu\u00f1ez\"}]},{\"@type\":\"WebSite\",\"@id\":\"https:\\\/\\\/www.entrearteycultura.es\\\/#website\",\"url\":\"https:\\\/\\\/www.entrearteycultura.es\\\/\",\"name\":\"Entre Arte y cultura\",\"description\":\"Viajes, eventos cuturales, conferencias y tertulias\",\"potentialAction\":[{\"@type\":\"SearchAction\",\"target\":{\"@type\":\"EntryPoint\",\"urlTemplate\":\"https:\\\/\\\/www.entrearteycultura.es\\\/?s={search_term_string}\"},\"query-input\":{\"@type\":\"PropertyValueSpecification\",\"valueRequired\":true,\"valueName\":\"search_term_string\"}}],\"inLanguage\":\"en-US\"}]}<\/script>\n<!-- \/ Yoast SEO plugin. -->","yoast_head_json":{"title":"Visita al Palacio de Fern\u00e1n Nu\u00f1ez - Entre Arte y cultura","robots":{"index":"index","follow":"follow","max-snippet":"max-snippet:-1","max-image-preview":"max-image-preview:large","max-video-preview":"max-video-preview:-1"},"canonical":"https:\/\/www.entrearteycultura.es\/?eap_event=visita-al-palacio-de-fernan-nunez","og_locale":"en_US","og_type":"article","og_title":"Visita al Palacio de Fern\u00e1n Nu\u00f1ez - Entre Arte y cultura","og_description":"Este palacio se empez\u00f3 a construir en estilo neocl\u00e1sico por el I duque de Fern\u00e1n N\u00fa\u00f1ez en 1790. La actual configuraci\u00f3n es producto de la remodelaci\u00f3n realizada por el Conde de Cervell\u00f3n, esposo de la hija del I Duque de Fern\u00e1n N\u00fa\u00f1ez, con el prop\u00f3sito de convertirlo en una de las residencias m\u00e1s sobresalientes del [&hellip;]","og_url":"https:\/\/www.entrearteycultura.es\/?eap_event=visita-al-palacio-de-fernan-nunez","og_site_name":"Entre Arte y cultura","article_modified_time":"2023-10-03T18:32:58+00:00","og_image":[{"width":614,"height":370,"url":"https:\/\/www.entrearteycultura.es\/wp-content\/uploads\/2023\/09\/Imagen1-1.png","type":"image\/png"}],"twitter_card":"summary_large_image","twitter_misc":{"Est. reading time":"1 minute"},"schema":{"@context":"https:\/\/schema.org","@graph":[{"@type":"WebPage","@id":"https:\/\/www.entrearteycultura.es\/?eap_event=visita-al-palacio-de-fernan-nunez","url":"https:\/\/www.entrearteycultura.es\/?eap_event=visita-al-palacio-de-fernan-nunez","name":"Visita al Palacio de Fern\u00e1n Nu\u00f1ez - Entre Arte y cultura","isPartOf":{"@id":"https:\/\/www.entrearteycultura.es\/#website"},"primaryImageOfPage":{"@id":"https:\/\/www.entrearteycultura.es\/?eap_event=visita-al-palacio-de-fernan-nunez#primaryimage"},"image":{"@id":"https:\/\/www.entrearteycultura.es\/?eap_event=visita-al-palacio-de-fernan-nunez#primaryimage"},"thumbnailUrl":"https:\/\/www.entrearteycultura.es\/wp-content\/uploads\/2023\/09\/Imagen1-1.png","datePublished":"2023-09-05T11:52:16+00:00","dateModified":"2023-10-03T18:32:58+00:00","breadcrumb":{"@id":"https:\/\/www.entrearteycultura.es\/?eap_event=visita-al-palacio-de-fernan-nunez#breadcrumb"},"inLanguage":"en-US","potentialAction":[{"@type":"ReadAction","target":["https:\/\/www.entrearteycultura.es\/?eap_event=visita-al-palacio-de-fernan-nunez"]}]},{"@type":"ImageObject","inLanguage":"en-US","@id":"https:\/\/www.entrearteycultura.es\/?eap_event=visita-al-palacio-de-fernan-nunez#primaryimage","url":"https:\/\/www.entrearteycultura.es\/wp-content\/uploads\/2023\/09\/Imagen1-1.png","contentUrl":"https:\/\/www.entrearteycultura.es\/wp-content\/uploads\/2023\/09\/Imagen1-1.png","width":614,"height":370},{"@type":"BreadcrumbList","@id":"https:\/\/www.entrearteycultura.es\/?eap_event=visita-al-palacio-de-fernan-nunez#breadcrumb","itemListElement":[{"@type":"ListItem","position":1,"name":"Portada","item":"https:\/\/www.entrearteycultura.es\/"},{"@type":"ListItem","position":2,"name":"Events","item":"https:\/\/www.entrearteycultura.es\/?post_type=eap_event"},{"@type":"ListItem","position":3,"name":"Visita al Palacio de Fern\u00e1n Nu\u00f1ez"}]},{"@type":"WebSite","@id":"https:\/\/www.entrearteycultura.es\/#website","url":"https:\/\/www.entrearteycultura.es\/","name":"Entre Arte y cultura","description":"Viajes, eventos cuturales, conferencias y tertulias","potentialAction":[{"@type":"SearchAction","target":{"@type":"EntryPoint","urlTemplate":"https:\/\/www.entrearteycultura.es\/?s={search_term_string}"},"query-input":{"@type":"PropertyValueSpecification","valueRequired":true,"valueName":"search_term_string"}}],"inLanguage":"en-US"}]}},"_links":{"self":[{"href":"https:\/\/www.entrearteycultura.es\/index.php?rest_route=\/wp\/v2\/eap_event\/675","targetHints":{"allow":["GET"]}}],"collection":[{"href":"https:\/\/www.entrearteycultura.es\/index.php?rest_route=\/wp\/v2\/eap_event"}],"about":[{"href":"https:\/\/www.entrearteycultura.es\/index.php?rest_route=\/wp\/v2\/types\/eap_event"}],"author":[{"embeddable":true,"href":"https:\/\/www.entrearteycultura.es\/index.php?rest_route=\/wp\/v2\/users\/1"}],"replies":[{"embeddable":true,"href":"https:\/\/www.entrearteycultura.es\/index.php?rest_route=%2Fwp%2Fv2%2Fcomments&post=675"}],"version-history":[{"count":1,"href":"https:\/\/www.entrearteycultura.es\/index.php?rest_route=\/wp\/v2\/eap_event\/675\/revisions"}],"predecessor-version":[{"id":677,"href":"https:\/\/www.entrearteycultura.es\/index.php?rest_route=\/wp\/v2\/eap_event\/675\/revisions\/677"}],"wp:featuredmedia":[{"embeddable":true,"href":"https:\/\/www.entrearteycultura.es\/index.php?rest_route=\/wp\/v2\/media\/676"}],"wp:attachment":[{"href":"https:\/\/www.entrearteycultura.es\/index.php?rest_route=%2Fwp%2Fv2%2Fmedia&parent=675"}],"wp:term":[{"taxonomy":"category","embeddable":true,"href":"https:\/\/www.entrearteycultura.es\/index.php?rest_route=%2Fwp%2Fv2%2Fcategories&post=675"}],"curies":[{"name":"wp","href":"https:\/\/api.w.org\/{rel}","templated":true}]}}

Visita al Palacio de Fernán Nuñez

<p>Este palacio se empezó a construir en estilo neoclásico por el I duque de Fernán Núñez en 1790. La actual configuración es producto de la remodelación realizada por el Conde de Cervellón, esposo de la hija del I Duque de Fernán Núñez, con el propósito de convertirlo en una de las residencias más sobresalientes del Madrid de mediados del siglo XIX. Desde 1985 es la sede de la&nbsp;Fundación de&nbsp;los Ferrocarriles Españoles.&nbsp;</p>



<p>Este palacio ha llegado hasta nuestros días en perfecto estado y manteniendo su mobiliario, lámparas y adornos originales, como congelado en el tiempo. El palacio cuenta con dos áreas: la noble y la de servicio y caballerizas. La parte noble, que es la que mejor se conserva, está decorada con una abundante producción de alfombras y tapices de la Real Fábrica de Santa Bárbara, algunas réplicas de cartones de Goya, así como taraceas en pisos y techos, lámparas de cristal de Baccarat, tejidos de seda, mármoles, bronces, muebles con profusión de dorados y otros elementos de lujosa factura.</p>

<p>Este palacio se empezó a construir en estilo neoclásico por el I duque de Fernán Núñez en 1790. La actual configuración es producto de la remodelación realizada por el Conde de Cervellón, esposo de la hija del I Duque de Fernán Núñez, con el propósito de convertirlo en una de las residencias más sobresalientes del [&hellip;]</p>

<!-- This site is optimized with the Yoast SEO plugin v27.5 - https://yoast.com/product/yoast-seo-wordpress/ -->
<title>Visita al Palacio de Fernán Nuñez - Entre Arte y cultura</title>
<meta name="robots" content="index, follow, max-snippet:-1, max-image-preview:large, max-video-preview:-1" />
<link rel="canonical" href="https://www.entrearteycultura.es/?eap_event=visita-al-palacio-de-fernan-nunez" />
<meta property="og:locale" content="en_US" />
<meta property="og:type" content="article" />
<meta property="og:title" content="Visita al Palacio de Fernán Nuñez - Entre Arte y cultura" />
<meta property="og:description" content="Este palacio se empezó a construir en estilo neoclásico por el I duque de Fernán Núñez en 1790. La actual configuración es producto de la remodelación realizada por el Conde de Cervellón, esposo de la hija del I Duque de Fernán Núñez, con el propósito de convertirlo en una de las residencias más sobresalientes del [&hellip;]" />
<meta property="og:url" content="https://www.entrearteycultura.es/?eap_event=visita-al-palacio-de-fernan-nunez" />
<meta property="og:site_name" content="Entre Arte y cultura" />
<meta property="article:modified_time" content="2023-10-03T18:32:58+00:00" />
<meta property="og:image" content="https://www.entrearteycultura.es/wp-content/uploads/2023/09/Imagen1-1.png" />
	<meta property="og:image:width" content="614" />
	<meta property="og:image:height" content="370" />
	<meta property="og:image:type" content="image/png" />
<meta name="twitter:card" content="summary_large_image" />
<meta name="twitter:label1" content="Est. reading time" />
	<meta name="twitter:data1" content="1 minute" />
<script type="application/ld+json" class="yoast-schema-graph">{"@context":"https:\/\/schema.org","@graph":[{"@type":"WebPage","@id":"https:\/\/www.entrearteycultura.es\/?eap_event=visita-al-palacio-de-fernan-nunez","url":"https:\/\/www.entrearteycultura.es\/?eap_event=visita-al-palacio-de-fernan-nunez","name":"Visita al Palacio de Fernán Nuñez - Entre Arte y cultura","isPartOf":{"@id":"https:\/\/www.entrearteycultura.es\/#website"},"primaryImageOfPage":{"@id":"https:\/\/www.entrearteycultura.es\/?eap_event=visita-al-palacio-de-fernan-nunez#primaryimage"},"image":{"@id":"https:\/\/www.entrearteycultura.es\/?eap_event=visita-al-palacio-de-fernan-nunez#primaryimage"},"thumbnailUrl":"https:\/\/www.entrearteycultura.es\/wp-content\/uploads\/2023\/09\/Imagen1-1.png","datePublished":"2023-09-05T11:52:16+00:00","dateModified":"2023-10-03T18:32:58+00:00","breadcrumb":{"@id":"https:\/\/www.entrearteycultura.es\/?eap_event=visita-al-palacio-de-fernan-nunez#breadcrumb"},"inLanguage":"en-US","potentialAction":[{"@type":"ReadAction","target":["https:\/\/www.entrearteycultura.es\/?eap_event=visita-al-palacio-de-fernan-nunez"]}]},{"@type":"ImageObject","inLanguage":"en-US","@id":"https:\/\/www.entrearteycultura.es\/?eap_event=visita-al-palacio-de-fernan-nunez#primaryimage","url":"https:\/\/www.entrearteycultura.es\/wp-content\/uploads\/2023\/09\/Imagen1-1.png","contentUrl":"https:\/\/www.entrearteycultura.es\/wp-content\/uploads\/2023\/09\/Imagen1-1.png","width":614,"height":370},{"@type":"BreadcrumbList","@id":"https:\/\/www.entrearteycultura.es\/?eap_event=visita-al-palacio-de-fernan-nunez#breadcrumb","itemListElement":[{"@type":"ListItem","position":1,"name":"Portada","item":"https:\/\/www.entrearteycultura.es\/"},{"@type":"ListItem","position":2,"name":"Events","item":"https:\/\/www.entrearteycultura.es\/?post_type=eap_event"},{"@type":"ListItem","position":3,"name":"Visita al Palacio de Fernán Nuñez"}]},{"@type":"WebSite","@id":"https:\/\/www.entrearteycultura.es\/#website","url":"https:\/\/www.entrearteycultura.es\/","name":"Entre Arte y cultura","description":"Viajes, eventos cuturales, conferencias y tertulias","potentialAction":[{"@type":"SearchAction","target":{"@type":"EntryPoint","urlTemplate":"https:\/\/www.entrearteycultura.es\/?s={search_term_string}"},"query-input":{"@type":"PropertyValueSpecification","valueRequired":true,"valueName":"search_term_string"}}],"inLanguage":"en-US"}]}</script>
<!-- / Yoast SEO plugin. -->

Visita al Palacio de Fernán Nuñez - Entre Arte y cultura

Este palacio se empezó a construir en estilo neoclásico por el I duque de Fernán Núñez en 1790. La actual configuración es producto de la remodelación realizada por el Conde de Cervellón, esposo de la hija del I Duque de Fernán Núñez, con el propósito de convertirlo en una de las residencias más sobresalientes del [&hellip;]
