{"id":670,"date":"2023-09-04T15:59:52","date_gmt":"2023-09-04T15:59:52","guid":{"rendered":"https:\/\/www.entrearteycultura.es\/?post_type=eap_event&#038;p=670"},"modified":"2024-04-29T12:10:21","modified_gmt":"2024-04-29T12:10:21","slug":"celebrando-el-aniversario-de-picasso-en-la-costa-azul","status":"publish","type":"eap_event","link":"https:\/\/www.entrearteycultura.es\/?eap_event=celebrando-el-aniversario-de-picasso-en-la-costa-azul","title":{"rendered":"La Riviera francesa, siguiendo los pasos de Picasso y otros maestros modernos"},"content":{"rendered":"\n<p>Picasso amaba la Costa Azul y se aloj\u00f3 en ella durante cerca de 30 a\u00f1os dejando numerosas huellas. En 1946, Pablo Picasso se instal\u00f3 en <strong>Antibes<\/strong>, despu\u00e9s se traslad\u00f3 a <strong>Vallauris, Cannes<\/strong> y Mougins donde falleci\u00f3 en 1973.<\/p>\n\n\n\n<p>La belleza de la regi\u00f3n ya hab\u00eda atra\u00eddo a otros artistas que tambi\u00e9n se establecieron en esta zona y cuentan con museos dedicado a ellos: Matisse, Renoir, Fernand Leger, Bonnard\u2026<\/p>\n\n\n\n<p>Desde Antibes donde nos alojaremos, recorreremos sus pueblos y ciudades, incluyendo <strong>Niza y St Paul de Vence <\/strong>junto a los arriba mencionados<strong>,<\/strong> admirando la huella de Picasso, Sde los artistas impresionistas, postimpresionistas y del siglo XX.<\/p>\n","protected":false},"excerpt":{"rendered":"<p>Picasso amaba la Costa Azul y se aloj\u00f3 en ella durante cerca de 30 a\u00f1os dejando numerosas huellas. En 1946, Pablo Picasso se instal\u00f3 en Antibes, despu\u00e9s se traslad\u00f3 a Vallauris, Cannes y Mougins donde falleci\u00f3 en 1973. La belleza de la regi\u00f3n ya hab\u00eda atra\u00eddo a otros artistas que tambi\u00e9n se establecieron en esta [&hellip;]<\/p>\n","protected":false},"author":1,"featured_media":671,"comment_status":"open","ping_status":"closed","template":"","categories":[45],"class_list":["post-670","eap_event","type-eap_event","status-publish","has-post-thumbnail","hentry","category-eventos-pasados"],"yoast_head":"<!-- This site is optimized with the Yoast SEO plugin v27.5 - https:\/\/yoast.com\/product\/yoast-seo-wordpress\/ -->\n<title>La Riviera francesa, siguiendo los pasos de Picasso y otros maestros modernos - Entre Arte y cultura<\/title>\n<meta name=\"robots\" content=\"index, follow, max-snippet:-1, max-image-preview:large, max-video-preview:-1\" \/>\n<link rel=\"canonical\" href=\"https:\/\/www.entrearteycultura.es\/?eap_event=celebrando-el-aniversario-de-picasso-en-la-costa-azul\" \/>\n<meta property=\"og:locale\" content=\"en_US\" \/>\n<meta property=\"og:type\" content=\"article\" \/>\n<meta property=\"og:title\" content=\"La Riviera francesa, siguiendo los pasos de Picasso y otros maestros modernos - Entre Arte y cultura\" \/>\n<meta property=\"og:description\" content=\"Picasso amaba la Costa Azul y se aloj\u00f3 en ella durante cerca de 30 a\u00f1os dejando numerosas huellas. En 1946, Pablo Picasso se instal\u00f3 en Antibes, despu\u00e9s se traslad\u00f3 a Vallauris, Cannes y Mougins donde falleci\u00f3 en 1973. La belleza de la regi\u00f3n ya hab\u00eda atra\u00eddo a otros artistas que tambi\u00e9n se establecieron en esta [&hellip;]\" \/>\n<meta property=\"og:url\" content=\"https:\/\/www.entrearteycultura.es\/?eap_event=celebrando-el-aniversario-de-picasso-en-la-costa-azul\" \/>\n<meta property=\"og:site_name\" content=\"Entre Arte y cultura\" \/>\n<meta property=\"article:modified_time\" content=\"2024-04-29T12:10:21+00:00\" \/>\n<meta property=\"og:image\" content=\"https:\/\/www.entrearteycultura.es\/wp-content\/uploads\/2023\/09\/Imagen1.png\" \/>\n\t<meta property=\"og:image:width\" content=\"1258\" \/>\n\t<meta property=\"og:image:height\" content=\"288\" \/>\n\t<meta property=\"og:image:type\" content=\"image\/png\" \/>\n<meta name=\"twitter:card\" content=\"summary_large_image\" \/>\n<meta name=\"twitter:label1\" content=\"Est. reading time\" \/>\n\t<meta name=\"twitter:data1\" content=\"1 minute\" \/>\n<script type=\"application\/ld+json\" class=\"yoast-schema-graph\">{\"@context\":\"https:\\\/\\\/schema.org\",\"@graph\":[{\"@type\":\"WebPage\",\"@id\":\"https:\\\/\\\/www.entrearteycultura.es\\\/?eap_event=celebrando-el-aniversario-de-picasso-en-la-costa-azul\",\"url\":\"https:\\\/\\\/www.entrearteycultura.es\\\/?eap_event=celebrando-el-aniversario-de-picasso-en-la-costa-azul\",\"name\":\"La Riviera francesa, siguiendo los pasos de Picasso y otros maestros modernos - Entre Arte y cultura\",\"isPartOf\":{\"@id\":\"https:\\\/\\\/www.entrearteycultura.es\\\/#website\"},\"primaryImageOfPage\":{\"@id\":\"https:\\\/\\\/www.entrearteycultura.es\\\/?eap_event=celebrando-el-aniversario-de-picasso-en-la-costa-azul#primaryimage\"},\"image\":{\"@id\":\"https:\\\/\\\/www.entrearteycultura.es\\\/?eap_event=celebrando-el-aniversario-de-picasso-en-la-costa-azul#primaryimage\"},\"thumbnailUrl\":\"https:\\\/\\\/www.entrearteycultura.es\\\/wp-content\\\/uploads\\\/2023\\\/09\\\/Imagen1.png\",\"datePublished\":\"2023-09-04T15:59:52+00:00\",\"dateModified\":\"2024-04-29T12:10:21+00:00\",\"breadcrumb\":{\"@id\":\"https:\\\/\\\/www.entrearteycultura.es\\\/?eap_event=celebrando-el-aniversario-de-picasso-en-la-costa-azul#breadcrumb\"},\"inLanguage\":\"en-US\",\"potentialAction\":[{\"@type\":\"ReadAction\",\"target\":[\"https:\\\/\\\/www.entrearteycultura.es\\\/?eap_event=celebrando-el-aniversario-de-picasso-en-la-costa-azul\"]}]},{\"@type\":\"ImageObject\",\"inLanguage\":\"en-US\",\"@id\":\"https:\\\/\\\/www.entrearteycultura.es\\\/?eap_event=celebrando-el-aniversario-de-picasso-en-la-costa-azul#primaryimage\",\"url\":\"https:\\\/\\\/www.entrearteycultura.es\\\/wp-content\\\/uploads\\\/2023\\\/09\\\/Imagen1.png\",\"contentUrl\":\"https:\\\/\\\/www.entrearteycultura.es\\\/wp-content\\\/uploads\\\/2023\\\/09\\\/Imagen1.png\",\"width\":1258,\"height\":288},{\"@type\":\"BreadcrumbList\",\"@id\":\"https:\\\/\\\/www.entrearteycultura.es\\\/?eap_event=celebrando-el-aniversario-de-picasso-en-la-costa-azul#breadcrumb\",\"itemListElement\":[{\"@type\":\"ListItem\",\"position\":1,\"name\":\"Portada\",\"item\":\"https:\\\/\\\/www.entrearteycultura.es\\\/\"},{\"@type\":\"ListItem\",\"position\":2,\"name\":\"Events\",\"item\":\"https:\\\/\\\/www.entrearteycultura.es\\\/?post_type=eap_event\"},{\"@type\":\"ListItem\",\"position\":3,\"name\":\"La Riviera francesa, siguiendo los pasos de Picasso y otros maestros modernos\"}]},{\"@type\":\"WebSite\",\"@id\":\"https:\\\/\\\/www.entrearteycultura.es\\\/#website\",\"url\":\"https:\\\/\\\/www.entrearteycultura.es\\\/\",\"name\":\"Entre Arte y cultura\",\"description\":\"Viajes, eventos cuturales, conferencias y tertulias\",\"potentialAction\":[{\"@type\":\"SearchAction\",\"target\":{\"@type\":\"EntryPoint\",\"urlTemplate\":\"https:\\\/\\\/www.entrearteycultura.es\\\/?s={search_term_string}\"},\"query-input\":{\"@type\":\"PropertyValueSpecification\",\"valueRequired\":true,\"valueName\":\"search_term_string\"}}],\"inLanguage\":\"en-US\"}]}<\/script>\n<!-- \/ Yoast SEO plugin. -->","yoast_head_json":{"title":"La Riviera francesa, siguiendo los pasos de Picasso y otros maestros modernos - Entre Arte y cultura","robots":{"index":"index","follow":"follow","max-snippet":"max-snippet:-1","max-image-preview":"max-image-preview:large","max-video-preview":"max-video-preview:-1"},"canonical":"https:\/\/www.entrearteycultura.es\/?eap_event=celebrando-el-aniversario-de-picasso-en-la-costa-azul","og_locale":"en_US","og_type":"article","og_title":"La Riviera francesa, siguiendo los pasos de Picasso y otros maestros modernos - Entre Arte y cultura","og_description":"Picasso amaba la Costa Azul y se aloj\u00f3 en ella durante cerca de 30 a\u00f1os dejando numerosas huellas. En 1946, Pablo Picasso se instal\u00f3 en Antibes, despu\u00e9s se traslad\u00f3 a Vallauris, Cannes y Mougins donde falleci\u00f3 en 1973. La belleza de la regi\u00f3n ya hab\u00eda atra\u00eddo a otros artistas que tambi\u00e9n se establecieron en esta [&hellip;]","og_url":"https:\/\/www.entrearteycultura.es\/?eap_event=celebrando-el-aniversario-de-picasso-en-la-costa-azul","og_site_name":"Entre Arte y cultura","article_modified_time":"2024-04-29T12:10:21+00:00","og_image":[{"width":1258,"height":288,"url":"https:\/\/www.entrearteycultura.es\/wp-content\/uploads\/2023\/09\/Imagen1.png","type":"image\/png"}],"twitter_card":"summary_large_image","twitter_misc":{"Est. reading time":"1 minute"},"schema":{"@context":"https:\/\/schema.org","@graph":[{"@type":"WebPage","@id":"https:\/\/www.entrearteycultura.es\/?eap_event=celebrando-el-aniversario-de-picasso-en-la-costa-azul","url":"https:\/\/www.entrearteycultura.es\/?eap_event=celebrando-el-aniversario-de-picasso-en-la-costa-azul","name":"La Riviera francesa, siguiendo los pasos de Picasso y otros maestros modernos - Entre Arte y cultura","isPartOf":{"@id":"https:\/\/www.entrearteycultura.es\/#website"},"primaryImageOfPage":{"@id":"https:\/\/www.entrearteycultura.es\/?eap_event=celebrando-el-aniversario-de-picasso-en-la-costa-azul#primaryimage"},"image":{"@id":"https:\/\/www.entrearteycultura.es\/?eap_event=celebrando-el-aniversario-de-picasso-en-la-costa-azul#primaryimage"},"thumbnailUrl":"https:\/\/www.entrearteycultura.es\/wp-content\/uploads\/2023\/09\/Imagen1.png","datePublished":"2023-09-04T15:59:52+00:00","dateModified":"2024-04-29T12:10:21+00:00","breadcrumb":{"@id":"https:\/\/www.entrearteycultura.es\/?eap_event=celebrando-el-aniversario-de-picasso-en-la-costa-azul#breadcrumb"},"inLanguage":"en-US","potentialAction":[{"@type":"ReadAction","target":["https:\/\/www.entrearteycultura.es\/?eap_event=celebrando-el-aniversario-de-picasso-en-la-costa-azul"]}]},{"@type":"ImageObject","inLanguage":"en-US","@id":"https:\/\/www.entrearteycultura.es\/?eap_event=celebrando-el-aniversario-de-picasso-en-la-costa-azul#primaryimage","url":"https:\/\/www.entrearteycultura.es\/wp-content\/uploads\/2023\/09\/Imagen1.png","contentUrl":"https:\/\/www.entrearteycultura.es\/wp-content\/uploads\/2023\/09\/Imagen1.png","width":1258,"height":288},{"@type":"BreadcrumbList","@id":"https:\/\/www.entrearteycultura.es\/?eap_event=celebrando-el-aniversario-de-picasso-en-la-costa-azul#breadcrumb","itemListElement":[{"@type":"ListItem","position":1,"name":"Portada","item":"https:\/\/www.entrearteycultura.es\/"},{"@type":"ListItem","position":2,"name":"Events","item":"https:\/\/www.entrearteycultura.es\/?post_type=eap_event"},{"@type":"ListItem","position":3,"name":"La Riviera francesa, siguiendo los pasos de Picasso y otros maestros modernos"}]},{"@type":"WebSite","@id":"https:\/\/www.entrearteycultura.es\/#website","url":"https:\/\/www.entrearteycultura.es\/","name":"Entre Arte y cultura","description":"Viajes, eventos cuturales, conferencias y tertulias","potentialAction":[{"@type":"SearchAction","target":{"@type":"EntryPoint","urlTemplate":"https:\/\/www.entrearteycultura.es\/?s={search_term_string}"},"query-input":{"@type":"PropertyValueSpecification","valueRequired":true,"valueName":"search_term_string"}}],"inLanguage":"en-US"}]}},"_links":{"self":[{"href":"https:\/\/www.entrearteycultura.es\/index.php?rest_route=\/wp\/v2\/eap_event\/670","targetHints":{"allow":["GET"]}}],"collection":[{"href":"https:\/\/www.entrearteycultura.es\/index.php?rest_route=\/wp\/v2\/eap_event"}],"about":[{"href":"https:\/\/www.entrearteycultura.es\/index.php?rest_route=\/wp\/v2\/types\/eap_event"}],"author":[{"embeddable":true,"href":"https:\/\/www.entrearteycultura.es\/index.php?rest_route=\/wp\/v2\/users\/1"}],"replies":[{"embeddable":true,"href":"https:\/\/www.entrearteycultura.es\/index.php?rest_route=%2Fwp%2Fv2%2Fcomments&post=670"}],"version-history":[{"count":4,"href":"https:\/\/www.entrearteycultura.es\/index.php?rest_route=\/wp\/v2\/eap_event\/670\/revisions"}],"predecessor-version":[{"id":782,"href":"https:\/\/www.entrearteycultura.es\/index.php?rest_route=\/wp\/v2\/eap_event\/670\/revisions\/782"}],"wp:featuredmedia":[{"embeddable":true,"href":"https:\/\/www.entrearteycultura.es\/index.php?rest_route=\/wp\/v2\/media\/671"}],"wp:attachment":[{"href":"https:\/\/www.entrearteycultura.es\/index.php?rest_route=%2Fwp%2Fv2%2Fmedia&parent=670"}],"wp:term":[{"taxonomy":"category","embeddable":true,"href":"https:\/\/www.entrearteycultura.es\/index.php?rest_route=%2Fwp%2Fv2%2Fcategories&post=670"}],"curies":[{"name":"wp","href":"https:\/\/api.w.org\/{rel}","templated":true}]}}

<p>Picasso amaba la Costa Azul y se alojó en ella durante cerca de 30 años dejando numerosas huellas. En 1946, Pablo Picasso se instaló en <strong>Antibes</strong>, después se trasladó a <strong>Vallauris, Cannes</strong> y Mougins donde falleció en 1973.</p>



<p>La belleza de la región ya había atraído a otros artistas que también se establecieron en esta zona y cuentan con museos dedicado a ellos: Matisse, Renoir, Fernand Leger, Bonnard…</p>



<p>Desde Antibes donde nos alojaremos, recorreremos sus pueblos y ciudades, incluyendo <strong>Niza y St Paul de Vence </strong>junto a los arriba mencionados<strong>,</strong> admirando la huella de Picasso, Sde los artistas impresionistas, postimpresionistas y del siglo XX.</p>

<p>Picasso amaba la Costa Azul y se alojó en ella durante cerca de 30 años dejando numerosas huellas. En 1946, Pablo Picasso se instaló en Antibes, después se trasladó a Vallauris, Cannes y Mougins donde falleció en 1973. La belleza de la región ya había atraído a otros artistas que también se establecieron en esta [&hellip;]</p>

<!-- This site is optimized with the Yoast SEO plugin v27.5 - https://yoast.com/product/yoast-seo-wordpress/ -->
<title>La Riviera francesa, siguiendo los pasos de Picasso y otros maestros modernos - Entre Arte y cultura</title>
<meta name="robots" content="index, follow, max-snippet:-1, max-image-preview:large, max-video-preview:-1" />
<link rel="canonical" href="https://www.entrearteycultura.es/?eap_event=celebrando-el-aniversario-de-picasso-en-la-costa-azul" />
<meta property="og:locale" content="en_US" />
<meta property="og:type" content="article" />
<meta property="og:title" content="La Riviera francesa, siguiendo los pasos de Picasso y otros maestros modernos - Entre Arte y cultura" />
<meta property="og:description" content="Picasso amaba la Costa Azul y se alojó en ella durante cerca de 30 años dejando numerosas huellas. En 1946, Pablo Picasso se instaló en Antibes, después se trasladó a Vallauris, Cannes y Mougins donde falleció en 1973. La belleza de la región ya había atraído a otros artistas que también se establecieron en esta [&hellip;]" />
<meta property="og:url" content="https://www.entrearteycultura.es/?eap_event=celebrando-el-aniversario-de-picasso-en-la-costa-azul" />
<meta property="og:site_name" content="Entre Arte y cultura" />
<meta property="article:modified_time" content="2024-04-29T12:10:21+00:00" />
<meta property="og:image" content="https://www.entrearteycultura.es/wp-content/uploads/2023/09/Imagen1.png" />
	<meta property="og:image:width" content="1258" />
	<meta property="og:image:height" content="288" />
	<meta property="og:image:type" content="image/png" />
<meta name="twitter:card" content="summary_large_image" />
<meta name="twitter:label1" content="Est. reading time" />
	<meta name="twitter:data1" content="1 minute" />
<script type="application/ld+json" class="yoast-schema-graph">{"@context":"https:\/\/schema.org","@graph":[{"@type":"WebPage","@id":"https:\/\/www.entrearteycultura.es\/?eap_event=celebrando-el-aniversario-de-picasso-en-la-costa-azul","url":"https:\/\/www.entrearteycultura.es\/?eap_event=celebrando-el-aniversario-de-picasso-en-la-costa-azul","name":"La Riviera francesa, siguiendo los pasos de Picasso y otros maestros modernos - Entre Arte y cultura","isPartOf":{"@id":"https:\/\/www.entrearteycultura.es\/#website"},"primaryImageOfPage":{"@id":"https:\/\/www.entrearteycultura.es\/?eap_event=celebrando-el-aniversario-de-picasso-en-la-costa-azul#primaryimage"},"image":{"@id":"https:\/\/www.entrearteycultura.es\/?eap_event=celebrando-el-aniversario-de-picasso-en-la-costa-azul#primaryimage"},"thumbnailUrl":"https:\/\/www.entrearteycultura.es\/wp-content\/uploads\/2023\/09\/Imagen1.png","datePublished":"2023-09-04T15:59:52+00:00","dateModified":"2024-04-29T12:10:21+00:00","breadcrumb":{"@id":"https:\/\/www.entrearteycultura.es\/?eap_event=celebrando-el-aniversario-de-picasso-en-la-costa-azul#breadcrumb"},"inLanguage":"en-US","potentialAction":[{"@type":"ReadAction","target":["https:\/\/www.entrearteycultura.es\/?eap_event=celebrando-el-aniversario-de-picasso-en-la-costa-azul"]}]},{"@type":"ImageObject","inLanguage":"en-US","@id":"https:\/\/www.entrearteycultura.es\/?eap_event=celebrando-el-aniversario-de-picasso-en-la-costa-azul#primaryimage","url":"https:\/\/www.entrearteycultura.es\/wp-content\/uploads\/2023\/09\/Imagen1.png","contentUrl":"https:\/\/www.entrearteycultura.es\/wp-content\/uploads\/2023\/09\/Imagen1.png","width":1258,"height":288},{"@type":"BreadcrumbList","@id":"https:\/\/www.entrearteycultura.es\/?eap_event=celebrando-el-aniversario-de-picasso-en-la-costa-azul#breadcrumb","itemListElement":[{"@type":"ListItem","position":1,"name":"Portada","item":"https:\/\/www.entrearteycultura.es\/"},{"@type":"ListItem","position":2,"name":"Events","item":"https:\/\/www.entrearteycultura.es\/?post_type=eap_event"},{"@type":"ListItem","position":3,"name":"La Riviera francesa, siguiendo los pasos de Picasso y otros maestros modernos"}]},{"@type":"WebSite","@id":"https:\/\/www.entrearteycultura.es\/#website","url":"https:\/\/www.entrearteycultura.es\/","name":"Entre Arte y cultura","description":"Viajes, eventos cuturales, conferencias y tertulias","potentialAction":[{"@type":"SearchAction","target":{"@type":"EntryPoint","urlTemplate":"https:\/\/www.entrearteycultura.es\/?s={search_term_string}"},"query-input":{"@type":"PropertyValueSpecification","valueRequired":true,"valueName":"search_term_string"}}],"inLanguage":"en-US"}]}</script>
<!-- / Yoast SEO plugin. -->

Picasso amaba la Costa Azul y se alojó en ella durante cerca de 30 años dejando numerosas huellas. En 1946, Pablo Picasso se instaló en Antibes, después se trasladó a Vallauris, Cannes y Mougins donde falleció en 1973. La belleza de la región ya había atraído a otros artistas que también se establecieron en esta [&hellip;]
