{"id":648,"date":"2023-07-13T14:55:35","date_gmt":"2023-07-13T14:55:35","guid":{"rendered":"https:\/\/www.entrearteycultura.es\/?post_type=eap_event&#038;p=648"},"modified":"2024-02-01T16:56:01","modified_gmt":"2024-02-01T16:56:01","slug":"marruecos-atlantico-tanger-rabat-y-casablanca","status":"publish","type":"eap_event","link":"https:\/\/www.entrearteycultura.es\/?eap_event=marruecos-atlantico-tanger-rabat-y-casablanca","title":{"rendered":"Marruecos atl\u00e1ntico: T\u00e1nger, Tetu\u00e1n y Rabat"},"content":{"rendered":"\n<p>El litoral atl\u00e1ntico marroqu\u00ed combina ciudades emblem\u00e1ticas, diversos paisajes monta\u00f1osos y de playa que podremos ver desde el tren de alta velocidad. <strong>T\u00e1nger<\/strong> tiene el encanto de su kasbah y de su medina, las vistas de su puerto y la vida cosmopolita de su centro. <strong>Tetu\u00e1n<\/strong>, antigua capital del Protectorado Espa\u00f1ol en Marruecos, ha sido declarada por su ciudad antigua o medina Patrimonio de la Humanidad de la UNESCO. \u00a0Y, desde all\u00ed iremos a la encantadora ciudad de <strong>Chefchaouen<\/strong> es la llamada \u201cciudad azul\u201d. <strong>Rabat<\/strong> combina -en su capitalidad- la historia y el arte de sus mezquitas, necr\u00f3polis, jardines y zocos con la nueva arquitectura (Zaha Hadid o Rafael de la Hoz).<\/p>\n","protected":false},"excerpt":{"rendered":"<p>El litoral atl\u00e1ntico marroqu\u00ed combina ciudades emblem\u00e1ticas, diversos paisajes monta\u00f1osos y de playa que podremos ver desde el tren de alta velocidad. T\u00e1nger tiene el encanto de su kasbah y de su medina, las vistas de su puerto y la vida cosmopolita de su centro. Tetu\u00e1n, antigua capital del Protectorado Espa\u00f1ol en Marruecos, ha sido [&hellip;]<\/p>\n","protected":false},"author":1,"featured_media":661,"comment_status":"open","ping_status":"closed","template":"","categories":[45],"class_list":["post-648","eap_event","type-eap_event","status-publish","has-post-thumbnail","hentry","category-eventos-pasados"],"yoast_head":"<!-- This site is optimized with the Yoast SEO plugin v27.5 - https:\/\/yoast.com\/product\/yoast-seo-wordpress\/ -->\n<title>Marruecos atl\u00e1ntico: T\u00e1nger, Tetu\u00e1n y Rabat - Entre Arte y cultura<\/title>\n<meta name=\"robots\" content=\"index, follow, max-snippet:-1, max-image-preview:large, max-video-preview:-1\" \/>\n<link rel=\"canonical\" href=\"https:\/\/www.entrearteycultura.es\/?eap_event=marruecos-atlantico-tanger-rabat-y-casablanca\" \/>\n<meta property=\"og:locale\" content=\"en_US\" \/>\n<meta property=\"og:type\" content=\"article\" \/>\n<meta property=\"og:title\" content=\"Marruecos atl\u00e1ntico: T\u00e1nger, Tetu\u00e1n y Rabat - Entre Arte y cultura\" \/>\n<meta property=\"og:description\" content=\"El litoral atl\u00e1ntico marroqu\u00ed combina ciudades emblem\u00e1ticas, diversos paisajes monta\u00f1osos y de playa que podremos ver desde el tren de alta velocidad. T\u00e1nger tiene el encanto de su kasbah y de su medina, las vistas de su puerto y la vida cosmopolita de su centro. Tetu\u00e1n, antigua capital del Protectorado Espa\u00f1ol en Marruecos, ha sido [&hellip;]\" \/>\n<meta property=\"og:url\" content=\"https:\/\/www.entrearteycultura.es\/?eap_event=marruecos-atlantico-tanger-rabat-y-casablanca\" \/>\n<meta property=\"og:site_name\" content=\"Entre Arte y cultura\" \/>\n<meta property=\"article:modified_time\" content=\"2024-02-01T16:56:01+00:00\" \/>\n<meta property=\"og:image\" content=\"https:\/\/www.entrearteycultura.es\/wp-content\/uploads\/2023\/07\/Imagen1-1.png\" \/>\n\t<meta property=\"og:image:width\" content=\"1245\" \/>\n\t<meta property=\"og:image:height\" content=\"516\" \/>\n\t<meta property=\"og:image:type\" content=\"image\/png\" \/>\n<meta name=\"twitter:card\" content=\"summary_large_image\" \/>\n<meta name=\"twitter:label1\" content=\"Est. reading time\" \/>\n\t<meta name=\"twitter:data1\" content=\"1 minute\" \/>\n<script type=\"application\/ld+json\" class=\"yoast-schema-graph\">{\"@context\":\"https:\\\/\\\/schema.org\",\"@graph\":[{\"@type\":\"WebPage\",\"@id\":\"https:\\\/\\\/www.entrearteycultura.es\\\/?eap_event=marruecos-atlantico-tanger-rabat-y-casablanca\",\"url\":\"https:\\\/\\\/www.entrearteycultura.es\\\/?eap_event=marruecos-atlantico-tanger-rabat-y-casablanca\",\"name\":\"Marruecos atl\u00e1ntico: T\u00e1nger, Tetu\u00e1n y Rabat - Entre Arte y cultura\",\"isPartOf\":{\"@id\":\"https:\\\/\\\/www.entrearteycultura.es\\\/#website\"},\"primaryImageOfPage\":{\"@id\":\"https:\\\/\\\/www.entrearteycultura.es\\\/?eap_event=marruecos-atlantico-tanger-rabat-y-casablanca#primaryimage\"},\"image\":{\"@id\":\"https:\\\/\\\/www.entrearteycultura.es\\\/?eap_event=marruecos-atlantico-tanger-rabat-y-casablanca#primaryimage\"},\"thumbnailUrl\":\"https:\\\/\\\/www.entrearteycultura.es\\\/wp-content\\\/uploads\\\/2023\\\/07\\\/Imagen1-1.png\",\"datePublished\":\"2023-07-13T14:55:35+00:00\",\"dateModified\":\"2024-02-01T16:56:01+00:00\",\"breadcrumb\":{\"@id\":\"https:\\\/\\\/www.entrearteycultura.es\\\/?eap_event=marruecos-atlantico-tanger-rabat-y-casablanca#breadcrumb\"},\"inLanguage\":\"en-US\",\"potentialAction\":[{\"@type\":\"ReadAction\",\"target\":[\"https:\\\/\\\/www.entrearteycultura.es\\\/?eap_event=marruecos-atlantico-tanger-rabat-y-casablanca\"]}]},{\"@type\":\"ImageObject\",\"inLanguage\":\"en-US\",\"@id\":\"https:\\\/\\\/www.entrearteycultura.es\\\/?eap_event=marruecos-atlantico-tanger-rabat-y-casablanca#primaryimage\",\"url\":\"https:\\\/\\\/www.entrearteycultura.es\\\/wp-content\\\/uploads\\\/2023\\\/07\\\/Imagen1-1.png\",\"contentUrl\":\"https:\\\/\\\/www.entrearteycultura.es\\\/wp-content\\\/uploads\\\/2023\\\/07\\\/Imagen1-1.png\",\"width\":1245,\"height\":516},{\"@type\":\"BreadcrumbList\",\"@id\":\"https:\\\/\\\/www.entrearteycultura.es\\\/?eap_event=marruecos-atlantico-tanger-rabat-y-casablanca#breadcrumb\",\"itemListElement\":[{\"@type\":\"ListItem\",\"position\":1,\"name\":\"Portada\",\"item\":\"https:\\\/\\\/www.entrearteycultura.es\\\/\"},{\"@type\":\"ListItem\",\"position\":2,\"name\":\"Events\",\"item\":\"https:\\\/\\\/www.entrearteycultura.es\\\/?post_type=eap_event\"},{\"@type\":\"ListItem\",\"position\":3,\"name\":\"Marruecos atl\u00e1ntico: T\u00e1nger, Tetu\u00e1n y Rabat\"}]},{\"@type\":\"WebSite\",\"@id\":\"https:\\\/\\\/www.entrearteycultura.es\\\/#website\",\"url\":\"https:\\\/\\\/www.entrearteycultura.es\\\/\",\"name\":\"Entre Arte y cultura\",\"description\":\"Viajes, eventos cuturales, conferencias y tertulias\",\"potentialAction\":[{\"@type\":\"SearchAction\",\"target\":{\"@type\":\"EntryPoint\",\"urlTemplate\":\"https:\\\/\\\/www.entrearteycultura.es\\\/?s={search_term_string}\"},\"query-input\":{\"@type\":\"PropertyValueSpecification\",\"valueRequired\":true,\"valueName\":\"search_term_string\"}}],\"inLanguage\":\"en-US\"}]}<\/script>\n<!-- \/ Yoast SEO plugin. -->","yoast_head_json":{"title":"Marruecos atl\u00e1ntico: T\u00e1nger, Tetu\u00e1n y Rabat - Entre Arte y cultura","robots":{"index":"index","follow":"follow","max-snippet":"max-snippet:-1","max-image-preview":"max-image-preview:large","max-video-preview":"max-video-preview:-1"},"canonical":"https:\/\/www.entrearteycultura.es\/?eap_event=marruecos-atlantico-tanger-rabat-y-casablanca","og_locale":"en_US","og_type":"article","og_title":"Marruecos atl\u00e1ntico: T\u00e1nger, Tetu\u00e1n y Rabat - Entre Arte y cultura","og_description":"El litoral atl\u00e1ntico marroqu\u00ed combina ciudades emblem\u00e1ticas, diversos paisajes monta\u00f1osos y de playa que podremos ver desde el tren de alta velocidad. T\u00e1nger tiene el encanto de su kasbah y de su medina, las vistas de su puerto y la vida cosmopolita de su centro. Tetu\u00e1n, antigua capital del Protectorado Espa\u00f1ol en Marruecos, ha sido [&hellip;]","og_url":"https:\/\/www.entrearteycultura.es\/?eap_event=marruecos-atlantico-tanger-rabat-y-casablanca","og_site_name":"Entre Arte y cultura","article_modified_time":"2024-02-01T16:56:01+00:00","og_image":[{"width":1245,"height":516,"url":"https:\/\/www.entrearteycultura.es\/wp-content\/uploads\/2023\/07\/Imagen1-1.png","type":"image\/png"}],"twitter_card":"summary_large_image","twitter_misc":{"Est. reading time":"1 minute"},"schema":{"@context":"https:\/\/schema.org","@graph":[{"@type":"WebPage","@id":"https:\/\/www.entrearteycultura.es\/?eap_event=marruecos-atlantico-tanger-rabat-y-casablanca","url":"https:\/\/www.entrearteycultura.es\/?eap_event=marruecos-atlantico-tanger-rabat-y-casablanca","name":"Marruecos atl\u00e1ntico: T\u00e1nger, Tetu\u00e1n y Rabat - Entre Arte y cultura","isPartOf":{"@id":"https:\/\/www.entrearteycultura.es\/#website"},"primaryImageOfPage":{"@id":"https:\/\/www.entrearteycultura.es\/?eap_event=marruecos-atlantico-tanger-rabat-y-casablanca#primaryimage"},"image":{"@id":"https:\/\/www.entrearteycultura.es\/?eap_event=marruecos-atlantico-tanger-rabat-y-casablanca#primaryimage"},"thumbnailUrl":"https:\/\/www.entrearteycultura.es\/wp-content\/uploads\/2023\/07\/Imagen1-1.png","datePublished":"2023-07-13T14:55:35+00:00","dateModified":"2024-02-01T16:56:01+00:00","breadcrumb":{"@id":"https:\/\/www.entrearteycultura.es\/?eap_event=marruecos-atlantico-tanger-rabat-y-casablanca#breadcrumb"},"inLanguage":"en-US","potentialAction":[{"@type":"ReadAction","target":["https:\/\/www.entrearteycultura.es\/?eap_event=marruecos-atlantico-tanger-rabat-y-casablanca"]}]},{"@type":"ImageObject","inLanguage":"en-US","@id":"https:\/\/www.entrearteycultura.es\/?eap_event=marruecos-atlantico-tanger-rabat-y-casablanca#primaryimage","url":"https:\/\/www.entrearteycultura.es\/wp-content\/uploads\/2023\/07\/Imagen1-1.png","contentUrl":"https:\/\/www.entrearteycultura.es\/wp-content\/uploads\/2023\/07\/Imagen1-1.png","width":1245,"height":516},{"@type":"BreadcrumbList","@id":"https:\/\/www.entrearteycultura.es\/?eap_event=marruecos-atlantico-tanger-rabat-y-casablanca#breadcrumb","itemListElement":[{"@type":"ListItem","position":1,"name":"Portada","item":"https:\/\/www.entrearteycultura.es\/"},{"@type":"ListItem","position":2,"name":"Events","item":"https:\/\/www.entrearteycultura.es\/?post_type=eap_event"},{"@type":"ListItem","position":3,"name":"Marruecos atl\u00e1ntico: T\u00e1nger, Tetu\u00e1n y Rabat"}]},{"@type":"WebSite","@id":"https:\/\/www.entrearteycultura.es\/#website","url":"https:\/\/www.entrearteycultura.es\/","name":"Entre Arte y cultura","description":"Viajes, eventos cuturales, conferencias y tertulias","potentialAction":[{"@type":"SearchAction","target":{"@type":"EntryPoint","urlTemplate":"https:\/\/www.entrearteycultura.es\/?s={search_term_string}"},"query-input":{"@type":"PropertyValueSpecification","valueRequired":true,"valueName":"search_term_string"}}],"inLanguage":"en-US"}]}},"_links":{"self":[{"href":"https:\/\/www.entrearteycultura.es\/index.php?rest_route=\/wp\/v2\/eap_event\/648","targetHints":{"allow":["GET"]}}],"collection":[{"href":"https:\/\/www.entrearteycultura.es\/index.php?rest_route=\/wp\/v2\/eap_event"}],"about":[{"href":"https:\/\/www.entrearteycultura.es\/index.php?rest_route=\/wp\/v2\/types\/eap_event"}],"author":[{"embeddable":true,"href":"https:\/\/www.entrearteycultura.es\/index.php?rest_route=\/wp\/v2\/users\/1"}],"replies":[{"embeddable":true,"href":"https:\/\/www.entrearteycultura.es\/index.php?rest_route=%2Fwp%2Fv2%2Fcomments&post=648"}],"version-history":[{"count":3,"href":"https:\/\/www.entrearteycultura.es\/index.php?rest_route=\/wp\/v2\/eap_event\/648\/revisions"}],"predecessor-version":[{"id":662,"href":"https:\/\/www.entrearteycultura.es\/index.php?rest_route=\/wp\/v2\/eap_event\/648\/revisions\/662"}],"wp:featuredmedia":[{"embeddable":true,"href":"https:\/\/www.entrearteycultura.es\/index.php?rest_route=\/wp\/v2\/media\/661"}],"wp:attachment":[{"href":"https:\/\/www.entrearteycultura.es\/index.php?rest_route=%2Fwp%2Fv2%2Fmedia&parent=648"}],"wp:term":[{"taxonomy":"category","embeddable":true,"href":"https:\/\/www.entrearteycultura.es\/index.php?rest_route=%2Fwp%2Fv2%2Fcategories&post=648"}],"curies":[{"name":"wp","href":"https:\/\/api.w.org\/{rel}","templated":true}]}}

Marruecos atlántico: Tánger, Tetuán y Rabat

<p>El litoral atlántico marroquí combina ciudades emblemáticas, diversos paisajes montañosos y de playa que podremos ver desde el tren de alta velocidad. <strong>Tánger</strong> tiene el encanto de su kasbah y de su medina, las vistas de su puerto y la vida cosmopolita de su centro. <strong>Tetuán</strong>, antigua capital del Protectorado Español en Marruecos, ha sido declarada por su ciudad antigua o medina Patrimonio de la Humanidad de la UNESCO.  Y, desde allí iremos a la encantadora ciudad de <strong>Chefchaouen</strong> es la llamada “ciudad azul”. <strong>Rabat</strong> combina -en su capitalidad- la historia y el arte de sus mezquitas, necrópolis, jardines y zocos con la nueva arquitectura (Zaha Hadid o Rafael de la Hoz).</p>

<p>El litoral atlántico marroquí combina ciudades emblemáticas, diversos paisajes montañosos y de playa que podremos ver desde el tren de alta velocidad. Tánger tiene el encanto de su kasbah y de su medina, las vistas de su puerto y la vida cosmopolita de su centro. Tetuán, antigua capital del Protectorado Español en Marruecos, ha sido [&hellip;]</p>

<!-- This site is optimized with the Yoast SEO plugin v27.5 - https://yoast.com/product/yoast-seo-wordpress/ -->
<title>Marruecos atlántico: Tánger, Tetuán y Rabat - Entre Arte y cultura</title>
<meta name="robots" content="index, follow, max-snippet:-1, max-image-preview:large, max-video-preview:-1" />
<link rel="canonical" href="https://www.entrearteycultura.es/?eap_event=marruecos-atlantico-tanger-rabat-y-casablanca" />
<meta property="og:locale" content="en_US" />
<meta property="og:type" content="article" />
<meta property="og:title" content="Marruecos atlántico: Tánger, Tetuán y Rabat - Entre Arte y cultura" />
<meta property="og:description" content="El litoral atlántico marroquí combina ciudades emblemáticas, diversos paisajes montañosos y de playa que podremos ver desde el tren de alta velocidad. Tánger tiene el encanto de su kasbah y de su medina, las vistas de su puerto y la vida cosmopolita de su centro. Tetuán, antigua capital del Protectorado Español en Marruecos, ha sido [&hellip;]" />
<meta property="og:url" content="https://www.entrearteycultura.es/?eap_event=marruecos-atlantico-tanger-rabat-y-casablanca" />
<meta property="og:site_name" content="Entre Arte y cultura" />
<meta property="article:modified_time" content="2024-02-01T16:56:01+00:00" />
<meta property="og:image" content="https://www.entrearteycultura.es/wp-content/uploads/2023/07/Imagen1-1.png" />
	<meta property="og:image:width" content="1245" />
	<meta property="og:image:height" content="516" />
	<meta property="og:image:type" content="image/png" />
<meta name="twitter:card" content="summary_large_image" />
<meta name="twitter:label1" content="Est. reading time" />
	<meta name="twitter:data1" content="1 minute" />
<script type="application/ld+json" class="yoast-schema-graph">{"@context":"https:\/\/schema.org","@graph":[{"@type":"WebPage","@id":"https:\/\/www.entrearteycultura.es\/?eap_event=marruecos-atlantico-tanger-rabat-y-casablanca","url":"https:\/\/www.entrearteycultura.es\/?eap_event=marruecos-atlantico-tanger-rabat-y-casablanca","name":"Marruecos atlántico: Tánger, Tetuán y Rabat - Entre Arte y cultura","isPartOf":{"@id":"https:\/\/www.entrearteycultura.es\/#website"},"primaryImageOfPage":{"@id":"https:\/\/www.entrearteycultura.es\/?eap_event=marruecos-atlantico-tanger-rabat-y-casablanca#primaryimage"},"image":{"@id":"https:\/\/www.entrearteycultura.es\/?eap_event=marruecos-atlantico-tanger-rabat-y-casablanca#primaryimage"},"thumbnailUrl":"https:\/\/www.entrearteycultura.es\/wp-content\/uploads\/2023\/07\/Imagen1-1.png","datePublished":"2023-07-13T14:55:35+00:00","dateModified":"2024-02-01T16:56:01+00:00","breadcrumb":{"@id":"https:\/\/www.entrearteycultura.es\/?eap_event=marruecos-atlantico-tanger-rabat-y-casablanca#breadcrumb"},"inLanguage":"en-US","potentialAction":[{"@type":"ReadAction","target":["https:\/\/www.entrearteycultura.es\/?eap_event=marruecos-atlantico-tanger-rabat-y-casablanca"]}]},{"@type":"ImageObject","inLanguage":"en-US","@id":"https:\/\/www.entrearteycultura.es\/?eap_event=marruecos-atlantico-tanger-rabat-y-casablanca#primaryimage","url":"https:\/\/www.entrearteycultura.es\/wp-content\/uploads\/2023\/07\/Imagen1-1.png","contentUrl":"https:\/\/www.entrearteycultura.es\/wp-content\/uploads\/2023\/07\/Imagen1-1.png","width":1245,"height":516},{"@type":"BreadcrumbList","@id":"https:\/\/www.entrearteycultura.es\/?eap_event=marruecos-atlantico-tanger-rabat-y-casablanca#breadcrumb","itemListElement":[{"@type":"ListItem","position":1,"name":"Portada","item":"https:\/\/www.entrearteycultura.es\/"},{"@type":"ListItem","position":2,"name":"Events","item":"https:\/\/www.entrearteycultura.es\/?post_type=eap_event"},{"@type":"ListItem","position":3,"name":"Marruecos atlántico: Tánger, Tetuán y Rabat"}]},{"@type":"WebSite","@id":"https:\/\/www.entrearteycultura.es\/#website","url":"https:\/\/www.entrearteycultura.es\/","name":"Entre Arte y cultura","description":"Viajes, eventos cuturales, conferencias y tertulias","potentialAction":[{"@type":"SearchAction","target":{"@type":"EntryPoint","urlTemplate":"https:\/\/www.entrearteycultura.es\/?s={search_term_string}"},"query-input":{"@type":"PropertyValueSpecification","valueRequired":true,"valueName":"search_term_string"}}],"inLanguage":"en-US"}]}</script>
<!-- / Yoast SEO plugin. -->

Marruecos atlántico: Tánger, Tetuán y Rabat - Entre Arte y cultura

El litoral atlántico marroquí combina ciudades emblemáticas, diversos paisajes montañosos y de playa que podremos ver desde el tren de alta velocidad. Tánger tiene el encanto de su kasbah y de su medina, las vistas de su puerto y la vida cosmopolita de su centro. Tetuán, antigua capital del Protectorado Español en Marruecos, ha sido [&hellip;]
