{"id":645,"date":"2023-07-13T14:52:10","date_gmt":"2023-07-13T14:52:10","guid":{"rendered":"https:\/\/www.entrearteycultura.es\/?post_type=eap_event&#038;p=645"},"modified":"2023-12-16T19:07:30","modified_gmt":"2023-12-16T19:07:30","slug":"un-trio-italiano-por-conocer-bolonia-modena-y-ravena","status":"publish","type":"eap_event","link":"https:\/\/www.entrearteycultura.es\/?eap_event=un-trio-italiano-por-conocer-bolonia-modena-y-ravena","title":{"rendered":"Un tr\u00edo italiano por conocer: Bolonia, M\u00f3dena y R\u00e1vena"},"content":{"rendered":"\n<p>Con el objetivo de visitar uno de los conjuntos de mosaicos m\u00e1s importantes de Europa, la visita de&nbsp;<strong>R\u00e1vena<\/strong>&nbsp;nos permitir\u00e1 adentrarnos en sus iglesias paleocristianas y bizantinas cuyas decoraciones e iconograf\u00edas est\u00e1n en la base de la cultura europea, as\u00ed reconocido por la UNESCO.&nbsp;<strong>Bolonia<\/strong>&nbsp;es una de las ciudades m\u00e1s atractivas y culturales de Italia con sus bas\u00edlicas, torres, plazas y mercados, y sus referencias universitarias. Tambi\u00e9n&nbsp;<strong>M\u00f3dena<\/strong>, ciudad natal de Pavarotti, es una ciudad fascinante por su catedral rom\u00e1nica, un espl\u00e9ndido Museo Ferrari, un mercado hist\u00f3rico y la referencia a la &#8220;Acetaia&#8221;, ese vinagre tan usado en toda la gastronom\u00eda europea.<\/p>\n","protected":false},"excerpt":{"rendered":"<p>Con el objetivo de visitar uno de los conjuntos de mosaicos m\u00e1s importantes de Europa, la visita de&nbsp;R\u00e1vena&nbsp;nos permitir\u00e1 adentrarnos en sus iglesias paleocristianas y bizantinas cuyas decoraciones e iconograf\u00edas est\u00e1n en la base de la cultura europea, as\u00ed reconocido por la UNESCO.&nbsp;Bolonia&nbsp;es una de las ciudades m\u00e1s atractivas y culturales de Italia con sus [&hellip;]<\/p>\n","protected":false},"author":1,"featured_media":646,"comment_status":"open","ping_status":"closed","template":"","categories":[45],"class_list":["post-645","eap_event","type-eap_event","status-publish","has-post-thumbnail","hentry","category-eventos-pasados"],"yoast_head":"<!-- This site is optimized with the Yoast SEO plugin v27.5 - https:\/\/yoast.com\/product\/yoast-seo-wordpress\/ -->\n<title>Un tr\u00edo italiano por conocer: Bolonia, M\u00f3dena y R\u00e1vena - Entre Arte y cultura<\/title>\n<meta name=\"robots\" content=\"index, follow, max-snippet:-1, max-image-preview:large, max-video-preview:-1\" \/>\n<link rel=\"canonical\" href=\"https:\/\/www.entrearteycultura.es\/?eap_event=un-trio-italiano-por-conocer-bolonia-modena-y-ravena\" \/>\n<meta property=\"og:locale\" content=\"en_US\" \/>\n<meta property=\"og:type\" content=\"article\" \/>\n<meta property=\"og:title\" content=\"Un tr\u00edo italiano por conocer: Bolonia, M\u00f3dena y R\u00e1vena - Entre Arte y cultura\" \/>\n<meta property=\"og:description\" content=\"Con el objetivo de visitar uno de los conjuntos de mosaicos m\u00e1s importantes de Europa, la visita de&nbsp;R\u00e1vena&nbsp;nos permitir\u00e1 adentrarnos en sus iglesias paleocristianas y bizantinas cuyas decoraciones e iconograf\u00edas est\u00e1n en la base de la cultura europea, as\u00ed reconocido por la UNESCO.&nbsp;Bolonia&nbsp;es una de las ciudades m\u00e1s atractivas y culturales de Italia con sus [&hellip;]\" \/>\n<meta property=\"og:url\" content=\"https:\/\/www.entrearteycultura.es\/?eap_event=un-trio-italiano-por-conocer-bolonia-modena-y-ravena\" \/>\n<meta property=\"og:site_name\" content=\"Entre Arte y cultura\" \/>\n<meta property=\"article:modified_time\" content=\"2023-12-16T19:07:30+00:00\" \/>\n<meta property=\"og:image\" content=\"https:\/\/www.entrearteycultura.es\/wp-content\/uploads\/2023\/07\/Imagen2.png\" \/>\n\t<meta property=\"og:image:width\" content=\"1134\" \/>\n\t<meta property=\"og:image:height\" content=\"327\" \/>\n\t<meta property=\"og:image:type\" content=\"image\/png\" \/>\n<meta name=\"twitter:card\" content=\"summary_large_image\" \/>\n<meta name=\"twitter:label1\" content=\"Est. reading time\" \/>\n\t<meta name=\"twitter:data1\" content=\"1 minute\" \/>\n<script type=\"application\/ld+json\" class=\"yoast-schema-graph\">{\"@context\":\"https:\\\/\\\/schema.org\",\"@graph\":[{\"@type\":\"WebPage\",\"@id\":\"https:\\\/\\\/www.entrearteycultura.es\\\/?eap_event=un-trio-italiano-por-conocer-bolonia-modena-y-ravena\",\"url\":\"https:\\\/\\\/www.entrearteycultura.es\\\/?eap_event=un-trio-italiano-por-conocer-bolonia-modena-y-ravena\",\"name\":\"Un tr\u00edo italiano por conocer: Bolonia, M\u00f3dena y R\u00e1vena - Entre Arte y cultura\",\"isPartOf\":{\"@id\":\"https:\\\/\\\/www.entrearteycultura.es\\\/#website\"},\"primaryImageOfPage\":{\"@id\":\"https:\\\/\\\/www.entrearteycultura.es\\\/?eap_event=un-trio-italiano-por-conocer-bolonia-modena-y-ravena#primaryimage\"},\"image\":{\"@id\":\"https:\\\/\\\/www.entrearteycultura.es\\\/?eap_event=un-trio-italiano-por-conocer-bolonia-modena-y-ravena#primaryimage\"},\"thumbnailUrl\":\"https:\\\/\\\/www.entrearteycultura.es\\\/wp-content\\\/uploads\\\/2023\\\/07\\\/Imagen2.png\",\"datePublished\":\"2023-07-13T14:52:10+00:00\",\"dateModified\":\"2023-12-16T19:07:30+00:00\",\"breadcrumb\":{\"@id\":\"https:\\\/\\\/www.entrearteycultura.es\\\/?eap_event=un-trio-italiano-por-conocer-bolonia-modena-y-ravena#breadcrumb\"},\"inLanguage\":\"en-US\",\"potentialAction\":[{\"@type\":\"ReadAction\",\"target\":[\"https:\\\/\\\/www.entrearteycultura.es\\\/?eap_event=un-trio-italiano-por-conocer-bolonia-modena-y-ravena\"]}]},{\"@type\":\"ImageObject\",\"inLanguage\":\"en-US\",\"@id\":\"https:\\\/\\\/www.entrearteycultura.es\\\/?eap_event=un-trio-italiano-por-conocer-bolonia-modena-y-ravena#primaryimage\",\"url\":\"https:\\\/\\\/www.entrearteycultura.es\\\/wp-content\\\/uploads\\\/2023\\\/07\\\/Imagen2.png\",\"contentUrl\":\"https:\\\/\\\/www.entrearteycultura.es\\\/wp-content\\\/uploads\\\/2023\\\/07\\\/Imagen2.png\",\"width\":1134,\"height\":327},{\"@type\":\"BreadcrumbList\",\"@id\":\"https:\\\/\\\/www.entrearteycultura.es\\\/?eap_event=un-trio-italiano-por-conocer-bolonia-modena-y-ravena#breadcrumb\",\"itemListElement\":[{\"@type\":\"ListItem\",\"position\":1,\"name\":\"Portada\",\"item\":\"https:\\\/\\\/www.entrearteycultura.es\\\/\"},{\"@type\":\"ListItem\",\"position\":2,\"name\":\"Events\",\"item\":\"https:\\\/\\\/www.entrearteycultura.es\\\/?post_type=eap_event\"},{\"@type\":\"ListItem\",\"position\":3,\"name\":\"Un tr\u00edo italiano por conocer: Bolonia, M\u00f3dena y R\u00e1vena\"}]},{\"@type\":\"WebSite\",\"@id\":\"https:\\\/\\\/www.entrearteycultura.es\\\/#website\",\"url\":\"https:\\\/\\\/www.entrearteycultura.es\\\/\",\"name\":\"Entre Arte y cultura\",\"description\":\"Viajes, eventos cuturales, conferencias y tertulias\",\"potentialAction\":[{\"@type\":\"SearchAction\",\"target\":{\"@type\":\"EntryPoint\",\"urlTemplate\":\"https:\\\/\\\/www.entrearteycultura.es\\\/?s={search_term_string}\"},\"query-input\":{\"@type\":\"PropertyValueSpecification\",\"valueRequired\":true,\"valueName\":\"search_term_string\"}}],\"inLanguage\":\"en-US\"}]}<\/script>\n<!-- \/ Yoast SEO plugin. -->","yoast_head_json":{"title":"Un tr\u00edo italiano por conocer: Bolonia, M\u00f3dena y R\u00e1vena - Entre Arte y cultura","robots":{"index":"index","follow":"follow","max-snippet":"max-snippet:-1","max-image-preview":"max-image-preview:large","max-video-preview":"max-video-preview:-1"},"canonical":"https:\/\/www.entrearteycultura.es\/?eap_event=un-trio-italiano-por-conocer-bolonia-modena-y-ravena","og_locale":"en_US","og_type":"article","og_title":"Un tr\u00edo italiano por conocer: Bolonia, M\u00f3dena y R\u00e1vena - Entre Arte y cultura","og_description":"Con el objetivo de visitar uno de los conjuntos de mosaicos m\u00e1s importantes de Europa, la visita de&nbsp;R\u00e1vena&nbsp;nos permitir\u00e1 adentrarnos en sus iglesias paleocristianas y bizantinas cuyas decoraciones e iconograf\u00edas est\u00e1n en la base de la cultura europea, as\u00ed reconocido por la UNESCO.&nbsp;Bolonia&nbsp;es una de las ciudades m\u00e1s atractivas y culturales de Italia con sus [&hellip;]","og_url":"https:\/\/www.entrearteycultura.es\/?eap_event=un-trio-italiano-por-conocer-bolonia-modena-y-ravena","og_site_name":"Entre Arte y cultura","article_modified_time":"2023-12-16T19:07:30+00:00","og_image":[{"width":1134,"height":327,"url":"https:\/\/www.entrearteycultura.es\/wp-content\/uploads\/2023\/07\/Imagen2.png","type":"image\/png"}],"twitter_card":"summary_large_image","twitter_misc":{"Est. reading time":"1 minute"},"schema":{"@context":"https:\/\/schema.org","@graph":[{"@type":"WebPage","@id":"https:\/\/www.entrearteycultura.es\/?eap_event=un-trio-italiano-por-conocer-bolonia-modena-y-ravena","url":"https:\/\/www.entrearteycultura.es\/?eap_event=un-trio-italiano-por-conocer-bolonia-modena-y-ravena","name":"Un tr\u00edo italiano por conocer: Bolonia, M\u00f3dena y R\u00e1vena - Entre Arte y cultura","isPartOf":{"@id":"https:\/\/www.entrearteycultura.es\/#website"},"primaryImageOfPage":{"@id":"https:\/\/www.entrearteycultura.es\/?eap_event=un-trio-italiano-por-conocer-bolonia-modena-y-ravena#primaryimage"},"image":{"@id":"https:\/\/www.entrearteycultura.es\/?eap_event=un-trio-italiano-por-conocer-bolonia-modena-y-ravena#primaryimage"},"thumbnailUrl":"https:\/\/www.entrearteycultura.es\/wp-content\/uploads\/2023\/07\/Imagen2.png","datePublished":"2023-07-13T14:52:10+00:00","dateModified":"2023-12-16T19:07:30+00:00","breadcrumb":{"@id":"https:\/\/www.entrearteycultura.es\/?eap_event=un-trio-italiano-por-conocer-bolonia-modena-y-ravena#breadcrumb"},"inLanguage":"en-US","potentialAction":[{"@type":"ReadAction","target":["https:\/\/www.entrearteycultura.es\/?eap_event=un-trio-italiano-por-conocer-bolonia-modena-y-ravena"]}]},{"@type":"ImageObject","inLanguage":"en-US","@id":"https:\/\/www.entrearteycultura.es\/?eap_event=un-trio-italiano-por-conocer-bolonia-modena-y-ravena#primaryimage","url":"https:\/\/www.entrearteycultura.es\/wp-content\/uploads\/2023\/07\/Imagen2.png","contentUrl":"https:\/\/www.entrearteycultura.es\/wp-content\/uploads\/2023\/07\/Imagen2.png","width":1134,"height":327},{"@type":"BreadcrumbList","@id":"https:\/\/www.entrearteycultura.es\/?eap_event=un-trio-italiano-por-conocer-bolonia-modena-y-ravena#breadcrumb","itemListElement":[{"@type":"ListItem","position":1,"name":"Portada","item":"https:\/\/www.entrearteycultura.es\/"},{"@type":"ListItem","position":2,"name":"Events","item":"https:\/\/www.entrearteycultura.es\/?post_type=eap_event"},{"@type":"ListItem","position":3,"name":"Un tr\u00edo italiano por conocer: Bolonia, M\u00f3dena y R\u00e1vena"}]},{"@type":"WebSite","@id":"https:\/\/www.entrearteycultura.es\/#website","url":"https:\/\/www.entrearteycultura.es\/","name":"Entre Arte y cultura","description":"Viajes, eventos cuturales, conferencias y tertulias","potentialAction":[{"@type":"SearchAction","target":{"@type":"EntryPoint","urlTemplate":"https:\/\/www.entrearteycultura.es\/?s={search_term_string}"},"query-input":{"@type":"PropertyValueSpecification","valueRequired":true,"valueName":"search_term_string"}}],"inLanguage":"en-US"}]}},"_links":{"self":[{"href":"https:\/\/www.entrearteycultura.es\/index.php?rest_route=\/wp\/v2\/eap_event\/645","targetHints":{"allow":["GET"]}}],"collection":[{"href":"https:\/\/www.entrearteycultura.es\/index.php?rest_route=\/wp\/v2\/eap_event"}],"about":[{"href":"https:\/\/www.entrearteycultura.es\/index.php?rest_route=\/wp\/v2\/types\/eap_event"}],"author":[{"embeddable":true,"href":"https:\/\/www.entrearteycultura.es\/index.php?rest_route=\/wp\/v2\/users\/1"}],"replies":[{"embeddable":true,"href":"https:\/\/www.entrearteycultura.es\/index.php?rest_route=%2Fwp%2Fv2%2Fcomments&post=645"}],"version-history":[{"count":2,"href":"https:\/\/www.entrearteycultura.es\/index.php?rest_route=\/wp\/v2\/eap_event\/645\/revisions"}],"predecessor-version":[{"id":651,"href":"https:\/\/www.entrearteycultura.es\/index.php?rest_route=\/wp\/v2\/eap_event\/645\/revisions\/651"}],"wp:featuredmedia":[{"embeddable":true,"href":"https:\/\/www.entrearteycultura.es\/index.php?rest_route=\/wp\/v2\/media\/646"}],"wp:attachment":[{"href":"https:\/\/www.entrearteycultura.es\/index.php?rest_route=%2Fwp%2Fv2%2Fmedia&parent=645"}],"wp:term":[{"taxonomy":"category","embeddable":true,"href":"https:\/\/www.entrearteycultura.es\/index.php?rest_route=%2Fwp%2Fv2%2Fcategories&post=645"}],"curies":[{"name":"wp","href":"https:\/\/api.w.org\/{rel}","templated":true}]}}

Un trío italiano por conocer: Bolonia, Módena y Rávena

<p>Con el objetivo de visitar uno de los conjuntos de mosaicos más importantes de Europa, la visita de&nbsp;<strong>Rávena</strong>&nbsp;nos permitirá adentrarnos en sus iglesias paleocristianas y bizantinas cuyas decoraciones e iconografías están en la base de la cultura europea, así reconocido por la UNESCO.&nbsp;<strong>Bolonia</strong>&nbsp;es una de las ciudades más atractivas y culturales de Italia con sus basílicas, torres, plazas y mercados, y sus referencias universitarias. También&nbsp;<strong>Módena</strong>, ciudad natal de Pavarotti, es una ciudad fascinante por su catedral románica, un espléndido Museo Ferrari, un mercado histórico y la referencia a la &#8220;Acetaia&#8221;, ese vinagre tan usado en toda la gastronomía europea.</p>

<p>Con el objetivo de visitar uno de los conjuntos de mosaicos más importantes de Europa, la visita de&nbsp;Rávena&nbsp;nos permitirá adentrarnos en sus iglesias paleocristianas y bizantinas cuyas decoraciones e iconografías están en la base de la cultura europea, así reconocido por la UNESCO.&nbsp;Bolonia&nbsp;es una de las ciudades más atractivas y culturales de Italia con sus [&hellip;]</p>

<!-- This site is optimized with the Yoast SEO plugin v27.5 - https://yoast.com/product/yoast-seo-wordpress/ -->
<title>Un trío italiano por conocer: Bolonia, Módena y Rávena - Entre Arte y cultura</title>
<meta name="robots" content="index, follow, max-snippet:-1, max-image-preview:large, max-video-preview:-1" />
<link rel="canonical" href="https://www.entrearteycultura.es/?eap_event=un-trio-italiano-por-conocer-bolonia-modena-y-ravena" />
<meta property="og:locale" content="en_US" />
<meta property="og:type" content="article" />
<meta property="og:title" content="Un trío italiano por conocer: Bolonia, Módena y Rávena - Entre Arte y cultura" />
<meta property="og:description" content="Con el objetivo de visitar uno de los conjuntos de mosaicos más importantes de Europa, la visita de&nbsp;Rávena&nbsp;nos permitirá adentrarnos en sus iglesias paleocristianas y bizantinas cuyas decoraciones e iconografías están en la base de la cultura europea, así reconocido por la UNESCO.&nbsp;Bolonia&nbsp;es una de las ciudades más atractivas y culturales de Italia con sus [&hellip;]" />
<meta property="og:url" content="https://www.entrearteycultura.es/?eap_event=un-trio-italiano-por-conocer-bolonia-modena-y-ravena" />
<meta property="og:site_name" content="Entre Arte y cultura" />
<meta property="article:modified_time" content="2023-12-16T19:07:30+00:00" />
<meta property="og:image" content="https://www.entrearteycultura.es/wp-content/uploads/2023/07/Imagen2.png" />
	<meta property="og:image:width" content="1134" />
	<meta property="og:image:height" content="327" />
	<meta property="og:image:type" content="image/png" />
<meta name="twitter:card" content="summary_large_image" />
<meta name="twitter:label1" content="Est. reading time" />
	<meta name="twitter:data1" content="1 minute" />
<script type="application/ld+json" class="yoast-schema-graph">{"@context":"https:\/\/schema.org","@graph":[{"@type":"WebPage","@id":"https:\/\/www.entrearteycultura.es\/?eap_event=un-trio-italiano-por-conocer-bolonia-modena-y-ravena","url":"https:\/\/www.entrearteycultura.es\/?eap_event=un-trio-italiano-por-conocer-bolonia-modena-y-ravena","name":"Un trío italiano por conocer: Bolonia, Módena y Rávena - Entre Arte y cultura","isPartOf":{"@id":"https:\/\/www.entrearteycultura.es\/#website"},"primaryImageOfPage":{"@id":"https:\/\/www.entrearteycultura.es\/?eap_event=un-trio-italiano-por-conocer-bolonia-modena-y-ravena#primaryimage"},"image":{"@id":"https:\/\/www.entrearteycultura.es\/?eap_event=un-trio-italiano-por-conocer-bolonia-modena-y-ravena#primaryimage"},"thumbnailUrl":"https:\/\/www.entrearteycultura.es\/wp-content\/uploads\/2023\/07\/Imagen2.png","datePublished":"2023-07-13T14:52:10+00:00","dateModified":"2023-12-16T19:07:30+00:00","breadcrumb":{"@id":"https:\/\/www.entrearteycultura.es\/?eap_event=un-trio-italiano-por-conocer-bolonia-modena-y-ravena#breadcrumb"},"inLanguage":"en-US","potentialAction":[{"@type":"ReadAction","target":["https:\/\/www.entrearteycultura.es\/?eap_event=un-trio-italiano-por-conocer-bolonia-modena-y-ravena"]}]},{"@type":"ImageObject","inLanguage":"en-US","@id":"https:\/\/www.entrearteycultura.es\/?eap_event=un-trio-italiano-por-conocer-bolonia-modena-y-ravena#primaryimage","url":"https:\/\/www.entrearteycultura.es\/wp-content\/uploads\/2023\/07\/Imagen2.png","contentUrl":"https:\/\/www.entrearteycultura.es\/wp-content\/uploads\/2023\/07\/Imagen2.png","width":1134,"height":327},{"@type":"BreadcrumbList","@id":"https:\/\/www.entrearteycultura.es\/?eap_event=un-trio-italiano-por-conocer-bolonia-modena-y-ravena#breadcrumb","itemListElement":[{"@type":"ListItem","position":1,"name":"Portada","item":"https:\/\/www.entrearteycultura.es\/"},{"@type":"ListItem","position":2,"name":"Events","item":"https:\/\/www.entrearteycultura.es\/?post_type=eap_event"},{"@type":"ListItem","position":3,"name":"Un trío italiano por conocer: Bolonia, Módena y Rávena"}]},{"@type":"WebSite","@id":"https:\/\/www.entrearteycultura.es\/#website","url":"https:\/\/www.entrearteycultura.es\/","name":"Entre Arte y cultura","description":"Viajes, eventos cuturales, conferencias y tertulias","potentialAction":[{"@type":"SearchAction","target":{"@type":"EntryPoint","urlTemplate":"https:\/\/www.entrearteycultura.es\/?s={search_term_string}"},"query-input":{"@type":"PropertyValueSpecification","valueRequired":true,"valueName":"search_term_string"}}],"inLanguage":"en-US"}]}</script>
<!-- / Yoast SEO plugin. -->

Un trío italiano por conocer: Bolonia, Módena y Rávena - Entre Arte y cultura

Con el objetivo de visitar uno de los conjuntos de mosaicos más importantes de Europa, la visita de&nbsp;Rávena&nbsp;nos permitirá adentrarnos en sus iglesias paleocristianas y bizantinas cuyas decoraciones e iconografías están en la base de la cultura europea, así reconocido por la UNESCO.&nbsp;Bolonia&nbsp;es una de las ciudades más atractivas y culturales de Italia con sus [&hellip;]
