{"id":616,"date":"2023-05-08T11:46:56","date_gmt":"2023-05-08T11:46:56","guid":{"rendered":"https:\/\/www.entrearteycultura.es\/?post_type=eap_event&#038;p=616"},"modified":"2023-06-26T13:45:19","modified_gmt":"2023-06-26T13:45:19","slug":"visita-al-palacio-de-santona","status":"publish","type":"eap_event","link":"https:\/\/www.entrearteycultura.es\/?eap_event=visita-al-palacio-de-santona","title":{"rendered":"Visita al Palacio de Santo\u00f1a"},"content":{"rendered":"\n<p><strong>Este t\u00edpico palacete madrile\u00f1o, construido en 1730, destaca sobre todo por la portada principal, de estilo barroco y labrada en granito, dise\u00f1ada por Pedro de Ribera, y por albergar uno de los mejores interiores de estilo ecl\u00e9ctico de Madrid.<br>Cuando en 1874 los duques de Santo\u00f1a adquirieron el palacio lo adaptaron a los gustos de la \u00e9poca, decoraci\u00f3n que se ha conservado hasta la actualidad. Destaca la fachada a la calle de las Huertas, semejante a la creada por Ribera en la calle del Pr\u00edncipe, as\u00ed como una espectacular escalera de m\u00e1rmol, dise\u00f1ada por Carlo Nicoli y los suntuosos salones.<\/strong><\/p>\n","protected":false},"excerpt":{"rendered":"<p>Este t\u00edpico palacete madrile\u00f1o, construido en 1730, destaca sobre todo por la portada principal, de estilo barroco y labrada en granito, dise\u00f1ada por Pedro de Ribera, y por albergar uno de los mejores interiores de estilo ecl\u00e9ctico de Madrid.Cuando en 1874 los duques de Santo\u00f1a adquirieron el palacio lo adaptaron a los gustos de la [&hellip;]<\/p>\n","protected":false},"author":1,"featured_media":617,"comment_status":"open","ping_status":"closed","template":"","categories":[45],"class_list":["post-616","eap_event","type-eap_event","status-publish","has-post-thumbnail","hentry","category-eventos-pasados"],"yoast_head":"<!-- This site is optimized with the Yoast SEO plugin v27.5 - https:\/\/yoast.com\/product\/yoast-seo-wordpress\/ -->\n<title>Visita al Palacio de Santo\u00f1a - Entre Arte y cultura<\/title>\n<meta name=\"robots\" content=\"index, follow, max-snippet:-1, max-image-preview:large, max-video-preview:-1\" \/>\n<link rel=\"canonical\" href=\"https:\/\/www.entrearteycultura.es\/?eap_event=visita-al-palacio-de-santona\" \/>\n<meta property=\"og:locale\" content=\"en_US\" \/>\n<meta property=\"og:type\" content=\"article\" \/>\n<meta property=\"og:title\" content=\"Visita al Palacio de Santo\u00f1a - Entre Arte y cultura\" \/>\n<meta property=\"og:description\" content=\"Este t\u00edpico palacete madrile\u00f1o, construido en 1730, destaca sobre todo por la portada principal, de estilo barroco y labrada en granito, dise\u00f1ada por Pedro de Ribera, y por albergar uno de los mejores interiores de estilo ecl\u00e9ctico de Madrid.Cuando en 1874 los duques de Santo\u00f1a adquirieron el palacio lo adaptaron a los gustos de la [&hellip;]\" \/>\n<meta property=\"og:url\" content=\"https:\/\/www.entrearteycultura.es\/?eap_event=visita-al-palacio-de-santona\" \/>\n<meta property=\"og:site_name\" content=\"Entre Arte y cultura\" \/>\n<meta property=\"article:modified_time\" content=\"2023-06-26T13:45:19+00:00\" \/>\n<meta property=\"og:image\" content=\"https:\/\/www.entrearteycultura.es\/wp-content\/uploads\/2023\/05\/Santona.jpg\" \/>\n\t<meta property=\"og:image:width\" content=\"1047\" \/>\n\t<meta property=\"og:image:height\" content=\"618\" \/>\n\t<meta property=\"og:image:type\" content=\"image\/jpeg\" \/>\n<meta name=\"twitter:card\" content=\"summary_large_image\" \/>\n<meta name=\"twitter:label1\" content=\"Est. reading time\" \/>\n\t<meta name=\"twitter:data1\" content=\"1 minute\" \/>\n<script type=\"application\/ld+json\" class=\"yoast-schema-graph\">{\"@context\":\"https:\\\/\\\/schema.org\",\"@graph\":[{\"@type\":\"WebPage\",\"@id\":\"https:\\\/\\\/www.entrearteycultura.es\\\/?eap_event=visita-al-palacio-de-santona\",\"url\":\"https:\\\/\\\/www.entrearteycultura.es\\\/?eap_event=visita-al-palacio-de-santona\",\"name\":\"Visita al Palacio de Santo\u00f1a - Entre Arte y cultura\",\"isPartOf\":{\"@id\":\"https:\\\/\\\/www.entrearteycultura.es\\\/#website\"},\"primaryImageOfPage\":{\"@id\":\"https:\\\/\\\/www.entrearteycultura.es\\\/?eap_event=visita-al-palacio-de-santona#primaryimage\"},\"image\":{\"@id\":\"https:\\\/\\\/www.entrearteycultura.es\\\/?eap_event=visita-al-palacio-de-santona#primaryimage\"},\"thumbnailUrl\":\"https:\\\/\\\/www.entrearteycultura.es\\\/wp-content\\\/uploads\\\/2023\\\/05\\\/Santona.jpg\",\"datePublished\":\"2023-05-08T11:46:56+00:00\",\"dateModified\":\"2023-06-26T13:45:19+00:00\",\"breadcrumb\":{\"@id\":\"https:\\\/\\\/www.entrearteycultura.es\\\/?eap_event=visita-al-palacio-de-santona#breadcrumb\"},\"inLanguage\":\"en-US\",\"potentialAction\":[{\"@type\":\"ReadAction\",\"target\":[\"https:\\\/\\\/www.entrearteycultura.es\\\/?eap_event=visita-al-palacio-de-santona\"]}]},{\"@type\":\"ImageObject\",\"inLanguage\":\"en-US\",\"@id\":\"https:\\\/\\\/www.entrearteycultura.es\\\/?eap_event=visita-al-palacio-de-santona#primaryimage\",\"url\":\"https:\\\/\\\/www.entrearteycultura.es\\\/wp-content\\\/uploads\\\/2023\\\/05\\\/Santona.jpg\",\"contentUrl\":\"https:\\\/\\\/www.entrearteycultura.es\\\/wp-content\\\/uploads\\\/2023\\\/05\\\/Santona.jpg\",\"width\":1047,\"height\":618},{\"@type\":\"BreadcrumbList\",\"@id\":\"https:\\\/\\\/www.entrearteycultura.es\\\/?eap_event=visita-al-palacio-de-santona#breadcrumb\",\"itemListElement\":[{\"@type\":\"ListItem\",\"position\":1,\"name\":\"Portada\",\"item\":\"https:\\\/\\\/www.entrearteycultura.es\\\/\"},{\"@type\":\"ListItem\",\"position\":2,\"name\":\"Events\",\"item\":\"https:\\\/\\\/www.entrearteycultura.es\\\/?post_type=eap_event\"},{\"@type\":\"ListItem\",\"position\":3,\"name\":\"Visita al Palacio de Santo\u00f1a\"}]},{\"@type\":\"WebSite\",\"@id\":\"https:\\\/\\\/www.entrearteycultura.es\\\/#website\",\"url\":\"https:\\\/\\\/www.entrearteycultura.es\\\/\",\"name\":\"Entre Arte y cultura\",\"description\":\"Viajes, eventos cuturales, conferencias y tertulias\",\"potentialAction\":[{\"@type\":\"SearchAction\",\"target\":{\"@type\":\"EntryPoint\",\"urlTemplate\":\"https:\\\/\\\/www.entrearteycultura.es\\\/?s={search_term_string}\"},\"query-input\":{\"@type\":\"PropertyValueSpecification\",\"valueRequired\":true,\"valueName\":\"search_term_string\"}}],\"inLanguage\":\"en-US\"}]}<\/script>\n<!-- \/ Yoast SEO plugin. -->","yoast_head_json":{"title":"Visita al Palacio de Santo\u00f1a - Entre Arte y cultura","robots":{"index":"index","follow":"follow","max-snippet":"max-snippet:-1","max-image-preview":"max-image-preview:large","max-video-preview":"max-video-preview:-1"},"canonical":"https:\/\/www.entrearteycultura.es\/?eap_event=visita-al-palacio-de-santona","og_locale":"en_US","og_type":"article","og_title":"Visita al Palacio de Santo\u00f1a - Entre Arte y cultura","og_description":"Este t\u00edpico palacete madrile\u00f1o, construido en 1730, destaca sobre todo por la portada principal, de estilo barroco y labrada en granito, dise\u00f1ada por Pedro de Ribera, y por albergar uno de los mejores interiores de estilo ecl\u00e9ctico de Madrid.Cuando en 1874 los duques de Santo\u00f1a adquirieron el palacio lo adaptaron a los gustos de la [&hellip;]","og_url":"https:\/\/www.entrearteycultura.es\/?eap_event=visita-al-palacio-de-santona","og_site_name":"Entre Arte y cultura","article_modified_time":"2023-06-26T13:45:19+00:00","og_image":[{"width":1047,"height":618,"url":"https:\/\/www.entrearteycultura.es\/wp-content\/uploads\/2023\/05\/Santona.jpg","type":"image\/jpeg"}],"twitter_card":"summary_large_image","twitter_misc":{"Est. reading time":"1 minute"},"schema":{"@context":"https:\/\/schema.org","@graph":[{"@type":"WebPage","@id":"https:\/\/www.entrearteycultura.es\/?eap_event=visita-al-palacio-de-santona","url":"https:\/\/www.entrearteycultura.es\/?eap_event=visita-al-palacio-de-santona","name":"Visita al Palacio de Santo\u00f1a - Entre Arte y cultura","isPartOf":{"@id":"https:\/\/www.entrearteycultura.es\/#website"},"primaryImageOfPage":{"@id":"https:\/\/www.entrearteycultura.es\/?eap_event=visita-al-palacio-de-santona#primaryimage"},"image":{"@id":"https:\/\/www.entrearteycultura.es\/?eap_event=visita-al-palacio-de-santona#primaryimage"},"thumbnailUrl":"https:\/\/www.entrearteycultura.es\/wp-content\/uploads\/2023\/05\/Santona.jpg","datePublished":"2023-05-08T11:46:56+00:00","dateModified":"2023-06-26T13:45:19+00:00","breadcrumb":{"@id":"https:\/\/www.entrearteycultura.es\/?eap_event=visita-al-palacio-de-santona#breadcrumb"},"inLanguage":"en-US","potentialAction":[{"@type":"ReadAction","target":["https:\/\/www.entrearteycultura.es\/?eap_event=visita-al-palacio-de-santona"]}]},{"@type":"ImageObject","inLanguage":"en-US","@id":"https:\/\/www.entrearteycultura.es\/?eap_event=visita-al-palacio-de-santona#primaryimage","url":"https:\/\/www.entrearteycultura.es\/wp-content\/uploads\/2023\/05\/Santona.jpg","contentUrl":"https:\/\/www.entrearteycultura.es\/wp-content\/uploads\/2023\/05\/Santona.jpg","width":1047,"height":618},{"@type":"BreadcrumbList","@id":"https:\/\/www.entrearteycultura.es\/?eap_event=visita-al-palacio-de-santona#breadcrumb","itemListElement":[{"@type":"ListItem","position":1,"name":"Portada","item":"https:\/\/www.entrearteycultura.es\/"},{"@type":"ListItem","position":2,"name":"Events","item":"https:\/\/www.entrearteycultura.es\/?post_type=eap_event"},{"@type":"ListItem","position":3,"name":"Visita al Palacio de Santo\u00f1a"}]},{"@type":"WebSite","@id":"https:\/\/www.entrearteycultura.es\/#website","url":"https:\/\/www.entrearteycultura.es\/","name":"Entre Arte y cultura","description":"Viajes, eventos cuturales, conferencias y tertulias","potentialAction":[{"@type":"SearchAction","target":{"@type":"EntryPoint","urlTemplate":"https:\/\/www.entrearteycultura.es\/?s={search_term_string}"},"query-input":{"@type":"PropertyValueSpecification","valueRequired":true,"valueName":"search_term_string"}}],"inLanguage":"en-US"}]}},"_links":{"self":[{"href":"https:\/\/www.entrearteycultura.es\/index.php?rest_route=\/wp\/v2\/eap_event\/616","targetHints":{"allow":["GET"]}}],"collection":[{"href":"https:\/\/www.entrearteycultura.es\/index.php?rest_route=\/wp\/v2\/eap_event"}],"about":[{"href":"https:\/\/www.entrearteycultura.es\/index.php?rest_route=\/wp\/v2\/types\/eap_event"}],"author":[{"embeddable":true,"href":"https:\/\/www.entrearteycultura.es\/index.php?rest_route=\/wp\/v2\/users\/1"}],"replies":[{"embeddable":true,"href":"https:\/\/www.entrearteycultura.es\/index.php?rest_route=%2Fwp%2Fv2%2Fcomments&post=616"}],"version-history":[{"count":1,"href":"https:\/\/www.entrearteycultura.es\/index.php?rest_route=\/wp\/v2\/eap_event\/616\/revisions"}],"predecessor-version":[{"id":618,"href":"https:\/\/www.entrearteycultura.es\/index.php?rest_route=\/wp\/v2\/eap_event\/616\/revisions\/618"}],"wp:featuredmedia":[{"embeddable":true,"href":"https:\/\/www.entrearteycultura.es\/index.php?rest_route=\/wp\/v2\/media\/617"}],"wp:attachment":[{"href":"https:\/\/www.entrearteycultura.es\/index.php?rest_route=%2Fwp%2Fv2%2Fmedia&parent=616"}],"wp:term":[{"taxonomy":"category","embeddable":true,"href":"https:\/\/www.entrearteycultura.es\/index.php?rest_route=%2Fwp%2Fv2%2Fcategories&post=616"}],"curies":[{"name":"wp","href":"https:\/\/api.w.org\/{rel}","templated":true}]}}

Visita al Palacio de Santoña

<p><strong>Este típico palacete madrileño, construido en 1730, destaca sobre todo por la portada principal, de estilo barroco y labrada en granito, diseñada por Pedro de Ribera, y por albergar uno de los mejores interiores de estilo ecléctico de Madrid.<br>Cuando en 1874 los duques de Santoña adquirieron el palacio lo adaptaron a los gustos de la época, decoración que se ha conservado hasta la actualidad. Destaca la fachada a la calle de las Huertas, semejante a la creada por Ribera en la calle del Príncipe, así como una espectacular escalera de mármol, diseñada por Carlo Nicoli y los suntuosos salones.</strong></p>

<p>Este típico palacete madrileño, construido en 1730, destaca sobre todo por la portada principal, de estilo barroco y labrada en granito, diseñada por Pedro de Ribera, y por albergar uno de los mejores interiores de estilo ecléctico de Madrid.Cuando en 1874 los duques de Santoña adquirieron el palacio lo adaptaron a los gustos de la [&hellip;]</p>

<!-- This site is optimized with the Yoast SEO plugin v27.5 - https://yoast.com/product/yoast-seo-wordpress/ -->
<title>Visita al Palacio de Santoña - Entre Arte y cultura</title>
<meta name="robots" content="index, follow, max-snippet:-1, max-image-preview:large, max-video-preview:-1" />
<link rel="canonical" href="https://www.entrearteycultura.es/?eap_event=visita-al-palacio-de-santona" />
<meta property="og:locale" content="en_US" />
<meta property="og:type" content="article" />
<meta property="og:title" content="Visita al Palacio de Santoña - Entre Arte y cultura" />
<meta property="og:description" content="Este típico palacete madrileño, construido en 1730, destaca sobre todo por la portada principal, de estilo barroco y labrada en granito, diseñada por Pedro de Ribera, y por albergar uno de los mejores interiores de estilo ecléctico de Madrid.Cuando en 1874 los duques de Santoña adquirieron el palacio lo adaptaron a los gustos de la [&hellip;]" />
<meta property="og:url" content="https://www.entrearteycultura.es/?eap_event=visita-al-palacio-de-santona" />
<meta property="og:site_name" content="Entre Arte y cultura" />
<meta property="article:modified_time" content="2023-06-26T13:45:19+00:00" />
<meta property="og:image" content="https://www.entrearteycultura.es/wp-content/uploads/2023/05/Santona.jpg" />
	<meta property="og:image:width" content="1047" />
	<meta property="og:image:height" content="618" />
	<meta property="og:image:type" content="image/jpeg" />
<meta name="twitter:card" content="summary_large_image" />
<meta name="twitter:label1" content="Est. reading time" />
	<meta name="twitter:data1" content="1 minute" />
<script type="application/ld+json" class="yoast-schema-graph">{"@context":"https:\/\/schema.org","@graph":[{"@type":"WebPage","@id":"https:\/\/www.entrearteycultura.es\/?eap_event=visita-al-palacio-de-santona","url":"https:\/\/www.entrearteycultura.es\/?eap_event=visita-al-palacio-de-santona","name":"Visita al Palacio de Santoña - Entre Arte y cultura","isPartOf":{"@id":"https:\/\/www.entrearteycultura.es\/#website"},"primaryImageOfPage":{"@id":"https:\/\/www.entrearteycultura.es\/?eap_event=visita-al-palacio-de-santona#primaryimage"},"image":{"@id":"https:\/\/www.entrearteycultura.es\/?eap_event=visita-al-palacio-de-santona#primaryimage"},"thumbnailUrl":"https:\/\/www.entrearteycultura.es\/wp-content\/uploads\/2023\/05\/Santona.jpg","datePublished":"2023-05-08T11:46:56+00:00","dateModified":"2023-06-26T13:45:19+00:00","breadcrumb":{"@id":"https:\/\/www.entrearteycultura.es\/?eap_event=visita-al-palacio-de-santona#breadcrumb"},"inLanguage":"en-US","potentialAction":[{"@type":"ReadAction","target":["https:\/\/www.entrearteycultura.es\/?eap_event=visita-al-palacio-de-santona"]}]},{"@type":"ImageObject","inLanguage":"en-US","@id":"https:\/\/www.entrearteycultura.es\/?eap_event=visita-al-palacio-de-santona#primaryimage","url":"https:\/\/www.entrearteycultura.es\/wp-content\/uploads\/2023\/05\/Santona.jpg","contentUrl":"https:\/\/www.entrearteycultura.es\/wp-content\/uploads\/2023\/05\/Santona.jpg","width":1047,"height":618},{"@type":"BreadcrumbList","@id":"https:\/\/www.entrearteycultura.es\/?eap_event=visita-al-palacio-de-santona#breadcrumb","itemListElement":[{"@type":"ListItem","position":1,"name":"Portada","item":"https:\/\/www.entrearteycultura.es\/"},{"@type":"ListItem","position":2,"name":"Events","item":"https:\/\/www.entrearteycultura.es\/?post_type=eap_event"},{"@type":"ListItem","position":3,"name":"Visita al Palacio de Santoña"}]},{"@type":"WebSite","@id":"https:\/\/www.entrearteycultura.es\/#website","url":"https:\/\/www.entrearteycultura.es\/","name":"Entre Arte y cultura","description":"Viajes, eventos cuturales, conferencias y tertulias","potentialAction":[{"@type":"SearchAction","target":{"@type":"EntryPoint","urlTemplate":"https:\/\/www.entrearteycultura.es\/?s={search_term_string}"},"query-input":{"@type":"PropertyValueSpecification","valueRequired":true,"valueName":"search_term_string"}}],"inLanguage":"en-US"}]}</script>
<!-- / Yoast SEO plugin. -->

Visita al Palacio de Santoña - Entre Arte y cultura

Este típico palacete madrileño, construido en 1730, destaca sobre todo por la portada principal, de estilo barroco y labrada en granito, diseñada por Pedro de Ribera, y por albergar uno de los mejores interiores de estilo ecléctico de Madrid.Cuando en 1874 los duques de Santoña adquirieron el palacio lo adaptaron a los gustos de la [&hellip;]
