{"id":610,"date":"2023-04-24T15:36:03","date_gmt":"2023-04-24T15:36:03","guid":{"rendered":"https:\/\/www.entrearteycultura.es\/?post_type=eap_event&#038;p=610"},"modified":"2023-05-16T13:42:30","modified_gmt":"2023-05-16T13:42:30","slug":"visita-al-estudio-del-artista-juan-baraja","status":"publish","type":"eap_event","link":"https:\/\/www.entrearteycultura.es\/?eap_event=visita-al-estudio-del-artista-juan-baraja","title":{"rendered":"Visita al estudio del artista Juan Baraja"},"content":{"rendered":"\n<p>Volvemos a Carabanchel para visitar el estudio del artista Juan Baraja, cuyo medio de expresi\u00f3n es la fotograf\u00eda.<\/p>\n\n\n\n<p>En sus fotograf\u00edas, Juan Baraja investiga con la arquitectura como tel\u00f3n de fondo y con la luz como material constructivo en s\u00ed mismo.<\/p>\n\n\n\n<p>A trav\u00e9s de residencias, encargos y proyectos propios Baraja ha recorrido con su c\u00e1mara diferentes puntos de la geograf\u00eda europea con un hilo que los une: los espacios olvidados del tiempo<\/p>\n","protected":false},"excerpt":{"rendered":"<p>Volvemos a Carabanchel para visitar el estudio del artista Juan Baraja, cuyo medio de expresi\u00f3n es la fotograf\u00eda. En sus fotograf\u00edas, Juan Baraja investiga con la arquitectura como tel\u00f3n de fondo y con la luz como material constructivo en s\u00ed mismo. A trav\u00e9s de residencias, encargos y proyectos propios Baraja ha recorrido con su c\u00e1mara [&hellip;]<\/p>\n","protected":false},"author":1,"featured_media":611,"comment_status":"open","ping_status":"closed","template":"","categories":[45],"class_list":["post-610","eap_event","type-eap_event","status-publish","has-post-thumbnail","hentry","category-eventos-pasados"],"yoast_head":"<!-- This site is optimized with the Yoast SEO plugin v27.5 - https:\/\/yoast.com\/product\/yoast-seo-wordpress\/ -->\n<title>Visita al estudio del artista Juan Baraja - Entre Arte y cultura<\/title>\n<meta name=\"robots\" content=\"index, follow, max-snippet:-1, max-image-preview:large, max-video-preview:-1\" \/>\n<link rel=\"canonical\" href=\"https:\/\/www.entrearteycultura.es\/?eap_event=visita-al-estudio-del-artista-juan-baraja\" \/>\n<meta property=\"og:locale\" content=\"en_US\" \/>\n<meta property=\"og:type\" content=\"article\" \/>\n<meta property=\"og:title\" content=\"Visita al estudio del artista Juan Baraja - Entre Arte y cultura\" \/>\n<meta property=\"og:description\" content=\"Volvemos a Carabanchel para visitar el estudio del artista Juan Baraja, cuyo medio de expresi\u00f3n es la fotograf\u00eda. En sus fotograf\u00edas, Juan Baraja investiga con la arquitectura como tel\u00f3n de fondo y con la luz como material constructivo en s\u00ed mismo. A trav\u00e9s de residencias, encargos y proyectos propios Baraja ha recorrido con su c\u00e1mara [&hellip;]\" \/>\n<meta property=\"og:url\" content=\"https:\/\/www.entrearteycultura.es\/?eap_event=visita-al-estudio-del-artista-juan-baraja\" \/>\n<meta property=\"og:site_name\" content=\"Entre Arte y cultura\" \/>\n<meta property=\"article:modified_time\" content=\"2023-05-16T13:42:30+00:00\" \/>\n<meta property=\"og:image\" content=\"https:\/\/www.entrearteycultura.es\/wp-content\/uploads\/2023\/04\/juanbaraja.png\" \/>\n\t<meta property=\"og:image:width\" content=\"886\" \/>\n\t<meta property=\"og:image:height\" content=\"429\" \/>\n\t<meta property=\"og:image:type\" content=\"image\/png\" \/>\n<meta name=\"twitter:card\" content=\"summary_large_image\" \/>\n<script type=\"application\/ld+json\" class=\"yoast-schema-graph\">{\"@context\":\"https:\\\/\\\/schema.org\",\"@graph\":[{\"@type\":\"WebPage\",\"@id\":\"https:\\\/\\\/www.entrearteycultura.es\\\/?eap_event=visita-al-estudio-del-artista-juan-baraja\",\"url\":\"https:\\\/\\\/www.entrearteycultura.es\\\/?eap_event=visita-al-estudio-del-artista-juan-baraja\",\"name\":\"Visita al estudio del artista Juan Baraja - Entre Arte y cultura\",\"isPartOf\":{\"@id\":\"https:\\\/\\\/www.entrearteycultura.es\\\/#website\"},\"primaryImageOfPage\":{\"@id\":\"https:\\\/\\\/www.entrearteycultura.es\\\/?eap_event=visita-al-estudio-del-artista-juan-baraja#primaryimage\"},\"image\":{\"@id\":\"https:\\\/\\\/www.entrearteycultura.es\\\/?eap_event=visita-al-estudio-del-artista-juan-baraja#primaryimage\"},\"thumbnailUrl\":\"https:\\\/\\\/www.entrearteycultura.es\\\/wp-content\\\/uploads\\\/2023\\\/04\\\/juanbaraja.png\",\"datePublished\":\"2023-04-24T15:36:03+00:00\",\"dateModified\":\"2023-05-16T13:42:30+00:00\",\"breadcrumb\":{\"@id\":\"https:\\\/\\\/www.entrearteycultura.es\\\/?eap_event=visita-al-estudio-del-artista-juan-baraja#breadcrumb\"},\"inLanguage\":\"en-US\",\"potentialAction\":[{\"@type\":\"ReadAction\",\"target\":[\"https:\\\/\\\/www.entrearteycultura.es\\\/?eap_event=visita-al-estudio-del-artista-juan-baraja\"]}]},{\"@type\":\"ImageObject\",\"inLanguage\":\"en-US\",\"@id\":\"https:\\\/\\\/www.entrearteycultura.es\\\/?eap_event=visita-al-estudio-del-artista-juan-baraja#primaryimage\",\"url\":\"https:\\\/\\\/www.entrearteycultura.es\\\/wp-content\\\/uploads\\\/2023\\\/04\\\/juanbaraja.png\",\"contentUrl\":\"https:\\\/\\\/www.entrearteycultura.es\\\/wp-content\\\/uploads\\\/2023\\\/04\\\/juanbaraja.png\",\"width\":886,\"height\":429},{\"@type\":\"BreadcrumbList\",\"@id\":\"https:\\\/\\\/www.entrearteycultura.es\\\/?eap_event=visita-al-estudio-del-artista-juan-baraja#breadcrumb\",\"itemListElement\":[{\"@type\":\"ListItem\",\"position\":1,\"name\":\"Portada\",\"item\":\"https:\\\/\\\/www.entrearteycultura.es\\\/\"},{\"@type\":\"ListItem\",\"position\":2,\"name\":\"Events\",\"item\":\"https:\\\/\\\/www.entrearteycultura.es\\\/?post_type=eap_event\"},{\"@type\":\"ListItem\",\"position\":3,\"name\":\"Visita al estudio del artista Juan Baraja\"}]},{\"@type\":\"WebSite\",\"@id\":\"https:\\\/\\\/www.entrearteycultura.es\\\/#website\",\"url\":\"https:\\\/\\\/www.entrearteycultura.es\\\/\",\"name\":\"Entre Arte y cultura\",\"description\":\"Viajes, eventos cuturales, conferencias y tertulias\",\"potentialAction\":[{\"@type\":\"SearchAction\",\"target\":{\"@type\":\"EntryPoint\",\"urlTemplate\":\"https:\\\/\\\/www.entrearteycultura.es\\\/?s={search_term_string}\"},\"query-input\":{\"@type\":\"PropertyValueSpecification\",\"valueRequired\":true,\"valueName\":\"search_term_string\"}}],\"inLanguage\":\"en-US\"}]}<\/script>\n<!-- \/ Yoast SEO plugin. -->","yoast_head_json":{"title":"Visita al estudio del artista Juan Baraja - Entre Arte y cultura","robots":{"index":"index","follow":"follow","max-snippet":"max-snippet:-1","max-image-preview":"max-image-preview:large","max-video-preview":"max-video-preview:-1"},"canonical":"https:\/\/www.entrearteycultura.es\/?eap_event=visita-al-estudio-del-artista-juan-baraja","og_locale":"en_US","og_type":"article","og_title":"Visita al estudio del artista Juan Baraja - Entre Arte y cultura","og_description":"Volvemos a Carabanchel para visitar el estudio del artista Juan Baraja, cuyo medio de expresi\u00f3n es la fotograf\u00eda. En sus fotograf\u00edas, Juan Baraja investiga con la arquitectura como tel\u00f3n de fondo y con la luz como material constructivo en s\u00ed mismo. A trav\u00e9s de residencias, encargos y proyectos propios Baraja ha recorrido con su c\u00e1mara [&hellip;]","og_url":"https:\/\/www.entrearteycultura.es\/?eap_event=visita-al-estudio-del-artista-juan-baraja","og_site_name":"Entre Arte y cultura","article_modified_time":"2023-05-16T13:42:30+00:00","og_image":[{"width":886,"height":429,"url":"https:\/\/www.entrearteycultura.es\/wp-content\/uploads\/2023\/04\/juanbaraja.png","type":"image\/png"}],"twitter_card":"summary_large_image","schema":{"@context":"https:\/\/schema.org","@graph":[{"@type":"WebPage","@id":"https:\/\/www.entrearteycultura.es\/?eap_event=visita-al-estudio-del-artista-juan-baraja","url":"https:\/\/www.entrearteycultura.es\/?eap_event=visita-al-estudio-del-artista-juan-baraja","name":"Visita al estudio del artista Juan Baraja - Entre Arte y cultura","isPartOf":{"@id":"https:\/\/www.entrearteycultura.es\/#website"},"primaryImageOfPage":{"@id":"https:\/\/www.entrearteycultura.es\/?eap_event=visita-al-estudio-del-artista-juan-baraja#primaryimage"},"image":{"@id":"https:\/\/www.entrearteycultura.es\/?eap_event=visita-al-estudio-del-artista-juan-baraja#primaryimage"},"thumbnailUrl":"https:\/\/www.entrearteycultura.es\/wp-content\/uploads\/2023\/04\/juanbaraja.png","datePublished":"2023-04-24T15:36:03+00:00","dateModified":"2023-05-16T13:42:30+00:00","breadcrumb":{"@id":"https:\/\/www.entrearteycultura.es\/?eap_event=visita-al-estudio-del-artista-juan-baraja#breadcrumb"},"inLanguage":"en-US","potentialAction":[{"@type":"ReadAction","target":["https:\/\/www.entrearteycultura.es\/?eap_event=visita-al-estudio-del-artista-juan-baraja"]}]},{"@type":"ImageObject","inLanguage":"en-US","@id":"https:\/\/www.entrearteycultura.es\/?eap_event=visita-al-estudio-del-artista-juan-baraja#primaryimage","url":"https:\/\/www.entrearteycultura.es\/wp-content\/uploads\/2023\/04\/juanbaraja.png","contentUrl":"https:\/\/www.entrearteycultura.es\/wp-content\/uploads\/2023\/04\/juanbaraja.png","width":886,"height":429},{"@type":"BreadcrumbList","@id":"https:\/\/www.entrearteycultura.es\/?eap_event=visita-al-estudio-del-artista-juan-baraja#breadcrumb","itemListElement":[{"@type":"ListItem","position":1,"name":"Portada","item":"https:\/\/www.entrearteycultura.es\/"},{"@type":"ListItem","position":2,"name":"Events","item":"https:\/\/www.entrearteycultura.es\/?post_type=eap_event"},{"@type":"ListItem","position":3,"name":"Visita al estudio del artista Juan Baraja"}]},{"@type":"WebSite","@id":"https:\/\/www.entrearteycultura.es\/#website","url":"https:\/\/www.entrearteycultura.es\/","name":"Entre Arte y cultura","description":"Viajes, eventos cuturales, conferencias y tertulias","potentialAction":[{"@type":"SearchAction","target":{"@type":"EntryPoint","urlTemplate":"https:\/\/www.entrearteycultura.es\/?s={search_term_string}"},"query-input":{"@type":"PropertyValueSpecification","valueRequired":true,"valueName":"search_term_string"}}],"inLanguage":"en-US"}]}},"_links":{"self":[{"href":"https:\/\/www.entrearteycultura.es\/index.php?rest_route=\/wp\/v2\/eap_event\/610","targetHints":{"allow":["GET"]}}],"collection":[{"href":"https:\/\/www.entrearteycultura.es\/index.php?rest_route=\/wp\/v2\/eap_event"}],"about":[{"href":"https:\/\/www.entrearteycultura.es\/index.php?rest_route=\/wp\/v2\/types\/eap_event"}],"author":[{"embeddable":true,"href":"https:\/\/www.entrearteycultura.es\/index.php?rest_route=\/wp\/v2\/users\/1"}],"replies":[{"embeddable":true,"href":"https:\/\/www.entrearteycultura.es\/index.php?rest_route=%2Fwp%2Fv2%2Fcomments&post=610"}],"version-history":[{"count":1,"href":"https:\/\/www.entrearteycultura.es\/index.php?rest_route=\/wp\/v2\/eap_event\/610\/revisions"}],"predecessor-version":[{"id":612,"href":"https:\/\/www.entrearteycultura.es\/index.php?rest_route=\/wp\/v2\/eap_event\/610\/revisions\/612"}],"wp:featuredmedia":[{"embeddable":true,"href":"https:\/\/www.entrearteycultura.es\/index.php?rest_route=\/wp\/v2\/media\/611"}],"wp:attachment":[{"href":"https:\/\/www.entrearteycultura.es\/index.php?rest_route=%2Fwp%2Fv2%2Fmedia&parent=610"}],"wp:term":[{"taxonomy":"category","embeddable":true,"href":"https:\/\/www.entrearteycultura.es\/index.php?rest_route=%2Fwp%2Fv2%2Fcategories&post=610"}],"curies":[{"name":"wp","href":"https:\/\/api.w.org\/{rel}","templated":true}]}}

<p>Volvemos a Carabanchel para visitar el estudio del artista Juan Baraja, cuyo medio de expresión es la fotografía.</p>



<p>En sus fotografías, Juan Baraja investiga con la arquitectura como telón de fondo y con la luz como material constructivo en sí mismo.</p>



<p>A través de residencias, encargos y proyectos propios Baraja ha recorrido con su cámara diferentes puntos de la geografía europea con un hilo que los une: los espacios olvidados del tiempo</p>

<p>Volvemos a Carabanchel para visitar el estudio del artista Juan Baraja, cuyo medio de expresión es la fotografía. En sus fotografías, Juan Baraja investiga con la arquitectura como telón de fondo y con la luz como material constructivo en sí mismo. A través de residencias, encargos y proyectos propios Baraja ha recorrido con su cámara [&hellip;]</p>

<!-- This site is optimized with the Yoast SEO plugin v27.5 - https://yoast.com/product/yoast-seo-wordpress/ -->
<title>Visita al estudio del artista Juan Baraja - Entre Arte y cultura</title>
<meta name="robots" content="index, follow, max-snippet:-1, max-image-preview:large, max-video-preview:-1" />
<link rel="canonical" href="https://www.entrearteycultura.es/?eap_event=visita-al-estudio-del-artista-juan-baraja" />
<meta property="og:locale" content="en_US" />
<meta property="og:type" content="article" />
<meta property="og:title" content="Visita al estudio del artista Juan Baraja - Entre Arte y cultura" />
<meta property="og:description" content="Volvemos a Carabanchel para visitar el estudio del artista Juan Baraja, cuyo medio de expresión es la fotografía. En sus fotografías, Juan Baraja investiga con la arquitectura como telón de fondo y con la luz como material constructivo en sí mismo. A través de residencias, encargos y proyectos propios Baraja ha recorrido con su cámara [&hellip;]" />
<meta property="og:url" content="https://www.entrearteycultura.es/?eap_event=visita-al-estudio-del-artista-juan-baraja" />
<meta property="og:site_name" content="Entre Arte y cultura" />
<meta property="article:modified_time" content="2023-05-16T13:42:30+00:00" />
<meta property="og:image" content="https://www.entrearteycultura.es/wp-content/uploads/2023/04/juanbaraja.png" />
	<meta property="og:image:width" content="886" />
	<meta property="og:image:height" content="429" />
	<meta property="og:image:type" content="image/png" />
<meta name="twitter:card" content="summary_large_image" />
<script type="application/ld+json" class="yoast-schema-graph">{"@context":"https:\/\/schema.org","@graph":[{"@type":"WebPage","@id":"https:\/\/www.entrearteycultura.es\/?eap_event=visita-al-estudio-del-artista-juan-baraja","url":"https:\/\/www.entrearteycultura.es\/?eap_event=visita-al-estudio-del-artista-juan-baraja","name":"Visita al estudio del artista Juan Baraja - Entre Arte y cultura","isPartOf":{"@id":"https:\/\/www.entrearteycultura.es\/#website"},"primaryImageOfPage":{"@id":"https:\/\/www.entrearteycultura.es\/?eap_event=visita-al-estudio-del-artista-juan-baraja#primaryimage"},"image":{"@id":"https:\/\/www.entrearteycultura.es\/?eap_event=visita-al-estudio-del-artista-juan-baraja#primaryimage"},"thumbnailUrl":"https:\/\/www.entrearteycultura.es\/wp-content\/uploads\/2023\/04\/juanbaraja.png","datePublished":"2023-04-24T15:36:03+00:00","dateModified":"2023-05-16T13:42:30+00:00","breadcrumb":{"@id":"https:\/\/www.entrearteycultura.es\/?eap_event=visita-al-estudio-del-artista-juan-baraja#breadcrumb"},"inLanguage":"en-US","potentialAction":[{"@type":"ReadAction","target":["https:\/\/www.entrearteycultura.es\/?eap_event=visita-al-estudio-del-artista-juan-baraja"]}]},{"@type":"ImageObject","inLanguage":"en-US","@id":"https:\/\/www.entrearteycultura.es\/?eap_event=visita-al-estudio-del-artista-juan-baraja#primaryimage","url":"https:\/\/www.entrearteycultura.es\/wp-content\/uploads\/2023\/04\/juanbaraja.png","contentUrl":"https:\/\/www.entrearteycultura.es\/wp-content\/uploads\/2023\/04\/juanbaraja.png","width":886,"height":429},{"@type":"BreadcrumbList","@id":"https:\/\/www.entrearteycultura.es\/?eap_event=visita-al-estudio-del-artista-juan-baraja#breadcrumb","itemListElement":[{"@type":"ListItem","position":1,"name":"Portada","item":"https:\/\/www.entrearteycultura.es\/"},{"@type":"ListItem","position":2,"name":"Events","item":"https:\/\/www.entrearteycultura.es\/?post_type=eap_event"},{"@type":"ListItem","position":3,"name":"Visita al estudio del artista Juan Baraja"}]},{"@type":"WebSite","@id":"https:\/\/www.entrearteycultura.es\/#website","url":"https:\/\/www.entrearteycultura.es\/","name":"Entre Arte y cultura","description":"Viajes, eventos cuturales, conferencias y tertulias","potentialAction":[{"@type":"SearchAction","target":{"@type":"EntryPoint","urlTemplate":"https:\/\/www.entrearteycultura.es\/?s={search_term_string}"},"query-input":{"@type":"PropertyValueSpecification","valueRequired":true,"valueName":"search_term_string"}}],"inLanguage":"en-US"}]}</script>
<!-- / Yoast SEO plugin. -->

Volvemos a Carabanchel para visitar el estudio del artista Juan Baraja, cuyo medio de expresión es la fotografía. En sus fotografías, Juan Baraja investiga con la arquitectura como telón de fondo y con la luz como material constructivo en sí mismo. A través de residencias, encargos y proyectos propios Baraja ha recorrido con su cámara [&hellip;]
