{"id":599,"date":"2023-03-16T19:05:10","date_gmt":"2023-03-16T19:05:10","guid":{"rendered":"https:\/\/www.entrearteycultura.es\/?post_type=eap_event&#038;p=599"},"modified":"2023-05-22T16:40:29","modified_gmt":"2023-05-22T16:40:29","slug":"cata-productos-comunidad-madrid-proximidad","status":"publish","type":"eap_event","link":"https:\/\/www.entrearteycultura.es\/?eap_event=cata-productos-comunidad-madrid-proximidad","title":{"rendered":"<strong>Cata de productos madrile\u00f1os porque son de proximidad<\/strong>"},"content":{"rendered":"\n<p>Con la colaboraci\u00f3n del Mercado de la Paz, celebramos las fiestas de San Isidro con una cata de productos de m\u00e1xima calidad producidos y elaborados en la Comunidad de Madrid. Probaremos una variedad de alimentos de nuestra regi\u00f3n para apoyar a nuestros agricultores y ganaderos y promover el consumo de proximidad.<\/p>\n\n\n\n<p>Por ser la semana de San Isidro, nuestro patr\u00f3n, celebr\u00e9moslo: \u00a1tr\u00e1ete un mant\u00f3n de manila y l\u00facelo! Y los hombres con gorra o chaleco chulapo.<\/p>\n","protected":false},"excerpt":{"rendered":"<p>Con la colaboraci\u00f3n del Mercado de la Paz, celebramos las fiestas de San Isidro con una cata de productos de m\u00e1xima calidad producidos y elaborados en la Comunidad de Madrid. Probaremos una variedad de alimentos de nuestra regi\u00f3n para apoyar a nuestros agricultores y ganaderos y promover el consumo de proximidad. Por ser la semana [&hellip;]<\/p>\n","protected":false},"author":1,"featured_media":600,"comment_status":"open","ping_status":"closed","template":"","categories":[45],"class_list":["post-599","eap_event","type-eap_event","status-publish","has-post-thumbnail","hentry","category-eventos-pasados"],"yoast_head":"<!-- This site is optimized with the Yoast SEO plugin v27.5 - https:\/\/yoast.com\/product\/yoast-seo-wordpress\/ -->\n<title>Cata de productos madrile\u00f1os porque son de proximidad - Entre Arte y cultura<\/title>\n<meta name=\"description\" content=\"Cata de productos madrile\u00f1os por ser San Isidro\" \/>\n<meta name=\"robots\" content=\"index, follow, max-snippet:-1, max-image-preview:large, max-video-preview:-1\" \/>\n<link rel=\"canonical\" href=\"https:\/\/www.entrearteycultura.es\/?eap_event=cata-productos-comunidad-madrid-proximidad\" \/>\n<meta property=\"og:locale\" content=\"en_US\" \/>\n<meta property=\"og:type\" content=\"article\" \/>\n<meta property=\"og:title\" content=\"Cata de productos madrile\u00f1os porque son de proximidad - Entre Arte y cultura\" \/>\n<meta property=\"og:description\" content=\"Cata de productos madrile\u00f1os por ser San Isidro\" \/>\n<meta property=\"og:url\" content=\"https:\/\/www.entrearteycultura.es\/?eap_event=cata-productos-comunidad-madrid-proximidad\" \/>\n<meta property=\"og:site_name\" content=\"Entre Arte y cultura\" \/>\n<meta property=\"article:modified_time\" content=\"2023-05-22T16:40:29+00:00\" \/>\n<meta property=\"og:image\" content=\"https:\/\/www.entrearteycultura.es\/wp-content\/uploads\/2023\/03\/productos.jpg\" \/>\n\t<meta property=\"og:image:width\" content=\"698\" \/>\n\t<meta property=\"og:image:height\" content=\"237\" \/>\n\t<meta property=\"og:image:type\" content=\"image\/jpeg\" \/>\n<meta name=\"twitter:card\" content=\"summary_large_image\" \/>\n<meta name=\"twitter:label1\" content=\"Est. reading time\" \/>\n\t<meta name=\"twitter:data1\" content=\"1 minute\" \/>\n<script type=\"application\/ld+json\" class=\"yoast-schema-graph\">{\"@context\":\"https:\\\/\\\/schema.org\",\"@graph\":[{\"@type\":\"WebPage\",\"@id\":\"https:\\\/\\\/www.entrearteycultura.es\\\/?eap_event=cata-productos-comunidad-madrid-proximidad\",\"url\":\"https:\\\/\\\/www.entrearteycultura.es\\\/?eap_event=cata-productos-comunidad-madrid-proximidad\",\"name\":\"Cata de productos madrile\u00f1os porque son de proximidad - Entre Arte y cultura\",\"isPartOf\":{\"@id\":\"https:\\\/\\\/www.entrearteycultura.es\\\/#website\"},\"primaryImageOfPage\":{\"@id\":\"https:\\\/\\\/www.entrearteycultura.es\\\/?eap_event=cata-productos-comunidad-madrid-proximidad#primaryimage\"},\"image\":{\"@id\":\"https:\\\/\\\/www.entrearteycultura.es\\\/?eap_event=cata-productos-comunidad-madrid-proximidad#primaryimage\"},\"thumbnailUrl\":\"https:\\\/\\\/www.entrearteycultura.es\\\/wp-content\\\/uploads\\\/2023\\\/03\\\/productos.jpg\",\"datePublished\":\"2023-03-16T19:05:10+00:00\",\"dateModified\":\"2023-05-22T16:40:29+00:00\",\"description\":\"Cata de productos madrile\u00f1os por ser San Isidro\",\"breadcrumb\":{\"@id\":\"https:\\\/\\\/www.entrearteycultura.es\\\/?eap_event=cata-productos-comunidad-madrid-proximidad#breadcrumb\"},\"inLanguage\":\"en-US\",\"potentialAction\":[{\"@type\":\"ReadAction\",\"target\":[\"https:\\\/\\\/www.entrearteycultura.es\\\/?eap_event=cata-productos-comunidad-madrid-proximidad\"]}]},{\"@type\":\"ImageObject\",\"inLanguage\":\"en-US\",\"@id\":\"https:\\\/\\\/www.entrearteycultura.es\\\/?eap_event=cata-productos-comunidad-madrid-proximidad#primaryimage\",\"url\":\"https:\\\/\\\/www.entrearteycultura.es\\\/wp-content\\\/uploads\\\/2023\\\/03\\\/productos.jpg\",\"contentUrl\":\"https:\\\/\\\/www.entrearteycultura.es\\\/wp-content\\\/uploads\\\/2023\\\/03\\\/productos.jpg\",\"width\":698,\"height\":237},{\"@type\":\"BreadcrumbList\",\"@id\":\"https:\\\/\\\/www.entrearteycultura.es\\\/?eap_event=cata-productos-comunidad-madrid-proximidad#breadcrumb\",\"itemListElement\":[{\"@type\":\"ListItem\",\"position\":1,\"name\":\"Portada\",\"item\":\"https:\\\/\\\/www.entrearteycultura.es\\\/\"},{\"@type\":\"ListItem\",\"position\":2,\"name\":\"Events\",\"item\":\"https:\\\/\\\/www.entrearteycultura.es\\\/?post_type=eap_event\"},{\"@type\":\"ListItem\",\"position\":3,\"name\":\"Cata de productos madrile\u00f1os porque son de proximidad\"}]},{\"@type\":\"WebSite\",\"@id\":\"https:\\\/\\\/www.entrearteycultura.es\\\/#website\",\"url\":\"https:\\\/\\\/www.entrearteycultura.es\\\/\",\"name\":\"Entre Arte y cultura\",\"description\":\"Viajes, eventos cuturales, conferencias y tertulias\",\"potentialAction\":[{\"@type\":\"SearchAction\",\"target\":{\"@type\":\"EntryPoint\",\"urlTemplate\":\"https:\\\/\\\/www.entrearteycultura.es\\\/?s={search_term_string}\"},\"query-input\":{\"@type\":\"PropertyValueSpecification\",\"valueRequired\":true,\"valueName\":\"search_term_string\"}}],\"inLanguage\":\"en-US\"}]}<\/script>\n<!-- \/ Yoast SEO plugin. -->","yoast_head_json":{"title":"Cata de productos madrile\u00f1os porque son de proximidad - Entre Arte y cultura","description":"Cata de productos madrile\u00f1os por ser San Isidro","robots":{"index":"index","follow":"follow","max-snippet":"max-snippet:-1","max-image-preview":"max-image-preview:large","max-video-preview":"max-video-preview:-1"},"canonical":"https:\/\/www.entrearteycultura.es\/?eap_event=cata-productos-comunidad-madrid-proximidad","og_locale":"en_US","og_type":"article","og_title":"Cata de productos madrile\u00f1os porque son de proximidad - Entre Arte y cultura","og_description":"Cata de productos madrile\u00f1os por ser San Isidro","og_url":"https:\/\/www.entrearteycultura.es\/?eap_event=cata-productos-comunidad-madrid-proximidad","og_site_name":"Entre Arte y cultura","article_modified_time":"2023-05-22T16:40:29+00:00","og_image":[{"width":698,"height":237,"url":"https:\/\/www.entrearteycultura.es\/wp-content\/uploads\/2023\/03\/productos.jpg","type":"image\/jpeg"}],"twitter_card":"summary_large_image","twitter_misc":{"Est. reading time":"1 minute"},"schema":{"@context":"https:\/\/schema.org","@graph":[{"@type":"WebPage","@id":"https:\/\/www.entrearteycultura.es\/?eap_event=cata-productos-comunidad-madrid-proximidad","url":"https:\/\/www.entrearteycultura.es\/?eap_event=cata-productos-comunidad-madrid-proximidad","name":"Cata de productos madrile\u00f1os porque son de proximidad - Entre Arte y cultura","isPartOf":{"@id":"https:\/\/www.entrearteycultura.es\/#website"},"primaryImageOfPage":{"@id":"https:\/\/www.entrearteycultura.es\/?eap_event=cata-productos-comunidad-madrid-proximidad#primaryimage"},"image":{"@id":"https:\/\/www.entrearteycultura.es\/?eap_event=cata-productos-comunidad-madrid-proximidad#primaryimage"},"thumbnailUrl":"https:\/\/www.entrearteycultura.es\/wp-content\/uploads\/2023\/03\/productos.jpg","datePublished":"2023-03-16T19:05:10+00:00","dateModified":"2023-05-22T16:40:29+00:00","description":"Cata de productos madrile\u00f1os por ser San Isidro","breadcrumb":{"@id":"https:\/\/www.entrearteycultura.es\/?eap_event=cata-productos-comunidad-madrid-proximidad#breadcrumb"},"inLanguage":"en-US","potentialAction":[{"@type":"ReadAction","target":["https:\/\/www.entrearteycultura.es\/?eap_event=cata-productos-comunidad-madrid-proximidad"]}]},{"@type":"ImageObject","inLanguage":"en-US","@id":"https:\/\/www.entrearteycultura.es\/?eap_event=cata-productos-comunidad-madrid-proximidad#primaryimage","url":"https:\/\/www.entrearteycultura.es\/wp-content\/uploads\/2023\/03\/productos.jpg","contentUrl":"https:\/\/www.entrearteycultura.es\/wp-content\/uploads\/2023\/03\/productos.jpg","width":698,"height":237},{"@type":"BreadcrumbList","@id":"https:\/\/www.entrearteycultura.es\/?eap_event=cata-productos-comunidad-madrid-proximidad#breadcrumb","itemListElement":[{"@type":"ListItem","position":1,"name":"Portada","item":"https:\/\/www.entrearteycultura.es\/"},{"@type":"ListItem","position":2,"name":"Events","item":"https:\/\/www.entrearteycultura.es\/?post_type=eap_event"},{"@type":"ListItem","position":3,"name":"Cata de productos madrile\u00f1os porque son de proximidad"}]},{"@type":"WebSite","@id":"https:\/\/www.entrearteycultura.es\/#website","url":"https:\/\/www.entrearteycultura.es\/","name":"Entre Arte y cultura","description":"Viajes, eventos cuturales, conferencias y tertulias","potentialAction":[{"@type":"SearchAction","target":{"@type":"EntryPoint","urlTemplate":"https:\/\/www.entrearteycultura.es\/?s={search_term_string}"},"query-input":{"@type":"PropertyValueSpecification","valueRequired":true,"valueName":"search_term_string"}}],"inLanguage":"en-US"}]}},"_links":{"self":[{"href":"https:\/\/www.entrearteycultura.es\/index.php?rest_route=\/wp\/v2\/eap_event\/599","targetHints":{"allow":["GET"]}}],"collection":[{"href":"https:\/\/www.entrearteycultura.es\/index.php?rest_route=\/wp\/v2\/eap_event"}],"about":[{"href":"https:\/\/www.entrearteycultura.es\/index.php?rest_route=\/wp\/v2\/types\/eap_event"}],"author":[{"embeddable":true,"href":"https:\/\/www.entrearteycultura.es\/index.php?rest_route=\/wp\/v2\/users\/1"}],"replies":[{"embeddable":true,"href":"https:\/\/www.entrearteycultura.es\/index.php?rest_route=%2Fwp%2Fv2%2Fcomments&post=599"}],"version-history":[{"count":1,"href":"https:\/\/www.entrearteycultura.es\/index.php?rest_route=\/wp\/v2\/eap_event\/599\/revisions"}],"predecessor-version":[{"id":601,"href":"https:\/\/www.entrearteycultura.es\/index.php?rest_route=\/wp\/v2\/eap_event\/599\/revisions\/601"}],"wp:featuredmedia":[{"embeddable":true,"href":"https:\/\/www.entrearteycultura.es\/index.php?rest_route=\/wp\/v2\/media\/600"}],"wp:attachment":[{"href":"https:\/\/www.entrearteycultura.es\/index.php?rest_route=%2Fwp%2Fv2%2Fmedia&parent=599"}],"wp:term":[{"taxonomy":"category","embeddable":true,"href":"https:\/\/www.entrearteycultura.es\/index.php?rest_route=%2Fwp%2Fv2%2Fcategories&post=599"}],"curies":[{"name":"wp","href":"https:\/\/api.w.org\/{rel}","templated":true}]}}

<strong>Cata de productos madrileños porque son de proximidad</strong>

<p>Con la colaboración del Mercado de la Paz, celebramos las fiestas de San Isidro con una cata de productos de máxima calidad producidos y elaborados en la Comunidad de Madrid. Probaremos una variedad de alimentos de nuestra región para apoyar a nuestros agricultores y ganaderos y promover el consumo de proximidad.</p>



<p>Por ser la semana de San Isidro, nuestro patrón, celebrémoslo: ¡tráete un mantón de manila y lúcelo! Y los hombres con gorra o chaleco chulapo.</p>

<p>Con la colaboración del Mercado de la Paz, celebramos las fiestas de San Isidro con una cata de productos de máxima calidad producidos y elaborados en la Comunidad de Madrid. Probaremos una variedad de alimentos de nuestra región para apoyar a nuestros agricultores y ganaderos y promover el consumo de proximidad. Por ser la semana [&hellip;]</p>

<!-- This site is optimized with the Yoast SEO plugin v27.5 - https://yoast.com/product/yoast-seo-wordpress/ -->
<title>Cata de productos madrileños porque son de proximidad - Entre Arte y cultura</title>
<meta name="description" content="Cata de productos madrileños por ser San Isidro" />
<meta name="robots" content="index, follow, max-snippet:-1, max-image-preview:large, max-video-preview:-1" />
<link rel="canonical" href="https://www.entrearteycultura.es/?eap_event=cata-productos-comunidad-madrid-proximidad" />
<meta property="og:locale" content="en_US" />
<meta property="og:type" content="article" />
<meta property="og:title" content="Cata de productos madrileños porque son de proximidad - Entre Arte y cultura" />
<meta property="og:description" content="Cata de productos madrileños por ser San Isidro" />
<meta property="og:url" content="https://www.entrearteycultura.es/?eap_event=cata-productos-comunidad-madrid-proximidad" />
<meta property="og:site_name" content="Entre Arte y cultura" />
<meta property="article:modified_time" content="2023-05-22T16:40:29+00:00" />
<meta property="og:image" content="https://www.entrearteycultura.es/wp-content/uploads/2023/03/productos.jpg" />
	<meta property="og:image:width" content="698" />
	<meta property="og:image:height" content="237" />
	<meta property="og:image:type" content="image/jpeg" />
<meta name="twitter:card" content="summary_large_image" />
<meta name="twitter:label1" content="Est. reading time" />
	<meta name="twitter:data1" content="1 minute" />
<script type="application/ld+json" class="yoast-schema-graph">{"@context":"https:\/\/schema.org","@graph":[{"@type":"WebPage","@id":"https:\/\/www.entrearteycultura.es\/?eap_event=cata-productos-comunidad-madrid-proximidad","url":"https:\/\/www.entrearteycultura.es\/?eap_event=cata-productos-comunidad-madrid-proximidad","name":"Cata de productos madrileños porque son de proximidad - Entre Arte y cultura","isPartOf":{"@id":"https:\/\/www.entrearteycultura.es\/#website"},"primaryImageOfPage":{"@id":"https:\/\/www.entrearteycultura.es\/?eap_event=cata-productos-comunidad-madrid-proximidad#primaryimage"},"image":{"@id":"https:\/\/www.entrearteycultura.es\/?eap_event=cata-productos-comunidad-madrid-proximidad#primaryimage"},"thumbnailUrl":"https:\/\/www.entrearteycultura.es\/wp-content\/uploads\/2023\/03\/productos.jpg","datePublished":"2023-03-16T19:05:10+00:00","dateModified":"2023-05-22T16:40:29+00:00","description":"Cata de productos madrileños por ser San Isidro","breadcrumb":{"@id":"https:\/\/www.entrearteycultura.es\/?eap_event=cata-productos-comunidad-madrid-proximidad#breadcrumb"},"inLanguage":"en-US","potentialAction":[{"@type":"ReadAction","target":["https:\/\/www.entrearteycultura.es\/?eap_event=cata-productos-comunidad-madrid-proximidad"]}]},{"@type":"ImageObject","inLanguage":"en-US","@id":"https:\/\/www.entrearteycultura.es\/?eap_event=cata-productos-comunidad-madrid-proximidad#primaryimage","url":"https:\/\/www.entrearteycultura.es\/wp-content\/uploads\/2023\/03\/productos.jpg","contentUrl":"https:\/\/www.entrearteycultura.es\/wp-content\/uploads\/2023\/03\/productos.jpg","width":698,"height":237},{"@type":"BreadcrumbList","@id":"https:\/\/www.entrearteycultura.es\/?eap_event=cata-productos-comunidad-madrid-proximidad#breadcrumb","itemListElement":[{"@type":"ListItem","position":1,"name":"Portada","item":"https:\/\/www.entrearteycultura.es\/"},{"@type":"ListItem","position":2,"name":"Events","item":"https:\/\/www.entrearteycultura.es\/?post_type=eap_event"},{"@type":"ListItem","position":3,"name":"Cata de productos madrileños porque son de proximidad"}]},{"@type":"WebSite","@id":"https:\/\/www.entrearteycultura.es\/#website","url":"https:\/\/www.entrearteycultura.es\/","name":"Entre Arte y cultura","description":"Viajes, eventos cuturales, conferencias y tertulias","potentialAction":[{"@type":"SearchAction","target":{"@type":"EntryPoint","urlTemplate":"https:\/\/www.entrearteycultura.es\/?s={search_term_string}"},"query-input":{"@type":"PropertyValueSpecification","valueRequired":true,"valueName":"search_term_string"}}],"inLanguage":"en-US"}]}</script>
<!-- / Yoast SEO plugin. -->

Cata de productos madrileños porque son de proximidad - Entre Arte y cultura

Cata de productos madrileños por ser San Isidro

Cata de productos madrileños porque son de proximidad
