{"id":596,"date":"2023-03-16T18:59:39","date_gmt":"2023-03-16T18:59:39","guid":{"rendered":"https:\/\/www.entrearteycultura.es\/?post_type=eap_event&#038;p=596"},"modified":"2023-09-24T11:02:38","modified_gmt":"2023-09-24T11:02:38","slug":"cata-quesos-nacionales-mercado-paz-madrid","status":"publish","type":"eap_event","link":"https:\/\/www.entrearteycultura.es\/?eap_event=cata-quesos-nacionales-mercado-paz-madrid","title":{"rendered":"<strong>Cata de quesos espa\u00f1oles <\/strong>"},"content":{"rendered":"\n<p>Con la colaboraci\u00f3n del Mercado de la Paz, realizaremos nuestra segunda cata de quesos. Esta vez dedicada \u00fanicamente a quesos espa\u00f1oles. \u00bfSab\u00edas que Espa\u00f1a produce m\u00e1s de 180 tipos distintos con 26 denominaciones de origen? Entre tanta variedad seleccionaremos aquellos m\u00e1s sobresalientes o que han obtenido los premios m\u00e1s importantes del sector.<\/p>\n","protected":false},"excerpt":{"rendered":"<p>Con la colaboraci\u00f3n del Mercado de la Paz, realizaremos nuestra segunda cata de quesos. Esta vez dedicada \u00fanicamente a quesos espa\u00f1oles. \u00bfSab\u00edas que Espa\u00f1a produce m\u00e1s de 180 tipos distintos con 26 denominaciones de origen? Entre tanta variedad seleccionaremos aquellos m\u00e1s sobresalientes o que han obtenido los premios m\u00e1s importantes del sector.<\/p>\n","protected":false},"author":1,"featured_media":597,"comment_status":"open","ping_status":"closed","template":"","categories":[45],"class_list":["post-596","eap_event","type-eap_event","status-publish","has-post-thumbnail","hentry","category-eventos-pasados"],"yoast_head":"<!-- This site is optimized with the Yoast SEO plugin v27.5 - https:\/\/yoast.com\/product\/yoast-seo-wordpress\/ -->\n<title>Cata de quesos espa\u00f1oles  - Entre Arte y cultura<\/title>\n<meta name=\"description\" content=\"Cata de 10 quesos nacionales de distintas comunidades aut\u00f3nomas\" \/>\n<meta name=\"robots\" content=\"index, follow, max-snippet:-1, max-image-preview:large, max-video-preview:-1\" \/>\n<link rel=\"canonical\" href=\"https:\/\/www.entrearteycultura.es\/?eap_event=cata-quesos-nacionales-mercado-paz-madrid\" \/>\n<meta property=\"og:locale\" content=\"en_US\" \/>\n<meta property=\"og:type\" content=\"article\" \/>\n<meta property=\"og:title\" content=\"Cata de quesos espa\u00f1oles  - Entre Arte y cultura\" \/>\n<meta property=\"og:description\" content=\"Cata de 10 quesos nacionales de distintas comunidades aut\u00f3nomas\" \/>\n<meta property=\"og:url\" content=\"https:\/\/www.entrearteycultura.es\/?eap_event=cata-quesos-nacionales-mercado-paz-madrid\" \/>\n<meta property=\"og:site_name\" content=\"Entre Arte y cultura\" \/>\n<meta property=\"article:modified_time\" content=\"2023-09-24T11:02:38+00:00\" \/>\n<meta property=\"og:image\" content=\"https:\/\/www.entrearteycultura.es\/wp-content\/uploads\/2023\/03\/quesos.png\" \/>\n\t<meta property=\"og:image:width\" content=\"978\" \/>\n\t<meta property=\"og:image:height\" content=\"333\" \/>\n\t<meta property=\"og:image:type\" content=\"image\/png\" \/>\n<meta name=\"twitter:card\" content=\"summary_large_image\" \/>\n<meta name=\"twitter:label1\" content=\"Est. reading time\" \/>\n\t<meta name=\"twitter:data1\" content=\"1 minute\" \/>\n<script type=\"application\/ld+json\" class=\"yoast-schema-graph\">{\"@context\":\"https:\\\/\\\/schema.org\",\"@graph\":[{\"@type\":\"WebPage\",\"@id\":\"https:\\\/\\\/www.entrearteycultura.es\\\/?eap_event=cata-quesos-nacionales-mercado-paz-madrid\",\"url\":\"https:\\\/\\\/www.entrearteycultura.es\\\/?eap_event=cata-quesos-nacionales-mercado-paz-madrid\",\"name\":\"Cata de quesos espa\u00f1oles - Entre Arte y cultura\",\"isPartOf\":{\"@id\":\"https:\\\/\\\/www.entrearteycultura.es\\\/#website\"},\"primaryImageOfPage\":{\"@id\":\"https:\\\/\\\/www.entrearteycultura.es\\\/?eap_event=cata-quesos-nacionales-mercado-paz-madrid#primaryimage\"},\"image\":{\"@id\":\"https:\\\/\\\/www.entrearteycultura.es\\\/?eap_event=cata-quesos-nacionales-mercado-paz-madrid#primaryimage\"},\"thumbnailUrl\":\"https:\\\/\\\/www.entrearteycultura.es\\\/wp-content\\\/uploads\\\/2023\\\/03\\\/quesos.png\",\"datePublished\":\"2023-03-16T18:59:39+00:00\",\"dateModified\":\"2023-09-24T11:02:38+00:00\",\"description\":\"Cata de 10 quesos nacionales de distintas comunidades aut\u00f3nomas\",\"breadcrumb\":{\"@id\":\"https:\\\/\\\/www.entrearteycultura.es\\\/?eap_event=cata-quesos-nacionales-mercado-paz-madrid#breadcrumb\"},\"inLanguage\":\"en-US\",\"potentialAction\":[{\"@type\":\"ReadAction\",\"target\":[\"https:\\\/\\\/www.entrearteycultura.es\\\/?eap_event=cata-quesos-nacionales-mercado-paz-madrid\"]}]},{\"@type\":\"ImageObject\",\"inLanguage\":\"en-US\",\"@id\":\"https:\\\/\\\/www.entrearteycultura.es\\\/?eap_event=cata-quesos-nacionales-mercado-paz-madrid#primaryimage\",\"url\":\"https:\\\/\\\/www.entrearteycultura.es\\\/wp-content\\\/uploads\\\/2023\\\/03\\\/quesos.png\",\"contentUrl\":\"https:\\\/\\\/www.entrearteycultura.es\\\/wp-content\\\/uploads\\\/2023\\\/03\\\/quesos.png\",\"width\":978,\"height\":333},{\"@type\":\"BreadcrumbList\",\"@id\":\"https:\\\/\\\/www.entrearteycultura.es\\\/?eap_event=cata-quesos-nacionales-mercado-paz-madrid#breadcrumb\",\"itemListElement\":[{\"@type\":\"ListItem\",\"position\":1,\"name\":\"Portada\",\"item\":\"https:\\\/\\\/www.entrearteycultura.es\\\/\"},{\"@type\":\"ListItem\",\"position\":2,\"name\":\"Events\",\"item\":\"https:\\\/\\\/www.entrearteycultura.es\\\/?post_type=eap_event\"},{\"@type\":\"ListItem\",\"position\":3,\"name\":\"Cata de quesos espa\u00f1oles\"}]},{\"@type\":\"WebSite\",\"@id\":\"https:\\\/\\\/www.entrearteycultura.es\\\/#website\",\"url\":\"https:\\\/\\\/www.entrearteycultura.es\\\/\",\"name\":\"Entre Arte y cultura\",\"description\":\"Viajes, eventos cuturales, conferencias y tertulias\",\"potentialAction\":[{\"@type\":\"SearchAction\",\"target\":{\"@type\":\"EntryPoint\",\"urlTemplate\":\"https:\\\/\\\/www.entrearteycultura.es\\\/?s={search_term_string}\"},\"query-input\":{\"@type\":\"PropertyValueSpecification\",\"valueRequired\":true,\"valueName\":\"search_term_string\"}}],\"inLanguage\":\"en-US\"}]}<\/script>\n<!-- \/ Yoast SEO plugin. -->","yoast_head_json":{"title":"Cata de quesos espa\u00f1oles  - Entre Arte y cultura","description":"Cata de 10 quesos nacionales de distintas comunidades aut\u00f3nomas","robots":{"index":"index","follow":"follow","max-snippet":"max-snippet:-1","max-image-preview":"max-image-preview:large","max-video-preview":"max-video-preview:-1"},"canonical":"https:\/\/www.entrearteycultura.es\/?eap_event=cata-quesos-nacionales-mercado-paz-madrid","og_locale":"en_US","og_type":"article","og_title":"Cata de quesos espa\u00f1oles  - Entre Arte y cultura","og_description":"Cata de 10 quesos nacionales de distintas comunidades aut\u00f3nomas","og_url":"https:\/\/www.entrearteycultura.es\/?eap_event=cata-quesos-nacionales-mercado-paz-madrid","og_site_name":"Entre Arte y cultura","article_modified_time":"2023-09-24T11:02:38+00:00","og_image":[{"width":978,"height":333,"url":"https:\/\/www.entrearteycultura.es\/wp-content\/uploads\/2023\/03\/quesos.png","type":"image\/png"}],"twitter_card":"summary_large_image","twitter_misc":{"Est. reading time":"1 minute"},"schema":{"@context":"https:\/\/schema.org","@graph":[{"@type":"WebPage","@id":"https:\/\/www.entrearteycultura.es\/?eap_event=cata-quesos-nacionales-mercado-paz-madrid","url":"https:\/\/www.entrearteycultura.es\/?eap_event=cata-quesos-nacionales-mercado-paz-madrid","name":"Cata de quesos espa\u00f1oles - Entre Arte y cultura","isPartOf":{"@id":"https:\/\/www.entrearteycultura.es\/#website"},"primaryImageOfPage":{"@id":"https:\/\/www.entrearteycultura.es\/?eap_event=cata-quesos-nacionales-mercado-paz-madrid#primaryimage"},"image":{"@id":"https:\/\/www.entrearteycultura.es\/?eap_event=cata-quesos-nacionales-mercado-paz-madrid#primaryimage"},"thumbnailUrl":"https:\/\/www.entrearteycultura.es\/wp-content\/uploads\/2023\/03\/quesos.png","datePublished":"2023-03-16T18:59:39+00:00","dateModified":"2023-09-24T11:02:38+00:00","description":"Cata de 10 quesos nacionales de distintas comunidades aut\u00f3nomas","breadcrumb":{"@id":"https:\/\/www.entrearteycultura.es\/?eap_event=cata-quesos-nacionales-mercado-paz-madrid#breadcrumb"},"inLanguage":"en-US","potentialAction":[{"@type":"ReadAction","target":["https:\/\/www.entrearteycultura.es\/?eap_event=cata-quesos-nacionales-mercado-paz-madrid"]}]},{"@type":"ImageObject","inLanguage":"en-US","@id":"https:\/\/www.entrearteycultura.es\/?eap_event=cata-quesos-nacionales-mercado-paz-madrid#primaryimage","url":"https:\/\/www.entrearteycultura.es\/wp-content\/uploads\/2023\/03\/quesos.png","contentUrl":"https:\/\/www.entrearteycultura.es\/wp-content\/uploads\/2023\/03\/quesos.png","width":978,"height":333},{"@type":"BreadcrumbList","@id":"https:\/\/www.entrearteycultura.es\/?eap_event=cata-quesos-nacionales-mercado-paz-madrid#breadcrumb","itemListElement":[{"@type":"ListItem","position":1,"name":"Portada","item":"https:\/\/www.entrearteycultura.es\/"},{"@type":"ListItem","position":2,"name":"Events","item":"https:\/\/www.entrearteycultura.es\/?post_type=eap_event"},{"@type":"ListItem","position":3,"name":"Cata de quesos espa\u00f1oles"}]},{"@type":"WebSite","@id":"https:\/\/www.entrearteycultura.es\/#website","url":"https:\/\/www.entrearteycultura.es\/","name":"Entre Arte y cultura","description":"Viajes, eventos cuturales, conferencias y tertulias","potentialAction":[{"@type":"SearchAction","target":{"@type":"EntryPoint","urlTemplate":"https:\/\/www.entrearteycultura.es\/?s={search_term_string}"},"query-input":{"@type":"PropertyValueSpecification","valueRequired":true,"valueName":"search_term_string"}}],"inLanguage":"en-US"}]}},"_links":{"self":[{"href":"https:\/\/www.entrearteycultura.es\/index.php?rest_route=\/wp\/v2\/eap_event\/596","targetHints":{"allow":["GET"]}}],"collection":[{"href":"https:\/\/www.entrearteycultura.es\/index.php?rest_route=\/wp\/v2\/eap_event"}],"about":[{"href":"https:\/\/www.entrearteycultura.es\/index.php?rest_route=\/wp\/v2\/types\/eap_event"}],"author":[{"embeddable":true,"href":"https:\/\/www.entrearteycultura.es\/index.php?rest_route=\/wp\/v2\/users\/1"}],"replies":[{"embeddable":true,"href":"https:\/\/www.entrearteycultura.es\/index.php?rest_route=%2Fwp%2Fv2%2Fcomments&post=596"}],"version-history":[{"count":1,"href":"https:\/\/www.entrearteycultura.es\/index.php?rest_route=\/wp\/v2\/eap_event\/596\/revisions"}],"predecessor-version":[{"id":598,"href":"https:\/\/www.entrearteycultura.es\/index.php?rest_route=\/wp\/v2\/eap_event\/596\/revisions\/598"}],"wp:featuredmedia":[{"embeddable":true,"href":"https:\/\/www.entrearteycultura.es\/index.php?rest_route=\/wp\/v2\/media\/597"}],"wp:attachment":[{"href":"https:\/\/www.entrearteycultura.es\/index.php?rest_route=%2Fwp%2Fv2%2Fmedia&parent=596"}],"wp:term":[{"taxonomy":"category","embeddable":true,"href":"https:\/\/www.entrearteycultura.es\/index.php?rest_route=%2Fwp%2Fv2%2Fcategories&post=596"}],"curies":[{"name":"wp","href":"https:\/\/api.w.org\/{rel}","templated":true}]}}

<strong>Cata de quesos españoles </strong>

<p>Con la colaboración del Mercado de la Paz, realizaremos nuestra segunda cata de quesos. Esta vez dedicada únicamente a quesos españoles. ¿Sabías que España produce más de 180 tipos distintos con 26 denominaciones de origen? Entre tanta variedad seleccionaremos aquellos más sobresalientes o que han obtenido los premios más importantes del sector.</p>

<!-- This site is optimized with the Yoast SEO plugin v27.5 - https://yoast.com/product/yoast-seo-wordpress/ -->
<title>Cata de quesos españoles  - Entre Arte y cultura</title>
<meta name="description" content="Cata de 10 quesos nacionales de distintas comunidades autónomas" />
<meta name="robots" content="index, follow, max-snippet:-1, max-image-preview:large, max-video-preview:-1" />
<link rel="canonical" href="https://www.entrearteycultura.es/?eap_event=cata-quesos-nacionales-mercado-paz-madrid" />
<meta property="og:locale" content="en_US" />
<meta property="og:type" content="article" />
<meta property="og:title" content="Cata de quesos españoles  - Entre Arte y cultura" />
<meta property="og:description" content="Cata de 10 quesos nacionales de distintas comunidades autónomas" />
<meta property="og:url" content="https://www.entrearteycultura.es/?eap_event=cata-quesos-nacionales-mercado-paz-madrid" />
<meta property="og:site_name" content="Entre Arte y cultura" />
<meta property="article:modified_time" content="2023-09-24T11:02:38+00:00" />
<meta property="og:image" content="https://www.entrearteycultura.es/wp-content/uploads/2023/03/quesos.png" />
	<meta property="og:image:width" content="978" />
	<meta property="og:image:height" content="333" />
	<meta property="og:image:type" content="image/png" />
<meta name="twitter:card" content="summary_large_image" />
<meta name="twitter:label1" content="Est. reading time" />
	<meta name="twitter:data1" content="1 minute" />
<script type="application/ld+json" class="yoast-schema-graph">{"@context":"https:\/\/schema.org","@graph":[{"@type":"WebPage","@id":"https:\/\/www.entrearteycultura.es\/?eap_event=cata-quesos-nacionales-mercado-paz-madrid","url":"https:\/\/www.entrearteycultura.es\/?eap_event=cata-quesos-nacionales-mercado-paz-madrid","name":"Cata de quesos españoles - Entre Arte y cultura","isPartOf":{"@id":"https:\/\/www.entrearteycultura.es\/#website"},"primaryImageOfPage":{"@id":"https:\/\/www.entrearteycultura.es\/?eap_event=cata-quesos-nacionales-mercado-paz-madrid#primaryimage"},"image":{"@id":"https:\/\/www.entrearteycultura.es\/?eap_event=cata-quesos-nacionales-mercado-paz-madrid#primaryimage"},"thumbnailUrl":"https:\/\/www.entrearteycultura.es\/wp-content\/uploads\/2023\/03\/quesos.png","datePublished":"2023-03-16T18:59:39+00:00","dateModified":"2023-09-24T11:02:38+00:00","description":"Cata de 10 quesos nacionales de distintas comunidades autónomas","breadcrumb":{"@id":"https:\/\/www.entrearteycultura.es\/?eap_event=cata-quesos-nacionales-mercado-paz-madrid#breadcrumb"},"inLanguage":"en-US","potentialAction":[{"@type":"ReadAction","target":["https:\/\/www.entrearteycultura.es\/?eap_event=cata-quesos-nacionales-mercado-paz-madrid"]}]},{"@type":"ImageObject","inLanguage":"en-US","@id":"https:\/\/www.entrearteycultura.es\/?eap_event=cata-quesos-nacionales-mercado-paz-madrid#primaryimage","url":"https:\/\/www.entrearteycultura.es\/wp-content\/uploads\/2023\/03\/quesos.png","contentUrl":"https:\/\/www.entrearteycultura.es\/wp-content\/uploads\/2023\/03\/quesos.png","width":978,"height":333},{"@type":"BreadcrumbList","@id":"https:\/\/www.entrearteycultura.es\/?eap_event=cata-quesos-nacionales-mercado-paz-madrid#breadcrumb","itemListElement":[{"@type":"ListItem","position":1,"name":"Portada","item":"https:\/\/www.entrearteycultura.es\/"},{"@type":"ListItem","position":2,"name":"Events","item":"https:\/\/www.entrearteycultura.es\/?post_type=eap_event"},{"@type":"ListItem","position":3,"name":"Cata de quesos españoles"}]},{"@type":"WebSite","@id":"https:\/\/www.entrearteycultura.es\/#website","url":"https:\/\/www.entrearteycultura.es\/","name":"Entre Arte y cultura","description":"Viajes, eventos cuturales, conferencias y tertulias","potentialAction":[{"@type":"SearchAction","target":{"@type":"EntryPoint","urlTemplate":"https:\/\/www.entrearteycultura.es\/?s={search_term_string}"},"query-input":{"@type":"PropertyValueSpecification","valueRequired":true,"valueName":"search_term_string"}}],"inLanguage":"en-US"}]}</script>
<!-- / Yoast SEO plugin. -->

Cata de quesos españoles  - Entre Arte y cultura

Cata de 10 quesos nacionales de distintas comunidades autónomas

Cata de quesos españoles - Entre Arte y cultura

Cata de quesos españoles
