{"id":530,"date":"2023-03-01T16:59:47","date_gmt":"2023-03-01T16:59:47","guid":{"rendered":"https:\/\/www.entrearteycultura.es\/?post_type=eap_event&#038;p=530"},"modified":"2023-06-14T13:31:08","modified_gmt":"2023-06-14T13:31:08","slug":"fundacion-biblioteca-exposicion-escultura","status":"publish","type":"eap_event","link":"https:\/\/www.entrearteycultura.es\/?eap_event=fundacion-biblioteca-exposicion-escultura","title":{"rendered":"<strong>VISITA a la Fundaci\u00f3n Juan March de Madrid: Exposici\u00f3n Escala, Escultura (1945-2000) y visita especial de la Biblioteca y Archivo<\/strong>"},"content":{"rendered":"\n<p>Una excelente ocasi\u00f3n para acercarse a la escultura contempor\u00e1nea desde la idea de escala. La muestra se expande m\u00e1s all\u00e1 de la sala de exposiciones en otros espacios interiores, jardines y calles aleda\u00f1as. A continuaci\u00f3n, tendremos la oportunidad exclusiva de ver algunos ejemplos del gran tesoro de la biblioteca, centrada en las Humanidades y en las Artes que alberga el&nbsp; legado de Juan Goytisolo, la biblioteca personal de Fernando Z\u00f3bel, fondos de m\u00fasica y teatro espa\u00f1ol contempor\u00e1neos, entre otros.<\/p>\n","protected":false},"excerpt":{"rendered":"<p>Una excelente ocasi\u00f3n para acercarse a la escultura contempor\u00e1nea desde la idea de escala. La muestra se expande m\u00e1s all\u00e1 de la sala de exposiciones en otros espacios interiores, jardines y calles aleda\u00f1as. A continuaci\u00f3n, tendremos la oportunidad exclusiva de ver algunos ejemplos del gran tesoro de la biblioteca, centrada en las Humanidades y en [&hellip;]<\/p>\n","protected":false},"author":1,"featured_media":531,"comment_status":"open","ping_status":"closed","template":"","categories":[45],"class_list":["post-530","eap_event","type-eap_event","status-publish","has-post-thumbnail","hentry","category-eventos-pasados"],"yoast_head":"<!-- This site is optimized with the Yoast SEO plugin v27.5 - https:\/\/yoast.com\/product\/yoast-seo-wordpress\/ -->\n<title>VISITA a la Fundaci\u00f3n Juan March de Madrid: Exposici\u00f3n Escala, Escultura (1945-2000) y visita especial de la Biblioteca y Archivo - Entre Arte y cultura<\/title>\n<meta name=\"description\" content=\"Visita a la exposici\u00f3n de escultura de la Fundaci\u00f3n Juan March, a su biblioteca y archivo\" \/>\n<meta name=\"robots\" content=\"index, follow, max-snippet:-1, max-image-preview:large, max-video-preview:-1\" \/>\n<link rel=\"canonical\" href=\"https:\/\/www.entrearteycultura.es\/?eap_event=fundacion-biblioteca-exposicion-escultura\" \/>\n<meta property=\"og:locale\" content=\"en_US\" \/>\n<meta property=\"og:type\" content=\"article\" \/>\n<meta property=\"og:title\" content=\"VISITA a la Fundaci\u00f3n Juan March de Madrid: Exposici\u00f3n Escala, Escultura (1945-2000) y visita especial de la Biblioteca y Archivo - Entre Arte y cultura\" \/>\n<meta property=\"og:description\" content=\"Visita a la exposici\u00f3n de escultura de la Fundaci\u00f3n Juan March, a su biblioteca y archivo\" \/>\n<meta property=\"og:url\" content=\"https:\/\/www.entrearteycultura.es\/?eap_event=fundacion-biblioteca-exposicion-escultura\" \/>\n<meta property=\"og:site_name\" content=\"Entre Arte y cultura\" \/>\n<meta property=\"article:modified_time\" content=\"2023-06-14T13:31:08+00:00\" \/>\n<meta property=\"og:image\" content=\"https:\/\/www.entrearteycultura.es\/wp-content\/uploads\/2023\/03\/March.jpg\" \/>\n\t<meta property=\"og:image:width\" content=\"1134\" \/>\n\t<meta property=\"og:image:height\" content=\"435\" \/>\n\t<meta property=\"og:image:type\" content=\"image\/jpeg\" \/>\n<meta name=\"twitter:card\" content=\"summary_large_image\" \/>\n<meta name=\"twitter:label1\" content=\"Est. reading time\" \/>\n\t<meta name=\"twitter:data1\" content=\"1 minute\" \/>\n<script type=\"application\/ld+json\" class=\"yoast-schema-graph\">{\"@context\":\"https:\\\/\\\/schema.org\",\"@graph\":[{\"@type\":\"WebPage\",\"@id\":\"https:\\\/\\\/www.entrearteycultura.es\\\/?eap_event=fundacion-biblioteca-exposicion-escultura\",\"url\":\"https:\\\/\\\/www.entrearteycultura.es\\\/?eap_event=fundacion-biblioteca-exposicion-escultura\",\"name\":\"VISITA a la Fundaci\u00f3n Juan March de Madrid: Exposici\u00f3n Escala, Escultura (1945-2000) y visita especial de la Biblioteca y Archivo - Entre Arte y cultura\",\"isPartOf\":{\"@id\":\"https:\\\/\\\/www.entrearteycultura.es\\\/#website\"},\"primaryImageOfPage\":{\"@id\":\"https:\\\/\\\/www.entrearteycultura.es\\\/?eap_event=fundacion-biblioteca-exposicion-escultura#primaryimage\"},\"image\":{\"@id\":\"https:\\\/\\\/www.entrearteycultura.es\\\/?eap_event=fundacion-biblioteca-exposicion-escultura#primaryimage\"},\"thumbnailUrl\":\"https:\\\/\\\/www.entrearteycultura.es\\\/wp-content\\\/uploads\\\/2023\\\/03\\\/March.jpg\",\"datePublished\":\"2023-03-01T16:59:47+00:00\",\"dateModified\":\"2023-06-14T13:31:08+00:00\",\"description\":\"Visita a la exposici\u00f3n de escultura de la Fundaci\u00f3n Juan March, a su biblioteca y archivo\",\"breadcrumb\":{\"@id\":\"https:\\\/\\\/www.entrearteycultura.es\\\/?eap_event=fundacion-biblioteca-exposicion-escultura#breadcrumb\"},\"inLanguage\":\"en-US\",\"potentialAction\":[{\"@type\":\"ReadAction\",\"target\":[\"https:\\\/\\\/www.entrearteycultura.es\\\/?eap_event=fundacion-biblioteca-exposicion-escultura\"]}]},{\"@type\":\"ImageObject\",\"inLanguage\":\"en-US\",\"@id\":\"https:\\\/\\\/www.entrearteycultura.es\\\/?eap_event=fundacion-biblioteca-exposicion-escultura#primaryimage\",\"url\":\"https:\\\/\\\/www.entrearteycultura.es\\\/wp-content\\\/uploads\\\/2023\\\/03\\\/March.jpg\",\"contentUrl\":\"https:\\\/\\\/www.entrearteycultura.es\\\/wp-content\\\/uploads\\\/2023\\\/03\\\/March.jpg\",\"width\":1134,\"height\":435},{\"@type\":\"BreadcrumbList\",\"@id\":\"https:\\\/\\\/www.entrearteycultura.es\\\/?eap_event=fundacion-biblioteca-exposicion-escultura#breadcrumb\",\"itemListElement\":[{\"@type\":\"ListItem\",\"position\":1,\"name\":\"Portada\",\"item\":\"https:\\\/\\\/www.entrearteycultura.es\\\/\"},{\"@type\":\"ListItem\",\"position\":2,\"name\":\"Events\",\"item\":\"https:\\\/\\\/www.entrearteycultura.es\\\/?post_type=eap_event\"},{\"@type\":\"ListItem\",\"position\":3,\"name\":\"VISITA a la Fundaci\u00f3n Juan March de Madrid: Exposici\u00f3n Escala, Escultura (1945-2000) y visita especial de la Biblioteca y Archivo\"}]},{\"@type\":\"WebSite\",\"@id\":\"https:\\\/\\\/www.entrearteycultura.es\\\/#website\",\"url\":\"https:\\\/\\\/www.entrearteycultura.es\\\/\",\"name\":\"Entre Arte y cultura\",\"description\":\"Viajes, eventos cuturales, conferencias y tertulias\",\"potentialAction\":[{\"@type\":\"SearchAction\",\"target\":{\"@type\":\"EntryPoint\",\"urlTemplate\":\"https:\\\/\\\/www.entrearteycultura.es\\\/?s={search_term_string}\"},\"query-input\":{\"@type\":\"PropertyValueSpecification\",\"valueRequired\":true,\"valueName\":\"search_term_string\"}}],\"inLanguage\":\"en-US\"}]}<\/script>\n<!-- \/ Yoast SEO plugin. -->","yoast_head_json":{"title":"VISITA a la Fundaci\u00f3n Juan March de Madrid: Exposici\u00f3n Escala, Escultura (1945-2000) y visita especial de la Biblioteca y Archivo - Entre Arte y cultura","description":"Visita a la exposici\u00f3n de escultura de la Fundaci\u00f3n Juan March, a su biblioteca y archivo","robots":{"index":"index","follow":"follow","max-snippet":"max-snippet:-1","max-image-preview":"max-image-preview:large","max-video-preview":"max-video-preview:-1"},"canonical":"https:\/\/www.entrearteycultura.es\/?eap_event=fundacion-biblioteca-exposicion-escultura","og_locale":"en_US","og_type":"article","og_title":"VISITA a la Fundaci\u00f3n Juan March de Madrid: Exposici\u00f3n Escala, Escultura (1945-2000) y visita especial de la Biblioteca y Archivo - Entre Arte y cultura","og_description":"Visita a la exposici\u00f3n de escultura de la Fundaci\u00f3n Juan March, a su biblioteca y archivo","og_url":"https:\/\/www.entrearteycultura.es\/?eap_event=fundacion-biblioteca-exposicion-escultura","og_site_name":"Entre Arte y cultura","article_modified_time":"2023-06-14T13:31:08+00:00","og_image":[{"width":1134,"height":435,"url":"https:\/\/www.entrearteycultura.es\/wp-content\/uploads\/2023\/03\/March.jpg","type":"image\/jpeg"}],"twitter_card":"summary_large_image","twitter_misc":{"Est. reading time":"1 minute"},"schema":{"@context":"https:\/\/schema.org","@graph":[{"@type":"WebPage","@id":"https:\/\/www.entrearteycultura.es\/?eap_event=fundacion-biblioteca-exposicion-escultura","url":"https:\/\/www.entrearteycultura.es\/?eap_event=fundacion-biblioteca-exposicion-escultura","name":"VISITA a la Fundaci\u00f3n Juan March de Madrid: Exposici\u00f3n Escala, Escultura (1945-2000) y visita especial de la Biblioteca y Archivo - Entre Arte y cultura","isPartOf":{"@id":"https:\/\/www.entrearteycultura.es\/#website"},"primaryImageOfPage":{"@id":"https:\/\/www.entrearteycultura.es\/?eap_event=fundacion-biblioteca-exposicion-escultura#primaryimage"},"image":{"@id":"https:\/\/www.entrearteycultura.es\/?eap_event=fundacion-biblioteca-exposicion-escultura#primaryimage"},"thumbnailUrl":"https:\/\/www.entrearteycultura.es\/wp-content\/uploads\/2023\/03\/March.jpg","datePublished":"2023-03-01T16:59:47+00:00","dateModified":"2023-06-14T13:31:08+00:00","description":"Visita a la exposici\u00f3n de escultura de la Fundaci\u00f3n Juan March, a su biblioteca y archivo","breadcrumb":{"@id":"https:\/\/www.entrearteycultura.es\/?eap_event=fundacion-biblioteca-exposicion-escultura#breadcrumb"},"inLanguage":"en-US","potentialAction":[{"@type":"ReadAction","target":["https:\/\/www.entrearteycultura.es\/?eap_event=fundacion-biblioteca-exposicion-escultura"]}]},{"@type":"ImageObject","inLanguage":"en-US","@id":"https:\/\/www.entrearteycultura.es\/?eap_event=fundacion-biblioteca-exposicion-escultura#primaryimage","url":"https:\/\/www.entrearteycultura.es\/wp-content\/uploads\/2023\/03\/March.jpg","contentUrl":"https:\/\/www.entrearteycultura.es\/wp-content\/uploads\/2023\/03\/March.jpg","width":1134,"height":435},{"@type":"BreadcrumbList","@id":"https:\/\/www.entrearteycultura.es\/?eap_event=fundacion-biblioteca-exposicion-escultura#breadcrumb","itemListElement":[{"@type":"ListItem","position":1,"name":"Portada","item":"https:\/\/www.entrearteycultura.es\/"},{"@type":"ListItem","position":2,"name":"Events","item":"https:\/\/www.entrearteycultura.es\/?post_type=eap_event"},{"@type":"ListItem","position":3,"name":"VISITA a la Fundaci\u00f3n Juan March de Madrid: Exposici\u00f3n Escala, Escultura (1945-2000) y visita especial de la Biblioteca y Archivo"}]},{"@type":"WebSite","@id":"https:\/\/www.entrearteycultura.es\/#website","url":"https:\/\/www.entrearteycultura.es\/","name":"Entre Arte y cultura","description":"Viajes, eventos cuturales, conferencias y tertulias","potentialAction":[{"@type":"SearchAction","target":{"@type":"EntryPoint","urlTemplate":"https:\/\/www.entrearteycultura.es\/?s={search_term_string}"},"query-input":{"@type":"PropertyValueSpecification","valueRequired":true,"valueName":"search_term_string"}}],"inLanguage":"en-US"}]}},"_links":{"self":[{"href":"https:\/\/www.entrearteycultura.es\/index.php?rest_route=\/wp\/v2\/eap_event\/530","targetHints":{"allow":["GET"]}}],"collection":[{"href":"https:\/\/www.entrearteycultura.es\/index.php?rest_route=\/wp\/v2\/eap_event"}],"about":[{"href":"https:\/\/www.entrearteycultura.es\/index.php?rest_route=\/wp\/v2\/types\/eap_event"}],"author":[{"embeddable":true,"href":"https:\/\/www.entrearteycultura.es\/index.php?rest_route=\/wp\/v2\/users\/1"}],"replies":[{"embeddable":true,"href":"https:\/\/www.entrearteycultura.es\/index.php?rest_route=%2Fwp%2Fv2%2Fcomments&post=530"}],"version-history":[{"count":2,"href":"https:\/\/www.entrearteycultura.es\/index.php?rest_route=\/wp\/v2\/eap_event\/530\/revisions"}],"predecessor-version":[{"id":624,"href":"https:\/\/www.entrearteycultura.es\/index.php?rest_route=\/wp\/v2\/eap_event\/530\/revisions\/624"}],"wp:featuredmedia":[{"embeddable":true,"href":"https:\/\/www.entrearteycultura.es\/index.php?rest_route=\/wp\/v2\/media\/531"}],"wp:attachment":[{"href":"https:\/\/www.entrearteycultura.es\/index.php?rest_route=%2Fwp%2Fv2%2Fmedia&parent=530"}],"wp:term":[{"taxonomy":"category","embeddable":true,"href":"https:\/\/www.entrearteycultura.es\/index.php?rest_route=%2Fwp%2Fv2%2Fcategories&post=530"}],"curies":[{"name":"wp","href":"https:\/\/api.w.org\/{rel}","templated":true}]}}

<strong>VISITA a la Fundación Juan March de Madrid: Exposición Escala, Escultura (1945-2000) y visita especial de la Biblioteca y Archivo</strong>

<p>Una excelente ocasión para acercarse a la escultura contemporánea desde la idea de escala. La muestra se expande más allá de la sala de exposiciones en otros espacios interiores, jardines y calles aledañas. A continuación, tendremos la oportunidad exclusiva de ver algunos ejemplos del gran tesoro de la biblioteca, centrada en las Humanidades y en las Artes que alberga el&nbsp; legado de Juan Goytisolo, la biblioteca personal de Fernando Zóbel, fondos de música y teatro español contemporáneos, entre otros.</p>

<p>Una excelente ocasión para acercarse a la escultura contemporánea desde la idea de escala. La muestra se expande más allá de la sala de exposiciones en otros espacios interiores, jardines y calles aledañas. A continuación, tendremos la oportunidad exclusiva de ver algunos ejemplos del gran tesoro de la biblioteca, centrada en las Humanidades y en [&hellip;]</p>

<!-- This site is optimized with the Yoast SEO plugin v27.5 - https://yoast.com/product/yoast-seo-wordpress/ -->
<title>VISITA a la Fundación Juan March de Madrid: Exposición Escala, Escultura (1945-2000) y visita especial de la Biblioteca y Archivo - Entre Arte y cultura</title>
<meta name="description" content="Visita a la exposición de escultura de la Fundación Juan March, a su biblioteca y archivo" />
<meta name="robots" content="index, follow, max-snippet:-1, max-image-preview:large, max-video-preview:-1" />
<link rel="canonical" href="https://www.entrearteycultura.es/?eap_event=fundacion-biblioteca-exposicion-escultura" />
<meta property="og:locale" content="en_US" />
<meta property="og:type" content="article" />
<meta property="og:title" content="VISITA a la Fundación Juan March de Madrid: Exposición Escala, Escultura (1945-2000) y visita especial de la Biblioteca y Archivo - Entre Arte y cultura" />
<meta property="og:description" content="Visita a la exposición de escultura de la Fundación Juan March, a su biblioteca y archivo" />
<meta property="og:url" content="https://www.entrearteycultura.es/?eap_event=fundacion-biblioteca-exposicion-escultura" />
<meta property="og:site_name" content="Entre Arte y cultura" />
<meta property="article:modified_time" content="2023-06-14T13:31:08+00:00" />
<meta property="og:image" content="https://www.entrearteycultura.es/wp-content/uploads/2023/03/March.jpg" />
	<meta property="og:image:width" content="1134" />
	<meta property="og:image:height" content="435" />
	<meta property="og:image:type" content="image/jpeg" />
<meta name="twitter:card" content="summary_large_image" />
<meta name="twitter:label1" content="Est. reading time" />
	<meta name="twitter:data1" content="1 minute" />
<script type="application/ld+json" class="yoast-schema-graph">{"@context":"https:\/\/schema.org","@graph":[{"@type":"WebPage","@id":"https:\/\/www.entrearteycultura.es\/?eap_event=fundacion-biblioteca-exposicion-escultura","url":"https:\/\/www.entrearteycultura.es\/?eap_event=fundacion-biblioteca-exposicion-escultura","name":"VISITA a la Fundación Juan March de Madrid: Exposición Escala, Escultura (1945-2000) y visita especial de la Biblioteca y Archivo - Entre Arte y cultura","isPartOf":{"@id":"https:\/\/www.entrearteycultura.es\/#website"},"primaryImageOfPage":{"@id":"https:\/\/www.entrearteycultura.es\/?eap_event=fundacion-biblioteca-exposicion-escultura#primaryimage"},"image":{"@id":"https:\/\/www.entrearteycultura.es\/?eap_event=fundacion-biblioteca-exposicion-escultura#primaryimage"},"thumbnailUrl":"https:\/\/www.entrearteycultura.es\/wp-content\/uploads\/2023\/03\/March.jpg","datePublished":"2023-03-01T16:59:47+00:00","dateModified":"2023-06-14T13:31:08+00:00","description":"Visita a la exposición de escultura de la Fundación Juan March, a su biblioteca y archivo","breadcrumb":{"@id":"https:\/\/www.entrearteycultura.es\/?eap_event=fundacion-biblioteca-exposicion-escultura#breadcrumb"},"inLanguage":"en-US","potentialAction":[{"@type":"ReadAction","target":["https:\/\/www.entrearteycultura.es\/?eap_event=fundacion-biblioteca-exposicion-escultura"]}]},{"@type":"ImageObject","inLanguage":"en-US","@id":"https:\/\/www.entrearteycultura.es\/?eap_event=fundacion-biblioteca-exposicion-escultura#primaryimage","url":"https:\/\/www.entrearteycultura.es\/wp-content\/uploads\/2023\/03\/March.jpg","contentUrl":"https:\/\/www.entrearteycultura.es\/wp-content\/uploads\/2023\/03\/March.jpg","width":1134,"height":435},{"@type":"BreadcrumbList","@id":"https:\/\/www.entrearteycultura.es\/?eap_event=fundacion-biblioteca-exposicion-escultura#breadcrumb","itemListElement":[{"@type":"ListItem","position":1,"name":"Portada","item":"https:\/\/www.entrearteycultura.es\/"},{"@type":"ListItem","position":2,"name":"Events","item":"https:\/\/www.entrearteycultura.es\/?post_type=eap_event"},{"@type":"ListItem","position":3,"name":"VISITA a la Fundación Juan March de Madrid: Exposición Escala, Escultura (1945-2000) y visita especial de la Biblioteca y Archivo"}]},{"@type":"WebSite","@id":"https:\/\/www.entrearteycultura.es\/#website","url":"https:\/\/www.entrearteycultura.es\/","name":"Entre Arte y cultura","description":"Viajes, eventos cuturales, conferencias y tertulias","potentialAction":[{"@type":"SearchAction","target":{"@type":"EntryPoint","urlTemplate":"https:\/\/www.entrearteycultura.es\/?s={search_term_string}"},"query-input":{"@type":"PropertyValueSpecification","valueRequired":true,"valueName":"search_term_string"}}],"inLanguage":"en-US"}]}</script>
<!-- / Yoast SEO plugin. -->

VISITA a la Fundación Juan March de Madrid: Exposición Escala, Escultura (1945-2000) y visita especial de la Biblioteca y Archivo - Entre Arte y cultura

Visita a la exposición de escultura de la Fundación Juan March, a su biblioteca y archivo

VISITA a la Fundación Juan March de Madrid: Exposición Escala, Escultura (1945-2000) y visita especial de la Biblioteca y Archivo
