{"id":527,"date":"2023-03-01T16:52:31","date_gmt":"2023-03-01T16:52:31","guid":{"rendered":"https:\/\/www.entrearteycultura.es\/?post_type=eap_event&#038;p=527"},"modified":"2023-06-09T13:28:57","modified_gmt":"2023-06-09T13:28:57","slug":"leyenda-negra-imagen-espana","status":"publish","type":"eap_event","link":"https:\/\/www.entrearteycultura.es\/?eap_event=leyenda-negra-imagen-espana","title":{"rendered":"<strong>CONFERENCIA\/TERTULIA: el Laberinto de la Imagen de Espa\u00f1a y de la Leyenda negra<\/strong>"},"content":{"rendered":"\n<p>Con Manuel Lucena y Mar\u00eda Fern\u00e1ndez-Shaw<\/p>\n\n\n\n<p>Repasaremos los grandes logros que la cultura espa\u00f1ola aport\u00f3 al mundo. Nos acercaremos&nbsp; a los estudios que explican c\u00f3mo la imagen de Espa\u00f1a ha sido cambiante en su historia&nbsp; desde el siglo XVI y c\u00f3mo se forj\u00f3 esa leyenda antiespa\u00f1ola que ha perseguido a nuestro pa\u00eds, que todav\u00eda persiste, pero que empieza a desentra\u00f1arse con la investigaci\u00f3n y la difusi\u00f3n.<\/p>\n","protected":false},"excerpt":{"rendered":"<p>Con Manuel Lucena y Mar\u00eda Fern\u00e1ndez-Shaw Repasaremos los grandes logros que la cultura espa\u00f1ola aport\u00f3 al mundo. Nos acercaremos&nbsp; a los estudios que explican c\u00f3mo la imagen de Espa\u00f1a ha sido cambiante en su historia&nbsp; desde el siglo XVI y c\u00f3mo se forj\u00f3 esa leyenda antiespa\u00f1ola que ha perseguido a nuestro pa\u00eds, que todav\u00eda persiste, [&hellip;]<\/p>\n","protected":false},"author":1,"featured_media":528,"comment_status":"open","ping_status":"closed","template":"","categories":[45],"class_list":["post-527","eap_event","type-eap_event","status-publish","has-post-thumbnail","hentry","category-eventos-pasados"],"yoast_head":"<!-- This site is optimized with the Yoast SEO plugin v27.5 - https:\/\/yoast.com\/product\/yoast-seo-wordpress\/ -->\n<title>CONFERENCIA\/TERTULIA: el Laberinto de la Imagen de Espa\u00f1a y de la Leyenda negra - Entre Arte y cultura<\/title>\n<meta name=\"description\" content=\"Debate sobre la imagen de Espa\u00f1a y la leyenda negra\" \/>\n<meta name=\"robots\" content=\"index, follow, max-snippet:-1, max-image-preview:large, max-video-preview:-1\" \/>\n<link rel=\"canonical\" href=\"https:\/\/www.entrearteycultura.es\/?eap_event=leyenda-negra-imagen-espana\" \/>\n<meta property=\"og:locale\" content=\"en_US\" \/>\n<meta property=\"og:type\" content=\"article\" \/>\n<meta property=\"og:title\" content=\"CONFERENCIA\/TERTULIA: el Laberinto de la Imagen de Espa\u00f1a y de la Leyenda negra - Entre Arte y cultura\" \/>\n<meta property=\"og:description\" content=\"Debate sobre la imagen de Espa\u00f1a y la leyenda negra\" \/>\n<meta property=\"og:url\" content=\"https:\/\/www.entrearteycultura.es\/?eap_event=leyenda-negra-imagen-espana\" \/>\n<meta property=\"og:site_name\" content=\"Entre Arte y cultura\" \/>\n<meta property=\"article:modified_time\" content=\"2023-06-09T13:28:57+00:00\" \/>\n<meta property=\"og:image\" content=\"https:\/\/www.entrearteycultura.es\/wp-content\/uploads\/2023\/03\/IMagen.jpg\" \/>\n\t<meta property=\"og:image:width\" content=\"557\" \/>\n\t<meta property=\"og:image:height\" content=\"184\" \/>\n\t<meta property=\"og:image:type\" content=\"image\/jpeg\" \/>\n<meta name=\"twitter:card\" content=\"summary_large_image\" \/>\n<meta name=\"twitter:label1\" content=\"Est. reading time\" \/>\n\t<meta name=\"twitter:data1\" content=\"1 minute\" \/>\n<script type=\"application\/ld+json\" class=\"yoast-schema-graph\">{\"@context\":\"https:\\\/\\\/schema.org\",\"@graph\":[{\"@type\":\"WebPage\",\"@id\":\"https:\\\/\\\/www.entrearteycultura.es\\\/?eap_event=leyenda-negra-imagen-espana\",\"url\":\"https:\\\/\\\/www.entrearteycultura.es\\\/?eap_event=leyenda-negra-imagen-espana\",\"name\":\"CONFERENCIA\\\/TERTULIA: el Laberinto de la Imagen de Espa\u00f1a y de la Leyenda negra - Entre Arte y cultura\",\"isPartOf\":{\"@id\":\"https:\\\/\\\/www.entrearteycultura.es\\\/#website\"},\"primaryImageOfPage\":{\"@id\":\"https:\\\/\\\/www.entrearteycultura.es\\\/?eap_event=leyenda-negra-imagen-espana#primaryimage\"},\"image\":{\"@id\":\"https:\\\/\\\/www.entrearteycultura.es\\\/?eap_event=leyenda-negra-imagen-espana#primaryimage\"},\"thumbnailUrl\":\"https:\\\/\\\/www.entrearteycultura.es\\\/wp-content\\\/uploads\\\/2023\\\/03\\\/IMagen.jpg\",\"datePublished\":\"2023-03-01T16:52:31+00:00\",\"dateModified\":\"2023-06-09T13:28:57+00:00\",\"description\":\"Debate sobre la imagen de Espa\u00f1a y la leyenda negra\",\"breadcrumb\":{\"@id\":\"https:\\\/\\\/www.entrearteycultura.es\\\/?eap_event=leyenda-negra-imagen-espana#breadcrumb\"},\"inLanguage\":\"en-US\",\"potentialAction\":[{\"@type\":\"ReadAction\",\"target\":[\"https:\\\/\\\/www.entrearteycultura.es\\\/?eap_event=leyenda-negra-imagen-espana\"]}]},{\"@type\":\"ImageObject\",\"inLanguage\":\"en-US\",\"@id\":\"https:\\\/\\\/www.entrearteycultura.es\\\/?eap_event=leyenda-negra-imagen-espana#primaryimage\",\"url\":\"https:\\\/\\\/www.entrearteycultura.es\\\/wp-content\\\/uploads\\\/2023\\\/03\\\/IMagen.jpg\",\"contentUrl\":\"https:\\\/\\\/www.entrearteycultura.es\\\/wp-content\\\/uploads\\\/2023\\\/03\\\/IMagen.jpg\",\"width\":557,\"height\":184},{\"@type\":\"BreadcrumbList\",\"@id\":\"https:\\\/\\\/www.entrearteycultura.es\\\/?eap_event=leyenda-negra-imagen-espana#breadcrumb\",\"itemListElement\":[{\"@type\":\"ListItem\",\"position\":1,\"name\":\"Portada\",\"item\":\"https:\\\/\\\/www.entrearteycultura.es\\\/\"},{\"@type\":\"ListItem\",\"position\":2,\"name\":\"Events\",\"item\":\"https:\\\/\\\/www.entrearteycultura.es\\\/?post_type=eap_event\"},{\"@type\":\"ListItem\",\"position\":3,\"name\":\"CONFERENCIA\\\/TERTULIA: el Laberinto de la Imagen de Espa\u00f1a y de la Leyenda negra\"}]},{\"@type\":\"WebSite\",\"@id\":\"https:\\\/\\\/www.entrearteycultura.es\\\/#website\",\"url\":\"https:\\\/\\\/www.entrearteycultura.es\\\/\",\"name\":\"Entre Arte y cultura\",\"description\":\"Viajes, eventos cuturales, conferencias y tertulias\",\"potentialAction\":[{\"@type\":\"SearchAction\",\"target\":{\"@type\":\"EntryPoint\",\"urlTemplate\":\"https:\\\/\\\/www.entrearteycultura.es\\\/?s={search_term_string}\"},\"query-input\":{\"@type\":\"PropertyValueSpecification\",\"valueRequired\":true,\"valueName\":\"search_term_string\"}}],\"inLanguage\":\"en-US\"}]}<\/script>\n<!-- \/ Yoast SEO plugin. -->","yoast_head_json":{"title":"CONFERENCIA\/TERTULIA: el Laberinto de la Imagen de Espa\u00f1a y de la Leyenda negra - Entre Arte y cultura","description":"Debate sobre la imagen de Espa\u00f1a y la leyenda negra","robots":{"index":"index","follow":"follow","max-snippet":"max-snippet:-1","max-image-preview":"max-image-preview:large","max-video-preview":"max-video-preview:-1"},"canonical":"https:\/\/www.entrearteycultura.es\/?eap_event=leyenda-negra-imagen-espana","og_locale":"en_US","og_type":"article","og_title":"CONFERENCIA\/TERTULIA: el Laberinto de la Imagen de Espa\u00f1a y de la Leyenda negra - Entre Arte y cultura","og_description":"Debate sobre la imagen de Espa\u00f1a y la leyenda negra","og_url":"https:\/\/www.entrearteycultura.es\/?eap_event=leyenda-negra-imagen-espana","og_site_name":"Entre Arte y cultura","article_modified_time":"2023-06-09T13:28:57+00:00","og_image":[{"width":557,"height":184,"url":"https:\/\/www.entrearteycultura.es\/wp-content\/uploads\/2023\/03\/IMagen.jpg","type":"image\/jpeg"}],"twitter_card":"summary_large_image","twitter_misc":{"Est. reading time":"1 minute"},"schema":{"@context":"https:\/\/schema.org","@graph":[{"@type":"WebPage","@id":"https:\/\/www.entrearteycultura.es\/?eap_event=leyenda-negra-imagen-espana","url":"https:\/\/www.entrearteycultura.es\/?eap_event=leyenda-negra-imagen-espana","name":"CONFERENCIA\/TERTULIA: el Laberinto de la Imagen de Espa\u00f1a y de la Leyenda negra - Entre Arte y cultura","isPartOf":{"@id":"https:\/\/www.entrearteycultura.es\/#website"},"primaryImageOfPage":{"@id":"https:\/\/www.entrearteycultura.es\/?eap_event=leyenda-negra-imagen-espana#primaryimage"},"image":{"@id":"https:\/\/www.entrearteycultura.es\/?eap_event=leyenda-negra-imagen-espana#primaryimage"},"thumbnailUrl":"https:\/\/www.entrearteycultura.es\/wp-content\/uploads\/2023\/03\/IMagen.jpg","datePublished":"2023-03-01T16:52:31+00:00","dateModified":"2023-06-09T13:28:57+00:00","description":"Debate sobre la imagen de Espa\u00f1a y la leyenda negra","breadcrumb":{"@id":"https:\/\/www.entrearteycultura.es\/?eap_event=leyenda-negra-imagen-espana#breadcrumb"},"inLanguage":"en-US","potentialAction":[{"@type":"ReadAction","target":["https:\/\/www.entrearteycultura.es\/?eap_event=leyenda-negra-imagen-espana"]}]},{"@type":"ImageObject","inLanguage":"en-US","@id":"https:\/\/www.entrearteycultura.es\/?eap_event=leyenda-negra-imagen-espana#primaryimage","url":"https:\/\/www.entrearteycultura.es\/wp-content\/uploads\/2023\/03\/IMagen.jpg","contentUrl":"https:\/\/www.entrearteycultura.es\/wp-content\/uploads\/2023\/03\/IMagen.jpg","width":557,"height":184},{"@type":"BreadcrumbList","@id":"https:\/\/www.entrearteycultura.es\/?eap_event=leyenda-negra-imagen-espana#breadcrumb","itemListElement":[{"@type":"ListItem","position":1,"name":"Portada","item":"https:\/\/www.entrearteycultura.es\/"},{"@type":"ListItem","position":2,"name":"Events","item":"https:\/\/www.entrearteycultura.es\/?post_type=eap_event"},{"@type":"ListItem","position":3,"name":"CONFERENCIA\/TERTULIA: el Laberinto de la Imagen de Espa\u00f1a y de la Leyenda negra"}]},{"@type":"WebSite","@id":"https:\/\/www.entrearteycultura.es\/#website","url":"https:\/\/www.entrearteycultura.es\/","name":"Entre Arte y cultura","description":"Viajes, eventos cuturales, conferencias y tertulias","potentialAction":[{"@type":"SearchAction","target":{"@type":"EntryPoint","urlTemplate":"https:\/\/www.entrearteycultura.es\/?s={search_term_string}"},"query-input":{"@type":"PropertyValueSpecification","valueRequired":true,"valueName":"search_term_string"}}],"inLanguage":"en-US"}]}},"_links":{"self":[{"href":"https:\/\/www.entrearteycultura.es\/index.php?rest_route=\/wp\/v2\/eap_event\/527","targetHints":{"allow":["GET"]}}],"collection":[{"href":"https:\/\/www.entrearteycultura.es\/index.php?rest_route=\/wp\/v2\/eap_event"}],"about":[{"href":"https:\/\/www.entrearteycultura.es\/index.php?rest_route=\/wp\/v2\/types\/eap_event"}],"author":[{"embeddable":true,"href":"https:\/\/www.entrearteycultura.es\/index.php?rest_route=\/wp\/v2\/users\/1"}],"replies":[{"embeddable":true,"href":"https:\/\/www.entrearteycultura.es\/index.php?rest_route=%2Fwp%2Fv2%2Fcomments&post=527"}],"version-history":[{"count":1,"href":"https:\/\/www.entrearteycultura.es\/index.php?rest_route=\/wp\/v2\/eap_event\/527\/revisions"}],"predecessor-version":[{"id":529,"href":"https:\/\/www.entrearteycultura.es\/index.php?rest_route=\/wp\/v2\/eap_event\/527\/revisions\/529"}],"wp:featuredmedia":[{"embeddable":true,"href":"https:\/\/www.entrearteycultura.es\/index.php?rest_route=\/wp\/v2\/media\/528"}],"wp:attachment":[{"href":"https:\/\/www.entrearteycultura.es\/index.php?rest_route=%2Fwp%2Fv2%2Fmedia&parent=527"}],"wp:term":[{"taxonomy":"category","embeddable":true,"href":"https:\/\/www.entrearteycultura.es\/index.php?rest_route=%2Fwp%2Fv2%2Fcategories&post=527"}],"curies":[{"name":"wp","href":"https:\/\/api.w.org\/{rel}","templated":true}]}}

<strong>CONFERENCIA/TERTULIA: el Laberinto de la Imagen de España y de la Leyenda negra</strong>

<p>Con Manuel Lucena y María Fernández-Shaw</p>



<p>Repasaremos los grandes logros que la cultura española aportó al mundo. Nos acercaremos&nbsp; a los estudios que explican cómo la imagen de España ha sido cambiante en su historia&nbsp; desde el siglo XVI y cómo se forjó esa leyenda antiespañola que ha perseguido a nuestro país, que todavía persiste, pero que empieza a desentrañarse con la investigación y la difusión.</p>

<p>Con Manuel Lucena y María Fernández-Shaw Repasaremos los grandes logros que la cultura española aportó al mundo. Nos acercaremos&nbsp; a los estudios que explican cómo la imagen de España ha sido cambiante en su historia&nbsp; desde el siglo XVI y cómo se forjó esa leyenda antiespañola que ha perseguido a nuestro país, que todavía persiste, [&hellip;]</p>

<!-- This site is optimized with the Yoast SEO plugin v27.5 - https://yoast.com/product/yoast-seo-wordpress/ -->
<title>CONFERENCIA/TERTULIA: el Laberinto de la Imagen de España y de la Leyenda negra - Entre Arte y cultura</title>
<meta name="description" content="Debate sobre la imagen de España y la leyenda negra" />
<meta name="robots" content="index, follow, max-snippet:-1, max-image-preview:large, max-video-preview:-1" />
<link rel="canonical" href="https://www.entrearteycultura.es/?eap_event=leyenda-negra-imagen-espana" />
<meta property="og:locale" content="en_US" />
<meta property="og:type" content="article" />
<meta property="og:title" content="CONFERENCIA/TERTULIA: el Laberinto de la Imagen de España y de la Leyenda negra - Entre Arte y cultura" />
<meta property="og:description" content="Debate sobre la imagen de España y la leyenda negra" />
<meta property="og:url" content="https://www.entrearteycultura.es/?eap_event=leyenda-negra-imagen-espana" />
<meta property="og:site_name" content="Entre Arte y cultura" />
<meta property="article:modified_time" content="2023-06-09T13:28:57+00:00" />
<meta property="og:image" content="https://www.entrearteycultura.es/wp-content/uploads/2023/03/IMagen.jpg" />
	<meta property="og:image:width" content="557" />
	<meta property="og:image:height" content="184" />
	<meta property="og:image:type" content="image/jpeg" />
<meta name="twitter:card" content="summary_large_image" />
<meta name="twitter:label1" content="Est. reading time" />
	<meta name="twitter:data1" content="1 minute" />
<script type="application/ld+json" class="yoast-schema-graph">{"@context":"https:\/\/schema.org","@graph":[{"@type":"WebPage","@id":"https:\/\/www.entrearteycultura.es\/?eap_event=leyenda-negra-imagen-espana","url":"https:\/\/www.entrearteycultura.es\/?eap_event=leyenda-negra-imagen-espana","name":"CONFERENCIA\/TERTULIA: el Laberinto de la Imagen de España y de la Leyenda negra - Entre Arte y cultura","isPartOf":{"@id":"https:\/\/www.entrearteycultura.es\/#website"},"primaryImageOfPage":{"@id":"https:\/\/www.entrearteycultura.es\/?eap_event=leyenda-negra-imagen-espana#primaryimage"},"image":{"@id":"https:\/\/www.entrearteycultura.es\/?eap_event=leyenda-negra-imagen-espana#primaryimage"},"thumbnailUrl":"https:\/\/www.entrearteycultura.es\/wp-content\/uploads\/2023\/03\/IMagen.jpg","datePublished":"2023-03-01T16:52:31+00:00","dateModified":"2023-06-09T13:28:57+00:00","description":"Debate sobre la imagen de España y la leyenda negra","breadcrumb":{"@id":"https:\/\/www.entrearteycultura.es\/?eap_event=leyenda-negra-imagen-espana#breadcrumb"},"inLanguage":"en-US","potentialAction":[{"@type":"ReadAction","target":["https:\/\/www.entrearteycultura.es\/?eap_event=leyenda-negra-imagen-espana"]}]},{"@type":"ImageObject","inLanguage":"en-US","@id":"https:\/\/www.entrearteycultura.es\/?eap_event=leyenda-negra-imagen-espana#primaryimage","url":"https:\/\/www.entrearteycultura.es\/wp-content\/uploads\/2023\/03\/IMagen.jpg","contentUrl":"https:\/\/www.entrearteycultura.es\/wp-content\/uploads\/2023\/03\/IMagen.jpg","width":557,"height":184},{"@type":"BreadcrumbList","@id":"https:\/\/www.entrearteycultura.es\/?eap_event=leyenda-negra-imagen-espana#breadcrumb","itemListElement":[{"@type":"ListItem","position":1,"name":"Portada","item":"https:\/\/www.entrearteycultura.es\/"},{"@type":"ListItem","position":2,"name":"Events","item":"https:\/\/www.entrearteycultura.es\/?post_type=eap_event"},{"@type":"ListItem","position":3,"name":"CONFERENCIA\/TERTULIA: el Laberinto de la Imagen de España y de la Leyenda negra"}]},{"@type":"WebSite","@id":"https:\/\/www.entrearteycultura.es\/#website","url":"https:\/\/www.entrearteycultura.es\/","name":"Entre Arte y cultura","description":"Viajes, eventos cuturales, conferencias y tertulias","potentialAction":[{"@type":"SearchAction","target":{"@type":"EntryPoint","urlTemplate":"https:\/\/www.entrearteycultura.es\/?s={search_term_string}"},"query-input":{"@type":"PropertyValueSpecification","valueRequired":true,"valueName":"search_term_string"}}],"inLanguage":"en-US"}]}</script>
<!-- / Yoast SEO plugin. -->

CONFERENCIA/TERTULIA: el Laberinto de la Imagen de España y de la Leyenda negra - Entre Arte y cultura

Debate sobre la imagen de España y la leyenda negra

CONFERENCIA/TERTULIA: el Laberinto de la Imagen de España y de la Leyenda negra
