{"id":524,"date":"2023-03-01T16:48:03","date_gmt":"2023-03-01T16:48:03","guid":{"rendered":"https:\/\/www.entrearteycultura.es\/?post_type=eap_event&#038;p=524"},"modified":"2023-10-10T14:21:08","modified_gmt":"2023-10-10T14:21:08","slug":"monasterio-ucles-romano-segobriga-jardin","status":"publish","type":"eap_event","link":"https:\/\/www.entrearteycultura.es\/?eap_event=monasterio-ucles-romano-segobriga-jardin","title":{"rendered":"Escapada de d\u00eda: Ucl\u00e9s y Seg\u00f3briga."},"content":{"rendered":"\n<p>En la provincia de Cuenca, <strong>Ucl\u00e9s<\/strong> conserva el monasterio de sede de la Orden de Santiago. Se trata de un imponente edificio que combina arquitectura plateresca, herreriana y churrigueresca. En sus inicios formaba parte de un conjunto de fortificaciones que tuvo sus or\u00edgenes en la dominaci\u00f3n musulmana de la Pen\u00ednsula Ib\u00e9rica y es considerado como el Escorial de la Mancha.<\/p>\n\n\n\n<p>Visita al <strong>jard\u00edn alqu\u00edmico privado de Manuel Anuarbe<\/strong> en Ucl\u00e9s. A 13 km, <strong>Seg\u00f3briga<\/strong> constituye la ciudad romana mejor conservada de la Meseta, que cuenta con teatro, circo, anfiteatro, termas, foro\u2026 y la posterior bas\u00edlica visigoda en un buen estado de conservaci\u00f3n<\/p>\n\n\n\n<p><\/p>\n","protected":false},"excerpt":{"rendered":"<p>En la provincia de Cuenca, Ucl\u00e9s conserva el monasterio de sede de la Orden de Santiago. Se trata de un imponente edificio que combina arquitectura plateresca, herreriana y churrigueresca. En sus inicios formaba parte de un conjunto de fortificaciones que tuvo sus or\u00edgenes en la dominaci\u00f3n musulmana de la Pen\u00ednsula Ib\u00e9rica y es considerado como [&hellip;]<\/p>\n","protected":false},"author":1,"featured_media":525,"comment_status":"open","ping_status":"closed","template":"","categories":[45],"class_list":["post-524","eap_event","type-eap_event","status-publish","has-post-thumbnail","hentry","category-eventos-pasados"],"yoast_head":"<!-- This site is optimized with the Yoast SEO plugin v27.5 - https:\/\/yoast.com\/product\/yoast-seo-wordpress\/ -->\n<title>Escapada de d\u00eda: Ucl\u00e9s y Seg\u00f3briga. - Entre Arte y cultura<\/title>\n<meta name=\"description\" content=\"Visita del monasterio de Ucl\u00e9s (Cuenca) de la ciudad romana de Seg\u00f3briga\" \/>\n<meta name=\"robots\" content=\"index, follow, max-snippet:-1, max-image-preview:large, max-video-preview:-1\" \/>\n<link rel=\"canonical\" href=\"https:\/\/www.entrearteycultura.es\/?eap_event=monasterio-ucles-romano-segobriga-jardin\" \/>\n<meta property=\"og:locale\" content=\"en_US\" \/>\n<meta property=\"og:type\" content=\"article\" \/>\n<meta property=\"og:title\" content=\"Escapada de d\u00eda: Ucl\u00e9s y Seg\u00f3briga. - Entre Arte y cultura\" \/>\n<meta property=\"og:description\" content=\"Visita del monasterio de Ucl\u00e9s (Cuenca) de la ciudad romana de Seg\u00f3briga\" \/>\n<meta property=\"og:url\" content=\"https:\/\/www.entrearteycultura.es\/?eap_event=monasterio-ucles-romano-segobriga-jardin\" \/>\n<meta property=\"og:site_name\" content=\"Entre Arte y cultura\" \/>\n<meta property=\"article:modified_time\" content=\"2023-10-10T14:21:08+00:00\" \/>\n<meta property=\"og:image\" content=\"https:\/\/www.entrearteycultura.es\/wp-content\/uploads\/2023\/03\/Ucles.jpg\" \/>\n\t<meta property=\"og:image:width\" content=\"968\" \/>\n\t<meta property=\"og:image:height\" content=\"493\" \/>\n\t<meta property=\"og:image:type\" content=\"image\/jpeg\" \/>\n<meta name=\"twitter:card\" content=\"summary_large_image\" \/>\n<meta name=\"twitter:label1\" content=\"Est. reading time\" \/>\n\t<meta name=\"twitter:data1\" content=\"1 minute\" \/>\n<script type=\"application\/ld+json\" class=\"yoast-schema-graph\">{\"@context\":\"https:\\\/\\\/schema.org\",\"@graph\":[{\"@type\":\"WebPage\",\"@id\":\"https:\\\/\\\/www.entrearteycultura.es\\\/?eap_event=monasterio-ucles-romano-segobriga-jardin\",\"url\":\"https:\\\/\\\/www.entrearteycultura.es\\\/?eap_event=monasterio-ucles-romano-segobriga-jardin\",\"name\":\"Escapada de d\u00eda: Ucl\u00e9s y Seg\u00f3briga. - Entre Arte y cultura\",\"isPartOf\":{\"@id\":\"https:\\\/\\\/www.entrearteycultura.es\\\/#website\"},\"primaryImageOfPage\":{\"@id\":\"https:\\\/\\\/www.entrearteycultura.es\\\/?eap_event=monasterio-ucles-romano-segobriga-jardin#primaryimage\"},\"image\":{\"@id\":\"https:\\\/\\\/www.entrearteycultura.es\\\/?eap_event=monasterio-ucles-romano-segobriga-jardin#primaryimage\"},\"thumbnailUrl\":\"https:\\\/\\\/www.entrearteycultura.es\\\/wp-content\\\/uploads\\\/2023\\\/03\\\/Ucles.jpg\",\"datePublished\":\"2023-03-01T16:48:03+00:00\",\"dateModified\":\"2023-10-10T14:21:08+00:00\",\"description\":\"Visita del monasterio de Ucl\u00e9s (Cuenca) de la ciudad romana de Seg\u00f3briga\",\"breadcrumb\":{\"@id\":\"https:\\\/\\\/www.entrearteycultura.es\\\/?eap_event=monasterio-ucles-romano-segobriga-jardin#breadcrumb\"},\"inLanguage\":\"en-US\",\"potentialAction\":[{\"@type\":\"ReadAction\",\"target\":[\"https:\\\/\\\/www.entrearteycultura.es\\\/?eap_event=monasterio-ucles-romano-segobriga-jardin\"]}]},{\"@type\":\"ImageObject\",\"inLanguage\":\"en-US\",\"@id\":\"https:\\\/\\\/www.entrearteycultura.es\\\/?eap_event=monasterio-ucles-romano-segobriga-jardin#primaryimage\",\"url\":\"https:\\\/\\\/www.entrearteycultura.es\\\/wp-content\\\/uploads\\\/2023\\\/03\\\/Ucles.jpg\",\"contentUrl\":\"https:\\\/\\\/www.entrearteycultura.es\\\/wp-content\\\/uploads\\\/2023\\\/03\\\/Ucles.jpg\",\"width\":968,\"height\":493},{\"@type\":\"BreadcrumbList\",\"@id\":\"https:\\\/\\\/www.entrearteycultura.es\\\/?eap_event=monasterio-ucles-romano-segobriga-jardin#breadcrumb\",\"itemListElement\":[{\"@type\":\"ListItem\",\"position\":1,\"name\":\"Portada\",\"item\":\"https:\\\/\\\/www.entrearteycultura.es\\\/\"},{\"@type\":\"ListItem\",\"position\":2,\"name\":\"Events\",\"item\":\"https:\\\/\\\/www.entrearteycultura.es\\\/?post_type=eap_event\"},{\"@type\":\"ListItem\",\"position\":3,\"name\":\"Escapada de d\u00eda: Ucl\u00e9s y Seg\u00f3briga.\"}]},{\"@type\":\"WebSite\",\"@id\":\"https:\\\/\\\/www.entrearteycultura.es\\\/#website\",\"url\":\"https:\\\/\\\/www.entrearteycultura.es\\\/\",\"name\":\"Entre Arte y cultura\",\"description\":\"Viajes, eventos cuturales, conferencias y tertulias\",\"potentialAction\":[{\"@type\":\"SearchAction\",\"target\":{\"@type\":\"EntryPoint\",\"urlTemplate\":\"https:\\\/\\\/www.entrearteycultura.es\\\/?s={search_term_string}\"},\"query-input\":{\"@type\":\"PropertyValueSpecification\",\"valueRequired\":true,\"valueName\":\"search_term_string\"}}],\"inLanguage\":\"en-US\"}]}<\/script>\n<!-- \/ Yoast SEO plugin. -->","yoast_head_json":{"title":"Escapada de d\u00eda: Ucl\u00e9s y Seg\u00f3briga. - Entre Arte y cultura","description":"Visita del monasterio de Ucl\u00e9s (Cuenca) de la ciudad romana de Seg\u00f3briga","robots":{"index":"index","follow":"follow","max-snippet":"max-snippet:-1","max-image-preview":"max-image-preview:large","max-video-preview":"max-video-preview:-1"},"canonical":"https:\/\/www.entrearteycultura.es\/?eap_event=monasterio-ucles-romano-segobriga-jardin","og_locale":"en_US","og_type":"article","og_title":"Escapada de d\u00eda: Ucl\u00e9s y Seg\u00f3briga. - Entre Arte y cultura","og_description":"Visita del monasterio de Ucl\u00e9s (Cuenca) de la ciudad romana de Seg\u00f3briga","og_url":"https:\/\/www.entrearteycultura.es\/?eap_event=monasterio-ucles-romano-segobriga-jardin","og_site_name":"Entre Arte y cultura","article_modified_time":"2023-10-10T14:21:08+00:00","og_image":[{"width":968,"height":493,"url":"https:\/\/www.entrearteycultura.es\/wp-content\/uploads\/2023\/03\/Ucles.jpg","type":"image\/jpeg"}],"twitter_card":"summary_large_image","twitter_misc":{"Est. reading time":"1 minute"},"schema":{"@context":"https:\/\/schema.org","@graph":[{"@type":"WebPage","@id":"https:\/\/www.entrearteycultura.es\/?eap_event=monasterio-ucles-romano-segobriga-jardin","url":"https:\/\/www.entrearteycultura.es\/?eap_event=monasterio-ucles-romano-segobriga-jardin","name":"Escapada de d\u00eda: Ucl\u00e9s y Seg\u00f3briga. - Entre Arte y cultura","isPartOf":{"@id":"https:\/\/www.entrearteycultura.es\/#website"},"primaryImageOfPage":{"@id":"https:\/\/www.entrearteycultura.es\/?eap_event=monasterio-ucles-romano-segobriga-jardin#primaryimage"},"image":{"@id":"https:\/\/www.entrearteycultura.es\/?eap_event=monasterio-ucles-romano-segobriga-jardin#primaryimage"},"thumbnailUrl":"https:\/\/www.entrearteycultura.es\/wp-content\/uploads\/2023\/03\/Ucles.jpg","datePublished":"2023-03-01T16:48:03+00:00","dateModified":"2023-10-10T14:21:08+00:00","description":"Visita del monasterio de Ucl\u00e9s (Cuenca) de la ciudad romana de Seg\u00f3briga","breadcrumb":{"@id":"https:\/\/www.entrearteycultura.es\/?eap_event=monasterio-ucles-romano-segobriga-jardin#breadcrumb"},"inLanguage":"en-US","potentialAction":[{"@type":"ReadAction","target":["https:\/\/www.entrearteycultura.es\/?eap_event=monasterio-ucles-romano-segobriga-jardin"]}]},{"@type":"ImageObject","inLanguage":"en-US","@id":"https:\/\/www.entrearteycultura.es\/?eap_event=monasterio-ucles-romano-segobriga-jardin#primaryimage","url":"https:\/\/www.entrearteycultura.es\/wp-content\/uploads\/2023\/03\/Ucles.jpg","contentUrl":"https:\/\/www.entrearteycultura.es\/wp-content\/uploads\/2023\/03\/Ucles.jpg","width":968,"height":493},{"@type":"BreadcrumbList","@id":"https:\/\/www.entrearteycultura.es\/?eap_event=monasterio-ucles-romano-segobriga-jardin#breadcrumb","itemListElement":[{"@type":"ListItem","position":1,"name":"Portada","item":"https:\/\/www.entrearteycultura.es\/"},{"@type":"ListItem","position":2,"name":"Events","item":"https:\/\/www.entrearteycultura.es\/?post_type=eap_event"},{"@type":"ListItem","position":3,"name":"Escapada de d\u00eda: Ucl\u00e9s y Seg\u00f3briga."}]},{"@type":"WebSite","@id":"https:\/\/www.entrearteycultura.es\/#website","url":"https:\/\/www.entrearteycultura.es\/","name":"Entre Arte y cultura","description":"Viajes, eventos cuturales, conferencias y tertulias","potentialAction":[{"@type":"SearchAction","target":{"@type":"EntryPoint","urlTemplate":"https:\/\/www.entrearteycultura.es\/?s={search_term_string}"},"query-input":{"@type":"PropertyValueSpecification","valueRequired":true,"valueName":"search_term_string"}}],"inLanguage":"en-US"}]}},"_links":{"self":[{"href":"https:\/\/www.entrearteycultura.es\/index.php?rest_route=\/wp\/v2\/eap_event\/524","targetHints":{"allow":["GET"]}}],"collection":[{"href":"https:\/\/www.entrearteycultura.es\/index.php?rest_route=\/wp\/v2\/eap_event"}],"about":[{"href":"https:\/\/www.entrearteycultura.es\/index.php?rest_route=\/wp\/v2\/types\/eap_event"}],"author":[{"embeddable":true,"href":"https:\/\/www.entrearteycultura.es\/index.php?rest_route=\/wp\/v2\/users\/1"}],"replies":[{"embeddable":true,"href":"https:\/\/www.entrearteycultura.es\/index.php?rest_route=%2Fwp%2Fv2%2Fcomments&post=524"}],"version-history":[{"count":5,"href":"https:\/\/www.entrearteycultura.es\/index.php?rest_route=\/wp\/v2\/eap_event\/524\/revisions"}],"predecessor-version":[{"id":632,"href":"https:\/\/www.entrearteycultura.es\/index.php?rest_route=\/wp\/v2\/eap_event\/524\/revisions\/632"}],"wp:featuredmedia":[{"embeddable":true,"href":"https:\/\/www.entrearteycultura.es\/index.php?rest_route=\/wp\/v2\/media\/525"}],"wp:attachment":[{"href":"https:\/\/www.entrearteycultura.es\/index.php?rest_route=%2Fwp%2Fv2%2Fmedia&parent=524"}],"wp:term":[{"taxonomy":"category","embeddable":true,"href":"https:\/\/www.entrearteycultura.es\/index.php?rest_route=%2Fwp%2Fv2%2Fcategories&post=524"}],"curies":[{"name":"wp","href":"https:\/\/api.w.org\/{rel}","templated":true}]}}

Escapada de día: Uclés y Segóbriga.

<p>En la provincia de Cuenca, <strong>Uclés</strong> conserva el monasterio de sede de la Orden de Santiago. Se trata de un imponente edificio que combina arquitectura plateresca, herreriana y churrigueresca. En sus inicios formaba parte de un conjunto de fortificaciones que tuvo sus orígenes en la dominación musulmana de la Península Ibérica y es considerado como el Escorial de la Mancha.</p>



<p>Visita al <strong>jardín alquímico privado de Manuel Anuarbe</strong> en Uclés. A 13 km, <strong>Segóbriga</strong> constituye la ciudad romana mejor conservada de la Meseta, que cuenta con teatro, circo, anfiteatro, termas, foro… y la posterior basílica visigoda en un buen estado de conservación</p>



<p></p>

<p>En la provincia de Cuenca, Uclés conserva el monasterio de sede de la Orden de Santiago. Se trata de un imponente edificio que combina arquitectura plateresca, herreriana y churrigueresca. En sus inicios formaba parte de un conjunto de fortificaciones que tuvo sus orígenes en la dominación musulmana de la Península Ibérica y es considerado como [&hellip;]</p>

<!-- This site is optimized with the Yoast SEO plugin v27.5 - https://yoast.com/product/yoast-seo-wordpress/ -->
<title>Escapada de día: Uclés y Segóbriga. - Entre Arte y cultura</title>
<meta name="description" content="Visita del monasterio de Uclés (Cuenca) de la ciudad romana de Segóbriga" />
<meta name="robots" content="index, follow, max-snippet:-1, max-image-preview:large, max-video-preview:-1" />
<link rel="canonical" href="https://www.entrearteycultura.es/?eap_event=monasterio-ucles-romano-segobriga-jardin" />
<meta property="og:locale" content="en_US" />
<meta property="og:type" content="article" />
<meta property="og:title" content="Escapada de día: Uclés y Segóbriga. - Entre Arte y cultura" />
<meta property="og:description" content="Visita del monasterio de Uclés (Cuenca) de la ciudad romana de Segóbriga" />
<meta property="og:url" content="https://www.entrearteycultura.es/?eap_event=monasterio-ucles-romano-segobriga-jardin" />
<meta property="og:site_name" content="Entre Arte y cultura" />
<meta property="article:modified_time" content="2023-10-10T14:21:08+00:00" />
<meta property="og:image" content="https://www.entrearteycultura.es/wp-content/uploads/2023/03/Ucles.jpg" />
	<meta property="og:image:width" content="968" />
	<meta property="og:image:height" content="493" />
	<meta property="og:image:type" content="image/jpeg" />
<meta name="twitter:card" content="summary_large_image" />
<meta name="twitter:label1" content="Est. reading time" />
	<meta name="twitter:data1" content="1 minute" />
<script type="application/ld+json" class="yoast-schema-graph">{"@context":"https:\/\/schema.org","@graph":[{"@type":"WebPage","@id":"https:\/\/www.entrearteycultura.es\/?eap_event=monasterio-ucles-romano-segobriga-jardin","url":"https:\/\/www.entrearteycultura.es\/?eap_event=monasterio-ucles-romano-segobriga-jardin","name":"Escapada de día: Uclés y Segóbriga. - Entre Arte y cultura","isPartOf":{"@id":"https:\/\/www.entrearteycultura.es\/#website"},"primaryImageOfPage":{"@id":"https:\/\/www.entrearteycultura.es\/?eap_event=monasterio-ucles-romano-segobriga-jardin#primaryimage"},"image":{"@id":"https:\/\/www.entrearteycultura.es\/?eap_event=monasterio-ucles-romano-segobriga-jardin#primaryimage"},"thumbnailUrl":"https:\/\/www.entrearteycultura.es\/wp-content\/uploads\/2023\/03\/Ucles.jpg","datePublished":"2023-03-01T16:48:03+00:00","dateModified":"2023-10-10T14:21:08+00:00","description":"Visita del monasterio de Uclés (Cuenca) de la ciudad romana de Segóbriga","breadcrumb":{"@id":"https:\/\/www.entrearteycultura.es\/?eap_event=monasterio-ucles-romano-segobriga-jardin#breadcrumb"},"inLanguage":"en-US","potentialAction":[{"@type":"ReadAction","target":["https:\/\/www.entrearteycultura.es\/?eap_event=monasterio-ucles-romano-segobriga-jardin"]}]},{"@type":"ImageObject","inLanguage":"en-US","@id":"https:\/\/www.entrearteycultura.es\/?eap_event=monasterio-ucles-romano-segobriga-jardin#primaryimage","url":"https:\/\/www.entrearteycultura.es\/wp-content\/uploads\/2023\/03\/Ucles.jpg","contentUrl":"https:\/\/www.entrearteycultura.es\/wp-content\/uploads\/2023\/03\/Ucles.jpg","width":968,"height":493},{"@type":"BreadcrumbList","@id":"https:\/\/www.entrearteycultura.es\/?eap_event=monasterio-ucles-romano-segobriga-jardin#breadcrumb","itemListElement":[{"@type":"ListItem","position":1,"name":"Portada","item":"https:\/\/www.entrearteycultura.es\/"},{"@type":"ListItem","position":2,"name":"Events","item":"https:\/\/www.entrearteycultura.es\/?post_type=eap_event"},{"@type":"ListItem","position":3,"name":"Escapada de día: Uclés y Segóbriga."}]},{"@type":"WebSite","@id":"https:\/\/www.entrearteycultura.es\/#website","url":"https:\/\/www.entrearteycultura.es\/","name":"Entre Arte y cultura","description":"Viajes, eventos cuturales, conferencias y tertulias","potentialAction":[{"@type":"SearchAction","target":{"@type":"EntryPoint","urlTemplate":"https:\/\/www.entrearteycultura.es\/?s={search_term_string}"},"query-input":{"@type":"PropertyValueSpecification","valueRequired":true,"valueName":"search_term_string"}}],"inLanguage":"en-US"}]}</script>
<!-- / Yoast SEO plugin. -->

Escapada de día: Uclés y Segóbriga. - Entre Arte y cultura

Visita del monasterio de Uclés (Cuenca) de la ciudad romana de Segóbriga
