{"id":521,"date":"2023-03-01T16:41:17","date_gmt":"2023-03-01T16:41:17","guid":{"rendered":"https:\/\/www.entrearteycultura.es\/?post_type=eap_event&#038;p=521"},"modified":"2023-05-22T16:41:06","modified_gmt":"2023-05-22T16:41:06","slug":"capricho-visita-jardin-historico-osuna","status":"publish","type":"eap_event","link":"https:\/\/www.entrearteycultura.es\/?eap_event=capricho-visita-jardin-historico-osuna","title":{"rendered":"<strong>Visita guiada al parque del Capricho<\/strong>"},"content":{"rendered":"\n<p>El parque del Capricho, es un jard\u00edn hist\u00f3rico-art\u00edstico cuyo origen se remonta a finales del siglo XVIII, cuando los Duques de Osuna decidieron construir una residencia rodeado de jardines en las entonces afueras de Madrid.<\/p>\n\n\n\n<p>Con trazado arquitect\u00f3nico neocl\u00e1sico, presenta dos zonas claramente delimitadas, con un jard\u00edn de estilo franc\u00e9s y otro jard\u00edn de estilo ingl\u00e9s. En ambas zonas se disponen numerosos y curiosos rincones, muchos de ellos conocidos como \u201ccaprichos\u201d<\/p>\n","protected":false},"excerpt":{"rendered":"<p>El parque del Capricho, es un jard\u00edn hist\u00f3rico-art\u00edstico cuyo origen se remonta a finales del siglo XVIII, cuando los Duques de Osuna decidieron construir una residencia rodeado de jardines en las entonces afueras de Madrid. Con trazado arquitect\u00f3nico neocl\u00e1sico, presenta dos zonas claramente delimitadas, con un jard\u00edn de estilo franc\u00e9s y otro jard\u00edn de estilo [&hellip;]<\/p>\n","protected":false},"author":1,"featured_media":522,"comment_status":"open","ping_status":"closed","template":"","categories":[45],"class_list":["post-521","eap_event","type-eap_event","status-publish","has-post-thumbnail","hentry","category-eventos-pasados"],"yoast_head":"<!-- This site is optimized with the Yoast SEO plugin v27.5 - https:\/\/yoast.com\/product\/yoast-seo-wordpress\/ -->\n<title>Visita guiada al parque del Capricho - Entre Arte y cultura<\/title>\n<meta name=\"description\" content=\"Visita al parque del Capricho en Madrid, con sus distintas \u00e1reas de tradici\u00f3n inglesa o francesa, que se remonta a finales del siglo XVIII\" \/>\n<meta name=\"robots\" content=\"index, follow, max-snippet:-1, max-image-preview:large, max-video-preview:-1\" \/>\n<link rel=\"canonical\" href=\"https:\/\/www.entrearteycultura.es\/?eap_event=capricho-visita-jardin-historico-osuna\" \/>\n<meta property=\"og:locale\" content=\"en_US\" \/>\n<meta property=\"og:type\" content=\"article\" \/>\n<meta property=\"og:title\" content=\"Visita guiada al parque del Capricho - Entre Arte y cultura\" \/>\n<meta property=\"og:description\" content=\"Visita al parque del Capricho en Madrid, con sus distintas \u00e1reas de tradici\u00f3n inglesa o francesa, que se remonta a finales del siglo XVIII\" \/>\n<meta property=\"og:url\" content=\"https:\/\/www.entrearteycultura.es\/?eap_event=capricho-visita-jardin-historico-osuna\" \/>\n<meta property=\"og:site_name\" content=\"Entre Arte y cultura\" \/>\n<meta property=\"article:modified_time\" content=\"2023-05-22T16:41:06+00:00\" \/>\n<meta property=\"og:image\" content=\"https:\/\/www.entrearteycultura.es\/wp-content\/uploads\/2023\/03\/capricho.jpg\" \/>\n\t<meta property=\"og:image:width\" content=\"1134\" \/>\n\t<meta property=\"og:image:height\" content=\"427\" \/>\n\t<meta property=\"og:image:type\" content=\"image\/jpeg\" \/>\n<meta name=\"twitter:card\" content=\"summary_large_image\" \/>\n<meta name=\"twitter:label1\" content=\"Est. reading time\" \/>\n\t<meta name=\"twitter:data1\" content=\"1 minute\" \/>\n<script type=\"application\/ld+json\" class=\"yoast-schema-graph\">{\"@context\":\"https:\\\/\\\/schema.org\",\"@graph\":[{\"@type\":\"WebPage\",\"@id\":\"https:\\\/\\\/www.entrearteycultura.es\\\/?eap_event=capricho-visita-jardin-historico-osuna\",\"url\":\"https:\\\/\\\/www.entrearteycultura.es\\\/?eap_event=capricho-visita-jardin-historico-osuna\",\"name\":\"Visita guiada al parque del Capricho - Entre Arte y cultura\",\"isPartOf\":{\"@id\":\"https:\\\/\\\/www.entrearteycultura.es\\\/#website\"},\"primaryImageOfPage\":{\"@id\":\"https:\\\/\\\/www.entrearteycultura.es\\\/?eap_event=capricho-visita-jardin-historico-osuna#primaryimage\"},\"image\":{\"@id\":\"https:\\\/\\\/www.entrearteycultura.es\\\/?eap_event=capricho-visita-jardin-historico-osuna#primaryimage\"},\"thumbnailUrl\":\"https:\\\/\\\/www.entrearteycultura.es\\\/wp-content\\\/uploads\\\/2023\\\/03\\\/capricho.jpg\",\"datePublished\":\"2023-03-01T16:41:17+00:00\",\"dateModified\":\"2023-05-22T16:41:06+00:00\",\"description\":\"Visita al parque del Capricho en Madrid, con sus distintas \u00e1reas de tradici\u00f3n inglesa o francesa, que se remonta a finales del siglo XVIII\",\"breadcrumb\":{\"@id\":\"https:\\\/\\\/www.entrearteycultura.es\\\/?eap_event=capricho-visita-jardin-historico-osuna#breadcrumb\"},\"inLanguage\":\"en-US\",\"potentialAction\":[{\"@type\":\"ReadAction\",\"target\":[\"https:\\\/\\\/www.entrearteycultura.es\\\/?eap_event=capricho-visita-jardin-historico-osuna\"]}]},{\"@type\":\"ImageObject\",\"inLanguage\":\"en-US\",\"@id\":\"https:\\\/\\\/www.entrearteycultura.es\\\/?eap_event=capricho-visita-jardin-historico-osuna#primaryimage\",\"url\":\"https:\\\/\\\/www.entrearteycultura.es\\\/wp-content\\\/uploads\\\/2023\\\/03\\\/capricho.jpg\",\"contentUrl\":\"https:\\\/\\\/www.entrearteycultura.es\\\/wp-content\\\/uploads\\\/2023\\\/03\\\/capricho.jpg\",\"width\":1134,\"height\":427},{\"@type\":\"BreadcrumbList\",\"@id\":\"https:\\\/\\\/www.entrearteycultura.es\\\/?eap_event=capricho-visita-jardin-historico-osuna#breadcrumb\",\"itemListElement\":[{\"@type\":\"ListItem\",\"position\":1,\"name\":\"Portada\",\"item\":\"https:\\\/\\\/www.entrearteycultura.es\\\/\"},{\"@type\":\"ListItem\",\"position\":2,\"name\":\"Events\",\"item\":\"https:\\\/\\\/www.entrearteycultura.es\\\/?post_type=eap_event\"},{\"@type\":\"ListItem\",\"position\":3,\"name\":\"Visita guiada al parque del Capricho\"}]},{\"@type\":\"WebSite\",\"@id\":\"https:\\\/\\\/www.entrearteycultura.es\\\/#website\",\"url\":\"https:\\\/\\\/www.entrearteycultura.es\\\/\",\"name\":\"Entre Arte y cultura\",\"description\":\"Viajes, eventos cuturales, conferencias y tertulias\",\"potentialAction\":[{\"@type\":\"SearchAction\",\"target\":{\"@type\":\"EntryPoint\",\"urlTemplate\":\"https:\\\/\\\/www.entrearteycultura.es\\\/?s={search_term_string}\"},\"query-input\":{\"@type\":\"PropertyValueSpecification\",\"valueRequired\":true,\"valueName\":\"search_term_string\"}}],\"inLanguage\":\"en-US\"}]}<\/script>\n<!-- \/ Yoast SEO plugin. -->","yoast_head_json":{"title":"Visita guiada al parque del Capricho - Entre Arte y cultura","description":"Visita al parque del Capricho en Madrid, con sus distintas \u00e1reas de tradici\u00f3n inglesa o francesa, que se remonta a finales del siglo XVIII","robots":{"index":"index","follow":"follow","max-snippet":"max-snippet:-1","max-image-preview":"max-image-preview:large","max-video-preview":"max-video-preview:-1"},"canonical":"https:\/\/www.entrearteycultura.es\/?eap_event=capricho-visita-jardin-historico-osuna","og_locale":"en_US","og_type":"article","og_title":"Visita guiada al parque del Capricho - Entre Arte y cultura","og_description":"Visita al parque del Capricho en Madrid, con sus distintas \u00e1reas de tradici\u00f3n inglesa o francesa, que se remonta a finales del siglo XVIII","og_url":"https:\/\/www.entrearteycultura.es\/?eap_event=capricho-visita-jardin-historico-osuna","og_site_name":"Entre Arte y cultura","article_modified_time":"2023-05-22T16:41:06+00:00","og_image":[{"width":1134,"height":427,"url":"https:\/\/www.entrearteycultura.es\/wp-content\/uploads\/2023\/03\/capricho.jpg","type":"image\/jpeg"}],"twitter_card":"summary_large_image","twitter_misc":{"Est. reading time":"1 minute"},"schema":{"@context":"https:\/\/schema.org","@graph":[{"@type":"WebPage","@id":"https:\/\/www.entrearteycultura.es\/?eap_event=capricho-visita-jardin-historico-osuna","url":"https:\/\/www.entrearteycultura.es\/?eap_event=capricho-visita-jardin-historico-osuna","name":"Visita guiada al parque del Capricho - Entre Arte y cultura","isPartOf":{"@id":"https:\/\/www.entrearteycultura.es\/#website"},"primaryImageOfPage":{"@id":"https:\/\/www.entrearteycultura.es\/?eap_event=capricho-visita-jardin-historico-osuna#primaryimage"},"image":{"@id":"https:\/\/www.entrearteycultura.es\/?eap_event=capricho-visita-jardin-historico-osuna#primaryimage"},"thumbnailUrl":"https:\/\/www.entrearteycultura.es\/wp-content\/uploads\/2023\/03\/capricho.jpg","datePublished":"2023-03-01T16:41:17+00:00","dateModified":"2023-05-22T16:41:06+00:00","description":"Visita al parque del Capricho en Madrid, con sus distintas \u00e1reas de tradici\u00f3n inglesa o francesa, que se remonta a finales del siglo XVIII","breadcrumb":{"@id":"https:\/\/www.entrearteycultura.es\/?eap_event=capricho-visita-jardin-historico-osuna#breadcrumb"},"inLanguage":"en-US","potentialAction":[{"@type":"ReadAction","target":["https:\/\/www.entrearteycultura.es\/?eap_event=capricho-visita-jardin-historico-osuna"]}]},{"@type":"ImageObject","inLanguage":"en-US","@id":"https:\/\/www.entrearteycultura.es\/?eap_event=capricho-visita-jardin-historico-osuna#primaryimage","url":"https:\/\/www.entrearteycultura.es\/wp-content\/uploads\/2023\/03\/capricho.jpg","contentUrl":"https:\/\/www.entrearteycultura.es\/wp-content\/uploads\/2023\/03\/capricho.jpg","width":1134,"height":427},{"@type":"BreadcrumbList","@id":"https:\/\/www.entrearteycultura.es\/?eap_event=capricho-visita-jardin-historico-osuna#breadcrumb","itemListElement":[{"@type":"ListItem","position":1,"name":"Portada","item":"https:\/\/www.entrearteycultura.es\/"},{"@type":"ListItem","position":2,"name":"Events","item":"https:\/\/www.entrearteycultura.es\/?post_type=eap_event"},{"@type":"ListItem","position":3,"name":"Visita guiada al parque del Capricho"}]},{"@type":"WebSite","@id":"https:\/\/www.entrearteycultura.es\/#website","url":"https:\/\/www.entrearteycultura.es\/","name":"Entre Arte y cultura","description":"Viajes, eventos cuturales, conferencias y tertulias","potentialAction":[{"@type":"SearchAction","target":{"@type":"EntryPoint","urlTemplate":"https:\/\/www.entrearteycultura.es\/?s={search_term_string}"},"query-input":{"@type":"PropertyValueSpecification","valueRequired":true,"valueName":"search_term_string"}}],"inLanguage":"en-US"}]}},"_links":{"self":[{"href":"https:\/\/www.entrearteycultura.es\/index.php?rest_route=\/wp\/v2\/eap_event\/521","targetHints":{"allow":["GET"]}}],"collection":[{"href":"https:\/\/www.entrearteycultura.es\/index.php?rest_route=\/wp\/v2\/eap_event"}],"about":[{"href":"https:\/\/www.entrearteycultura.es\/index.php?rest_route=\/wp\/v2\/types\/eap_event"}],"author":[{"embeddable":true,"href":"https:\/\/www.entrearteycultura.es\/index.php?rest_route=\/wp\/v2\/users\/1"}],"replies":[{"embeddable":true,"href":"https:\/\/www.entrearteycultura.es\/index.php?rest_route=%2Fwp%2Fv2%2Fcomments&post=521"}],"version-history":[{"count":1,"href":"https:\/\/www.entrearteycultura.es\/index.php?rest_route=\/wp\/v2\/eap_event\/521\/revisions"}],"predecessor-version":[{"id":523,"href":"https:\/\/www.entrearteycultura.es\/index.php?rest_route=\/wp\/v2\/eap_event\/521\/revisions\/523"}],"wp:featuredmedia":[{"embeddable":true,"href":"https:\/\/www.entrearteycultura.es\/index.php?rest_route=\/wp\/v2\/media\/522"}],"wp:attachment":[{"href":"https:\/\/www.entrearteycultura.es\/index.php?rest_route=%2Fwp%2Fv2%2Fmedia&parent=521"}],"wp:term":[{"taxonomy":"category","embeddable":true,"href":"https:\/\/www.entrearteycultura.es\/index.php?rest_route=%2Fwp%2Fv2%2Fcategories&post=521"}],"curies":[{"name":"wp","href":"https:\/\/api.w.org\/{rel}","templated":true}]}}

<p>El parque del Capricho, es un jardín histórico-artístico cuyo origen se remonta a finales del siglo XVIII, cuando los Duques de Osuna decidieron construir una residencia rodeado de jardines en las entonces afueras de Madrid.</p>



<p>Con trazado arquitectónico neoclásico, presenta dos zonas claramente delimitadas, con un jardín de estilo francés y otro jardín de estilo inglés. En ambas zonas se disponen numerosos y curiosos rincones, muchos de ellos conocidos como “caprichos”</p>

<p>El parque del Capricho, es un jardín histórico-artístico cuyo origen se remonta a finales del siglo XVIII, cuando los Duques de Osuna decidieron construir una residencia rodeado de jardines en las entonces afueras de Madrid. Con trazado arquitectónico neoclásico, presenta dos zonas claramente delimitadas, con un jardín de estilo francés y otro jardín de estilo [&hellip;]</p>

<!-- This site is optimized with the Yoast SEO plugin v27.5 - https://yoast.com/product/yoast-seo-wordpress/ -->
<title>Visita guiada al parque del Capricho - Entre Arte y cultura</title>
<meta name="description" content="Visita al parque del Capricho en Madrid, con sus distintas áreas de tradición inglesa o francesa, que se remonta a finales del siglo XVIII" />
<meta name="robots" content="index, follow, max-snippet:-1, max-image-preview:large, max-video-preview:-1" />
<link rel="canonical" href="https://www.entrearteycultura.es/?eap_event=capricho-visita-jardin-historico-osuna" />
<meta property="og:locale" content="en_US" />
<meta property="og:type" content="article" />
<meta property="og:title" content="Visita guiada al parque del Capricho - Entre Arte y cultura" />
<meta property="og:description" content="Visita al parque del Capricho en Madrid, con sus distintas áreas de tradición inglesa o francesa, que se remonta a finales del siglo XVIII" />
<meta property="og:url" content="https://www.entrearteycultura.es/?eap_event=capricho-visita-jardin-historico-osuna" />
<meta property="og:site_name" content="Entre Arte y cultura" />
<meta property="article:modified_time" content="2023-05-22T16:41:06+00:00" />
<meta property="og:image" content="https://www.entrearteycultura.es/wp-content/uploads/2023/03/capricho.jpg" />
	<meta property="og:image:width" content="1134" />
	<meta property="og:image:height" content="427" />
	<meta property="og:image:type" content="image/jpeg" />
<meta name="twitter:card" content="summary_large_image" />
<meta name="twitter:label1" content="Est. reading time" />
	<meta name="twitter:data1" content="1 minute" />
<script type="application/ld+json" class="yoast-schema-graph">{"@context":"https:\/\/schema.org","@graph":[{"@type":"WebPage","@id":"https:\/\/www.entrearteycultura.es\/?eap_event=capricho-visita-jardin-historico-osuna","url":"https:\/\/www.entrearteycultura.es\/?eap_event=capricho-visita-jardin-historico-osuna","name":"Visita guiada al parque del Capricho - Entre Arte y cultura","isPartOf":{"@id":"https:\/\/www.entrearteycultura.es\/#website"},"primaryImageOfPage":{"@id":"https:\/\/www.entrearteycultura.es\/?eap_event=capricho-visita-jardin-historico-osuna#primaryimage"},"image":{"@id":"https:\/\/www.entrearteycultura.es\/?eap_event=capricho-visita-jardin-historico-osuna#primaryimage"},"thumbnailUrl":"https:\/\/www.entrearteycultura.es\/wp-content\/uploads\/2023\/03\/capricho.jpg","datePublished":"2023-03-01T16:41:17+00:00","dateModified":"2023-05-22T16:41:06+00:00","description":"Visita al parque del Capricho en Madrid, con sus distintas áreas de tradición inglesa o francesa, que se remonta a finales del siglo XVIII","breadcrumb":{"@id":"https:\/\/www.entrearteycultura.es\/?eap_event=capricho-visita-jardin-historico-osuna#breadcrumb"},"inLanguage":"en-US","potentialAction":[{"@type":"ReadAction","target":["https:\/\/www.entrearteycultura.es\/?eap_event=capricho-visita-jardin-historico-osuna"]}]},{"@type":"ImageObject","inLanguage":"en-US","@id":"https:\/\/www.entrearteycultura.es\/?eap_event=capricho-visita-jardin-historico-osuna#primaryimage","url":"https:\/\/www.entrearteycultura.es\/wp-content\/uploads\/2023\/03\/capricho.jpg","contentUrl":"https:\/\/www.entrearteycultura.es\/wp-content\/uploads\/2023\/03\/capricho.jpg","width":1134,"height":427},{"@type":"BreadcrumbList","@id":"https:\/\/www.entrearteycultura.es\/?eap_event=capricho-visita-jardin-historico-osuna#breadcrumb","itemListElement":[{"@type":"ListItem","position":1,"name":"Portada","item":"https:\/\/www.entrearteycultura.es\/"},{"@type":"ListItem","position":2,"name":"Events","item":"https:\/\/www.entrearteycultura.es\/?post_type=eap_event"},{"@type":"ListItem","position":3,"name":"Visita guiada al parque del Capricho"}]},{"@type":"WebSite","@id":"https:\/\/www.entrearteycultura.es\/#website","url":"https:\/\/www.entrearteycultura.es\/","name":"Entre Arte y cultura","description":"Viajes, eventos cuturales, conferencias y tertulias","potentialAction":[{"@type":"SearchAction","target":{"@type":"EntryPoint","urlTemplate":"https:\/\/www.entrearteycultura.es\/?s={search_term_string}"},"query-input":{"@type":"PropertyValueSpecification","valueRequired":true,"valueName":"search_term_string"}}],"inLanguage":"en-US"}]}</script>
<!-- / Yoast SEO plugin. -->

Visita al parque del Capricho en Madrid, con sus distintas áreas de tradición inglesa o francesa, que se remonta a finales del siglo XVIII
