{"id":515,"date":"2023-03-01T16:23:55","date_gmt":"2023-03-01T16:23:55","guid":{"rendered":"https:\/\/www.entrearteycultura.es\/?post_type=eap_event&#038;p=515"},"modified":"2023-05-22T16:47:11","modified_gmt":"2023-05-22T16:47:11","slug":"conferencia-flamenco-pena-patrimonio-inmaterial","status":"publish","type":"eap_event","link":"https:\/\/www.entrearteycultura.es\/?eap_event=conferencia-flamenco-pena-patrimonio-inmaterial","title":{"rendered":"<strong>El Flamenco, Patrimonio Inmaterial de la Unesco<\/strong>"},"content":{"rendered":"\n<p>Conferencia de Jos\u00e9 Luis Achurra, de la pe\u00f1a flamenca Duende.<\/p>\n\n\n\n<p>El flamenco combina la m\u00fasica vocal, la danza y el acompa\u00f1amiento musical (denominados cante, baile y toque).<\/p>\n\n\n\n<p>Escucharemos las teor\u00edas sobre el origen de este g\u00e9nero musical, su historia, los diferentes <em>palos<\/em> o variedades del cante flamenco y las nuevas variantes fusionadas con otras m\u00fasicas<\/p>\n","protected":false},"excerpt":{"rendered":"<p>Conferencia de Jos\u00e9 Luis Achurra, de la pe\u00f1a flamenca Duende. El flamenco combina la m\u00fasica vocal, la danza y el acompa\u00f1amiento musical (denominados cante, baile y toque). Escucharemos las teor\u00edas sobre el origen de este g\u00e9nero musical, su historia, los diferentes palos o variedades del cante flamenco y las nuevas variantes fusionadas con otras m\u00fasicas<\/p>\n","protected":false},"author":1,"featured_media":581,"comment_status":"open","ping_status":"closed","template":"","categories":[45],"class_list":["post-515","eap_event","type-eap_event","status-publish","has-post-thumbnail","hentry","category-eventos-pasados"],"yoast_head":"<!-- This site is optimized with the Yoast SEO plugin v27.5 - https:\/\/yoast.com\/product\/yoast-seo-wordpress\/ -->\n<title>El Flamenco, Patrimonio Inmaterial de la Unesco - Entre Arte y cultura<\/title>\n<meta name=\"description\" content=\"El flamenco combina la m\u00fasica vocal, la danza y el acompa\u00f1amiento musical\" \/>\n<meta name=\"robots\" content=\"index, follow, max-snippet:-1, max-image-preview:large, max-video-preview:-1\" \/>\n<link rel=\"canonical\" href=\"https:\/\/www.entrearteycultura.es\/?eap_event=conferencia-flamenco-pena-patrimonio-inmaterial\" \/>\n<meta property=\"og:locale\" content=\"en_US\" \/>\n<meta property=\"og:type\" content=\"article\" \/>\n<meta property=\"og:title\" content=\"El Flamenco, Patrimonio Inmaterial de la Unesco - Entre Arte y cultura\" \/>\n<meta property=\"og:description\" content=\"El flamenco combina la m\u00fasica vocal, la danza y el acompa\u00f1amiento musical\" \/>\n<meta property=\"og:url\" content=\"https:\/\/www.entrearteycultura.es\/?eap_event=conferencia-flamenco-pena-patrimonio-inmaterial\" \/>\n<meta property=\"og:site_name\" content=\"Entre Arte y cultura\" \/>\n<meta property=\"article:modified_time\" content=\"2023-05-22T16:47:11+00:00\" \/>\n<meta property=\"og:image\" content=\"https:\/\/www.entrearteycultura.es\/wp-content\/uploads\/2023\/03\/Flamenco-1.jpg\" \/>\n\t<meta property=\"og:image:width\" content=\"684\" \/>\n\t<meta property=\"og:image:height\" content=\"261\" \/>\n\t<meta property=\"og:image:type\" content=\"image\/jpeg\" \/>\n<meta name=\"twitter:card\" content=\"summary_large_image\" \/>\n<meta name=\"twitter:label1\" content=\"Est. reading time\" \/>\n\t<meta name=\"twitter:data1\" content=\"1 minute\" \/>\n<script type=\"application\/ld+json\" class=\"yoast-schema-graph\">{\"@context\":\"https:\\\/\\\/schema.org\",\"@graph\":[{\"@type\":\"WebPage\",\"@id\":\"https:\\\/\\\/www.entrearteycultura.es\\\/?eap_event=conferencia-flamenco-pena-patrimonio-inmaterial\",\"url\":\"https:\\\/\\\/www.entrearteycultura.es\\\/?eap_event=conferencia-flamenco-pena-patrimonio-inmaterial\",\"name\":\"El Flamenco, Patrimonio Inmaterial de la Unesco - Entre Arte y cultura\",\"isPartOf\":{\"@id\":\"https:\\\/\\\/www.entrearteycultura.es\\\/#website\"},\"primaryImageOfPage\":{\"@id\":\"https:\\\/\\\/www.entrearteycultura.es\\\/?eap_event=conferencia-flamenco-pena-patrimonio-inmaterial#primaryimage\"},\"image\":{\"@id\":\"https:\\\/\\\/www.entrearteycultura.es\\\/?eap_event=conferencia-flamenco-pena-patrimonio-inmaterial#primaryimage\"},\"thumbnailUrl\":\"https:\\\/\\\/www.entrearteycultura.es\\\/wp-content\\\/uploads\\\/2023\\\/03\\\/Flamenco-1.jpg\",\"datePublished\":\"2023-03-01T16:23:55+00:00\",\"dateModified\":\"2023-05-22T16:47:11+00:00\",\"description\":\"El flamenco combina la m\u00fasica vocal, la danza y el acompa\u00f1amiento musical\",\"breadcrumb\":{\"@id\":\"https:\\\/\\\/www.entrearteycultura.es\\\/?eap_event=conferencia-flamenco-pena-patrimonio-inmaterial#breadcrumb\"},\"inLanguage\":\"en-US\",\"potentialAction\":[{\"@type\":\"ReadAction\",\"target\":[\"https:\\\/\\\/www.entrearteycultura.es\\\/?eap_event=conferencia-flamenco-pena-patrimonio-inmaterial\"]}]},{\"@type\":\"ImageObject\",\"inLanguage\":\"en-US\",\"@id\":\"https:\\\/\\\/www.entrearteycultura.es\\\/?eap_event=conferencia-flamenco-pena-patrimonio-inmaterial#primaryimage\",\"url\":\"https:\\\/\\\/www.entrearteycultura.es\\\/wp-content\\\/uploads\\\/2023\\\/03\\\/Flamenco-1.jpg\",\"contentUrl\":\"https:\\\/\\\/www.entrearteycultura.es\\\/wp-content\\\/uploads\\\/2023\\\/03\\\/Flamenco-1.jpg\",\"width\":684,\"height\":261},{\"@type\":\"BreadcrumbList\",\"@id\":\"https:\\\/\\\/www.entrearteycultura.es\\\/?eap_event=conferencia-flamenco-pena-patrimonio-inmaterial#breadcrumb\",\"itemListElement\":[{\"@type\":\"ListItem\",\"position\":1,\"name\":\"Portada\",\"item\":\"https:\\\/\\\/www.entrearteycultura.es\\\/\"},{\"@type\":\"ListItem\",\"position\":2,\"name\":\"Events\",\"item\":\"https:\\\/\\\/www.entrearteycultura.es\\\/?post_type=eap_event\"},{\"@type\":\"ListItem\",\"position\":3,\"name\":\"El Flamenco, Patrimonio Inmaterial de la Unesco\"}]},{\"@type\":\"WebSite\",\"@id\":\"https:\\\/\\\/www.entrearteycultura.es\\\/#website\",\"url\":\"https:\\\/\\\/www.entrearteycultura.es\\\/\",\"name\":\"Entre Arte y cultura\",\"description\":\"Viajes, eventos cuturales, conferencias y tertulias\",\"potentialAction\":[{\"@type\":\"SearchAction\",\"target\":{\"@type\":\"EntryPoint\",\"urlTemplate\":\"https:\\\/\\\/www.entrearteycultura.es\\\/?s={search_term_string}\"},\"query-input\":{\"@type\":\"PropertyValueSpecification\",\"valueRequired\":true,\"valueName\":\"search_term_string\"}}],\"inLanguage\":\"en-US\"}]}<\/script>\n<!-- \/ Yoast SEO plugin. -->","yoast_head_json":{"title":"El Flamenco, Patrimonio Inmaterial de la Unesco - Entre Arte y cultura","description":"El flamenco combina la m\u00fasica vocal, la danza y el acompa\u00f1amiento musical","robots":{"index":"index","follow":"follow","max-snippet":"max-snippet:-1","max-image-preview":"max-image-preview:large","max-video-preview":"max-video-preview:-1"},"canonical":"https:\/\/www.entrearteycultura.es\/?eap_event=conferencia-flamenco-pena-patrimonio-inmaterial","og_locale":"en_US","og_type":"article","og_title":"El Flamenco, Patrimonio Inmaterial de la Unesco - Entre Arte y cultura","og_description":"El flamenco combina la m\u00fasica vocal, la danza y el acompa\u00f1amiento musical","og_url":"https:\/\/www.entrearteycultura.es\/?eap_event=conferencia-flamenco-pena-patrimonio-inmaterial","og_site_name":"Entre Arte y cultura","article_modified_time":"2023-05-22T16:47:11+00:00","og_image":[{"width":684,"height":261,"url":"https:\/\/www.entrearteycultura.es\/wp-content\/uploads\/2023\/03\/Flamenco-1.jpg","type":"image\/jpeg"}],"twitter_card":"summary_large_image","twitter_misc":{"Est. reading time":"1 minute"},"schema":{"@context":"https:\/\/schema.org","@graph":[{"@type":"WebPage","@id":"https:\/\/www.entrearteycultura.es\/?eap_event=conferencia-flamenco-pena-patrimonio-inmaterial","url":"https:\/\/www.entrearteycultura.es\/?eap_event=conferencia-flamenco-pena-patrimonio-inmaterial","name":"El Flamenco, Patrimonio Inmaterial de la Unesco - Entre Arte y cultura","isPartOf":{"@id":"https:\/\/www.entrearteycultura.es\/#website"},"primaryImageOfPage":{"@id":"https:\/\/www.entrearteycultura.es\/?eap_event=conferencia-flamenco-pena-patrimonio-inmaterial#primaryimage"},"image":{"@id":"https:\/\/www.entrearteycultura.es\/?eap_event=conferencia-flamenco-pena-patrimonio-inmaterial#primaryimage"},"thumbnailUrl":"https:\/\/www.entrearteycultura.es\/wp-content\/uploads\/2023\/03\/Flamenco-1.jpg","datePublished":"2023-03-01T16:23:55+00:00","dateModified":"2023-05-22T16:47:11+00:00","description":"El flamenco combina la m\u00fasica vocal, la danza y el acompa\u00f1amiento musical","breadcrumb":{"@id":"https:\/\/www.entrearteycultura.es\/?eap_event=conferencia-flamenco-pena-patrimonio-inmaterial#breadcrumb"},"inLanguage":"en-US","potentialAction":[{"@type":"ReadAction","target":["https:\/\/www.entrearteycultura.es\/?eap_event=conferencia-flamenco-pena-patrimonio-inmaterial"]}]},{"@type":"ImageObject","inLanguage":"en-US","@id":"https:\/\/www.entrearteycultura.es\/?eap_event=conferencia-flamenco-pena-patrimonio-inmaterial#primaryimage","url":"https:\/\/www.entrearteycultura.es\/wp-content\/uploads\/2023\/03\/Flamenco-1.jpg","contentUrl":"https:\/\/www.entrearteycultura.es\/wp-content\/uploads\/2023\/03\/Flamenco-1.jpg","width":684,"height":261},{"@type":"BreadcrumbList","@id":"https:\/\/www.entrearteycultura.es\/?eap_event=conferencia-flamenco-pena-patrimonio-inmaterial#breadcrumb","itemListElement":[{"@type":"ListItem","position":1,"name":"Portada","item":"https:\/\/www.entrearteycultura.es\/"},{"@type":"ListItem","position":2,"name":"Events","item":"https:\/\/www.entrearteycultura.es\/?post_type=eap_event"},{"@type":"ListItem","position":3,"name":"El Flamenco, Patrimonio Inmaterial de la Unesco"}]},{"@type":"WebSite","@id":"https:\/\/www.entrearteycultura.es\/#website","url":"https:\/\/www.entrearteycultura.es\/","name":"Entre Arte y cultura","description":"Viajes, eventos cuturales, conferencias y tertulias","potentialAction":[{"@type":"SearchAction","target":{"@type":"EntryPoint","urlTemplate":"https:\/\/www.entrearteycultura.es\/?s={search_term_string}"},"query-input":{"@type":"PropertyValueSpecification","valueRequired":true,"valueName":"search_term_string"}}],"inLanguage":"en-US"}]}},"_links":{"self":[{"href":"https:\/\/www.entrearteycultura.es\/index.php?rest_route=\/wp\/v2\/eap_event\/515","targetHints":{"allow":["GET"]}}],"collection":[{"href":"https:\/\/www.entrearteycultura.es\/index.php?rest_route=\/wp\/v2\/eap_event"}],"about":[{"href":"https:\/\/www.entrearteycultura.es\/index.php?rest_route=\/wp\/v2\/types\/eap_event"}],"author":[{"embeddable":true,"href":"https:\/\/www.entrearteycultura.es\/index.php?rest_route=\/wp\/v2\/users\/1"}],"replies":[{"embeddable":true,"href":"https:\/\/www.entrearteycultura.es\/index.php?rest_route=%2Fwp%2Fv2%2Fcomments&post=515"}],"version-history":[{"count":2,"href":"https:\/\/www.entrearteycultura.es\/index.php?rest_route=\/wp\/v2\/eap_event\/515\/revisions"}],"predecessor-version":[{"id":621,"href":"https:\/\/www.entrearteycultura.es\/index.php?rest_route=\/wp\/v2\/eap_event\/515\/revisions\/621"}],"wp:featuredmedia":[{"embeddable":true,"href":"https:\/\/www.entrearteycultura.es\/index.php?rest_route=\/wp\/v2\/media\/581"}],"wp:attachment":[{"href":"https:\/\/www.entrearteycultura.es\/index.php?rest_route=%2Fwp%2Fv2%2Fmedia&parent=515"}],"wp:term":[{"taxonomy":"category","embeddable":true,"href":"https:\/\/www.entrearteycultura.es\/index.php?rest_route=%2Fwp%2Fv2%2Fcategories&post=515"}],"curies":[{"name":"wp","href":"https:\/\/api.w.org\/{rel}","templated":true}]}}

<p>Conferencia de José Luis Achurra, de la peña flamenca Duende.</p>



<p>El flamenco combina la música vocal, la danza y el acompañamiento musical (denominados cante, baile y toque).</p>



<p>Escucharemos las teorías sobre el origen de este género musical, su historia, los diferentes <em>palos</em> o variedades del cante flamenco y las nuevas variantes fusionadas con otras músicas</p>

<p>Conferencia de José Luis Achurra, de la peña flamenca Duende. El flamenco combina la música vocal, la danza y el acompañamiento musical (denominados cante, baile y toque). Escucharemos las teorías sobre el origen de este género musical, su historia, los diferentes palos o variedades del cante flamenco y las nuevas variantes fusionadas con otras músicas</p>

<!-- This site is optimized with the Yoast SEO plugin v27.5 - https://yoast.com/product/yoast-seo-wordpress/ -->
<title>El Flamenco, Patrimonio Inmaterial de la Unesco - Entre Arte y cultura</title>
<meta name="description" content="El flamenco combina la música vocal, la danza y el acompañamiento musical" />
<meta name="robots" content="index, follow, max-snippet:-1, max-image-preview:large, max-video-preview:-1" />
<link rel="canonical" href="https://www.entrearteycultura.es/?eap_event=conferencia-flamenco-pena-patrimonio-inmaterial" />
<meta property="og:locale" content="en_US" />
<meta property="og:type" content="article" />
<meta property="og:title" content="El Flamenco, Patrimonio Inmaterial de la Unesco - Entre Arte y cultura" />
<meta property="og:description" content="El flamenco combina la música vocal, la danza y el acompañamiento musical" />
<meta property="og:url" content="https://www.entrearteycultura.es/?eap_event=conferencia-flamenco-pena-patrimonio-inmaterial" />
<meta property="og:site_name" content="Entre Arte y cultura" />
<meta property="article:modified_time" content="2023-05-22T16:47:11+00:00" />
<meta property="og:image" content="https://www.entrearteycultura.es/wp-content/uploads/2023/03/Flamenco-1.jpg" />
	<meta property="og:image:width" content="684" />
	<meta property="og:image:height" content="261" />
	<meta property="og:image:type" content="image/jpeg" />
<meta name="twitter:card" content="summary_large_image" />
<meta name="twitter:label1" content="Est. reading time" />
	<meta name="twitter:data1" content="1 minute" />
<script type="application/ld+json" class="yoast-schema-graph">{"@context":"https:\/\/schema.org","@graph":[{"@type":"WebPage","@id":"https:\/\/www.entrearteycultura.es\/?eap_event=conferencia-flamenco-pena-patrimonio-inmaterial","url":"https:\/\/www.entrearteycultura.es\/?eap_event=conferencia-flamenco-pena-patrimonio-inmaterial","name":"El Flamenco, Patrimonio Inmaterial de la Unesco - Entre Arte y cultura","isPartOf":{"@id":"https:\/\/www.entrearteycultura.es\/#website"},"primaryImageOfPage":{"@id":"https:\/\/www.entrearteycultura.es\/?eap_event=conferencia-flamenco-pena-patrimonio-inmaterial#primaryimage"},"image":{"@id":"https:\/\/www.entrearteycultura.es\/?eap_event=conferencia-flamenco-pena-patrimonio-inmaterial#primaryimage"},"thumbnailUrl":"https:\/\/www.entrearteycultura.es\/wp-content\/uploads\/2023\/03\/Flamenco-1.jpg","datePublished":"2023-03-01T16:23:55+00:00","dateModified":"2023-05-22T16:47:11+00:00","description":"El flamenco combina la música vocal, la danza y el acompañamiento musical","breadcrumb":{"@id":"https:\/\/www.entrearteycultura.es\/?eap_event=conferencia-flamenco-pena-patrimonio-inmaterial#breadcrumb"},"inLanguage":"en-US","potentialAction":[{"@type":"ReadAction","target":["https:\/\/www.entrearteycultura.es\/?eap_event=conferencia-flamenco-pena-patrimonio-inmaterial"]}]},{"@type":"ImageObject","inLanguage":"en-US","@id":"https:\/\/www.entrearteycultura.es\/?eap_event=conferencia-flamenco-pena-patrimonio-inmaterial#primaryimage","url":"https:\/\/www.entrearteycultura.es\/wp-content\/uploads\/2023\/03\/Flamenco-1.jpg","contentUrl":"https:\/\/www.entrearteycultura.es\/wp-content\/uploads\/2023\/03\/Flamenco-1.jpg","width":684,"height":261},{"@type":"BreadcrumbList","@id":"https:\/\/www.entrearteycultura.es\/?eap_event=conferencia-flamenco-pena-patrimonio-inmaterial#breadcrumb","itemListElement":[{"@type":"ListItem","position":1,"name":"Portada","item":"https:\/\/www.entrearteycultura.es\/"},{"@type":"ListItem","position":2,"name":"Events","item":"https:\/\/www.entrearteycultura.es\/?post_type=eap_event"},{"@type":"ListItem","position":3,"name":"El Flamenco, Patrimonio Inmaterial de la Unesco"}]},{"@type":"WebSite","@id":"https:\/\/www.entrearteycultura.es\/#website","url":"https:\/\/www.entrearteycultura.es\/","name":"Entre Arte y cultura","description":"Viajes, eventos cuturales, conferencias y tertulias","potentialAction":[{"@type":"SearchAction","target":{"@type":"EntryPoint","urlTemplate":"https:\/\/www.entrearteycultura.es\/?s={search_term_string}"},"query-input":{"@type":"PropertyValueSpecification","valueRequired":true,"valueName":"search_term_string"}}],"inLanguage":"en-US"}]}</script>
<!-- / Yoast SEO plugin. -->

El flamenco combina la música vocal, la danza y el acompañamiento musical
