{"id":508,"date":"2023-02-28T20:54:29","date_gmt":"2023-02-28T20:54:29","guid":{"rendered":"https:\/\/www.entrearteycultura.es\/?post_type=eap_event&#038;p=508"},"modified":"2023-04-24T11:32:43","modified_gmt":"2023-04-24T11:32:43","slug":"arevalo-visita-mudejar-contemporaneo-collegium","status":"publish","type":"eap_event","link":"https:\/\/www.entrearteycultura.es\/?eap_event=arevalo-visita-mudejar-contemporaneo-collegium","title":{"rendered":"<strong>Escapada de d\u00eda: Ar\u00e9valo<\/strong>"},"content":{"rendered":"\n<p>Volvemos a Ar\u00e9valo porque tiene un rico pasado hist\u00f3rico con importantes muestras de arte mud\u00e9jar y un futuro muy prometedor gracias al proyecto Collegium de recuperaci\u00f3n del antiguo colegio de los Jesuitas para instalar un importante centro de arte. <\/p>\n\n\n\n<p>Visitaremos las iglesias medievales de Santa Mar\u00eda y San Miguel (cerradas al p\u00fablico) as\u00ed como la exposici\u00f3n &#8220;Doblad mis amores&#8221;  en la iglesia de San Mart\u00edn (comisariada por Chus Mart\u00ednez con 6 artistas invitados con proyectos in\u00e9ditos concebidos para esta exposici\u00f3n). A continuaci\u00f3n nos dirigiremos al antiguo Colegio de los Jesuitas y a la iglesia de San Andr\u00e9s, edificios que albergar\u00e1n el centro de arte de Collegium.<\/p>\n","protected":false},"excerpt":{"rendered":"<p>Volvemos a Ar\u00e9valo porque tiene un rico pasado hist\u00f3rico con importantes muestras de arte mud\u00e9jar y un futuro muy prometedor gracias al proyecto Collegium de recuperaci\u00f3n del antiguo colegio de los Jesuitas para instalar un importante centro de arte. Visitaremos las iglesias medievales de Santa Mar\u00eda y San Miguel (cerradas al p\u00fablico) as\u00ed como la [&hellip;]<\/p>\n","protected":false},"author":1,"featured_media":509,"comment_status":"open","ping_status":"closed","template":"","categories":[45],"class_list":["post-508","eap_event","type-eap_event","status-publish","has-post-thumbnail","hentry","category-eventos-pasados"],"yoast_head":"<!-- This site is optimized with the Yoast SEO plugin v27.5 - https:\/\/yoast.com\/product\/yoast-seo-wordpress\/ -->\n<title>Escapada de d\u00eda: Ar\u00e9valo - Entre Arte y cultura<\/title>\n<meta name=\"description\" content=\"VIsita de d\u00eda a Ar\u00e9valo para disfrutar de su arte mud\u00e9jar y de actual apuesta por el arte contempor\u00e1neo con COLLEGIUM\" \/>\n<meta name=\"robots\" content=\"index, follow, max-snippet:-1, max-image-preview:large, max-video-preview:-1\" \/>\n<link rel=\"canonical\" href=\"https:\/\/www.entrearteycultura.es\/?eap_event=arevalo-visita-mudejar-contemporaneo-collegium\" \/>\n<meta property=\"og:locale\" content=\"en_US\" \/>\n<meta property=\"og:type\" content=\"article\" \/>\n<meta property=\"og:title\" content=\"Escapada de d\u00eda: Ar\u00e9valo - Entre Arte y cultura\" \/>\n<meta property=\"og:description\" content=\"VIsita de d\u00eda a Ar\u00e9valo para disfrutar de su arte mud\u00e9jar y de actual apuesta por el arte contempor\u00e1neo con COLLEGIUM\" \/>\n<meta property=\"og:url\" content=\"https:\/\/www.entrearteycultura.es\/?eap_event=arevalo-visita-mudejar-contemporaneo-collegium\" \/>\n<meta property=\"og:site_name\" content=\"Entre Arte y cultura\" \/>\n<meta property=\"article:modified_time\" content=\"2023-04-24T11:32:43+00:00\" \/>\n<meta property=\"og:image\" content=\"https:\/\/www.entrearteycultura.es\/wp-content\/uploads\/2023\/02\/AREVALO.jpg\" \/>\n\t<meta property=\"og:image:width\" content=\"1254\" \/>\n\t<meta property=\"og:image:height\" content=\"600\" \/>\n\t<meta property=\"og:image:type\" content=\"image\/jpeg\" \/>\n<meta name=\"twitter:card\" content=\"summary_large_image\" \/>\n<meta name=\"twitter:label1\" content=\"Est. reading time\" \/>\n\t<meta name=\"twitter:data1\" content=\"1 minute\" \/>\n<script type=\"application\/ld+json\" class=\"yoast-schema-graph\">{\"@context\":\"https:\\\/\\\/schema.org\",\"@graph\":[{\"@type\":\"WebPage\",\"@id\":\"https:\\\/\\\/www.entrearteycultura.es\\\/?eap_event=arevalo-visita-mudejar-contemporaneo-collegium\",\"url\":\"https:\\\/\\\/www.entrearteycultura.es\\\/?eap_event=arevalo-visita-mudejar-contemporaneo-collegium\",\"name\":\"Escapada de d\u00eda: Ar\u00e9valo - Entre Arte y cultura\",\"isPartOf\":{\"@id\":\"https:\\\/\\\/www.entrearteycultura.es\\\/#website\"},\"primaryImageOfPage\":{\"@id\":\"https:\\\/\\\/www.entrearteycultura.es\\\/?eap_event=arevalo-visita-mudejar-contemporaneo-collegium#primaryimage\"},\"image\":{\"@id\":\"https:\\\/\\\/www.entrearteycultura.es\\\/?eap_event=arevalo-visita-mudejar-contemporaneo-collegium#primaryimage\"},\"thumbnailUrl\":\"https:\\\/\\\/www.entrearteycultura.es\\\/wp-content\\\/uploads\\\/2023\\\/02\\\/AREVALO.jpg\",\"datePublished\":\"2023-02-28T20:54:29+00:00\",\"dateModified\":\"2023-04-24T11:32:43+00:00\",\"description\":\"VIsita de d\u00eda a Ar\u00e9valo para disfrutar de su arte mud\u00e9jar y de actual apuesta por el arte contempor\u00e1neo con COLLEGIUM\",\"breadcrumb\":{\"@id\":\"https:\\\/\\\/www.entrearteycultura.es\\\/?eap_event=arevalo-visita-mudejar-contemporaneo-collegium#breadcrumb\"},\"inLanguage\":\"en-US\",\"potentialAction\":[{\"@type\":\"ReadAction\",\"target\":[\"https:\\\/\\\/www.entrearteycultura.es\\\/?eap_event=arevalo-visita-mudejar-contemporaneo-collegium\"]}]},{\"@type\":\"ImageObject\",\"inLanguage\":\"en-US\",\"@id\":\"https:\\\/\\\/www.entrearteycultura.es\\\/?eap_event=arevalo-visita-mudejar-contemporaneo-collegium#primaryimage\",\"url\":\"https:\\\/\\\/www.entrearteycultura.es\\\/wp-content\\\/uploads\\\/2023\\\/02\\\/AREVALO.jpg\",\"contentUrl\":\"https:\\\/\\\/www.entrearteycultura.es\\\/wp-content\\\/uploads\\\/2023\\\/02\\\/AREVALO.jpg\",\"width\":1254,\"height\":600},{\"@type\":\"BreadcrumbList\",\"@id\":\"https:\\\/\\\/www.entrearteycultura.es\\\/?eap_event=arevalo-visita-mudejar-contemporaneo-collegium#breadcrumb\",\"itemListElement\":[{\"@type\":\"ListItem\",\"position\":1,\"name\":\"Portada\",\"item\":\"https:\\\/\\\/www.entrearteycultura.es\\\/\"},{\"@type\":\"ListItem\",\"position\":2,\"name\":\"Events\",\"item\":\"https:\\\/\\\/www.entrearteycultura.es\\\/?post_type=eap_event\"},{\"@type\":\"ListItem\",\"position\":3,\"name\":\"Escapada de d\u00eda: Ar\u00e9valo\"}]},{\"@type\":\"WebSite\",\"@id\":\"https:\\\/\\\/www.entrearteycultura.es\\\/#website\",\"url\":\"https:\\\/\\\/www.entrearteycultura.es\\\/\",\"name\":\"Entre Arte y cultura\",\"description\":\"Viajes, eventos cuturales, conferencias y tertulias\",\"potentialAction\":[{\"@type\":\"SearchAction\",\"target\":{\"@type\":\"EntryPoint\",\"urlTemplate\":\"https:\\\/\\\/www.entrearteycultura.es\\\/?s={search_term_string}\"},\"query-input\":{\"@type\":\"PropertyValueSpecification\",\"valueRequired\":true,\"valueName\":\"search_term_string\"}}],\"inLanguage\":\"en-US\"}]}<\/script>\n<!-- \/ Yoast SEO plugin. -->","yoast_head_json":{"title":"Escapada de d\u00eda: Ar\u00e9valo - Entre Arte y cultura","description":"VIsita de d\u00eda a Ar\u00e9valo para disfrutar de su arte mud\u00e9jar y de actual apuesta por el arte contempor\u00e1neo con COLLEGIUM","robots":{"index":"index","follow":"follow","max-snippet":"max-snippet:-1","max-image-preview":"max-image-preview:large","max-video-preview":"max-video-preview:-1"},"canonical":"https:\/\/www.entrearteycultura.es\/?eap_event=arevalo-visita-mudejar-contemporaneo-collegium","og_locale":"en_US","og_type":"article","og_title":"Escapada de d\u00eda: Ar\u00e9valo - Entre Arte y cultura","og_description":"VIsita de d\u00eda a Ar\u00e9valo para disfrutar de su arte mud\u00e9jar y de actual apuesta por el arte contempor\u00e1neo con COLLEGIUM","og_url":"https:\/\/www.entrearteycultura.es\/?eap_event=arevalo-visita-mudejar-contemporaneo-collegium","og_site_name":"Entre Arte y cultura","article_modified_time":"2023-04-24T11:32:43+00:00","og_image":[{"width":1254,"height":600,"url":"https:\/\/www.entrearteycultura.es\/wp-content\/uploads\/2023\/02\/AREVALO.jpg","type":"image\/jpeg"}],"twitter_card":"summary_large_image","twitter_misc":{"Est. reading time":"1 minute"},"schema":{"@context":"https:\/\/schema.org","@graph":[{"@type":"WebPage","@id":"https:\/\/www.entrearteycultura.es\/?eap_event=arevalo-visita-mudejar-contemporaneo-collegium","url":"https:\/\/www.entrearteycultura.es\/?eap_event=arevalo-visita-mudejar-contemporaneo-collegium","name":"Escapada de d\u00eda: Ar\u00e9valo - Entre Arte y cultura","isPartOf":{"@id":"https:\/\/www.entrearteycultura.es\/#website"},"primaryImageOfPage":{"@id":"https:\/\/www.entrearteycultura.es\/?eap_event=arevalo-visita-mudejar-contemporaneo-collegium#primaryimage"},"image":{"@id":"https:\/\/www.entrearteycultura.es\/?eap_event=arevalo-visita-mudejar-contemporaneo-collegium#primaryimage"},"thumbnailUrl":"https:\/\/www.entrearteycultura.es\/wp-content\/uploads\/2023\/02\/AREVALO.jpg","datePublished":"2023-02-28T20:54:29+00:00","dateModified":"2023-04-24T11:32:43+00:00","description":"VIsita de d\u00eda a Ar\u00e9valo para disfrutar de su arte mud\u00e9jar y de actual apuesta por el arte contempor\u00e1neo con COLLEGIUM","breadcrumb":{"@id":"https:\/\/www.entrearteycultura.es\/?eap_event=arevalo-visita-mudejar-contemporaneo-collegium#breadcrumb"},"inLanguage":"en-US","potentialAction":[{"@type":"ReadAction","target":["https:\/\/www.entrearteycultura.es\/?eap_event=arevalo-visita-mudejar-contemporaneo-collegium"]}]},{"@type":"ImageObject","inLanguage":"en-US","@id":"https:\/\/www.entrearteycultura.es\/?eap_event=arevalo-visita-mudejar-contemporaneo-collegium#primaryimage","url":"https:\/\/www.entrearteycultura.es\/wp-content\/uploads\/2023\/02\/AREVALO.jpg","contentUrl":"https:\/\/www.entrearteycultura.es\/wp-content\/uploads\/2023\/02\/AREVALO.jpg","width":1254,"height":600},{"@type":"BreadcrumbList","@id":"https:\/\/www.entrearteycultura.es\/?eap_event=arevalo-visita-mudejar-contemporaneo-collegium#breadcrumb","itemListElement":[{"@type":"ListItem","position":1,"name":"Portada","item":"https:\/\/www.entrearteycultura.es\/"},{"@type":"ListItem","position":2,"name":"Events","item":"https:\/\/www.entrearteycultura.es\/?post_type=eap_event"},{"@type":"ListItem","position":3,"name":"Escapada de d\u00eda: Ar\u00e9valo"}]},{"@type":"WebSite","@id":"https:\/\/www.entrearteycultura.es\/#website","url":"https:\/\/www.entrearteycultura.es\/","name":"Entre Arte y cultura","description":"Viajes, eventos cuturales, conferencias y tertulias","potentialAction":[{"@type":"SearchAction","target":{"@type":"EntryPoint","urlTemplate":"https:\/\/www.entrearteycultura.es\/?s={search_term_string}"},"query-input":{"@type":"PropertyValueSpecification","valueRequired":true,"valueName":"search_term_string"}}],"inLanguage":"en-US"}]}},"_links":{"self":[{"href":"https:\/\/www.entrearteycultura.es\/index.php?rest_route=\/wp\/v2\/eap_event\/508","targetHints":{"allow":["GET"]}}],"collection":[{"href":"https:\/\/www.entrearteycultura.es\/index.php?rest_route=\/wp\/v2\/eap_event"}],"about":[{"href":"https:\/\/www.entrearteycultura.es\/index.php?rest_route=\/wp\/v2\/types\/eap_event"}],"author":[{"embeddable":true,"href":"https:\/\/www.entrearteycultura.es\/index.php?rest_route=\/wp\/v2\/users\/1"}],"replies":[{"embeddable":true,"href":"https:\/\/www.entrearteycultura.es\/index.php?rest_route=%2Fwp%2Fv2%2Fcomments&post=508"}],"version-history":[{"count":3,"href":"https:\/\/www.entrearteycultura.es\/index.php?rest_route=\/wp\/v2\/eap_event\/508\/revisions"}],"predecessor-version":[{"id":572,"href":"https:\/\/www.entrearteycultura.es\/index.php?rest_route=\/wp\/v2\/eap_event\/508\/revisions\/572"}],"wp:featuredmedia":[{"embeddable":true,"href":"https:\/\/www.entrearteycultura.es\/index.php?rest_route=\/wp\/v2\/media\/509"}],"wp:attachment":[{"href":"https:\/\/www.entrearteycultura.es\/index.php?rest_route=%2Fwp%2Fv2%2Fmedia&parent=508"}],"wp:term":[{"taxonomy":"category","embeddable":true,"href":"https:\/\/www.entrearteycultura.es\/index.php?rest_route=%2Fwp%2Fv2%2Fcategories&post=508"}],"curies":[{"name":"wp","href":"https:\/\/api.w.org\/{rel}","templated":true}]}}

<strong>Escapada de día: Arévalo</strong>

<p>Volvemos a Arévalo porque tiene un rico pasado histórico con importantes muestras de arte mudéjar y un futuro muy prometedor gracias al proyecto Collegium de recuperación del antiguo colegio de los Jesuitas para instalar un importante centro de arte. </p>



<p>Visitaremos las iglesias medievales de Santa María y San Miguel (cerradas al público) así como la exposición &#8220;Doblad mis amores&#8221;  en la iglesia de San Martín (comisariada por Chus Martínez con 6 artistas invitados con proyectos inéditos concebidos para esta exposición). A continuación nos dirigiremos al antiguo Colegio de los Jesuitas y a la iglesia de San Andrés, edificios que albergarán el centro de arte de Collegium.</p>

<p>Volvemos a Arévalo porque tiene un rico pasado histórico con importantes muestras de arte mudéjar y un futuro muy prometedor gracias al proyecto Collegium de recuperación del antiguo colegio de los Jesuitas para instalar un importante centro de arte. Visitaremos las iglesias medievales de Santa María y San Miguel (cerradas al público) así como la [&hellip;]</p>

<!-- This site is optimized with the Yoast SEO plugin v27.5 - https://yoast.com/product/yoast-seo-wordpress/ -->
<title>Escapada de día: Arévalo - Entre Arte y cultura</title>
<meta name="description" content="VIsita de día a Arévalo para disfrutar de su arte mudéjar y de actual apuesta por el arte contemporáneo con COLLEGIUM" />
<meta name="robots" content="index, follow, max-snippet:-1, max-image-preview:large, max-video-preview:-1" />
<link rel="canonical" href="https://www.entrearteycultura.es/?eap_event=arevalo-visita-mudejar-contemporaneo-collegium" />
<meta property="og:locale" content="en_US" />
<meta property="og:type" content="article" />
<meta property="og:title" content="Escapada de día: Arévalo - Entre Arte y cultura" />
<meta property="og:description" content="VIsita de día a Arévalo para disfrutar de su arte mudéjar y de actual apuesta por el arte contemporáneo con COLLEGIUM" />
<meta property="og:url" content="https://www.entrearteycultura.es/?eap_event=arevalo-visita-mudejar-contemporaneo-collegium" />
<meta property="og:site_name" content="Entre Arte y cultura" />
<meta property="article:modified_time" content="2023-04-24T11:32:43+00:00" />
<meta property="og:image" content="https://www.entrearteycultura.es/wp-content/uploads/2023/02/AREVALO.jpg" />
	<meta property="og:image:width" content="1254" />
	<meta property="og:image:height" content="600" />
	<meta property="og:image:type" content="image/jpeg" />
<meta name="twitter:card" content="summary_large_image" />
<meta name="twitter:label1" content="Est. reading time" />
	<meta name="twitter:data1" content="1 minute" />
<script type="application/ld+json" class="yoast-schema-graph">{"@context":"https:\/\/schema.org","@graph":[{"@type":"WebPage","@id":"https:\/\/www.entrearteycultura.es\/?eap_event=arevalo-visita-mudejar-contemporaneo-collegium","url":"https:\/\/www.entrearteycultura.es\/?eap_event=arevalo-visita-mudejar-contemporaneo-collegium","name":"Escapada de día: Arévalo - Entre Arte y cultura","isPartOf":{"@id":"https:\/\/www.entrearteycultura.es\/#website"},"primaryImageOfPage":{"@id":"https:\/\/www.entrearteycultura.es\/?eap_event=arevalo-visita-mudejar-contemporaneo-collegium#primaryimage"},"image":{"@id":"https:\/\/www.entrearteycultura.es\/?eap_event=arevalo-visita-mudejar-contemporaneo-collegium#primaryimage"},"thumbnailUrl":"https:\/\/www.entrearteycultura.es\/wp-content\/uploads\/2023\/02\/AREVALO.jpg","datePublished":"2023-02-28T20:54:29+00:00","dateModified":"2023-04-24T11:32:43+00:00","description":"VIsita de día a Arévalo para disfrutar de su arte mudéjar y de actual apuesta por el arte contemporáneo con COLLEGIUM","breadcrumb":{"@id":"https:\/\/www.entrearteycultura.es\/?eap_event=arevalo-visita-mudejar-contemporaneo-collegium#breadcrumb"},"inLanguage":"en-US","potentialAction":[{"@type":"ReadAction","target":["https:\/\/www.entrearteycultura.es\/?eap_event=arevalo-visita-mudejar-contemporaneo-collegium"]}]},{"@type":"ImageObject","inLanguage":"en-US","@id":"https:\/\/www.entrearteycultura.es\/?eap_event=arevalo-visita-mudejar-contemporaneo-collegium#primaryimage","url":"https:\/\/www.entrearteycultura.es\/wp-content\/uploads\/2023\/02\/AREVALO.jpg","contentUrl":"https:\/\/www.entrearteycultura.es\/wp-content\/uploads\/2023\/02\/AREVALO.jpg","width":1254,"height":600},{"@type":"BreadcrumbList","@id":"https:\/\/www.entrearteycultura.es\/?eap_event=arevalo-visita-mudejar-contemporaneo-collegium#breadcrumb","itemListElement":[{"@type":"ListItem","position":1,"name":"Portada","item":"https:\/\/www.entrearteycultura.es\/"},{"@type":"ListItem","position":2,"name":"Events","item":"https:\/\/www.entrearteycultura.es\/?post_type=eap_event"},{"@type":"ListItem","position":3,"name":"Escapada de día: Arévalo"}]},{"@type":"WebSite","@id":"https:\/\/www.entrearteycultura.es\/#website","url":"https:\/\/www.entrearteycultura.es\/","name":"Entre Arte y cultura","description":"Viajes, eventos cuturales, conferencias y tertulias","potentialAction":[{"@type":"SearchAction","target":{"@type":"EntryPoint","urlTemplate":"https:\/\/www.entrearteycultura.es\/?s={search_term_string}"},"query-input":{"@type":"PropertyValueSpecification","valueRequired":true,"valueName":"search_term_string"}}],"inLanguage":"en-US"}]}</script>
<!-- / Yoast SEO plugin. -->

Escapada de día: Arévalo - Entre Arte y cultura

VIsita de día a Arévalo para disfrutar de su arte mudéjar y de actual apuesta por el arte contemporáneo con COLLEGIUM

Escapada de día: Arévalo
