{"id":426,"date":"2023-02-06T17:16:28","date_gmt":"2023-02-06T17:16:28","guid":{"rendered":"https:\/\/www.entrearteycultura.es\/?post_type=eap_event&#038;p=426"},"modified":"2023-02-06T17:16:32","modified_gmt":"2023-02-06T17:16:32","slug":"viajes-y-escapadas-2022","status":"publish","type":"eap_event","link":"https:\/\/www.entrearteycultura.es\/?eap_event=viajes-y-escapadas-2022","title":{"rendered":"Viajes y escapadas 2022"},"content":{"rendered":"\n<p>Ar\u00e9valo, del arte Mud\u00e9jar al Contempor\u00e1neo<\/p>\n\n\n\n<p>Nuevo Bazt\u00e1n y Loeches<\/p>\n\n\n\n<p>Tur\u00edn primera capital de Italia, de los Saboya a los Agnelli<\/p>\n\n\n\n<p>Guadalajara, tesoros desconocidos<\/p>\n\n\n\n<p>Ubeda y Baeza, tesoros renacentistas entre olivares<\/p>\n\n\n\n<p><\/p>\n","protected":false},"excerpt":{"rendered":"<p>Ar\u00e9valo, del arte Mud\u00e9jar al Contempor\u00e1neo Nuevo Bazt\u00e1n y Loeches Tur\u00edn primera capital de Italia, de los Saboya a los Agnelli Guadalajara, tesoros desconocidos Ubeda y Baeza, tesoros renacentistas entre olivares<\/p>\n","protected":false},"author":1,"featured_media":427,"comment_status":"open","ping_status":"closed","template":"","categories":[45],"class_list":["post-426","eap_event","type-eap_event","status-publish","has-post-thumbnail","hentry","category-eventos-pasados"],"yoast_head":"<!-- This site is optimized with the Yoast SEO plugin v27.5 - https:\/\/yoast.com\/product\/yoast-seo-wordpress\/ -->\n<title>Viajes y escapadas 2022 - Entre Arte y cultura<\/title>\n<meta name=\"robots\" content=\"index, follow, max-snippet:-1, max-image-preview:large, max-video-preview:-1\" \/>\n<link rel=\"canonical\" href=\"https:\/\/www.entrearteycultura.es\/?eap_event=viajes-y-escapadas-2022\" \/>\n<meta property=\"og:locale\" content=\"en_US\" \/>\n<meta property=\"og:type\" content=\"article\" \/>\n<meta property=\"og:title\" content=\"Viajes y escapadas 2022 - Entre Arte y cultura\" \/>\n<meta property=\"og:description\" content=\"Ar\u00e9valo, del arte Mud\u00e9jar al Contempor\u00e1neo Nuevo Bazt\u00e1n y Loeches Tur\u00edn primera capital de Italia, de los Saboya a los Agnelli Guadalajara, tesoros desconocidos Ubeda y Baeza, tesoros renacentistas entre olivares\" \/>\n<meta property=\"og:url\" content=\"https:\/\/www.entrearteycultura.es\/?eap_event=viajes-y-escapadas-2022\" \/>\n<meta property=\"og:site_name\" content=\"Entre Arte y cultura\" \/>\n<meta property=\"article:modified_time\" content=\"2023-02-06T17:16:32+00:00\" \/>\n<meta property=\"og:image\" content=\"https:\/\/www.entrearteycultura.es\/wp-content\/uploads\/2023\/02\/castillo-.jpg\" \/>\n\t<meta property=\"og:image:width\" content=\"1147\" \/>\n\t<meta property=\"og:image:height\" content=\"568\" \/>\n\t<meta property=\"og:image:type\" content=\"image\/jpeg\" \/>\n<meta name=\"twitter:card\" content=\"summary_large_image\" \/>\n<meta name=\"twitter:label1\" content=\"Est. reading time\" \/>\n\t<meta name=\"twitter:data1\" content=\"1 minute\" \/>\n<script type=\"application\/ld+json\" class=\"yoast-schema-graph\">{\"@context\":\"https:\\\/\\\/schema.org\",\"@graph\":[{\"@type\":\"WebPage\",\"@id\":\"https:\\\/\\\/www.entrearteycultura.es\\\/?eap_event=viajes-y-escapadas-2022\",\"url\":\"https:\\\/\\\/www.entrearteycultura.es\\\/?eap_event=viajes-y-escapadas-2022\",\"name\":\"Viajes y escapadas 2022 - Entre Arte y cultura\",\"isPartOf\":{\"@id\":\"https:\\\/\\\/www.entrearteycultura.es\\\/#website\"},\"primaryImageOfPage\":{\"@id\":\"https:\\\/\\\/www.entrearteycultura.es\\\/?eap_event=viajes-y-escapadas-2022#primaryimage\"},\"image\":{\"@id\":\"https:\\\/\\\/www.entrearteycultura.es\\\/?eap_event=viajes-y-escapadas-2022#primaryimage\"},\"thumbnailUrl\":\"https:\\\/\\\/www.entrearteycultura.es\\\/wp-content\\\/uploads\\\/2023\\\/02\\\/castillo-.jpg\",\"datePublished\":\"2023-02-06T17:16:28+00:00\",\"dateModified\":\"2023-02-06T17:16:32+00:00\",\"breadcrumb\":{\"@id\":\"https:\\\/\\\/www.entrearteycultura.es\\\/?eap_event=viajes-y-escapadas-2022#breadcrumb\"},\"inLanguage\":\"en-US\",\"potentialAction\":[{\"@type\":\"ReadAction\",\"target\":[\"https:\\\/\\\/www.entrearteycultura.es\\\/?eap_event=viajes-y-escapadas-2022\"]}]},{\"@type\":\"ImageObject\",\"inLanguage\":\"en-US\",\"@id\":\"https:\\\/\\\/www.entrearteycultura.es\\\/?eap_event=viajes-y-escapadas-2022#primaryimage\",\"url\":\"https:\\\/\\\/www.entrearteycultura.es\\\/wp-content\\\/uploads\\\/2023\\\/02\\\/castillo-.jpg\",\"contentUrl\":\"https:\\\/\\\/www.entrearteycultura.es\\\/wp-content\\\/uploads\\\/2023\\\/02\\\/castillo-.jpg\",\"width\":1147,\"height\":568},{\"@type\":\"BreadcrumbList\",\"@id\":\"https:\\\/\\\/www.entrearteycultura.es\\\/?eap_event=viajes-y-escapadas-2022#breadcrumb\",\"itemListElement\":[{\"@type\":\"ListItem\",\"position\":1,\"name\":\"Portada\",\"item\":\"https:\\\/\\\/www.entrearteycultura.es\\\/\"},{\"@type\":\"ListItem\",\"position\":2,\"name\":\"Events\",\"item\":\"https:\\\/\\\/www.entrearteycultura.es\\\/?post_type=eap_event\"},{\"@type\":\"ListItem\",\"position\":3,\"name\":\"Viajes y escapadas 2022\"}]},{\"@type\":\"WebSite\",\"@id\":\"https:\\\/\\\/www.entrearteycultura.es\\\/#website\",\"url\":\"https:\\\/\\\/www.entrearteycultura.es\\\/\",\"name\":\"Entre Arte y cultura\",\"description\":\"Viajes, eventos cuturales, conferencias y tertulias\",\"potentialAction\":[{\"@type\":\"SearchAction\",\"target\":{\"@type\":\"EntryPoint\",\"urlTemplate\":\"https:\\\/\\\/www.entrearteycultura.es\\\/?s={search_term_string}\"},\"query-input\":{\"@type\":\"PropertyValueSpecification\",\"valueRequired\":true,\"valueName\":\"search_term_string\"}}],\"inLanguage\":\"en-US\"}]}<\/script>\n<!-- \/ Yoast SEO plugin. -->","yoast_head_json":{"title":"Viajes y escapadas 2022 - Entre Arte y cultura","robots":{"index":"index","follow":"follow","max-snippet":"max-snippet:-1","max-image-preview":"max-image-preview:large","max-video-preview":"max-video-preview:-1"},"canonical":"https:\/\/www.entrearteycultura.es\/?eap_event=viajes-y-escapadas-2022","og_locale":"en_US","og_type":"article","og_title":"Viajes y escapadas 2022 - Entre Arte y cultura","og_description":"Ar\u00e9valo, del arte Mud\u00e9jar al Contempor\u00e1neo Nuevo Bazt\u00e1n y Loeches Tur\u00edn primera capital de Italia, de los Saboya a los Agnelli Guadalajara, tesoros desconocidos Ubeda y Baeza, tesoros renacentistas entre olivares","og_url":"https:\/\/www.entrearteycultura.es\/?eap_event=viajes-y-escapadas-2022","og_site_name":"Entre Arte y cultura","article_modified_time":"2023-02-06T17:16:32+00:00","og_image":[{"width":1147,"height":568,"url":"https:\/\/www.entrearteycultura.es\/wp-content\/uploads\/2023\/02\/castillo-.jpg","type":"image\/jpeg"}],"twitter_card":"summary_large_image","twitter_misc":{"Est. reading time":"1 minute"},"schema":{"@context":"https:\/\/schema.org","@graph":[{"@type":"WebPage","@id":"https:\/\/www.entrearteycultura.es\/?eap_event=viajes-y-escapadas-2022","url":"https:\/\/www.entrearteycultura.es\/?eap_event=viajes-y-escapadas-2022","name":"Viajes y escapadas 2022 - Entre Arte y cultura","isPartOf":{"@id":"https:\/\/www.entrearteycultura.es\/#website"},"primaryImageOfPage":{"@id":"https:\/\/www.entrearteycultura.es\/?eap_event=viajes-y-escapadas-2022#primaryimage"},"image":{"@id":"https:\/\/www.entrearteycultura.es\/?eap_event=viajes-y-escapadas-2022#primaryimage"},"thumbnailUrl":"https:\/\/www.entrearteycultura.es\/wp-content\/uploads\/2023\/02\/castillo-.jpg","datePublished":"2023-02-06T17:16:28+00:00","dateModified":"2023-02-06T17:16:32+00:00","breadcrumb":{"@id":"https:\/\/www.entrearteycultura.es\/?eap_event=viajes-y-escapadas-2022#breadcrumb"},"inLanguage":"en-US","potentialAction":[{"@type":"ReadAction","target":["https:\/\/www.entrearteycultura.es\/?eap_event=viajes-y-escapadas-2022"]}]},{"@type":"ImageObject","inLanguage":"en-US","@id":"https:\/\/www.entrearteycultura.es\/?eap_event=viajes-y-escapadas-2022#primaryimage","url":"https:\/\/www.entrearteycultura.es\/wp-content\/uploads\/2023\/02\/castillo-.jpg","contentUrl":"https:\/\/www.entrearteycultura.es\/wp-content\/uploads\/2023\/02\/castillo-.jpg","width":1147,"height":568},{"@type":"BreadcrumbList","@id":"https:\/\/www.entrearteycultura.es\/?eap_event=viajes-y-escapadas-2022#breadcrumb","itemListElement":[{"@type":"ListItem","position":1,"name":"Portada","item":"https:\/\/www.entrearteycultura.es\/"},{"@type":"ListItem","position":2,"name":"Events","item":"https:\/\/www.entrearteycultura.es\/?post_type=eap_event"},{"@type":"ListItem","position":3,"name":"Viajes y escapadas 2022"}]},{"@type":"WebSite","@id":"https:\/\/www.entrearteycultura.es\/#website","url":"https:\/\/www.entrearteycultura.es\/","name":"Entre Arte y cultura","description":"Viajes, eventos cuturales, conferencias y tertulias","potentialAction":[{"@type":"SearchAction","target":{"@type":"EntryPoint","urlTemplate":"https:\/\/www.entrearteycultura.es\/?s={search_term_string}"},"query-input":{"@type":"PropertyValueSpecification","valueRequired":true,"valueName":"search_term_string"}}],"inLanguage":"en-US"}]}},"_links":{"self":[{"href":"https:\/\/www.entrearteycultura.es\/index.php?rest_route=\/wp\/v2\/eap_event\/426","targetHints":{"allow":["GET"]}}],"collection":[{"href":"https:\/\/www.entrearteycultura.es\/index.php?rest_route=\/wp\/v2\/eap_event"}],"about":[{"href":"https:\/\/www.entrearteycultura.es\/index.php?rest_route=\/wp\/v2\/types\/eap_event"}],"author":[{"embeddable":true,"href":"https:\/\/www.entrearteycultura.es\/index.php?rest_route=\/wp\/v2\/users\/1"}],"replies":[{"embeddable":true,"href":"https:\/\/www.entrearteycultura.es\/index.php?rest_route=%2Fwp%2Fv2%2Fcomments&post=426"}],"version-history":[{"count":1,"href":"https:\/\/www.entrearteycultura.es\/index.php?rest_route=\/wp\/v2\/eap_event\/426\/revisions"}],"predecessor-version":[{"id":428,"href":"https:\/\/www.entrearteycultura.es\/index.php?rest_route=\/wp\/v2\/eap_event\/426\/revisions\/428"}],"wp:featuredmedia":[{"embeddable":true,"href":"https:\/\/www.entrearteycultura.es\/index.php?rest_route=\/wp\/v2\/media\/427"}],"wp:attachment":[{"href":"https:\/\/www.entrearteycultura.es\/index.php?rest_route=%2Fwp%2Fv2%2Fmedia&parent=426"}],"wp:term":[{"taxonomy":"category","embeddable":true,"href":"https:\/\/www.entrearteycultura.es\/index.php?rest_route=%2Fwp%2Fv2%2Fcategories&post=426"}],"curies":[{"name":"wp","href":"https:\/\/api.w.org\/{rel}","templated":true}]}}

<p>Arévalo, del arte Mudéjar al Contemporáneo</p>



<p>Nuevo Baztán y Loeches</p>



<p>Turín primera capital de Italia, de los Saboya a los Agnelli</p>



<p>Guadalajara, tesoros desconocidos</p>



<p>Ubeda y Baeza, tesoros renacentistas entre olivares</p>



<p></p>

<p>Arévalo, del arte Mudéjar al Contemporáneo Nuevo Baztán y Loeches Turín primera capital de Italia, de los Saboya a los Agnelli Guadalajara, tesoros desconocidos Ubeda y Baeza, tesoros renacentistas entre olivares</p>

<!-- This site is optimized with the Yoast SEO plugin v27.5 - https://yoast.com/product/yoast-seo-wordpress/ -->
<title>Viajes y escapadas 2022 - Entre Arte y cultura</title>
<meta name="robots" content="index, follow, max-snippet:-1, max-image-preview:large, max-video-preview:-1" />
<link rel="canonical" href="https://www.entrearteycultura.es/?eap_event=viajes-y-escapadas-2022" />
<meta property="og:locale" content="en_US" />
<meta property="og:type" content="article" />
<meta property="og:title" content="Viajes y escapadas 2022 - Entre Arte y cultura" />
<meta property="og:description" content="Arévalo, del arte Mudéjar al Contemporáneo Nuevo Baztán y Loeches Turín primera capital de Italia, de los Saboya a los Agnelli Guadalajara, tesoros desconocidos Ubeda y Baeza, tesoros renacentistas entre olivares" />
<meta property="og:url" content="https://www.entrearteycultura.es/?eap_event=viajes-y-escapadas-2022" />
<meta property="og:site_name" content="Entre Arte y cultura" />
<meta property="article:modified_time" content="2023-02-06T17:16:32+00:00" />
<meta property="og:image" content="https://www.entrearteycultura.es/wp-content/uploads/2023/02/castillo-.jpg" />
	<meta property="og:image:width" content="1147" />
	<meta property="og:image:height" content="568" />
	<meta property="og:image:type" content="image/jpeg" />
<meta name="twitter:card" content="summary_large_image" />
<meta name="twitter:label1" content="Est. reading time" />
	<meta name="twitter:data1" content="1 minute" />
<script type="application/ld+json" class="yoast-schema-graph">{"@context":"https:\/\/schema.org","@graph":[{"@type":"WebPage","@id":"https:\/\/www.entrearteycultura.es\/?eap_event=viajes-y-escapadas-2022","url":"https:\/\/www.entrearteycultura.es\/?eap_event=viajes-y-escapadas-2022","name":"Viajes y escapadas 2022 - Entre Arte y cultura","isPartOf":{"@id":"https:\/\/www.entrearteycultura.es\/#website"},"primaryImageOfPage":{"@id":"https:\/\/www.entrearteycultura.es\/?eap_event=viajes-y-escapadas-2022#primaryimage"},"image":{"@id":"https:\/\/www.entrearteycultura.es\/?eap_event=viajes-y-escapadas-2022#primaryimage"},"thumbnailUrl":"https:\/\/www.entrearteycultura.es\/wp-content\/uploads\/2023\/02\/castillo-.jpg","datePublished":"2023-02-06T17:16:28+00:00","dateModified":"2023-02-06T17:16:32+00:00","breadcrumb":{"@id":"https:\/\/www.entrearteycultura.es\/?eap_event=viajes-y-escapadas-2022#breadcrumb"},"inLanguage":"en-US","potentialAction":[{"@type":"ReadAction","target":["https:\/\/www.entrearteycultura.es\/?eap_event=viajes-y-escapadas-2022"]}]},{"@type":"ImageObject","inLanguage":"en-US","@id":"https:\/\/www.entrearteycultura.es\/?eap_event=viajes-y-escapadas-2022#primaryimage","url":"https:\/\/www.entrearteycultura.es\/wp-content\/uploads\/2023\/02\/castillo-.jpg","contentUrl":"https:\/\/www.entrearteycultura.es\/wp-content\/uploads\/2023\/02\/castillo-.jpg","width":1147,"height":568},{"@type":"BreadcrumbList","@id":"https:\/\/www.entrearteycultura.es\/?eap_event=viajes-y-escapadas-2022#breadcrumb","itemListElement":[{"@type":"ListItem","position":1,"name":"Portada","item":"https:\/\/www.entrearteycultura.es\/"},{"@type":"ListItem","position":2,"name":"Events","item":"https:\/\/www.entrearteycultura.es\/?post_type=eap_event"},{"@type":"ListItem","position":3,"name":"Viajes y escapadas 2022"}]},{"@type":"WebSite","@id":"https:\/\/www.entrearteycultura.es\/#website","url":"https:\/\/www.entrearteycultura.es\/","name":"Entre Arte y cultura","description":"Viajes, eventos cuturales, conferencias y tertulias","potentialAction":[{"@type":"SearchAction","target":{"@type":"EntryPoint","urlTemplate":"https:\/\/www.entrearteycultura.es\/?s={search_term_string}"},"query-input":{"@type":"PropertyValueSpecification","valueRequired":true,"valueName":"search_term_string"}}],"inLanguage":"en-US"}]}</script>
<!-- / Yoast SEO plugin. -->

Arévalo, del arte Mudéjar al Contemporáneo Nuevo Baztán y Loeches Turín primera capital de Italia, de los Saboya a los Agnelli Guadalajara, tesoros desconocidos Ubeda y Baeza, tesoros renacentistas entre olivares
