{"id":423,"date":"2023-02-06T17:07:00","date_gmt":"2023-02-06T17:07:00","guid":{"rendered":"https:\/\/www.entrearteycultura.es\/?post_type=eap_event&#038;p=423"},"modified":"2023-02-06T17:07:01","modified_gmt":"2023-02-06T17:07:01","slug":"conferencias-y-experiencias-2022","status":"publish","type":"eap_event","link":"https:\/\/www.entrearteycultura.es\/?eap_event=conferencias-y-experiencias-2022","title":{"rendered":"Conferencias y experiencias 2022"},"content":{"rendered":"\n<p>Riesgos de las nuevas tecnolog\u00edas y las redes sociales. Don Francisco Lorenzo Tuero<\/p>\n\n\n\n<p>La Zarzuela, nuestro g\u00e9nero l\u00edrico. D\u00f1a. Mar\u00eda Fern\u00e1ndez-Shaw y Don Daniel Bianco, director del Teatro de la Zarzuela<\/p>\n\n\n\n<p>Degustaci\u00f3n de diversas vaciedades de tomates. Don Guillermo del Campo, gerente del mercado de la Paz<\/p>\n\n\n\n<p>Nuevas tendencias del arte contempor\u00e1neo. Dra. Marta P\u00e9rez-Ib\u00e1\u00f1ez<\/p>\n","protected":false},"excerpt":{"rendered":"<p>Riesgos de las nuevas tecnolog\u00edas y las redes sociales. Don Francisco Lorenzo Tuero La Zarzuela, nuestro g\u00e9nero l\u00edrico. D\u00f1a. Mar\u00eda Fern\u00e1ndez-Shaw y Don Daniel Bianco, director del Teatro de la Zarzuela Degustaci\u00f3n de diversas vaciedades de tomates. Don Guillermo del Campo, gerente del mercado de la Paz Nuevas tendencias del arte contempor\u00e1neo. Dra. Marta P\u00e9rez-Ib\u00e1\u00f1ez<\/p>\n","protected":false},"author":1,"featured_media":424,"comment_status":"open","ping_status":"closed","template":"","categories":[45],"class_list":["post-423","eap_event","type-eap_event","status-publish","has-post-thumbnail","hentry","category-eventos-pasados"],"yoast_head":"<!-- This site is optimized with the Yoast SEO plugin v27.5 - https:\/\/yoast.com\/product\/yoast-seo-wordpress\/ -->\n<title>Conferencias y experiencias 2022 - Entre Arte y cultura<\/title>\n<meta name=\"robots\" content=\"index, follow, max-snippet:-1, max-image-preview:large, max-video-preview:-1\" \/>\n<link rel=\"canonical\" href=\"https:\/\/www.entrearteycultura.es\/?eap_event=conferencias-y-experiencias-2022\" \/>\n<meta property=\"og:locale\" content=\"en_US\" \/>\n<meta property=\"og:type\" content=\"article\" \/>\n<meta property=\"og:title\" content=\"Conferencias y experiencias 2022 - Entre Arte y cultura\" \/>\n<meta property=\"og:description\" content=\"Riesgos de las nuevas tecnolog\u00edas y las redes sociales. Don Francisco Lorenzo Tuero La Zarzuela, nuestro g\u00e9nero l\u00edrico. D\u00f1a. Mar\u00eda Fern\u00e1ndez-Shaw y Don Daniel Bianco, director del Teatro de la Zarzuela Degustaci\u00f3n de diversas vaciedades de tomates. Don Guillermo del Campo, gerente del mercado de la Paz Nuevas tendencias del arte contempor\u00e1neo. Dra. Marta P\u00e9rez-Ib\u00e1\u00f1ez\" \/>\n<meta property=\"og:url\" content=\"https:\/\/www.entrearteycultura.es\/?eap_event=conferencias-y-experiencias-2022\" \/>\n<meta property=\"og:site_name\" content=\"Entre Arte y cultura\" \/>\n<meta property=\"article:modified_time\" content=\"2023-02-06T17:07:01+00:00\" \/>\n<meta property=\"og:image\" content=\"https:\/\/www.entrearteycultura.es\/wp-content\/uploads\/2023\/02\/Ente-arte-coferencias.jpg\" \/>\n\t<meta property=\"og:image:width\" content=\"960\" \/>\n\t<meta property=\"og:image:height\" content=\"525\" \/>\n\t<meta property=\"og:image:type\" content=\"image\/jpeg\" \/>\n<meta name=\"twitter:card\" content=\"summary_large_image\" \/>\n<meta name=\"twitter:label1\" content=\"Est. reading time\" \/>\n\t<meta name=\"twitter:data1\" content=\"1 minute\" \/>\n<script type=\"application\/ld+json\" class=\"yoast-schema-graph\">{\"@context\":\"https:\\\/\\\/schema.org\",\"@graph\":[{\"@type\":\"WebPage\",\"@id\":\"https:\\\/\\\/www.entrearteycultura.es\\\/?eap_event=conferencias-y-experiencias-2022\",\"url\":\"https:\\\/\\\/www.entrearteycultura.es\\\/?eap_event=conferencias-y-experiencias-2022\",\"name\":\"Conferencias y experiencias 2022 - Entre Arte y cultura\",\"isPartOf\":{\"@id\":\"https:\\\/\\\/www.entrearteycultura.es\\\/#website\"},\"primaryImageOfPage\":{\"@id\":\"https:\\\/\\\/www.entrearteycultura.es\\\/?eap_event=conferencias-y-experiencias-2022#primaryimage\"},\"image\":{\"@id\":\"https:\\\/\\\/www.entrearteycultura.es\\\/?eap_event=conferencias-y-experiencias-2022#primaryimage\"},\"thumbnailUrl\":\"https:\\\/\\\/www.entrearteycultura.es\\\/wp-content\\\/uploads\\\/2023\\\/02\\\/Ente-arte-coferencias.jpg\",\"datePublished\":\"2023-02-06T17:07:00+00:00\",\"dateModified\":\"2023-02-06T17:07:01+00:00\",\"breadcrumb\":{\"@id\":\"https:\\\/\\\/www.entrearteycultura.es\\\/?eap_event=conferencias-y-experiencias-2022#breadcrumb\"},\"inLanguage\":\"en-US\",\"potentialAction\":[{\"@type\":\"ReadAction\",\"target\":[\"https:\\\/\\\/www.entrearteycultura.es\\\/?eap_event=conferencias-y-experiencias-2022\"]}]},{\"@type\":\"ImageObject\",\"inLanguage\":\"en-US\",\"@id\":\"https:\\\/\\\/www.entrearteycultura.es\\\/?eap_event=conferencias-y-experiencias-2022#primaryimage\",\"url\":\"https:\\\/\\\/www.entrearteycultura.es\\\/wp-content\\\/uploads\\\/2023\\\/02\\\/Ente-arte-coferencias.jpg\",\"contentUrl\":\"https:\\\/\\\/www.entrearteycultura.es\\\/wp-content\\\/uploads\\\/2023\\\/02\\\/Ente-arte-coferencias.jpg\",\"width\":960,\"height\":525},{\"@type\":\"BreadcrumbList\",\"@id\":\"https:\\\/\\\/www.entrearteycultura.es\\\/?eap_event=conferencias-y-experiencias-2022#breadcrumb\",\"itemListElement\":[{\"@type\":\"ListItem\",\"position\":1,\"name\":\"Portada\",\"item\":\"https:\\\/\\\/www.entrearteycultura.es\\\/\"},{\"@type\":\"ListItem\",\"position\":2,\"name\":\"Events\",\"item\":\"https:\\\/\\\/www.entrearteycultura.es\\\/?post_type=eap_event\"},{\"@type\":\"ListItem\",\"position\":3,\"name\":\"Conferencias y experiencias 2022\"}]},{\"@type\":\"WebSite\",\"@id\":\"https:\\\/\\\/www.entrearteycultura.es\\\/#website\",\"url\":\"https:\\\/\\\/www.entrearteycultura.es\\\/\",\"name\":\"Entre Arte y cultura\",\"description\":\"Viajes, eventos cuturales, conferencias y tertulias\",\"potentialAction\":[{\"@type\":\"SearchAction\",\"target\":{\"@type\":\"EntryPoint\",\"urlTemplate\":\"https:\\\/\\\/www.entrearteycultura.es\\\/?s={search_term_string}\"},\"query-input\":{\"@type\":\"PropertyValueSpecification\",\"valueRequired\":true,\"valueName\":\"search_term_string\"}}],\"inLanguage\":\"en-US\"}]}<\/script>\n<!-- \/ Yoast SEO plugin. -->","yoast_head_json":{"title":"Conferencias y experiencias 2022 - Entre Arte y cultura","robots":{"index":"index","follow":"follow","max-snippet":"max-snippet:-1","max-image-preview":"max-image-preview:large","max-video-preview":"max-video-preview:-1"},"canonical":"https:\/\/www.entrearteycultura.es\/?eap_event=conferencias-y-experiencias-2022","og_locale":"en_US","og_type":"article","og_title":"Conferencias y experiencias 2022 - Entre Arte y cultura","og_description":"Riesgos de las nuevas tecnolog\u00edas y las redes sociales. Don Francisco Lorenzo Tuero La Zarzuela, nuestro g\u00e9nero l\u00edrico. D\u00f1a. Mar\u00eda Fern\u00e1ndez-Shaw y Don Daniel Bianco, director del Teatro de la Zarzuela Degustaci\u00f3n de diversas vaciedades de tomates. Don Guillermo del Campo, gerente del mercado de la Paz Nuevas tendencias del arte contempor\u00e1neo. Dra. Marta P\u00e9rez-Ib\u00e1\u00f1ez","og_url":"https:\/\/www.entrearteycultura.es\/?eap_event=conferencias-y-experiencias-2022","og_site_name":"Entre Arte y cultura","article_modified_time":"2023-02-06T17:07:01+00:00","og_image":[{"width":960,"height":525,"url":"https:\/\/www.entrearteycultura.es\/wp-content\/uploads\/2023\/02\/Ente-arte-coferencias.jpg","type":"image\/jpeg"}],"twitter_card":"summary_large_image","twitter_misc":{"Est. reading time":"1 minute"},"schema":{"@context":"https:\/\/schema.org","@graph":[{"@type":"WebPage","@id":"https:\/\/www.entrearteycultura.es\/?eap_event=conferencias-y-experiencias-2022","url":"https:\/\/www.entrearteycultura.es\/?eap_event=conferencias-y-experiencias-2022","name":"Conferencias y experiencias 2022 - Entre Arte y cultura","isPartOf":{"@id":"https:\/\/www.entrearteycultura.es\/#website"},"primaryImageOfPage":{"@id":"https:\/\/www.entrearteycultura.es\/?eap_event=conferencias-y-experiencias-2022#primaryimage"},"image":{"@id":"https:\/\/www.entrearteycultura.es\/?eap_event=conferencias-y-experiencias-2022#primaryimage"},"thumbnailUrl":"https:\/\/www.entrearteycultura.es\/wp-content\/uploads\/2023\/02\/Ente-arte-coferencias.jpg","datePublished":"2023-02-06T17:07:00+00:00","dateModified":"2023-02-06T17:07:01+00:00","breadcrumb":{"@id":"https:\/\/www.entrearteycultura.es\/?eap_event=conferencias-y-experiencias-2022#breadcrumb"},"inLanguage":"en-US","potentialAction":[{"@type":"ReadAction","target":["https:\/\/www.entrearteycultura.es\/?eap_event=conferencias-y-experiencias-2022"]}]},{"@type":"ImageObject","inLanguage":"en-US","@id":"https:\/\/www.entrearteycultura.es\/?eap_event=conferencias-y-experiencias-2022#primaryimage","url":"https:\/\/www.entrearteycultura.es\/wp-content\/uploads\/2023\/02\/Ente-arte-coferencias.jpg","contentUrl":"https:\/\/www.entrearteycultura.es\/wp-content\/uploads\/2023\/02\/Ente-arte-coferencias.jpg","width":960,"height":525},{"@type":"BreadcrumbList","@id":"https:\/\/www.entrearteycultura.es\/?eap_event=conferencias-y-experiencias-2022#breadcrumb","itemListElement":[{"@type":"ListItem","position":1,"name":"Portada","item":"https:\/\/www.entrearteycultura.es\/"},{"@type":"ListItem","position":2,"name":"Events","item":"https:\/\/www.entrearteycultura.es\/?post_type=eap_event"},{"@type":"ListItem","position":3,"name":"Conferencias y experiencias 2022"}]},{"@type":"WebSite","@id":"https:\/\/www.entrearteycultura.es\/#website","url":"https:\/\/www.entrearteycultura.es\/","name":"Entre Arte y cultura","description":"Viajes, eventos cuturales, conferencias y tertulias","potentialAction":[{"@type":"SearchAction","target":{"@type":"EntryPoint","urlTemplate":"https:\/\/www.entrearteycultura.es\/?s={search_term_string}"},"query-input":{"@type":"PropertyValueSpecification","valueRequired":true,"valueName":"search_term_string"}}],"inLanguage":"en-US"}]}},"_links":{"self":[{"href":"https:\/\/www.entrearteycultura.es\/index.php?rest_route=\/wp\/v2\/eap_event\/423","targetHints":{"allow":["GET"]}}],"collection":[{"href":"https:\/\/www.entrearteycultura.es\/index.php?rest_route=\/wp\/v2\/eap_event"}],"about":[{"href":"https:\/\/www.entrearteycultura.es\/index.php?rest_route=\/wp\/v2\/types\/eap_event"}],"author":[{"embeddable":true,"href":"https:\/\/www.entrearteycultura.es\/index.php?rest_route=\/wp\/v2\/users\/1"}],"replies":[{"embeddable":true,"href":"https:\/\/www.entrearteycultura.es\/index.php?rest_route=%2Fwp%2Fv2%2Fcomments&post=423"}],"version-history":[{"count":1,"href":"https:\/\/www.entrearteycultura.es\/index.php?rest_route=\/wp\/v2\/eap_event\/423\/revisions"}],"predecessor-version":[{"id":425,"href":"https:\/\/www.entrearteycultura.es\/index.php?rest_route=\/wp\/v2\/eap_event\/423\/revisions\/425"}],"wp:featuredmedia":[{"embeddable":true,"href":"https:\/\/www.entrearteycultura.es\/index.php?rest_route=\/wp\/v2\/media\/424"}],"wp:attachment":[{"href":"https:\/\/www.entrearteycultura.es\/index.php?rest_route=%2Fwp%2Fv2%2Fmedia&parent=423"}],"wp:term":[{"taxonomy":"category","embeddable":true,"href":"https:\/\/www.entrearteycultura.es\/index.php?rest_route=%2Fwp%2Fv2%2Fcategories&post=423"}],"curies":[{"name":"wp","href":"https:\/\/api.w.org\/{rel}","templated":true}]}}

<p>Riesgos de las nuevas tecnologías y las redes sociales. Don Francisco Lorenzo Tuero</p>



<p>La Zarzuela, nuestro género lírico. Dña. María Fernández-Shaw y Don Daniel Bianco, director del Teatro de la Zarzuela</p>



<p>Degustación de diversas vaciedades de tomates. Don Guillermo del Campo, gerente del mercado de la Paz</p>



<p>Nuevas tendencias del arte contemporáneo. Dra. Marta Pérez-Ibáñez</p>

<p>Riesgos de las nuevas tecnologías y las redes sociales. Don Francisco Lorenzo Tuero La Zarzuela, nuestro género lírico. Dña. María Fernández-Shaw y Don Daniel Bianco, director del Teatro de la Zarzuela Degustación de diversas vaciedades de tomates. Don Guillermo del Campo, gerente del mercado de la Paz Nuevas tendencias del arte contemporáneo. Dra. Marta Pérez-Ibáñez</p>

<!-- This site is optimized with the Yoast SEO plugin v27.5 - https://yoast.com/product/yoast-seo-wordpress/ -->
<title>Conferencias y experiencias 2022 - Entre Arte y cultura</title>
<meta name="robots" content="index, follow, max-snippet:-1, max-image-preview:large, max-video-preview:-1" />
<link rel="canonical" href="https://www.entrearteycultura.es/?eap_event=conferencias-y-experiencias-2022" />
<meta property="og:locale" content="en_US" />
<meta property="og:type" content="article" />
<meta property="og:title" content="Conferencias y experiencias 2022 - Entre Arte y cultura" />
<meta property="og:description" content="Riesgos de las nuevas tecnologías y las redes sociales. Don Francisco Lorenzo Tuero La Zarzuela, nuestro género lírico. Dña. María Fernández-Shaw y Don Daniel Bianco, director del Teatro de la Zarzuela Degustación de diversas vaciedades de tomates. Don Guillermo del Campo, gerente del mercado de la Paz Nuevas tendencias del arte contemporáneo. Dra. Marta Pérez-Ibáñez" />
<meta property="og:url" content="https://www.entrearteycultura.es/?eap_event=conferencias-y-experiencias-2022" />
<meta property="og:site_name" content="Entre Arte y cultura" />
<meta property="article:modified_time" content="2023-02-06T17:07:01+00:00" />
<meta property="og:image" content="https://www.entrearteycultura.es/wp-content/uploads/2023/02/Ente-arte-coferencias.jpg" />
	<meta property="og:image:width" content="960" />
	<meta property="og:image:height" content="525" />
	<meta property="og:image:type" content="image/jpeg" />
<meta name="twitter:card" content="summary_large_image" />
<meta name="twitter:label1" content="Est. reading time" />
	<meta name="twitter:data1" content="1 minute" />
<script type="application/ld+json" class="yoast-schema-graph">{"@context":"https:\/\/schema.org","@graph":[{"@type":"WebPage","@id":"https:\/\/www.entrearteycultura.es\/?eap_event=conferencias-y-experiencias-2022","url":"https:\/\/www.entrearteycultura.es\/?eap_event=conferencias-y-experiencias-2022","name":"Conferencias y experiencias 2022 - Entre Arte y cultura","isPartOf":{"@id":"https:\/\/www.entrearteycultura.es\/#website"},"primaryImageOfPage":{"@id":"https:\/\/www.entrearteycultura.es\/?eap_event=conferencias-y-experiencias-2022#primaryimage"},"image":{"@id":"https:\/\/www.entrearteycultura.es\/?eap_event=conferencias-y-experiencias-2022#primaryimage"},"thumbnailUrl":"https:\/\/www.entrearteycultura.es\/wp-content\/uploads\/2023\/02\/Ente-arte-coferencias.jpg","datePublished":"2023-02-06T17:07:00+00:00","dateModified":"2023-02-06T17:07:01+00:00","breadcrumb":{"@id":"https:\/\/www.entrearteycultura.es\/?eap_event=conferencias-y-experiencias-2022#breadcrumb"},"inLanguage":"en-US","potentialAction":[{"@type":"ReadAction","target":["https:\/\/www.entrearteycultura.es\/?eap_event=conferencias-y-experiencias-2022"]}]},{"@type":"ImageObject","inLanguage":"en-US","@id":"https:\/\/www.entrearteycultura.es\/?eap_event=conferencias-y-experiencias-2022#primaryimage","url":"https:\/\/www.entrearteycultura.es\/wp-content\/uploads\/2023\/02\/Ente-arte-coferencias.jpg","contentUrl":"https:\/\/www.entrearteycultura.es\/wp-content\/uploads\/2023\/02\/Ente-arte-coferencias.jpg","width":960,"height":525},{"@type":"BreadcrumbList","@id":"https:\/\/www.entrearteycultura.es\/?eap_event=conferencias-y-experiencias-2022#breadcrumb","itemListElement":[{"@type":"ListItem","position":1,"name":"Portada","item":"https:\/\/www.entrearteycultura.es\/"},{"@type":"ListItem","position":2,"name":"Events","item":"https:\/\/www.entrearteycultura.es\/?post_type=eap_event"},{"@type":"ListItem","position":3,"name":"Conferencias y experiencias 2022"}]},{"@type":"WebSite","@id":"https:\/\/www.entrearteycultura.es\/#website","url":"https:\/\/www.entrearteycultura.es\/","name":"Entre Arte y cultura","description":"Viajes, eventos cuturales, conferencias y tertulias","potentialAction":[{"@type":"SearchAction","target":{"@type":"EntryPoint","urlTemplate":"https:\/\/www.entrearteycultura.es\/?s={search_term_string}"},"query-input":{"@type":"PropertyValueSpecification","valueRequired":true,"valueName":"search_term_string"}}],"inLanguage":"en-US"}]}</script>
<!-- / Yoast SEO plugin. -->

Riesgos de las nuevas tecnologías y las redes sociales. Don Francisco Lorenzo Tuero La Zarzuela, nuestro género lírico. Dña. María Fernández-Shaw y Don Daniel Bianco, director del Teatro de la Zarzuela Degustación de diversas vaciedades de tomates. Don Guillermo del Campo, gerente del mercado de la Paz Nuevas tendencias del arte contemporáneo. Dra. Marta Pérez-Ibáñez
