{"id":390,"date":"2023-02-06T14:46:14","date_gmt":"2023-02-06T14:46:14","guid":{"rendered":"https:\/\/www.entrearteycultura.es\/?post_type=eap_event&#038;p=390"},"modified":"2023-03-15T12:28:03","modified_gmt":"2023-03-15T12:28:03","slug":"retrospectiva-lucianfreud-evolucion-tematica-obra-retratos-estudio-thyssenbornemisza-visita","status":"publish","type":"eap_event","link":"https:\/\/www.entrearteycultura.es\/?eap_event=retrospectiva-lucianfreud-evolucion-tematica-obra-retratos-estudio-thyssenbornemisza-visita","title":{"rendered":"Visita a la exposici\u00f3n Lucian Freud. Nuevas Perspectivas"},"content":{"rendered":"\n<p>Con motivo del centenario del nacimiento del pintor brit\u00e1nico Lucian Freud (1922-2011), el Museo Nacional Thyssen-Bornemisza y la National Gallery de Londres presentan una retrospectiva dedicada a su figura y su obra. En el Thyssen, a trav\u00e9s de 55 obras se muestran las siete d\u00e9cadas de producci\u00f3n de uno de los artistas europeos m\u00e1s significativos del siglo XX. Dividida en varias secciones que, de forma m\u00e1s o menos cronol\u00f3gica, repasan la evoluci\u00f3n y la tem\u00e1tica del pintor: Llegar a ser Freud, dedicada a sus primeras obras; Primeros retratos, en los que se manifiesta ya su deseo de capturar la esencia de sus modelos; Intimidad, que muestra su predilecci\u00f3n por retratar a personajes de su entorno; Poder, retratos de personajes que acepta realizar siempre que acaten sus condiciones de trabajo; El estudio, su espacio de trabajo convertido en protagonista de su obra, y La carne, retratos de desnudos que evidencian una profunda observaci\u00f3n del cuerpo humano y de la mortalidad de la carne.<\/p>\n","protected":false},"excerpt":{"rendered":"<p>Con motivo del centenario del nacimiento del pintor brit\u00e1nico Lucian Freud (1922-2011), el Museo Nacional Thyssen-Bornemisza y la National Gallery de Londres presentan una retrospectiva dedicada a su figura y su obra. En el Thyssen, a trav\u00e9s de 55 obras se muestran las siete d\u00e9cadas de producci\u00f3n de uno de los artistas europeos m\u00e1s significativos [&hellip;]<\/p>\n","protected":false},"author":1,"featured_media":391,"comment_status":"open","ping_status":"closed","template":"","categories":[45],"class_list":["post-390","eap_event","type-eap_event","status-publish","has-post-thumbnail","hentry","category-eventos-pasados"],"yoast_head":"<!-- This site is optimized with the Yoast SEO plugin v27.5 - https:\/\/yoast.com\/product\/yoast-seo-wordpress\/ -->\n<title>Visita a la exposici\u00f3n Lucian Freud. Nuevas Perspectivas - Entre Arte y cultura<\/title>\n<meta name=\"description\" content=\"el Museo Nacional Thyssen-Bornemisza presenta retrospectiva la obra de Lucian Freud repasa la evoluci\u00f3n y la tem\u00e1tica del pintor con retratos, el estudio\" \/>\n<meta name=\"robots\" content=\"index, follow, max-snippet:-1, max-image-preview:large, max-video-preview:-1\" \/>\n<link rel=\"canonical\" href=\"https:\/\/www.entrearteycultura.es\/?eap_event=retrospectiva-lucianfreud-evolucion-tematica-obra-retratos-estudio-thyssenbornemisza-visita\" \/>\n<meta property=\"og:locale\" content=\"en_US\" \/>\n<meta property=\"og:type\" content=\"article\" \/>\n<meta property=\"og:title\" content=\"Visita a la exposici\u00f3n Lucian Freud. Nuevas Perspectivas - Entre Arte y cultura\" \/>\n<meta property=\"og:description\" content=\"el Museo Nacional Thyssen-Bornemisza presenta retrospectiva la obra de Lucian Freud repasa la evoluci\u00f3n y la tem\u00e1tica del pintor con retratos, el estudio\" \/>\n<meta property=\"og:url\" content=\"https:\/\/www.entrearteycultura.es\/?eap_event=retrospectiva-lucianfreud-evolucion-tematica-obra-retratos-estudio-thyssenbornemisza-visita\" \/>\n<meta property=\"og:site_name\" content=\"Entre Arte y cultura\" \/>\n<meta property=\"article:modified_time\" content=\"2023-03-15T12:28:03+00:00\" \/>\n<meta property=\"og:image\" content=\"https:\/\/www.entrearteycultura.es\/wp-content\/uploads\/2023\/02\/lucian-freud.jpg\" \/>\n\t<meta property=\"og:image:width\" content=\"961\" \/>\n\t<meta property=\"og:image:height\" content=\"429\" \/>\n\t<meta property=\"og:image:type\" content=\"image\/jpeg\" \/>\n<meta name=\"twitter:card\" content=\"summary_large_image\" \/>\n<meta name=\"twitter:label1\" content=\"Est. reading time\" \/>\n\t<meta name=\"twitter:data1\" content=\"1 minute\" \/>\n<script type=\"application\/ld+json\" class=\"yoast-schema-graph\">{\"@context\":\"https:\\\/\\\/schema.org\",\"@graph\":[{\"@type\":\"WebPage\",\"@id\":\"https:\\\/\\\/www.entrearteycultura.es\\\/?eap_event=retrospectiva-lucianfreud-evolucion-tematica-obra-retratos-estudio-thyssenbornemisza-visita\",\"url\":\"https:\\\/\\\/www.entrearteycultura.es\\\/?eap_event=retrospectiva-lucianfreud-evolucion-tematica-obra-retratos-estudio-thyssenbornemisza-visita\",\"name\":\"Visita a la exposici\u00f3n Lucian Freud. Nuevas Perspectivas - Entre Arte y cultura\",\"isPartOf\":{\"@id\":\"https:\\\/\\\/www.entrearteycultura.es\\\/#website\"},\"primaryImageOfPage\":{\"@id\":\"https:\\\/\\\/www.entrearteycultura.es\\\/?eap_event=retrospectiva-lucianfreud-evolucion-tematica-obra-retratos-estudio-thyssenbornemisza-visita#primaryimage\"},\"image\":{\"@id\":\"https:\\\/\\\/www.entrearteycultura.es\\\/?eap_event=retrospectiva-lucianfreud-evolucion-tematica-obra-retratos-estudio-thyssenbornemisza-visita#primaryimage\"},\"thumbnailUrl\":\"https:\\\/\\\/www.entrearteycultura.es\\\/wp-content\\\/uploads\\\/2023\\\/02\\\/lucian-freud.jpg\",\"datePublished\":\"2023-02-06T14:46:14+00:00\",\"dateModified\":\"2023-03-15T12:28:03+00:00\",\"description\":\"el Museo Nacional Thyssen-Bornemisza presenta retrospectiva la obra de Lucian Freud repasa la evoluci\u00f3n y la tem\u00e1tica del pintor con retratos, el estudio\",\"breadcrumb\":{\"@id\":\"https:\\\/\\\/www.entrearteycultura.es\\\/?eap_event=retrospectiva-lucianfreud-evolucion-tematica-obra-retratos-estudio-thyssenbornemisza-visita#breadcrumb\"},\"inLanguage\":\"en-US\",\"potentialAction\":[{\"@type\":\"ReadAction\",\"target\":[\"https:\\\/\\\/www.entrearteycultura.es\\\/?eap_event=retrospectiva-lucianfreud-evolucion-tematica-obra-retratos-estudio-thyssenbornemisza-visita\"]}]},{\"@type\":\"ImageObject\",\"inLanguage\":\"en-US\",\"@id\":\"https:\\\/\\\/www.entrearteycultura.es\\\/?eap_event=retrospectiva-lucianfreud-evolucion-tematica-obra-retratos-estudio-thyssenbornemisza-visita#primaryimage\",\"url\":\"https:\\\/\\\/www.entrearteycultura.es\\\/wp-content\\\/uploads\\\/2023\\\/02\\\/lucian-freud.jpg\",\"contentUrl\":\"https:\\\/\\\/www.entrearteycultura.es\\\/wp-content\\\/uploads\\\/2023\\\/02\\\/lucian-freud.jpg\",\"width\":961,\"height\":429},{\"@type\":\"BreadcrumbList\",\"@id\":\"https:\\\/\\\/www.entrearteycultura.es\\\/?eap_event=retrospectiva-lucianfreud-evolucion-tematica-obra-retratos-estudio-thyssenbornemisza-visita#breadcrumb\",\"itemListElement\":[{\"@type\":\"ListItem\",\"position\":1,\"name\":\"Portada\",\"item\":\"https:\\\/\\\/www.entrearteycultura.es\\\/\"},{\"@type\":\"ListItem\",\"position\":2,\"name\":\"Events\",\"item\":\"https:\\\/\\\/www.entrearteycultura.es\\\/?post_type=eap_event\"},{\"@type\":\"ListItem\",\"position\":3,\"name\":\"Visita a la exposici\u00f3n Lucian Freud. Nuevas Perspectivas\"}]},{\"@type\":\"WebSite\",\"@id\":\"https:\\\/\\\/www.entrearteycultura.es\\\/#website\",\"url\":\"https:\\\/\\\/www.entrearteycultura.es\\\/\",\"name\":\"Entre Arte y cultura\",\"description\":\"Viajes, eventos cuturales, conferencias y tertulias\",\"potentialAction\":[{\"@type\":\"SearchAction\",\"target\":{\"@type\":\"EntryPoint\",\"urlTemplate\":\"https:\\\/\\\/www.entrearteycultura.es\\\/?s={search_term_string}\"},\"query-input\":{\"@type\":\"PropertyValueSpecification\",\"valueRequired\":true,\"valueName\":\"search_term_string\"}}],\"inLanguage\":\"en-US\"}]}<\/script>\n<!-- \/ Yoast SEO plugin. -->","yoast_head_json":{"title":"Visita a la exposici\u00f3n Lucian Freud. Nuevas Perspectivas - Entre Arte y cultura","description":"el Museo Nacional Thyssen-Bornemisza presenta retrospectiva la obra de Lucian Freud repasa la evoluci\u00f3n y la tem\u00e1tica del pintor con retratos, el estudio","robots":{"index":"index","follow":"follow","max-snippet":"max-snippet:-1","max-image-preview":"max-image-preview:large","max-video-preview":"max-video-preview:-1"},"canonical":"https:\/\/www.entrearteycultura.es\/?eap_event=retrospectiva-lucianfreud-evolucion-tematica-obra-retratos-estudio-thyssenbornemisza-visita","og_locale":"en_US","og_type":"article","og_title":"Visita a la exposici\u00f3n Lucian Freud. Nuevas Perspectivas - Entre Arte y cultura","og_description":"el Museo Nacional Thyssen-Bornemisza presenta retrospectiva la obra de Lucian Freud repasa la evoluci\u00f3n y la tem\u00e1tica del pintor con retratos, el estudio","og_url":"https:\/\/www.entrearteycultura.es\/?eap_event=retrospectiva-lucianfreud-evolucion-tematica-obra-retratos-estudio-thyssenbornemisza-visita","og_site_name":"Entre Arte y cultura","article_modified_time":"2023-03-15T12:28:03+00:00","og_image":[{"width":961,"height":429,"url":"https:\/\/www.entrearteycultura.es\/wp-content\/uploads\/2023\/02\/lucian-freud.jpg","type":"image\/jpeg"}],"twitter_card":"summary_large_image","twitter_misc":{"Est. reading time":"1 minute"},"schema":{"@context":"https:\/\/schema.org","@graph":[{"@type":"WebPage","@id":"https:\/\/www.entrearteycultura.es\/?eap_event=retrospectiva-lucianfreud-evolucion-tematica-obra-retratos-estudio-thyssenbornemisza-visita","url":"https:\/\/www.entrearteycultura.es\/?eap_event=retrospectiva-lucianfreud-evolucion-tematica-obra-retratos-estudio-thyssenbornemisza-visita","name":"Visita a la exposici\u00f3n Lucian Freud. Nuevas Perspectivas - Entre Arte y cultura","isPartOf":{"@id":"https:\/\/www.entrearteycultura.es\/#website"},"primaryImageOfPage":{"@id":"https:\/\/www.entrearteycultura.es\/?eap_event=retrospectiva-lucianfreud-evolucion-tematica-obra-retratos-estudio-thyssenbornemisza-visita#primaryimage"},"image":{"@id":"https:\/\/www.entrearteycultura.es\/?eap_event=retrospectiva-lucianfreud-evolucion-tematica-obra-retratos-estudio-thyssenbornemisza-visita#primaryimage"},"thumbnailUrl":"https:\/\/www.entrearteycultura.es\/wp-content\/uploads\/2023\/02\/lucian-freud.jpg","datePublished":"2023-02-06T14:46:14+00:00","dateModified":"2023-03-15T12:28:03+00:00","description":"el Museo Nacional Thyssen-Bornemisza presenta retrospectiva la obra de Lucian Freud repasa la evoluci\u00f3n y la tem\u00e1tica del pintor con retratos, el estudio","breadcrumb":{"@id":"https:\/\/www.entrearteycultura.es\/?eap_event=retrospectiva-lucianfreud-evolucion-tematica-obra-retratos-estudio-thyssenbornemisza-visita#breadcrumb"},"inLanguage":"en-US","potentialAction":[{"@type":"ReadAction","target":["https:\/\/www.entrearteycultura.es\/?eap_event=retrospectiva-lucianfreud-evolucion-tematica-obra-retratos-estudio-thyssenbornemisza-visita"]}]},{"@type":"ImageObject","inLanguage":"en-US","@id":"https:\/\/www.entrearteycultura.es\/?eap_event=retrospectiva-lucianfreud-evolucion-tematica-obra-retratos-estudio-thyssenbornemisza-visita#primaryimage","url":"https:\/\/www.entrearteycultura.es\/wp-content\/uploads\/2023\/02\/lucian-freud.jpg","contentUrl":"https:\/\/www.entrearteycultura.es\/wp-content\/uploads\/2023\/02\/lucian-freud.jpg","width":961,"height":429},{"@type":"BreadcrumbList","@id":"https:\/\/www.entrearteycultura.es\/?eap_event=retrospectiva-lucianfreud-evolucion-tematica-obra-retratos-estudio-thyssenbornemisza-visita#breadcrumb","itemListElement":[{"@type":"ListItem","position":1,"name":"Portada","item":"https:\/\/www.entrearteycultura.es\/"},{"@type":"ListItem","position":2,"name":"Events","item":"https:\/\/www.entrearteycultura.es\/?post_type=eap_event"},{"@type":"ListItem","position":3,"name":"Visita a la exposici\u00f3n Lucian Freud. Nuevas Perspectivas"}]},{"@type":"WebSite","@id":"https:\/\/www.entrearteycultura.es\/#website","url":"https:\/\/www.entrearteycultura.es\/","name":"Entre Arte y cultura","description":"Viajes, eventos cuturales, conferencias y tertulias","potentialAction":[{"@type":"SearchAction","target":{"@type":"EntryPoint","urlTemplate":"https:\/\/www.entrearteycultura.es\/?s={search_term_string}"},"query-input":{"@type":"PropertyValueSpecification","valueRequired":true,"valueName":"search_term_string"}}],"inLanguage":"en-US"}]}},"_links":{"self":[{"href":"https:\/\/www.entrearteycultura.es\/index.php?rest_route=\/wp\/v2\/eap_event\/390","targetHints":{"allow":["GET"]}}],"collection":[{"href":"https:\/\/www.entrearteycultura.es\/index.php?rest_route=\/wp\/v2\/eap_event"}],"about":[{"href":"https:\/\/www.entrearteycultura.es\/index.php?rest_route=\/wp\/v2\/types\/eap_event"}],"author":[{"embeddable":true,"href":"https:\/\/www.entrearteycultura.es\/index.php?rest_route=\/wp\/v2\/users\/1"}],"replies":[{"embeddable":true,"href":"https:\/\/www.entrearteycultura.es\/index.php?rest_route=%2Fwp%2Fv2%2Fcomments&post=390"}],"version-history":[{"count":2,"href":"https:\/\/www.entrearteycultura.es\/index.php?rest_route=\/wp\/v2\/eap_event\/390\/revisions"}],"predecessor-version":[{"id":393,"href":"https:\/\/www.entrearteycultura.es\/index.php?rest_route=\/wp\/v2\/eap_event\/390\/revisions\/393"}],"wp:featuredmedia":[{"embeddable":true,"href":"https:\/\/www.entrearteycultura.es\/index.php?rest_route=\/wp\/v2\/media\/391"}],"wp:attachment":[{"href":"https:\/\/www.entrearteycultura.es\/index.php?rest_route=%2Fwp%2Fv2%2Fmedia&parent=390"}],"wp:term":[{"taxonomy":"category","embeddable":true,"href":"https:\/\/www.entrearteycultura.es\/index.php?rest_route=%2Fwp%2Fv2%2Fcategories&post=390"}],"curies":[{"name":"wp","href":"https:\/\/api.w.org\/{rel}","templated":true}]}}

Visita a la exposición Lucian Freud. Nuevas Perspectivas

<p>Con motivo del centenario del nacimiento del pintor británico Lucian Freud (1922-2011), el Museo Nacional Thyssen-Bornemisza y la National Gallery de Londres presentan una retrospectiva dedicada a su figura y su obra. En el Thyssen, a través de 55 obras se muestran las siete décadas de producción de uno de los artistas europeos más significativos del siglo XX. Dividida en varias secciones que, de forma más o menos cronológica, repasan la evolución y la temática del pintor: Llegar a ser Freud, dedicada a sus primeras obras; Primeros retratos, en los que se manifiesta ya su deseo de capturar la esencia de sus modelos; Intimidad, que muestra su predilección por retratar a personajes de su entorno; Poder, retratos de personajes que acepta realizar siempre que acaten sus condiciones de trabajo; El estudio, su espacio de trabajo convertido en protagonista de su obra, y La carne, retratos de desnudos que evidencian una profunda observación del cuerpo humano y de la mortalidad de la carne.</p>

<p>Con motivo del centenario del nacimiento del pintor británico Lucian Freud (1922-2011), el Museo Nacional Thyssen-Bornemisza y la National Gallery de Londres presentan una retrospectiva dedicada a su figura y su obra. En el Thyssen, a través de 55 obras se muestran las siete décadas de producción de uno de los artistas europeos más significativos [&hellip;]</p>

<!-- This site is optimized with the Yoast SEO plugin v27.5 - https://yoast.com/product/yoast-seo-wordpress/ -->
<title>Visita a la exposición Lucian Freud. Nuevas Perspectivas - Entre Arte y cultura</title>
<meta name="description" content="el Museo Nacional Thyssen-Bornemisza presenta retrospectiva la obra de Lucian Freud repasa la evolución y la temática del pintor con retratos, el estudio" />
<meta name="robots" content="index, follow, max-snippet:-1, max-image-preview:large, max-video-preview:-1" />
<link rel="canonical" href="https://www.entrearteycultura.es/?eap_event=retrospectiva-lucianfreud-evolucion-tematica-obra-retratos-estudio-thyssenbornemisza-visita" />
<meta property="og:locale" content="en_US" />
<meta property="og:type" content="article" />
<meta property="og:title" content="Visita a la exposición Lucian Freud. Nuevas Perspectivas - Entre Arte y cultura" />
<meta property="og:description" content="el Museo Nacional Thyssen-Bornemisza presenta retrospectiva la obra de Lucian Freud repasa la evolución y la temática del pintor con retratos, el estudio" />
<meta property="og:url" content="https://www.entrearteycultura.es/?eap_event=retrospectiva-lucianfreud-evolucion-tematica-obra-retratos-estudio-thyssenbornemisza-visita" />
<meta property="og:site_name" content="Entre Arte y cultura" />
<meta property="article:modified_time" content="2023-03-15T12:28:03+00:00" />
<meta property="og:image" content="https://www.entrearteycultura.es/wp-content/uploads/2023/02/lucian-freud.jpg" />
	<meta property="og:image:width" content="961" />
	<meta property="og:image:height" content="429" />
	<meta property="og:image:type" content="image/jpeg" />
<meta name="twitter:card" content="summary_large_image" />
<meta name="twitter:label1" content="Est. reading time" />
	<meta name="twitter:data1" content="1 minute" />
<script type="application/ld+json" class="yoast-schema-graph">{"@context":"https:\/\/schema.org","@graph":[{"@type":"WebPage","@id":"https:\/\/www.entrearteycultura.es\/?eap_event=retrospectiva-lucianfreud-evolucion-tematica-obra-retratos-estudio-thyssenbornemisza-visita","url":"https:\/\/www.entrearteycultura.es\/?eap_event=retrospectiva-lucianfreud-evolucion-tematica-obra-retratos-estudio-thyssenbornemisza-visita","name":"Visita a la exposición Lucian Freud. Nuevas Perspectivas - Entre Arte y cultura","isPartOf":{"@id":"https:\/\/www.entrearteycultura.es\/#website"},"primaryImageOfPage":{"@id":"https:\/\/www.entrearteycultura.es\/?eap_event=retrospectiva-lucianfreud-evolucion-tematica-obra-retratos-estudio-thyssenbornemisza-visita#primaryimage"},"image":{"@id":"https:\/\/www.entrearteycultura.es\/?eap_event=retrospectiva-lucianfreud-evolucion-tematica-obra-retratos-estudio-thyssenbornemisza-visita#primaryimage"},"thumbnailUrl":"https:\/\/www.entrearteycultura.es\/wp-content\/uploads\/2023\/02\/lucian-freud.jpg","datePublished":"2023-02-06T14:46:14+00:00","dateModified":"2023-03-15T12:28:03+00:00","description":"el Museo Nacional Thyssen-Bornemisza presenta retrospectiva la obra de Lucian Freud repasa la evolución y la temática del pintor con retratos, el estudio","breadcrumb":{"@id":"https:\/\/www.entrearteycultura.es\/?eap_event=retrospectiva-lucianfreud-evolucion-tematica-obra-retratos-estudio-thyssenbornemisza-visita#breadcrumb"},"inLanguage":"en-US","potentialAction":[{"@type":"ReadAction","target":["https:\/\/www.entrearteycultura.es\/?eap_event=retrospectiva-lucianfreud-evolucion-tematica-obra-retratos-estudio-thyssenbornemisza-visita"]}]},{"@type":"ImageObject","inLanguage":"en-US","@id":"https:\/\/www.entrearteycultura.es\/?eap_event=retrospectiva-lucianfreud-evolucion-tematica-obra-retratos-estudio-thyssenbornemisza-visita#primaryimage","url":"https:\/\/www.entrearteycultura.es\/wp-content\/uploads\/2023\/02\/lucian-freud.jpg","contentUrl":"https:\/\/www.entrearteycultura.es\/wp-content\/uploads\/2023\/02\/lucian-freud.jpg","width":961,"height":429},{"@type":"BreadcrumbList","@id":"https:\/\/www.entrearteycultura.es\/?eap_event=retrospectiva-lucianfreud-evolucion-tematica-obra-retratos-estudio-thyssenbornemisza-visita#breadcrumb","itemListElement":[{"@type":"ListItem","position":1,"name":"Portada","item":"https:\/\/www.entrearteycultura.es\/"},{"@type":"ListItem","position":2,"name":"Events","item":"https:\/\/www.entrearteycultura.es\/?post_type=eap_event"},{"@type":"ListItem","position":3,"name":"Visita a la exposición Lucian Freud. Nuevas Perspectivas"}]},{"@type":"WebSite","@id":"https:\/\/www.entrearteycultura.es\/#website","url":"https:\/\/www.entrearteycultura.es\/","name":"Entre Arte y cultura","description":"Viajes, eventos cuturales, conferencias y tertulias","potentialAction":[{"@type":"SearchAction","target":{"@type":"EntryPoint","urlTemplate":"https:\/\/www.entrearteycultura.es\/?s={search_term_string}"},"query-input":{"@type":"PropertyValueSpecification","valueRequired":true,"valueName":"search_term_string"}}],"inLanguage":"en-US"}]}</script>
<!-- / Yoast SEO plugin. -->

Visita a la exposición Lucian Freud. Nuevas Perspectivas - Entre Arte y cultura

el Museo Nacional Thyssen-Bornemisza presenta retrospectiva la obra de Lucian Freud repasa la evolución y la temática del pintor con retratos, el estudio
