{"id":360,"date":"2023-01-16T21:08:25","date_gmt":"2023-01-16T21:08:25","guid":{"rendered":"http:\/\/www.entrearteycultura.es\/?post_type=eap_event&#038;p=360"},"modified":"2025-08-31T15:23:31","modified_gmt":"2025-08-31T15:23:31","slug":"visitas-madrid-monumentos-exposiciones","status":"publish","type":"eap_event","link":"https:\/\/www.entrearteycultura.es\/?eap_event=visitas-madrid-monumentos-exposiciones","title":{"rendered":"Visitas Madrid 2022"},"content":{"rendered":"\n<p>Muralla \u00e1rabe, Iglesia de San Andr\u00e9s y Museo de San Isidro<br>Capilla del Obispo, Jard\u00edn del Palacio de Anglona, Colegiata de San Isidro<br>Bas\u00edlica de San Francisco el Grande, Iglesia de la Paloma y Museo de Artes Populares<br>Palacio de Liria y Terraza Sabatini<br>Palacio Longoria y Archivo SGAE<br>Banco de Espa\u00f1a, arquitectura y colecci\u00f3n de arte<br>Museo Sorolla<br>Museo del Prado<br>Museo L\u00e1zaro Galdiano<br>Galer\u00edas de arte en Carabanchel: Sabrina Amrani y VETA<br>Centro de Arte de Alcobendas: Joyas de Chus Bur\u00e9s y fotograf\u00edas de Gorka Postigo<br>ICO: Exposici\u00f3n de Juan Baraja<br>Museo Sorolla: Exposici\u00f3n \u201cSorolla en negro\u201d<br>Edificio la Vela y colecci\u00f3n de Arte contempor\u00e1neo de BBVA<br>Jard\u00edn Bot\u00e1nico: Exposici\u00f3n &#8220;Arte y Espiritualidad: Imaginar lo extraordinario. Col. BBVA\u201d<br>Estampa 2022: Feria de Arte Contempor\u00e1neo<br>Taller de Mar Sol\u00eds<br>Canal de Isabel II: Exposici\u00f3n &#8220;Sybilla, el hilo invisible&#8221;<br>Centro Cultural Fern\u00e1n G\u00f3mez: Exposici\u00f3n \u201cLas sin sombrero\u201d<\/p>\n\n\n\n<div class=\"wp-block-query is-layout-flow wp-block-query-is-layout-flow\"><ul class=\"wp-block-post-template is-layout-flow wp-block-post-template-is-layout-flow\"><li class=\"wp-block-post post-11203 post type-post status-publish format-standard hentry\">\n\n<div class=\"wp-block-columns are-vertically-aligned-center is-layout-flex wp-container-core-columns-is-layout-28f84493 wp-block-columns-is-layout-flex\">\n<div class=\"wp-block-column is-vertically-aligned-center is-layout-flow wp-block-column-is-layout-flow\" style=\"flex-basis:25%\"><\/div>\n\n\n\n<div class=\"wp-block-column is-vertically-aligned-center is-layout-flow wp-block-column-is-layout-flow\" style=\"flex-basis:75%\"><h2 class=\"wp-block-post-title\"><a href=\"https:\/\/www.entrearteycultura.es\/?p=11203\" target=\"_self\" >Casino online sin registro: la ilusi\u00f3n que no necesita tus datos ni tu paciencia<\/a><\/h2><\/div>\n<\/div>\n\n<\/li><li class=\"wp-block-post post-11202 post type-post status-publish format-standard hentry\">\n\n<div class=\"wp-block-columns are-vertically-aligned-center is-layout-flex wp-container-core-columns-is-layout-28f84493 wp-block-columns-is-layout-flex\">\n<div class=\"wp-block-column is-vertically-aligned-center is-layout-flow wp-block-column-is-layout-flow\" style=\"flex-basis:25%\"><\/div>\n\n\n\n<div class=\"wp-block-column is-vertically-aligned-center is-layout-flow wp-block-column-is-layout-flow\" style=\"flex-basis:75%\"><h2 class=\"wp-block-post-title\"><a href=\"https:\/\/www.entrearteycultura.es\/?p=11202\" target=\"_self\" >La cruda verdad del roulette juego: nada de milagros, solo matem\u00e1ticas y tiradas sin sentido<\/a><\/h2><\/div>\n<\/div>\n\n<\/li><li class=\"wp-block-post post-11201 post type-post status-publish format-standard hentry\">\n\n<div class=\"wp-block-columns are-vertically-aligned-center is-layout-flex wp-container-core-columns-is-layout-28f84493 wp-block-columns-is-layout-flex\">\n<div class=\"wp-block-column is-vertically-aligned-center is-layout-flow wp-block-column-is-layout-flow\" style=\"flex-basis:25%\"><\/div>\n\n\n\n<div class=\"wp-block-column is-vertically-aligned-center is-layout-flow wp-block-column-is-layout-flow\" style=\"flex-basis:75%\"><h2 class=\"wp-block-post-title\"><a href=\"https:\/\/www.entrearteycultura.es\/?p=11201\" target=\"_self\" >El torneo de slots Espa\u00f1a que destruye ilusiones y multiplica la frustraci\u00f3n<\/a><\/h2><\/div>\n<\/div>\n\n<\/li><\/ul><\/div>\n","protected":false},"excerpt":{"rendered":"<p>Muralla \u00e1rabe, Iglesia de San Andr\u00e9s y Museo de San IsidroCapilla del Obispo, Jard\u00edn del Palacio de Anglona, Colegiata de San IsidroBas\u00edlica de San Francisco el Grande, Iglesia de la Paloma y Museo de Artes PopularesPalacio de Liria y Terraza SabatiniPalacio Longoria y Archivo SGAEBanco de Espa\u00f1a, arquitectura y colecci\u00f3n de arteMuseo SorollaMuseo del PradoMuseo [&hellip;]<\/p>\n","protected":false},"author":1,"featured_media":363,"comment_status":"open","ping_status":"closed","template":"","categories":[45],"class_list":["post-360","eap_event","type-eap_event","status-publish","has-post-thumbnail","hentry","category-eventos-pasados"],"yoast_head":"<!-- This site is optimized with the Yoast SEO plugin v27.5 - https:\/\/yoast.com\/product\/yoast-seo-wordpress\/ -->\n<title>Visitas Madrid 2022 - Entre Arte y cultura<\/title>\n<meta name=\"description\" content=\"A lo largo de 2022 se han visitado colecciones privadas, museos, monumentos, exposiciones, talleres de artistas, etc\" \/>\n<meta name=\"robots\" content=\"index, follow, max-snippet:-1, max-image-preview:large, max-video-preview:-1\" \/>\n<link rel=\"canonical\" href=\"https:\/\/www.entrearteycultura.es\/?eap_event=visitas-madrid-monumentos-exposiciones\" \/>\n<meta property=\"og:locale\" content=\"en_US\" \/>\n<meta property=\"og:type\" content=\"article\" \/>\n<meta property=\"og:title\" content=\"Visitas Madrid 2022 - Entre Arte y cultura\" \/>\n<meta property=\"og:description\" content=\"A lo largo de 2022 se han visitado colecciones privadas, museos, monumentos, exposiciones, talleres de artistas, etc\" \/>\n<meta property=\"og:url\" content=\"https:\/\/www.entrearteycultura.es\/?eap_event=visitas-madrid-monumentos-exposiciones\" \/>\n<meta property=\"og:site_name\" content=\"Entre Arte y cultura\" \/>\n<meta property=\"article:modified_time\" content=\"2025-08-31T15:23:31+00:00\" \/>\n<meta property=\"og:image\" content=\"https:\/\/www.entrearteycultura.es\/wp-content\/uploads\/2023\/01\/sorolla-1.jpg\" \/>\n\t<meta property=\"og:image:width\" content=\"1543\" \/>\n\t<meta property=\"og:image:height\" content=\"616\" \/>\n\t<meta property=\"og:image:type\" content=\"image\/jpeg\" \/>\n<meta name=\"twitter:card\" content=\"summary_large_image\" \/>\n<meta name=\"twitter:label1\" content=\"Est. reading time\" \/>\n\t<meta name=\"twitter:data1\" content=\"1 minute\" \/>\n<script type=\"application\/ld+json\" class=\"yoast-schema-graph\">{\"@context\":\"https:\\\/\\\/schema.org\",\"@graph\":[{\"@type\":\"WebPage\",\"@id\":\"https:\\\/\\\/www.entrearteycultura.es\\\/?eap_event=visitas-madrid-monumentos-exposiciones\",\"url\":\"https:\\\/\\\/www.entrearteycultura.es\\\/?eap_event=visitas-madrid-monumentos-exposiciones\",\"name\":\"Visitas Madrid 2022 - Entre Arte y cultura\",\"isPartOf\":{\"@id\":\"https:\\\/\\\/www.entrearteycultura.es\\\/#website\"},\"primaryImageOfPage\":{\"@id\":\"https:\\\/\\\/www.entrearteycultura.es\\\/?eap_event=visitas-madrid-monumentos-exposiciones#primaryimage\"},\"image\":{\"@id\":\"https:\\\/\\\/www.entrearteycultura.es\\\/?eap_event=visitas-madrid-monumentos-exposiciones#primaryimage\"},\"thumbnailUrl\":\"https:\\\/\\\/www.entrearteycultura.es\\\/wp-content\\\/uploads\\\/2023\\\/01\\\/sorolla-1.jpg\",\"datePublished\":\"2023-01-16T21:08:25+00:00\",\"dateModified\":\"2025-08-31T15:23:31+00:00\",\"description\":\"A lo largo de 2022 se han visitado colecciones privadas, museos, monumentos, exposiciones, talleres de artistas, etc\",\"breadcrumb\":{\"@id\":\"https:\\\/\\\/www.entrearteycultura.es\\\/?eap_event=visitas-madrid-monumentos-exposiciones#breadcrumb\"},\"inLanguage\":\"en-US\",\"potentialAction\":[{\"@type\":\"ReadAction\",\"target\":[\"https:\\\/\\\/www.entrearteycultura.es\\\/?eap_event=visitas-madrid-monumentos-exposiciones\"]}]},{\"@type\":\"ImageObject\",\"inLanguage\":\"en-US\",\"@id\":\"https:\\\/\\\/www.entrearteycultura.es\\\/?eap_event=visitas-madrid-monumentos-exposiciones#primaryimage\",\"url\":\"https:\\\/\\\/www.entrearteycultura.es\\\/wp-content\\\/uploads\\\/2023\\\/01\\\/sorolla-1.jpg\",\"contentUrl\":\"https:\\\/\\\/www.entrearteycultura.es\\\/wp-content\\\/uploads\\\/2023\\\/01\\\/sorolla-1.jpg\",\"width\":1543,\"height\":616},{\"@type\":\"BreadcrumbList\",\"@id\":\"https:\\\/\\\/www.entrearteycultura.es\\\/?eap_event=visitas-madrid-monumentos-exposiciones#breadcrumb\",\"itemListElement\":[{\"@type\":\"ListItem\",\"position\":1,\"name\":\"Portada\",\"item\":\"https:\\\/\\\/www.entrearteycultura.es\\\/\"},{\"@type\":\"ListItem\",\"position\":2,\"name\":\"Events\",\"item\":\"https:\\\/\\\/www.entrearteycultura.es\\\/?post_type=eap_event\"},{\"@type\":\"ListItem\",\"position\":3,\"name\":\"Visitas Madrid 2022\"}]},{\"@type\":\"WebSite\",\"@id\":\"https:\\\/\\\/www.entrearteycultura.es\\\/#website\",\"url\":\"https:\\\/\\\/www.entrearteycultura.es\\\/\",\"name\":\"Entre Arte y cultura\",\"description\":\"Viajes, eventos cuturales, conferencias y tertulias\",\"potentialAction\":[{\"@type\":\"SearchAction\",\"target\":{\"@type\":\"EntryPoint\",\"urlTemplate\":\"https:\\\/\\\/www.entrearteycultura.es\\\/?s={search_term_string}\"},\"query-input\":{\"@type\":\"PropertyValueSpecification\",\"valueRequired\":true,\"valueName\":\"search_term_string\"}}],\"inLanguage\":\"en-US\"}]}<\/script>\n<!-- \/ Yoast SEO plugin. -->","yoast_head_json":{"title":"Visitas Madrid 2022 - Entre Arte y cultura","description":"A lo largo de 2022 se han visitado colecciones privadas, museos, monumentos, exposiciones, talleres de artistas, etc","robots":{"index":"index","follow":"follow","max-snippet":"max-snippet:-1","max-image-preview":"max-image-preview:large","max-video-preview":"max-video-preview:-1"},"canonical":"https:\/\/www.entrearteycultura.es\/?eap_event=visitas-madrid-monumentos-exposiciones","og_locale":"en_US","og_type":"article","og_title":"Visitas Madrid 2022 - Entre Arte y cultura","og_description":"A lo largo de 2022 se han visitado colecciones privadas, museos, monumentos, exposiciones, talleres de artistas, etc","og_url":"https:\/\/www.entrearteycultura.es\/?eap_event=visitas-madrid-monumentos-exposiciones","og_site_name":"Entre Arte y cultura","article_modified_time":"2025-08-31T15:23:31+00:00","og_image":[{"width":1543,"height":616,"url":"https:\/\/www.entrearteycultura.es\/wp-content\/uploads\/2023\/01\/sorolla-1.jpg","type":"image\/jpeg"}],"twitter_card":"summary_large_image","twitter_misc":{"Est. reading time":"1 minute"},"schema":{"@context":"https:\/\/schema.org","@graph":[{"@type":"WebPage","@id":"https:\/\/www.entrearteycultura.es\/?eap_event=visitas-madrid-monumentos-exposiciones","url":"https:\/\/www.entrearteycultura.es\/?eap_event=visitas-madrid-monumentos-exposiciones","name":"Visitas Madrid 2022 - Entre Arte y cultura","isPartOf":{"@id":"https:\/\/www.entrearteycultura.es\/#website"},"primaryImageOfPage":{"@id":"https:\/\/www.entrearteycultura.es\/?eap_event=visitas-madrid-monumentos-exposiciones#primaryimage"},"image":{"@id":"https:\/\/www.entrearteycultura.es\/?eap_event=visitas-madrid-monumentos-exposiciones#primaryimage"},"thumbnailUrl":"https:\/\/www.entrearteycultura.es\/wp-content\/uploads\/2023\/01\/sorolla-1.jpg","datePublished":"2023-01-16T21:08:25+00:00","dateModified":"2025-08-31T15:23:31+00:00","description":"A lo largo de 2022 se han visitado colecciones privadas, museos, monumentos, exposiciones, talleres de artistas, etc","breadcrumb":{"@id":"https:\/\/www.entrearteycultura.es\/?eap_event=visitas-madrid-monumentos-exposiciones#breadcrumb"},"inLanguage":"en-US","potentialAction":[{"@type":"ReadAction","target":["https:\/\/www.entrearteycultura.es\/?eap_event=visitas-madrid-monumentos-exposiciones"]}]},{"@type":"ImageObject","inLanguage":"en-US","@id":"https:\/\/www.entrearteycultura.es\/?eap_event=visitas-madrid-monumentos-exposiciones#primaryimage","url":"https:\/\/www.entrearteycultura.es\/wp-content\/uploads\/2023\/01\/sorolla-1.jpg","contentUrl":"https:\/\/www.entrearteycultura.es\/wp-content\/uploads\/2023\/01\/sorolla-1.jpg","width":1543,"height":616},{"@type":"BreadcrumbList","@id":"https:\/\/www.entrearteycultura.es\/?eap_event=visitas-madrid-monumentos-exposiciones#breadcrumb","itemListElement":[{"@type":"ListItem","position":1,"name":"Portada","item":"https:\/\/www.entrearteycultura.es\/"},{"@type":"ListItem","position":2,"name":"Events","item":"https:\/\/www.entrearteycultura.es\/?post_type=eap_event"},{"@type":"ListItem","position":3,"name":"Visitas Madrid 2022"}]},{"@type":"WebSite","@id":"https:\/\/www.entrearteycultura.es\/#website","url":"https:\/\/www.entrearteycultura.es\/","name":"Entre Arte y cultura","description":"Viajes, eventos cuturales, conferencias y tertulias","potentialAction":[{"@type":"SearchAction","target":{"@type":"EntryPoint","urlTemplate":"https:\/\/www.entrearteycultura.es\/?s={search_term_string}"},"query-input":{"@type":"PropertyValueSpecification","valueRequired":true,"valueName":"search_term_string"}}],"inLanguage":"en-US"}]}},"_links":{"self":[{"href":"https:\/\/www.entrearteycultura.es\/index.php?rest_route=\/wp\/v2\/eap_event\/360","targetHints":{"allow":["GET"]}}],"collection":[{"href":"https:\/\/www.entrearteycultura.es\/index.php?rest_route=\/wp\/v2\/eap_event"}],"about":[{"href":"https:\/\/www.entrearteycultura.es\/index.php?rest_route=\/wp\/v2\/types\/eap_event"}],"author":[{"embeddable":true,"href":"https:\/\/www.entrearteycultura.es\/index.php?rest_route=\/wp\/v2\/users\/1"}],"replies":[{"embeddable":true,"href":"https:\/\/www.entrearteycultura.es\/index.php?rest_route=%2Fwp%2Fv2%2Fcomments&post=360"}],"version-history":[{"count":1,"href":"https:\/\/www.entrearteycultura.es\/index.php?rest_route=\/wp\/v2\/eap_event\/360\/revisions"}],"predecessor-version":[{"id":1169,"href":"https:\/\/www.entrearteycultura.es\/index.php?rest_route=\/wp\/v2\/eap_event\/360\/revisions\/1169"}],"wp:featuredmedia":[{"embeddable":true,"href":"https:\/\/www.entrearteycultura.es\/index.php?rest_route=\/wp\/v2\/media\/363"}],"wp:attachment":[{"href":"https:\/\/www.entrearteycultura.es\/index.php?rest_route=%2Fwp%2Fv2%2Fmedia&parent=360"}],"wp:term":[{"taxonomy":"category","embeddable":true,"href":"https:\/\/www.entrearteycultura.es\/index.php?rest_route=%2Fwp%2Fv2%2Fcategories&post=360"}],"curies":[{"name":"wp","href":"https:\/\/api.w.org\/{rel}","templated":true}]}}

<p>Muralla árabe, Iglesia de San Andrés y Museo de San Isidro<br>Capilla del Obispo, Jardín del Palacio de Anglona, Colegiata de San Isidro<br>Basílica de San Francisco el Grande, Iglesia de la Paloma y Museo de Artes Populares<br>Palacio de Liria y Terraza Sabatini<br>Palacio Longoria y Archivo SGAE<br>Banco de España, arquitectura y colección de arte<br>Museo Sorolla<br>Museo del Prado<br>Museo Lázaro Galdiano<br>Galerías de arte en Carabanchel: Sabrina Amrani y VETA<br>Centro de Arte de Alcobendas: Joyas de Chus Burés y fotografías de Gorka Postigo<br>ICO: Exposición de Juan Baraja<br>Museo Sorolla: Exposición “Sorolla en negro”<br>Edificio la Vela y colección de Arte contemporáneo de BBVA<br>Jardín Botánico: Exposición &#8220;Arte y Espiritualidad: Imaginar lo extraordinario. Col. BBVA”<br>Estampa 2022: Feria de Arte Contemporáneo<br>Taller de Mar Solís<br>Canal de Isabel II: Exposición &#8220;Sybilla, el hilo invisible&#8221;<br>Centro Cultural Fernán Gómez: Exposición “Las sin sombrero”</p>



<div class="wp-block-query is-layout-flow wp-block-query-is-layout-flow"><ul class="wp-block-post-template is-layout-flow wp-block-post-template-is-layout-flow"><li class="wp-block-post post-11203 post type-post status-publish format-standard hentry">

<div class="wp-block-columns are-vertically-aligned-center is-layout-flex wp-container-core-columns-is-layout-28f84493 wp-block-columns-is-layout-flex">
<div class="wp-block-column is-vertically-aligned-center is-layout-flow wp-block-column-is-layout-flow" style="flex-basis:25%"></div>



<div class="wp-block-column is-vertically-aligned-center is-layout-flow wp-block-column-is-layout-flow" style="flex-basis:75%"><h2 class="wp-block-post-title"><a href="https://www.entrearteycultura.es/?p=11203" target="_self" >Casino online sin registro: la ilusión que no necesita tus datos ni tu paciencia</a></h2></div>
</div>

</li><li class="wp-block-post post-11202 post type-post status-publish format-standard hentry">

<div class="wp-block-columns are-vertically-aligned-center is-layout-flex wp-container-core-columns-is-layout-28f84493 wp-block-columns-is-layout-flex">
<div class="wp-block-column is-vertically-aligned-center is-layout-flow wp-block-column-is-layout-flow" style="flex-basis:25%"></div>



<div class="wp-block-column is-vertically-aligned-center is-layout-flow wp-block-column-is-layout-flow" style="flex-basis:75%"><h2 class="wp-block-post-title"><a href="https://www.entrearteycultura.es/?p=11202" target="_self" >La cruda verdad del roulette juego: nada de milagros, solo matemáticas y tiradas sin sentido</a></h2></div>
</div>

</li><li class="wp-block-post post-11201 post type-post status-publish format-standard hentry">

<div class="wp-block-columns are-vertically-aligned-center is-layout-flex wp-container-core-columns-is-layout-28f84493 wp-block-columns-is-layout-flex">
<div class="wp-block-column is-vertically-aligned-center is-layout-flow wp-block-column-is-layout-flow" style="flex-basis:25%"></div>



<div class="wp-block-column is-vertically-aligned-center is-layout-flow wp-block-column-is-layout-flow" style="flex-basis:75%"><h2 class="wp-block-post-title"><a href="https://www.entrearteycultura.es/?p=11201" target="_self" >El torneo de slots España que destruye ilusiones y multiplica la frustración</a></h2></div>
</div>

</li></ul></div>

<p>Muralla árabe, Iglesia de San Andrés y Museo de San IsidroCapilla del Obispo, Jardín del Palacio de Anglona, Colegiata de San IsidroBasílica de San Francisco el Grande, Iglesia de la Paloma y Museo de Artes PopularesPalacio de Liria y Terraza SabatiniPalacio Longoria y Archivo SGAEBanco de España, arquitectura y colección de arteMuseo SorollaMuseo del PradoMuseo [&hellip;]</p>
