{"id":342,"date":"2023-01-16T19:43:05","date_gmt":"2023-01-16T19:43:05","guid":{"rendered":"http:\/\/www.entrearteycultura.es\/?post_type=eap_event&#038;p=342"},"modified":"2023-03-06T15:23:54","modified_gmt":"2023-03-06T15:23:54","slug":"visita-coleccion-privada-arte-contemporaneo-madrid-marzo","status":"publish","type":"eap_event","link":"https:\/\/www.entrearteycultura.es\/?eap_event=visita-coleccion-privada-arte-contemporaneo-madrid-marzo","title":{"rendered":"<strong>Visita a la colecci\u00f3n SOLO<\/strong>"},"content":{"rendered":"\n<p>La colecci\u00f3n SOLO re\u00fane casi un millar de obras de arte de 270 artistas internacionales tanto reconocidos como emergentes, que van desde arte con inteligencia artificial como Mario Klingemann o Egor Kraft, hasta reconocidos artistas new media como Wu Tien-Chang, Lee Nam Lee o Nam June Paik. Tambi\u00e9n tiene cabida la pintura figurativa representada por Neo Rauch, Miriam Cahn o Danny Fox, la escultura contempor\u00e1nea y el arte objetual con artistas como David Altmejd, Glenda Leon o Nina Saunders o el post-pop est\u00e1 presente con las obras de artistas como KAWS o Keiichi Tanaami, entre otros.<br>El espacio donde se exponen, en un edificio protegido de Secundino Zuazo, &nbsp;ha sido dise\u00f1ado por el arquitecto Juan Herreros.<\/p>\n","protected":false},"excerpt":{"rendered":"<p>La colecci\u00f3n SOLO re\u00fane casi un millar de obras de arte de 270 artistas internacionales tanto reconocidos como emergentes, que van desde arte con inteligencia artificial como Mario Klingemann o Egor Kraft, hasta reconocidos artistas new media como Wu Tien-Chang, Lee Nam Lee o Nam June Paik. Tambi\u00e9n tiene cabida la pintura figurativa representada por [&hellip;]<\/p>\n","protected":false},"author":1,"featured_media":573,"comment_status":"open","ping_status":"closed","template":"","categories":[45],"class_list":["post-342","eap_event","type-eap_event","status-publish","has-post-thumbnail","hentry","category-eventos-pasados"],"yoast_head":"<!-- This site is optimized with the Yoast SEO plugin v27.5 - https:\/\/yoast.com\/product\/yoast-seo-wordpress\/ -->\n<title>Visita a la colecci\u00f3n SOLO - Entre Arte y cultura<\/title>\n<meta name=\"description\" content=\"visita colecci\u00f3n privada arte contempor\u00e1neo Madrid de reconocidos artistas nacionales e internacionales, tanto reconocidos como emergentes\" \/>\n<meta name=\"robots\" content=\"index, follow, max-snippet:-1, max-image-preview:large, max-video-preview:-1\" \/>\n<link rel=\"canonical\" href=\"https:\/\/www.entrearteycultura.es\/?eap_event=visita-coleccion-privada-arte-contemporaneo-madrid-marzo\" \/>\n<meta property=\"og:locale\" content=\"en_US\" \/>\n<meta property=\"og:type\" content=\"article\" \/>\n<meta property=\"og:title\" content=\"Visita a la colecci\u00f3n SOLO - Entre Arte y cultura\" \/>\n<meta property=\"og:description\" content=\"visita colecci\u00f3n privada arte contempor\u00e1neo Madrid de reconocidos artistas nacionales e internacionales, tanto reconocidos como emergentes\" \/>\n<meta property=\"og:url\" content=\"https:\/\/www.entrearteycultura.es\/?eap_event=visita-coleccion-privada-arte-contemporaneo-madrid-marzo\" \/>\n<meta property=\"og:site_name\" content=\"Entre Arte y cultura\" \/>\n<meta property=\"article:modified_time\" content=\"2023-03-06T15:23:54+00:00\" \/>\n<meta property=\"og:image\" content=\"https:\/\/www.entrearteycultura.es\/wp-content\/uploads\/2023\/01\/SOLO.jpg\" \/>\n\t<meta property=\"og:image:width\" content=\"2133\" \/>\n\t<meta property=\"og:image:height\" content=\"941\" \/>\n\t<meta property=\"og:image:type\" content=\"image\/jpeg\" \/>\n<meta name=\"twitter:card\" content=\"summary_large_image\" \/>\n<meta name=\"twitter:label1\" content=\"Est. reading time\" \/>\n\t<meta name=\"twitter:data1\" content=\"1 minute\" \/>\n<script type=\"application\/ld+json\" class=\"yoast-schema-graph\">{\"@context\":\"https:\\\/\\\/schema.org\",\"@graph\":[{\"@type\":\"WebPage\",\"@id\":\"https:\\\/\\\/www.entrearteycultura.es\\\/?eap_event=visita-coleccion-privada-arte-contemporaneo-madrid-marzo\",\"url\":\"https:\\\/\\\/www.entrearteycultura.es\\\/?eap_event=visita-coleccion-privada-arte-contemporaneo-madrid-marzo\",\"name\":\"Visita a la colecci\u00f3n SOLO - Entre Arte y cultura\",\"isPartOf\":{\"@id\":\"https:\\\/\\\/www.entrearteycultura.es\\\/#website\"},\"primaryImageOfPage\":{\"@id\":\"https:\\\/\\\/www.entrearteycultura.es\\\/?eap_event=visita-coleccion-privada-arte-contemporaneo-madrid-marzo#primaryimage\"},\"image\":{\"@id\":\"https:\\\/\\\/www.entrearteycultura.es\\\/?eap_event=visita-coleccion-privada-arte-contemporaneo-madrid-marzo#primaryimage\"},\"thumbnailUrl\":\"https:\\\/\\\/www.entrearteycultura.es\\\/wp-content\\\/uploads\\\/2023\\\/01\\\/SOLO.jpg\",\"datePublished\":\"2023-01-16T19:43:05+00:00\",\"dateModified\":\"2023-03-06T15:23:54+00:00\",\"description\":\"visita colecci\u00f3n privada arte contempor\u00e1neo Madrid de reconocidos artistas nacionales e internacionales, tanto reconocidos como emergentes\",\"breadcrumb\":{\"@id\":\"https:\\\/\\\/www.entrearteycultura.es\\\/?eap_event=visita-coleccion-privada-arte-contemporaneo-madrid-marzo#breadcrumb\"},\"inLanguage\":\"en-US\",\"potentialAction\":[{\"@type\":\"ReadAction\",\"target\":[\"https:\\\/\\\/www.entrearteycultura.es\\\/?eap_event=visita-coleccion-privada-arte-contemporaneo-madrid-marzo\"]}]},{\"@type\":\"ImageObject\",\"inLanguage\":\"en-US\",\"@id\":\"https:\\\/\\\/www.entrearteycultura.es\\\/?eap_event=visita-coleccion-privada-arte-contemporaneo-madrid-marzo#primaryimage\",\"url\":\"https:\\\/\\\/www.entrearteycultura.es\\\/wp-content\\\/uploads\\\/2023\\\/01\\\/SOLO.jpg\",\"contentUrl\":\"https:\\\/\\\/www.entrearteycultura.es\\\/wp-content\\\/uploads\\\/2023\\\/01\\\/SOLO.jpg\",\"width\":2133,\"height\":941},{\"@type\":\"BreadcrumbList\",\"@id\":\"https:\\\/\\\/www.entrearteycultura.es\\\/?eap_event=visita-coleccion-privada-arte-contemporaneo-madrid-marzo#breadcrumb\",\"itemListElement\":[{\"@type\":\"ListItem\",\"position\":1,\"name\":\"Portada\",\"item\":\"https:\\\/\\\/www.entrearteycultura.es\\\/\"},{\"@type\":\"ListItem\",\"position\":2,\"name\":\"Events\",\"item\":\"https:\\\/\\\/www.entrearteycultura.es\\\/?post_type=eap_event\"},{\"@type\":\"ListItem\",\"position\":3,\"name\":\"Visita a la colecci\u00f3n SOLO\"}]},{\"@type\":\"WebSite\",\"@id\":\"https:\\\/\\\/www.entrearteycultura.es\\\/#website\",\"url\":\"https:\\\/\\\/www.entrearteycultura.es\\\/\",\"name\":\"Entre Arte y cultura\",\"description\":\"Viajes, eventos cuturales, conferencias y tertulias\",\"potentialAction\":[{\"@type\":\"SearchAction\",\"target\":{\"@type\":\"EntryPoint\",\"urlTemplate\":\"https:\\\/\\\/www.entrearteycultura.es\\\/?s={search_term_string}\"},\"query-input\":{\"@type\":\"PropertyValueSpecification\",\"valueRequired\":true,\"valueName\":\"search_term_string\"}}],\"inLanguage\":\"en-US\"}]}<\/script>\n<!-- \/ Yoast SEO plugin. -->","yoast_head_json":{"title":"Visita a la colecci\u00f3n SOLO - Entre Arte y cultura","description":"visita colecci\u00f3n privada arte contempor\u00e1neo Madrid de reconocidos artistas nacionales e internacionales, tanto reconocidos como emergentes","robots":{"index":"index","follow":"follow","max-snippet":"max-snippet:-1","max-image-preview":"max-image-preview:large","max-video-preview":"max-video-preview:-1"},"canonical":"https:\/\/www.entrearteycultura.es\/?eap_event=visita-coleccion-privada-arte-contemporaneo-madrid-marzo","og_locale":"en_US","og_type":"article","og_title":"Visita a la colecci\u00f3n SOLO - Entre Arte y cultura","og_description":"visita colecci\u00f3n privada arte contempor\u00e1neo Madrid de reconocidos artistas nacionales e internacionales, tanto reconocidos como emergentes","og_url":"https:\/\/www.entrearteycultura.es\/?eap_event=visita-coleccion-privada-arte-contemporaneo-madrid-marzo","og_site_name":"Entre Arte y cultura","article_modified_time":"2023-03-06T15:23:54+00:00","og_image":[{"width":2133,"height":941,"url":"https:\/\/www.entrearteycultura.es\/wp-content\/uploads\/2023\/01\/SOLO.jpg","type":"image\/jpeg"}],"twitter_card":"summary_large_image","twitter_misc":{"Est. reading time":"1 minute"},"schema":{"@context":"https:\/\/schema.org","@graph":[{"@type":"WebPage","@id":"https:\/\/www.entrearteycultura.es\/?eap_event=visita-coleccion-privada-arte-contemporaneo-madrid-marzo","url":"https:\/\/www.entrearteycultura.es\/?eap_event=visita-coleccion-privada-arte-contemporaneo-madrid-marzo","name":"Visita a la colecci\u00f3n SOLO - Entre Arte y cultura","isPartOf":{"@id":"https:\/\/www.entrearteycultura.es\/#website"},"primaryImageOfPage":{"@id":"https:\/\/www.entrearteycultura.es\/?eap_event=visita-coleccion-privada-arte-contemporaneo-madrid-marzo#primaryimage"},"image":{"@id":"https:\/\/www.entrearteycultura.es\/?eap_event=visita-coleccion-privada-arte-contemporaneo-madrid-marzo#primaryimage"},"thumbnailUrl":"https:\/\/www.entrearteycultura.es\/wp-content\/uploads\/2023\/01\/SOLO.jpg","datePublished":"2023-01-16T19:43:05+00:00","dateModified":"2023-03-06T15:23:54+00:00","description":"visita colecci\u00f3n privada arte contempor\u00e1neo Madrid de reconocidos artistas nacionales e internacionales, tanto reconocidos como emergentes","breadcrumb":{"@id":"https:\/\/www.entrearteycultura.es\/?eap_event=visita-coleccion-privada-arte-contemporaneo-madrid-marzo#breadcrumb"},"inLanguage":"en-US","potentialAction":[{"@type":"ReadAction","target":["https:\/\/www.entrearteycultura.es\/?eap_event=visita-coleccion-privada-arte-contemporaneo-madrid-marzo"]}]},{"@type":"ImageObject","inLanguage":"en-US","@id":"https:\/\/www.entrearteycultura.es\/?eap_event=visita-coleccion-privada-arte-contemporaneo-madrid-marzo#primaryimage","url":"https:\/\/www.entrearteycultura.es\/wp-content\/uploads\/2023\/01\/SOLO.jpg","contentUrl":"https:\/\/www.entrearteycultura.es\/wp-content\/uploads\/2023\/01\/SOLO.jpg","width":2133,"height":941},{"@type":"BreadcrumbList","@id":"https:\/\/www.entrearteycultura.es\/?eap_event=visita-coleccion-privada-arte-contemporaneo-madrid-marzo#breadcrumb","itemListElement":[{"@type":"ListItem","position":1,"name":"Portada","item":"https:\/\/www.entrearteycultura.es\/"},{"@type":"ListItem","position":2,"name":"Events","item":"https:\/\/www.entrearteycultura.es\/?post_type=eap_event"},{"@type":"ListItem","position":3,"name":"Visita a la colecci\u00f3n SOLO"}]},{"@type":"WebSite","@id":"https:\/\/www.entrearteycultura.es\/#website","url":"https:\/\/www.entrearteycultura.es\/","name":"Entre Arte y cultura","description":"Viajes, eventos cuturales, conferencias y tertulias","potentialAction":[{"@type":"SearchAction","target":{"@type":"EntryPoint","urlTemplate":"https:\/\/www.entrearteycultura.es\/?s={search_term_string}"},"query-input":{"@type":"PropertyValueSpecification","valueRequired":true,"valueName":"search_term_string"}}],"inLanguage":"en-US"}]}},"_links":{"self":[{"href":"https:\/\/www.entrearteycultura.es\/index.php?rest_route=\/wp\/v2\/eap_event\/342","targetHints":{"allow":["GET"]}}],"collection":[{"href":"https:\/\/www.entrearteycultura.es\/index.php?rest_route=\/wp\/v2\/eap_event"}],"about":[{"href":"https:\/\/www.entrearteycultura.es\/index.php?rest_route=\/wp\/v2\/types\/eap_event"}],"author":[{"embeddable":true,"href":"https:\/\/www.entrearteycultura.es\/index.php?rest_route=\/wp\/v2\/users\/1"}],"replies":[{"embeddable":true,"href":"https:\/\/www.entrearteycultura.es\/index.php?rest_route=%2Fwp%2Fv2%2Fcomments&post=342"}],"version-history":[{"count":1,"href":"https:\/\/www.entrearteycultura.es\/index.php?rest_route=\/wp\/v2\/eap_event\/342\/revisions"}],"predecessor-version":[{"id":574,"href":"https:\/\/www.entrearteycultura.es\/index.php?rest_route=\/wp\/v2\/eap_event\/342\/revisions\/574"}],"wp:featuredmedia":[{"embeddable":true,"href":"https:\/\/www.entrearteycultura.es\/index.php?rest_route=\/wp\/v2\/media\/573"}],"wp:attachment":[{"href":"https:\/\/www.entrearteycultura.es\/index.php?rest_route=%2Fwp%2Fv2%2Fmedia&parent=342"}],"wp:term":[{"taxonomy":"category","embeddable":true,"href":"https:\/\/www.entrearteycultura.es\/index.php?rest_route=%2Fwp%2Fv2%2Fcategories&post=342"}],"curies":[{"name":"wp","href":"https:\/\/api.w.org\/{rel}","templated":true}]}}

<strong>Visita a la colección SOLO</strong>

<p>La colección SOLO reúne casi un millar de obras de arte de 270 artistas internacionales tanto reconocidos como emergentes, que van desde arte con inteligencia artificial como Mario Klingemann o Egor Kraft, hasta reconocidos artistas new media como Wu Tien-Chang, Lee Nam Lee o Nam June Paik. También tiene cabida la pintura figurativa representada por Neo Rauch, Miriam Cahn o Danny Fox, la escultura contemporánea y el arte objetual con artistas como David Altmejd, Glenda Leon o Nina Saunders o el post-pop está presente con las obras de artistas como KAWS o Keiichi Tanaami, entre otros.<br>El espacio donde se exponen, en un edificio protegido de Secundino Zuazo, &nbsp;ha sido diseñado por el arquitecto Juan Herreros.</p>

<p>La colección SOLO reúne casi un millar de obras de arte de 270 artistas internacionales tanto reconocidos como emergentes, que van desde arte con inteligencia artificial como Mario Klingemann o Egor Kraft, hasta reconocidos artistas new media como Wu Tien-Chang, Lee Nam Lee o Nam June Paik. También tiene cabida la pintura figurativa representada por [&hellip;]</p>

<!-- This site is optimized with the Yoast SEO plugin v27.5 - https://yoast.com/product/yoast-seo-wordpress/ -->
<title>Visita a la colección SOLO - Entre Arte y cultura</title>
<meta name="description" content="visita colección privada arte contemporáneo Madrid de reconocidos artistas nacionales e internacionales, tanto reconocidos como emergentes" />
<meta name="robots" content="index, follow, max-snippet:-1, max-image-preview:large, max-video-preview:-1" />
<link rel="canonical" href="https://www.entrearteycultura.es/?eap_event=visita-coleccion-privada-arte-contemporaneo-madrid-marzo" />
<meta property="og:locale" content="en_US" />
<meta property="og:type" content="article" />
<meta property="og:title" content="Visita a la colección SOLO - Entre Arte y cultura" />
<meta property="og:description" content="visita colección privada arte contemporáneo Madrid de reconocidos artistas nacionales e internacionales, tanto reconocidos como emergentes" />
<meta property="og:url" content="https://www.entrearteycultura.es/?eap_event=visita-coleccion-privada-arte-contemporaneo-madrid-marzo" />
<meta property="og:site_name" content="Entre Arte y cultura" />
<meta property="article:modified_time" content="2023-03-06T15:23:54+00:00" />
<meta property="og:image" content="https://www.entrearteycultura.es/wp-content/uploads/2023/01/SOLO.jpg" />
	<meta property="og:image:width" content="2133" />
	<meta property="og:image:height" content="941" />
	<meta property="og:image:type" content="image/jpeg" />
<meta name="twitter:card" content="summary_large_image" />
<meta name="twitter:label1" content="Est. reading time" />
	<meta name="twitter:data1" content="1 minute" />
<script type="application/ld+json" class="yoast-schema-graph">{"@context":"https:\/\/schema.org","@graph":[{"@type":"WebPage","@id":"https:\/\/www.entrearteycultura.es\/?eap_event=visita-coleccion-privada-arte-contemporaneo-madrid-marzo","url":"https:\/\/www.entrearteycultura.es\/?eap_event=visita-coleccion-privada-arte-contemporaneo-madrid-marzo","name":"Visita a la colección SOLO - Entre Arte y cultura","isPartOf":{"@id":"https:\/\/www.entrearteycultura.es\/#website"},"primaryImageOfPage":{"@id":"https:\/\/www.entrearteycultura.es\/?eap_event=visita-coleccion-privada-arte-contemporaneo-madrid-marzo#primaryimage"},"image":{"@id":"https:\/\/www.entrearteycultura.es\/?eap_event=visita-coleccion-privada-arte-contemporaneo-madrid-marzo#primaryimage"},"thumbnailUrl":"https:\/\/www.entrearteycultura.es\/wp-content\/uploads\/2023\/01\/SOLO.jpg","datePublished":"2023-01-16T19:43:05+00:00","dateModified":"2023-03-06T15:23:54+00:00","description":"visita colección privada arte contemporáneo Madrid de reconocidos artistas nacionales e internacionales, tanto reconocidos como emergentes","breadcrumb":{"@id":"https:\/\/www.entrearteycultura.es\/?eap_event=visita-coleccion-privada-arte-contemporaneo-madrid-marzo#breadcrumb"},"inLanguage":"en-US","potentialAction":[{"@type":"ReadAction","target":["https:\/\/www.entrearteycultura.es\/?eap_event=visita-coleccion-privada-arte-contemporaneo-madrid-marzo"]}]},{"@type":"ImageObject","inLanguage":"en-US","@id":"https:\/\/www.entrearteycultura.es\/?eap_event=visita-coleccion-privada-arte-contemporaneo-madrid-marzo#primaryimage","url":"https:\/\/www.entrearteycultura.es\/wp-content\/uploads\/2023\/01\/SOLO.jpg","contentUrl":"https:\/\/www.entrearteycultura.es\/wp-content\/uploads\/2023\/01\/SOLO.jpg","width":2133,"height":941},{"@type":"BreadcrumbList","@id":"https:\/\/www.entrearteycultura.es\/?eap_event=visita-coleccion-privada-arte-contemporaneo-madrid-marzo#breadcrumb","itemListElement":[{"@type":"ListItem","position":1,"name":"Portada","item":"https:\/\/www.entrearteycultura.es\/"},{"@type":"ListItem","position":2,"name":"Events","item":"https:\/\/www.entrearteycultura.es\/?post_type=eap_event"},{"@type":"ListItem","position":3,"name":"Visita a la colección SOLO"}]},{"@type":"WebSite","@id":"https:\/\/www.entrearteycultura.es\/#website","url":"https:\/\/www.entrearteycultura.es\/","name":"Entre Arte y cultura","description":"Viajes, eventos cuturales, conferencias y tertulias","potentialAction":[{"@type":"SearchAction","target":{"@type":"EntryPoint","urlTemplate":"https:\/\/www.entrearteycultura.es\/?s={search_term_string}"},"query-input":{"@type":"PropertyValueSpecification","valueRequired":true,"valueName":"search_term_string"}}],"inLanguage":"en-US"}]}</script>
<!-- / Yoast SEO plugin. -->

Visita a la colección SOLO - Entre Arte y cultura

visita colección privada arte contemporáneo Madrid de reconocidos artistas nacionales e internacionales, tanto reconocidos como emergentes

Visita a la colección SOLO
