{"id":267,"date":"2023-01-07T14:21:02","date_gmt":"2023-01-07T14:21:02","guid":{"rendered":"http:\/\/www.entrearteycultura.es\/?post_type=eap_event&#038;p=267"},"modified":"2023-02-27T18:18:18","modified_gmt":"2023-02-27T18:18:18","slug":"visita-arco-2023","status":"publish","type":"eap_event","link":"https:\/\/www.entrearteycultura.es\/?eap_event=visita-arco-2023","title":{"rendered":"Visita a ARCO (Feria de Arte Contempor\u00e1neo)"},"content":{"rendered":"\n<p>Visita a ARCO (Feria de Arte Contempor\u00e1neo)<\/p>\n\n\n\n<p><strong>ARCOmadrid<\/strong>&nbsp;es la Feria Internacional de Arte Contempor\u00e1neo de Espa\u00f1a que, desde su creaci\u00f3n, constituye una de las principales plataformas del mercado del arte contempor\u00e1neo. En 2023 celebrar\u00e1 su 42\u00aa edici\u00f3n con el mediterr\u00e1neo como proyecto central. El programa,&nbsp;<strong>`El Mediterr\u00e1neo: Un Mar Redondo\u00b4<\/strong>, comisariado por Marina Fokidis, y con la asesor\u00eda de Bouchra Khalili, Hila Peleg y Pedro G. Romero, girar\u00e1 en torno a las escenas art\u00edsticas de los pa\u00edses que rodean este mar, desde el sur al norte y de costa a costa.<\/p>\n\n\n\n<p>Viernes 24 defebrero, 17:00 h<\/p>\n\n\n\n<p>Se necesita inscripci\u00f3n previa en todas las actividades. Mandar correo a:<br><a href=\"mailto:maria@entrearteycutura.es\" target=\"_blank\" rel=\"noreferrer noopener\">maria@entrearteycultura.es<\/a>&nbsp;o&nbsp;<a href=\"mailto:julieta@entrearteycultura.es\" target=\"_blank\" rel=\"noreferrer noopener\">julieta@entrearteycultura.es<\/a><\/p>\n","protected":false},"excerpt":{"rendered":"<p>Visita a ARCO (Feria de Arte Contempor\u00e1neo) ARCOmadrid&nbsp;es la Feria Internacional de Arte Contempor\u00e1neo de Espa\u00f1a que, desde su creaci\u00f3n, constituye una de las principales plataformas del mercado del arte contempor\u00e1neo. En 2023 celebrar\u00e1 su 42\u00aa edici\u00f3n con el mediterr\u00e1neo como proyecto central. El programa,&nbsp;`El Mediterr\u00e1neo: Un Mar Redondo\u00b4, comisariado por Marina Fokidis, y con [&hellip;]<\/p>\n","protected":false},"author":1,"featured_media":364,"comment_status":"open","ping_status":"closed","template":"","categories":[45],"class_list":["post-267","eap_event","type-eap_event","status-publish","has-post-thumbnail","hentry","category-eventos-pasados"],"yoast_head":"<!-- This site is optimized with the Yoast SEO plugin v27.5 - https:\/\/yoast.com\/product\/yoast-seo-wordpress\/ -->\n<title>Visita a ARCO (Feria de Arte Contempor\u00e1neo) - Entre Arte y cultura<\/title>\n<meta name=\"description\" content=\"Visita a ARCO (Feria de Arte Contempor\u00e1neo). Viernes 24, 17:00 h Se necesita inscripci\u00f3n previa en todas las actividades.\" \/>\n<meta name=\"robots\" content=\"index, follow, max-snippet:-1, max-image-preview:large, max-video-preview:-1\" \/>\n<link rel=\"canonical\" href=\"https:\/\/www.entrearteycultura.es\/?eap_event=visita-arco-2023\" \/>\n<meta property=\"og:locale\" content=\"en_US\" \/>\n<meta property=\"og:type\" content=\"article\" \/>\n<meta property=\"og:title\" content=\"Visita a ARCO (Feria de Arte Contempor\u00e1neo) - Entre Arte y cultura\" \/>\n<meta property=\"og:description\" content=\"Visita a ARCO (Feria de Arte Contempor\u00e1neo). Viernes 24, 17:00 h Se necesita inscripci\u00f3n previa en todas las actividades.\" \/>\n<meta property=\"og:url\" content=\"https:\/\/www.entrearteycultura.es\/?eap_event=visita-arco-2023\" \/>\n<meta property=\"og:site_name\" content=\"Entre Arte y cultura\" \/>\n<meta property=\"article:modified_time\" content=\"2023-02-27T18:18:18+00:00\" \/>\n<meta property=\"og:image\" content=\"https:\/\/www.entrearteycultura.es\/wp-content\/uploads\/2023\/01\/arco23.jpg\" \/>\n\t<meta property=\"og:image:width\" content=\"836\" \/>\n\t<meta property=\"og:image:height\" content=\"520\" \/>\n\t<meta property=\"og:image:type\" content=\"image\/jpeg\" \/>\n<meta name=\"twitter:card\" content=\"summary_large_image\" \/>\n<meta name=\"twitter:label1\" content=\"Est. reading time\" \/>\n\t<meta name=\"twitter:data1\" content=\"1 minute\" \/>\n<script type=\"application\/ld+json\" class=\"yoast-schema-graph\">{\"@context\":\"https:\\\/\\\/schema.org\",\"@graph\":[{\"@type\":\"WebPage\",\"@id\":\"https:\\\/\\\/www.entrearteycultura.es\\\/?eap_event=visita-arco-2023\",\"url\":\"https:\\\/\\\/www.entrearteycultura.es\\\/?eap_event=visita-arco-2023\",\"name\":\"Visita a ARCO (Feria de Arte Contempor\u00e1neo) - Entre Arte y cultura\",\"isPartOf\":{\"@id\":\"https:\\\/\\\/www.entrearteycultura.es\\\/#website\"},\"primaryImageOfPage\":{\"@id\":\"https:\\\/\\\/www.entrearteycultura.es\\\/?eap_event=visita-arco-2023#primaryimage\"},\"image\":{\"@id\":\"https:\\\/\\\/www.entrearteycultura.es\\\/?eap_event=visita-arco-2023#primaryimage\"},\"thumbnailUrl\":\"https:\\\/\\\/www.entrearteycultura.es\\\/wp-content\\\/uploads\\\/2023\\\/01\\\/arco23.jpg\",\"datePublished\":\"2023-01-07T14:21:02+00:00\",\"dateModified\":\"2023-02-27T18:18:18+00:00\",\"description\":\"Visita a ARCO (Feria de Arte Contempor\u00e1neo). Viernes 24, 17:00 h Se necesita inscripci\u00f3n previa en todas las actividades.\",\"breadcrumb\":{\"@id\":\"https:\\\/\\\/www.entrearteycultura.es\\\/?eap_event=visita-arco-2023#breadcrumb\"},\"inLanguage\":\"en-US\",\"potentialAction\":[{\"@type\":\"ReadAction\",\"target\":[\"https:\\\/\\\/www.entrearteycultura.es\\\/?eap_event=visita-arco-2023\"]}]},{\"@type\":\"ImageObject\",\"inLanguage\":\"en-US\",\"@id\":\"https:\\\/\\\/www.entrearteycultura.es\\\/?eap_event=visita-arco-2023#primaryimage\",\"url\":\"https:\\\/\\\/www.entrearteycultura.es\\\/wp-content\\\/uploads\\\/2023\\\/01\\\/arco23.jpg\",\"contentUrl\":\"https:\\\/\\\/www.entrearteycultura.es\\\/wp-content\\\/uploads\\\/2023\\\/01\\\/arco23.jpg\",\"width\":836,\"height\":520},{\"@type\":\"BreadcrumbList\",\"@id\":\"https:\\\/\\\/www.entrearteycultura.es\\\/?eap_event=visita-arco-2023#breadcrumb\",\"itemListElement\":[{\"@type\":\"ListItem\",\"position\":1,\"name\":\"Portada\",\"item\":\"https:\\\/\\\/www.entrearteycultura.es\\\/\"},{\"@type\":\"ListItem\",\"position\":2,\"name\":\"Events\",\"item\":\"https:\\\/\\\/www.entrearteycultura.es\\\/?post_type=eap_event\"},{\"@type\":\"ListItem\",\"position\":3,\"name\":\"Visita a ARCO (Feria de Arte Contempor\u00e1neo)\"}]},{\"@type\":\"WebSite\",\"@id\":\"https:\\\/\\\/www.entrearteycultura.es\\\/#website\",\"url\":\"https:\\\/\\\/www.entrearteycultura.es\\\/\",\"name\":\"Entre Arte y cultura\",\"description\":\"Viajes, eventos cuturales, conferencias y tertulias\",\"potentialAction\":[{\"@type\":\"SearchAction\",\"target\":{\"@type\":\"EntryPoint\",\"urlTemplate\":\"https:\\\/\\\/www.entrearteycultura.es\\\/?s={search_term_string}\"},\"query-input\":{\"@type\":\"PropertyValueSpecification\",\"valueRequired\":true,\"valueName\":\"search_term_string\"}}],\"inLanguage\":\"en-US\"}]}<\/script>\n<!-- \/ Yoast SEO plugin. -->","yoast_head_json":{"title":"Visita a ARCO (Feria de Arte Contempor\u00e1neo) - Entre Arte y cultura","description":"Visita a ARCO (Feria de Arte Contempor\u00e1neo). Viernes 24, 17:00 h Se necesita inscripci\u00f3n previa en todas las actividades.","robots":{"index":"index","follow":"follow","max-snippet":"max-snippet:-1","max-image-preview":"max-image-preview:large","max-video-preview":"max-video-preview:-1"},"canonical":"https:\/\/www.entrearteycultura.es\/?eap_event=visita-arco-2023","og_locale":"en_US","og_type":"article","og_title":"Visita a ARCO (Feria de Arte Contempor\u00e1neo) - Entre Arte y cultura","og_description":"Visita a ARCO (Feria de Arte Contempor\u00e1neo). Viernes 24, 17:00 h Se necesita inscripci\u00f3n previa en todas las actividades.","og_url":"https:\/\/www.entrearteycultura.es\/?eap_event=visita-arco-2023","og_site_name":"Entre Arte y cultura","article_modified_time":"2023-02-27T18:18:18+00:00","og_image":[{"width":836,"height":520,"url":"https:\/\/www.entrearteycultura.es\/wp-content\/uploads\/2023\/01\/arco23.jpg","type":"image\/jpeg"}],"twitter_card":"summary_large_image","twitter_misc":{"Est. reading time":"1 minute"},"schema":{"@context":"https:\/\/schema.org","@graph":[{"@type":"WebPage","@id":"https:\/\/www.entrearteycultura.es\/?eap_event=visita-arco-2023","url":"https:\/\/www.entrearteycultura.es\/?eap_event=visita-arco-2023","name":"Visita a ARCO (Feria de Arte Contempor\u00e1neo) - Entre Arte y cultura","isPartOf":{"@id":"https:\/\/www.entrearteycultura.es\/#website"},"primaryImageOfPage":{"@id":"https:\/\/www.entrearteycultura.es\/?eap_event=visita-arco-2023#primaryimage"},"image":{"@id":"https:\/\/www.entrearteycultura.es\/?eap_event=visita-arco-2023#primaryimage"},"thumbnailUrl":"https:\/\/www.entrearteycultura.es\/wp-content\/uploads\/2023\/01\/arco23.jpg","datePublished":"2023-01-07T14:21:02+00:00","dateModified":"2023-02-27T18:18:18+00:00","description":"Visita a ARCO (Feria de Arte Contempor\u00e1neo). Viernes 24, 17:00 h Se necesita inscripci\u00f3n previa en todas las actividades.","breadcrumb":{"@id":"https:\/\/www.entrearteycultura.es\/?eap_event=visita-arco-2023#breadcrumb"},"inLanguage":"en-US","potentialAction":[{"@type":"ReadAction","target":["https:\/\/www.entrearteycultura.es\/?eap_event=visita-arco-2023"]}]},{"@type":"ImageObject","inLanguage":"en-US","@id":"https:\/\/www.entrearteycultura.es\/?eap_event=visita-arco-2023#primaryimage","url":"https:\/\/www.entrearteycultura.es\/wp-content\/uploads\/2023\/01\/arco23.jpg","contentUrl":"https:\/\/www.entrearteycultura.es\/wp-content\/uploads\/2023\/01\/arco23.jpg","width":836,"height":520},{"@type":"BreadcrumbList","@id":"https:\/\/www.entrearteycultura.es\/?eap_event=visita-arco-2023#breadcrumb","itemListElement":[{"@type":"ListItem","position":1,"name":"Portada","item":"https:\/\/www.entrearteycultura.es\/"},{"@type":"ListItem","position":2,"name":"Events","item":"https:\/\/www.entrearteycultura.es\/?post_type=eap_event"},{"@type":"ListItem","position":3,"name":"Visita a ARCO (Feria de Arte Contempor\u00e1neo)"}]},{"@type":"WebSite","@id":"https:\/\/www.entrearteycultura.es\/#website","url":"https:\/\/www.entrearteycultura.es\/","name":"Entre Arte y cultura","description":"Viajes, eventos cuturales, conferencias y tertulias","potentialAction":[{"@type":"SearchAction","target":{"@type":"EntryPoint","urlTemplate":"https:\/\/www.entrearteycultura.es\/?s={search_term_string}"},"query-input":{"@type":"PropertyValueSpecification","valueRequired":true,"valueName":"search_term_string"}}],"inLanguage":"en-US"}]}},"_links":{"self":[{"href":"https:\/\/www.entrearteycultura.es\/index.php?rest_route=\/wp\/v2\/eap_event\/267","targetHints":{"allow":["GET"]}}],"collection":[{"href":"https:\/\/www.entrearteycultura.es\/index.php?rest_route=\/wp\/v2\/eap_event"}],"about":[{"href":"https:\/\/www.entrearteycultura.es\/index.php?rest_route=\/wp\/v2\/types\/eap_event"}],"author":[{"embeddable":true,"href":"https:\/\/www.entrearteycultura.es\/index.php?rest_route=\/wp\/v2\/users\/1"}],"replies":[{"embeddable":true,"href":"https:\/\/www.entrearteycultura.es\/index.php?rest_route=%2Fwp%2Fv2%2Fcomments&post=267"}],"version-history":[{"count":1,"href":"https:\/\/www.entrearteycultura.es\/index.php?rest_route=\/wp\/v2\/eap_event\/267\/revisions"}],"predecessor-version":[{"id":485,"href":"https:\/\/www.entrearteycultura.es\/index.php?rest_route=\/wp\/v2\/eap_event\/267\/revisions\/485"}],"wp:featuredmedia":[{"embeddable":true,"href":"https:\/\/www.entrearteycultura.es\/index.php?rest_route=\/wp\/v2\/media\/364"}],"wp:attachment":[{"href":"https:\/\/www.entrearteycultura.es\/index.php?rest_route=%2Fwp%2Fv2%2Fmedia&parent=267"}],"wp:term":[{"taxonomy":"category","embeddable":true,"href":"https:\/\/www.entrearteycultura.es\/index.php?rest_route=%2Fwp%2Fv2%2Fcategories&post=267"}],"curies":[{"name":"wp","href":"https:\/\/api.w.org\/{rel}","templated":true}]}}

Visita a ARCO (Feria de Arte Contemporáneo)

<p>Visita a ARCO (Feria de Arte Contemporáneo)</p>



<p><strong>ARCOmadrid</strong>&nbsp;es la Feria Internacional de Arte Contemporáneo de España que, desde su creación, constituye una de las principales plataformas del mercado del arte contemporáneo. En 2023 celebrará su 42ª edición con el mediterráneo como proyecto central. El programa,&nbsp;<strong>`El Mediterráneo: Un Mar Redondo´</strong>, comisariado por Marina Fokidis, y con la asesoría de Bouchra Khalili, Hila Peleg y Pedro G. Romero, girará en torno a las escenas artísticas de los países que rodean este mar, desde el sur al norte y de costa a costa.</p>



<p>Viernes 24 defebrero, 17:00 h</p>



<p>Se necesita inscripción previa en todas las actividades. Mandar correo a:<br><a href="mailto:maria@entrearteycutura.es" target="_blank" rel="noreferrer noopener">maria@entrearteycultura.es</a>&nbsp;o&nbsp;<a href="mailto:julieta@entrearteycultura.es" target="_blank" rel="noreferrer noopener">julieta@entrearteycultura.es</a></p>

<p>Visita a ARCO (Feria de Arte Contemporáneo) ARCOmadrid&nbsp;es la Feria Internacional de Arte Contemporáneo de España que, desde su creación, constituye una de las principales plataformas del mercado del arte contemporáneo. En 2023 celebrará su 42ª edición con el mediterráneo como proyecto central. El programa,&nbsp;`El Mediterráneo: Un Mar Redondo´, comisariado por Marina Fokidis, y con [&hellip;]</p>

<!-- This site is optimized with the Yoast SEO plugin v27.5 - https://yoast.com/product/yoast-seo-wordpress/ -->
<title>Visita a ARCO (Feria de Arte Contemporáneo) - Entre Arte y cultura</title>
<meta name="description" content="Visita a ARCO (Feria de Arte Contemporáneo). Viernes 24, 17:00 h Se necesita inscripción previa en todas las actividades." />
<meta name="robots" content="index, follow, max-snippet:-1, max-image-preview:large, max-video-preview:-1" />
<link rel="canonical" href="https://www.entrearteycultura.es/?eap_event=visita-arco-2023" />
<meta property="og:locale" content="en_US" />
<meta property="og:type" content="article" />
<meta property="og:title" content="Visita a ARCO (Feria de Arte Contemporáneo) - Entre Arte y cultura" />
<meta property="og:description" content="Visita a ARCO (Feria de Arte Contemporáneo). Viernes 24, 17:00 h Se necesita inscripción previa en todas las actividades." />
<meta property="og:url" content="https://www.entrearteycultura.es/?eap_event=visita-arco-2023" />
<meta property="og:site_name" content="Entre Arte y cultura" />
<meta property="article:modified_time" content="2023-02-27T18:18:18+00:00" />
<meta property="og:image" content="https://www.entrearteycultura.es/wp-content/uploads/2023/01/arco23.jpg" />
	<meta property="og:image:width" content="836" />
	<meta property="og:image:height" content="520" />
	<meta property="og:image:type" content="image/jpeg" />
<meta name="twitter:card" content="summary_large_image" />
<meta name="twitter:label1" content="Est. reading time" />
	<meta name="twitter:data1" content="1 minute" />
<script type="application/ld+json" class="yoast-schema-graph">{"@context":"https:\/\/schema.org","@graph":[{"@type":"WebPage","@id":"https:\/\/www.entrearteycultura.es\/?eap_event=visita-arco-2023","url":"https:\/\/www.entrearteycultura.es\/?eap_event=visita-arco-2023","name":"Visita a ARCO (Feria de Arte Contemporáneo) - Entre Arte y cultura","isPartOf":{"@id":"https:\/\/www.entrearteycultura.es\/#website"},"primaryImageOfPage":{"@id":"https:\/\/www.entrearteycultura.es\/?eap_event=visita-arco-2023#primaryimage"},"image":{"@id":"https:\/\/www.entrearteycultura.es\/?eap_event=visita-arco-2023#primaryimage"},"thumbnailUrl":"https:\/\/www.entrearteycultura.es\/wp-content\/uploads\/2023\/01\/arco23.jpg","datePublished":"2023-01-07T14:21:02+00:00","dateModified":"2023-02-27T18:18:18+00:00","description":"Visita a ARCO (Feria de Arte Contemporáneo). Viernes 24, 17:00 h Se necesita inscripción previa en todas las actividades.","breadcrumb":{"@id":"https:\/\/www.entrearteycultura.es\/?eap_event=visita-arco-2023#breadcrumb"},"inLanguage":"en-US","potentialAction":[{"@type":"ReadAction","target":["https:\/\/www.entrearteycultura.es\/?eap_event=visita-arco-2023"]}]},{"@type":"ImageObject","inLanguage":"en-US","@id":"https:\/\/www.entrearteycultura.es\/?eap_event=visita-arco-2023#primaryimage","url":"https:\/\/www.entrearteycultura.es\/wp-content\/uploads\/2023\/01\/arco23.jpg","contentUrl":"https:\/\/www.entrearteycultura.es\/wp-content\/uploads\/2023\/01\/arco23.jpg","width":836,"height":520},{"@type":"BreadcrumbList","@id":"https:\/\/www.entrearteycultura.es\/?eap_event=visita-arco-2023#breadcrumb","itemListElement":[{"@type":"ListItem","position":1,"name":"Portada","item":"https:\/\/www.entrearteycultura.es\/"},{"@type":"ListItem","position":2,"name":"Events","item":"https:\/\/www.entrearteycultura.es\/?post_type=eap_event"},{"@type":"ListItem","position":3,"name":"Visita a ARCO (Feria de Arte Contemporáneo)"}]},{"@type":"WebSite","@id":"https:\/\/www.entrearteycultura.es\/#website","url":"https:\/\/www.entrearteycultura.es\/","name":"Entre Arte y cultura","description":"Viajes, eventos cuturales, conferencias y tertulias","potentialAction":[{"@type":"SearchAction","target":{"@type":"EntryPoint","urlTemplate":"https:\/\/www.entrearteycultura.es\/?s={search_term_string}"},"query-input":{"@type":"PropertyValueSpecification","valueRequired":true,"valueName":"search_term_string"}}],"inLanguage":"en-US"}]}</script>
<!-- / Yoast SEO plugin. -->

Visita a ARCO (Feria de Arte Contemporáneo) - Entre Arte y cultura

Visita a ARCO (Feria de Arte Contemporáneo). Viernes 24, 17:00 h Se necesita inscripción previa en todas las actividades.
