{"id":265,"date":"2023-01-16T19:18:16","date_gmt":"2023-01-16T19:18:16","guid":{"rendered":"http:\/\/www.entrearteycultura.es\/?post_type=eap_event&#038;p=265"},"modified":"2023-03-26T11:08:32","modified_gmt":"2023-03-26T11:08:32","slug":"escapada-escorial-marzo-2023","status":"publish","type":"eap_event","link":"https:\/\/www.entrearteycultura.es\/?eap_event=escapada-escorial-marzo-2023","title":{"rendered":"Escapada de d\u00eda \u201cEl Escorial oculto\u201d"},"content":{"rendered":"\n<p>Escapada de d\u00eda \u201cEl Escorial oculto\u201d<\/p>\n\n\n\n<p>S\u00e1bado 25 de marzo<\/p>\n\n\n\n<p>Visitaremos la Casita del Pr\u00edncipe Don Carlos y en el monasterio de El Escorial salas y estancias que no est\u00e1n abiertas al p\u00fablico, tales como el patio de los Evangelistas, espacio de Secadores (antigua botica), el jard\u00edn de los frailes, el coro y la sacrist\u00eda.<\/p>\n\n\n\n<p>Se necesita inscripci\u00f3n previa en todas las actividades. Mandar correo a:<br><a href=\"mailto:maria@entrearteycultura.es\">maria@entrearteycultura.es<\/a> o&nbsp;<a href=\"mailto:julieta@entrearteycultura.es\" target=\"_blank\" rel=\"noreferrer noopener\">julieta@entrearteycultura.es<\/a><\/p>\n\n\n\n<p><\/p>\n","protected":false},"excerpt":{"rendered":"<p>Escapada de d\u00eda \u201cEl Escorial oculto\u201d S\u00e1bado 25 de marzo Visitaremos la Casita del Pr\u00edncipe Don Carlos y en el monasterio de El Escorial salas y estancias que no est\u00e1n abiertas al p\u00fablico, tales como el patio de los Evangelistas, espacio de Secadores (antigua botica), el jard\u00edn de los frailes, el coro y la sacrist\u00eda. [&hellip;]<\/p>\n","protected":false},"author":1,"featured_media":341,"comment_status":"open","ping_status":"closed","template":"","categories":[45],"class_list":["post-265","eap_event","type-eap_event","status-publish","has-post-thumbnail","hentry","category-eventos-pasados"],"yoast_head":"<!-- This site is optimized with the Yoast SEO plugin v27.5 - https:\/\/yoast.com\/product\/yoast-seo-wordpress\/ -->\n<title>Escapada de d\u00eda \u201cEl Escorial oculto\u201d - Entre Arte y cultura<\/title>\n<meta name=\"description\" content=\"Visita a la Casita del Pr\u00edncipe Don Carlos y salas y estancias que no est\u00e1n abiertas al p\u00fablico en el monasterio de El Escorial\" \/>\n<meta name=\"robots\" content=\"index, follow, max-snippet:-1, max-image-preview:large, max-video-preview:-1\" \/>\n<link rel=\"canonical\" href=\"https:\/\/www.entrearteycultura.es\/?eap_event=escapada-escorial-marzo-2023\" \/>\n<meta property=\"og:locale\" content=\"en_US\" \/>\n<meta property=\"og:type\" content=\"article\" \/>\n<meta property=\"og:title\" content=\"Escapada de d\u00eda \u201cEl Escorial oculto\u201d - Entre Arte y cultura\" \/>\n<meta property=\"og:description\" content=\"Visita a la Casita del Pr\u00edncipe Don Carlos y salas y estancias que no est\u00e1n abiertas al p\u00fablico en el monasterio de El Escorial\" \/>\n<meta property=\"og:url\" content=\"https:\/\/www.entrearteycultura.es\/?eap_event=escapada-escorial-marzo-2023\" \/>\n<meta property=\"og:site_name\" content=\"Entre Arte y cultura\" \/>\n<meta property=\"article:modified_time\" content=\"2023-03-26T11:08:32+00:00\" \/>\n<meta property=\"og:image\" content=\"https:\/\/www.entrearteycultura.es\/wp-content\/uploads\/2023\/01\/foto-escorial.jpg\" \/>\n\t<meta property=\"og:image:width\" content=\"1743\" \/>\n\t<meta property=\"og:image:height\" content=\"889\" \/>\n\t<meta property=\"og:image:type\" content=\"image\/jpeg\" \/>\n<meta name=\"twitter:card\" content=\"summary_large_image\" \/>\n<meta name=\"twitter:label1\" content=\"Est. reading time\" \/>\n\t<meta name=\"twitter:data1\" content=\"1 minute\" \/>\n<script type=\"application\/ld+json\" class=\"yoast-schema-graph\">{\"@context\":\"https:\\\/\\\/schema.org\",\"@graph\":[{\"@type\":\"WebPage\",\"@id\":\"https:\\\/\\\/www.entrearteycultura.es\\\/?eap_event=escapada-escorial-marzo-2023\",\"url\":\"https:\\\/\\\/www.entrearteycultura.es\\\/?eap_event=escapada-escorial-marzo-2023\",\"name\":\"Escapada de d\u00eda \u201cEl Escorial oculto\u201d - Entre Arte y cultura\",\"isPartOf\":{\"@id\":\"https:\\\/\\\/www.entrearteycultura.es\\\/#website\"},\"primaryImageOfPage\":{\"@id\":\"https:\\\/\\\/www.entrearteycultura.es\\\/?eap_event=escapada-escorial-marzo-2023#primaryimage\"},\"image\":{\"@id\":\"https:\\\/\\\/www.entrearteycultura.es\\\/?eap_event=escapada-escorial-marzo-2023#primaryimage\"},\"thumbnailUrl\":\"https:\\\/\\\/www.entrearteycultura.es\\\/wp-content\\\/uploads\\\/2023\\\/01\\\/foto-escorial.jpg\",\"datePublished\":\"2023-01-16T19:18:16+00:00\",\"dateModified\":\"2023-03-26T11:08:32+00:00\",\"description\":\"Visita a la Casita del Pr\u00edncipe Don Carlos y salas y estancias que no est\u00e1n abiertas al p\u00fablico en el monasterio de El Escorial\",\"breadcrumb\":{\"@id\":\"https:\\\/\\\/www.entrearteycultura.es\\\/?eap_event=escapada-escorial-marzo-2023#breadcrumb\"},\"inLanguage\":\"en-US\",\"potentialAction\":[{\"@type\":\"ReadAction\",\"target\":[\"https:\\\/\\\/www.entrearteycultura.es\\\/?eap_event=escapada-escorial-marzo-2023\"]}]},{\"@type\":\"ImageObject\",\"inLanguage\":\"en-US\",\"@id\":\"https:\\\/\\\/www.entrearteycultura.es\\\/?eap_event=escapada-escorial-marzo-2023#primaryimage\",\"url\":\"https:\\\/\\\/www.entrearteycultura.es\\\/wp-content\\\/uploads\\\/2023\\\/01\\\/foto-escorial.jpg\",\"contentUrl\":\"https:\\\/\\\/www.entrearteycultura.es\\\/wp-content\\\/uploads\\\/2023\\\/01\\\/foto-escorial.jpg\",\"width\":1743,\"height\":889},{\"@type\":\"BreadcrumbList\",\"@id\":\"https:\\\/\\\/www.entrearteycultura.es\\\/?eap_event=escapada-escorial-marzo-2023#breadcrumb\",\"itemListElement\":[{\"@type\":\"ListItem\",\"position\":1,\"name\":\"Portada\",\"item\":\"https:\\\/\\\/www.entrearteycultura.es\\\/\"},{\"@type\":\"ListItem\",\"position\":2,\"name\":\"Events\",\"item\":\"https:\\\/\\\/www.entrearteycultura.es\\\/?post_type=eap_event\"},{\"@type\":\"ListItem\",\"position\":3,\"name\":\"Escapada de d\u00eda \u201cEl Escorial oculto\u201d\"}]},{\"@type\":\"WebSite\",\"@id\":\"https:\\\/\\\/www.entrearteycultura.es\\\/#website\",\"url\":\"https:\\\/\\\/www.entrearteycultura.es\\\/\",\"name\":\"Entre Arte y cultura\",\"description\":\"Viajes, eventos cuturales, conferencias y tertulias\",\"potentialAction\":[{\"@type\":\"SearchAction\",\"target\":{\"@type\":\"EntryPoint\",\"urlTemplate\":\"https:\\\/\\\/www.entrearteycultura.es\\\/?s={search_term_string}\"},\"query-input\":{\"@type\":\"PropertyValueSpecification\",\"valueRequired\":true,\"valueName\":\"search_term_string\"}}],\"inLanguage\":\"en-US\"}]}<\/script>\n<!-- \/ Yoast SEO plugin. -->","yoast_head_json":{"title":"Escapada de d\u00eda \u201cEl Escorial oculto\u201d - Entre Arte y cultura","description":"Visita a la Casita del Pr\u00edncipe Don Carlos y salas y estancias que no est\u00e1n abiertas al p\u00fablico en el monasterio de El Escorial","robots":{"index":"index","follow":"follow","max-snippet":"max-snippet:-1","max-image-preview":"max-image-preview:large","max-video-preview":"max-video-preview:-1"},"canonical":"https:\/\/www.entrearteycultura.es\/?eap_event=escapada-escorial-marzo-2023","og_locale":"en_US","og_type":"article","og_title":"Escapada de d\u00eda \u201cEl Escorial oculto\u201d - Entre Arte y cultura","og_description":"Visita a la Casita del Pr\u00edncipe Don Carlos y salas y estancias que no est\u00e1n abiertas al p\u00fablico en el monasterio de El Escorial","og_url":"https:\/\/www.entrearteycultura.es\/?eap_event=escapada-escorial-marzo-2023","og_site_name":"Entre Arte y cultura","article_modified_time":"2023-03-26T11:08:32+00:00","og_image":[{"width":1743,"height":889,"url":"https:\/\/www.entrearteycultura.es\/wp-content\/uploads\/2023\/01\/foto-escorial.jpg","type":"image\/jpeg"}],"twitter_card":"summary_large_image","twitter_misc":{"Est. reading time":"1 minute"},"schema":{"@context":"https:\/\/schema.org","@graph":[{"@type":"WebPage","@id":"https:\/\/www.entrearteycultura.es\/?eap_event=escapada-escorial-marzo-2023","url":"https:\/\/www.entrearteycultura.es\/?eap_event=escapada-escorial-marzo-2023","name":"Escapada de d\u00eda \u201cEl Escorial oculto\u201d - Entre Arte y cultura","isPartOf":{"@id":"https:\/\/www.entrearteycultura.es\/#website"},"primaryImageOfPage":{"@id":"https:\/\/www.entrearteycultura.es\/?eap_event=escapada-escorial-marzo-2023#primaryimage"},"image":{"@id":"https:\/\/www.entrearteycultura.es\/?eap_event=escapada-escorial-marzo-2023#primaryimage"},"thumbnailUrl":"https:\/\/www.entrearteycultura.es\/wp-content\/uploads\/2023\/01\/foto-escorial.jpg","datePublished":"2023-01-16T19:18:16+00:00","dateModified":"2023-03-26T11:08:32+00:00","description":"Visita a la Casita del Pr\u00edncipe Don Carlos y salas y estancias que no est\u00e1n abiertas al p\u00fablico en el monasterio de El Escorial","breadcrumb":{"@id":"https:\/\/www.entrearteycultura.es\/?eap_event=escapada-escorial-marzo-2023#breadcrumb"},"inLanguage":"en-US","potentialAction":[{"@type":"ReadAction","target":["https:\/\/www.entrearteycultura.es\/?eap_event=escapada-escorial-marzo-2023"]}]},{"@type":"ImageObject","inLanguage":"en-US","@id":"https:\/\/www.entrearteycultura.es\/?eap_event=escapada-escorial-marzo-2023#primaryimage","url":"https:\/\/www.entrearteycultura.es\/wp-content\/uploads\/2023\/01\/foto-escorial.jpg","contentUrl":"https:\/\/www.entrearteycultura.es\/wp-content\/uploads\/2023\/01\/foto-escorial.jpg","width":1743,"height":889},{"@type":"BreadcrumbList","@id":"https:\/\/www.entrearteycultura.es\/?eap_event=escapada-escorial-marzo-2023#breadcrumb","itemListElement":[{"@type":"ListItem","position":1,"name":"Portada","item":"https:\/\/www.entrearteycultura.es\/"},{"@type":"ListItem","position":2,"name":"Events","item":"https:\/\/www.entrearteycultura.es\/?post_type=eap_event"},{"@type":"ListItem","position":3,"name":"Escapada de d\u00eda \u201cEl Escorial oculto\u201d"}]},{"@type":"WebSite","@id":"https:\/\/www.entrearteycultura.es\/#website","url":"https:\/\/www.entrearteycultura.es\/","name":"Entre Arte y cultura","description":"Viajes, eventos cuturales, conferencias y tertulias","potentialAction":[{"@type":"SearchAction","target":{"@type":"EntryPoint","urlTemplate":"https:\/\/www.entrearteycultura.es\/?s={search_term_string}"},"query-input":{"@type":"PropertyValueSpecification","valueRequired":true,"valueName":"search_term_string"}}],"inLanguage":"en-US"}]}},"_links":{"self":[{"href":"https:\/\/www.entrearteycultura.es\/index.php?rest_route=\/wp\/v2\/eap_event\/265","targetHints":{"allow":["GET"]}}],"collection":[{"href":"https:\/\/www.entrearteycultura.es\/index.php?rest_route=\/wp\/v2\/eap_event"}],"about":[{"href":"https:\/\/www.entrearteycultura.es\/index.php?rest_route=\/wp\/v2\/types\/eap_event"}],"author":[{"embeddable":true,"href":"https:\/\/www.entrearteycultura.es\/index.php?rest_route=\/wp\/v2\/users\/1"}],"replies":[{"embeddable":true,"href":"https:\/\/www.entrearteycultura.es\/index.php?rest_route=%2Fwp%2Fv2%2Fcomments&post=265"}],"version-history":[{"count":1,"href":"https:\/\/www.entrearteycultura.es\/index.php?rest_route=\/wp\/v2\/eap_event\/265\/revisions"}],"predecessor-version":[{"id":604,"href":"https:\/\/www.entrearteycultura.es\/index.php?rest_route=\/wp\/v2\/eap_event\/265\/revisions\/604"}],"wp:featuredmedia":[{"embeddable":true,"href":"https:\/\/www.entrearteycultura.es\/index.php?rest_route=\/wp\/v2\/media\/341"}],"wp:attachment":[{"href":"https:\/\/www.entrearteycultura.es\/index.php?rest_route=%2Fwp%2Fv2%2Fmedia&parent=265"}],"wp:term":[{"taxonomy":"category","embeddable":true,"href":"https:\/\/www.entrearteycultura.es\/index.php?rest_route=%2Fwp%2Fv2%2Fcategories&post=265"}],"curies":[{"name":"wp","href":"https:\/\/api.w.org\/{rel}","templated":true}]}}

Escapada de día “El Escorial oculto”

<p>Escapada de día “El Escorial oculto”</p>



<p>Sábado 25 de marzo</p>



<p>Visitaremos la Casita del Príncipe Don Carlos y en el monasterio de El Escorial salas y estancias que no están abiertas al público, tales como el patio de los Evangelistas, espacio de Secadores (antigua botica), el jardín de los frailes, el coro y la sacristía.</p>



<p>Se necesita inscripción previa en todas las actividades. Mandar correo a:<br><a href="mailto:maria@entrearteycultura.es">maria@entrearteycultura.es</a> o&nbsp;<a href="mailto:julieta@entrearteycultura.es" target="_blank" rel="noreferrer noopener">julieta@entrearteycultura.es</a></p>



<p></p>

<p>Escapada de día “El Escorial oculto” Sábado 25 de marzo Visitaremos la Casita del Príncipe Don Carlos y en el monasterio de El Escorial salas y estancias que no están abiertas al público, tales como el patio de los Evangelistas, espacio de Secadores (antigua botica), el jardín de los frailes, el coro y la sacristía. [&hellip;]</p>

<!-- This site is optimized with the Yoast SEO plugin v27.5 - https://yoast.com/product/yoast-seo-wordpress/ -->
<title>Escapada de día “El Escorial oculto” - Entre Arte y cultura</title>
<meta name="description" content="Visita a la Casita del Príncipe Don Carlos y salas y estancias que no están abiertas al público en el monasterio de El Escorial" />
<meta name="robots" content="index, follow, max-snippet:-1, max-image-preview:large, max-video-preview:-1" />
<link rel="canonical" href="https://www.entrearteycultura.es/?eap_event=escapada-escorial-marzo-2023" />
<meta property="og:locale" content="en_US" />
<meta property="og:type" content="article" />
<meta property="og:title" content="Escapada de día “El Escorial oculto” - Entre Arte y cultura" />
<meta property="og:description" content="Visita a la Casita del Príncipe Don Carlos y salas y estancias que no están abiertas al público en el monasterio de El Escorial" />
<meta property="og:url" content="https://www.entrearteycultura.es/?eap_event=escapada-escorial-marzo-2023" />
<meta property="og:site_name" content="Entre Arte y cultura" />
<meta property="article:modified_time" content="2023-03-26T11:08:32+00:00" />
<meta property="og:image" content="https://www.entrearteycultura.es/wp-content/uploads/2023/01/foto-escorial.jpg" />
	<meta property="og:image:width" content="1743" />
	<meta property="og:image:height" content="889" />
	<meta property="og:image:type" content="image/jpeg" />
<meta name="twitter:card" content="summary_large_image" />
<meta name="twitter:label1" content="Est. reading time" />
	<meta name="twitter:data1" content="1 minute" />
<script type="application/ld+json" class="yoast-schema-graph">{"@context":"https:\/\/schema.org","@graph":[{"@type":"WebPage","@id":"https:\/\/www.entrearteycultura.es\/?eap_event=escapada-escorial-marzo-2023","url":"https:\/\/www.entrearteycultura.es\/?eap_event=escapada-escorial-marzo-2023","name":"Escapada de día “El Escorial oculto” - Entre Arte y cultura","isPartOf":{"@id":"https:\/\/www.entrearteycultura.es\/#website"},"primaryImageOfPage":{"@id":"https:\/\/www.entrearteycultura.es\/?eap_event=escapada-escorial-marzo-2023#primaryimage"},"image":{"@id":"https:\/\/www.entrearteycultura.es\/?eap_event=escapada-escorial-marzo-2023#primaryimage"},"thumbnailUrl":"https:\/\/www.entrearteycultura.es\/wp-content\/uploads\/2023\/01\/foto-escorial.jpg","datePublished":"2023-01-16T19:18:16+00:00","dateModified":"2023-03-26T11:08:32+00:00","description":"Visita a la Casita del Príncipe Don Carlos y salas y estancias que no están abiertas al público en el monasterio de El Escorial","breadcrumb":{"@id":"https:\/\/www.entrearteycultura.es\/?eap_event=escapada-escorial-marzo-2023#breadcrumb"},"inLanguage":"en-US","potentialAction":[{"@type":"ReadAction","target":["https:\/\/www.entrearteycultura.es\/?eap_event=escapada-escorial-marzo-2023"]}]},{"@type":"ImageObject","inLanguage":"en-US","@id":"https:\/\/www.entrearteycultura.es\/?eap_event=escapada-escorial-marzo-2023#primaryimage","url":"https:\/\/www.entrearteycultura.es\/wp-content\/uploads\/2023\/01\/foto-escorial.jpg","contentUrl":"https:\/\/www.entrearteycultura.es\/wp-content\/uploads\/2023\/01\/foto-escorial.jpg","width":1743,"height":889},{"@type":"BreadcrumbList","@id":"https:\/\/www.entrearteycultura.es\/?eap_event=escapada-escorial-marzo-2023#breadcrumb","itemListElement":[{"@type":"ListItem","position":1,"name":"Portada","item":"https:\/\/www.entrearteycultura.es\/"},{"@type":"ListItem","position":2,"name":"Events","item":"https:\/\/www.entrearteycultura.es\/?post_type=eap_event"},{"@type":"ListItem","position":3,"name":"Escapada de día “El Escorial oculto”"}]},{"@type":"WebSite","@id":"https:\/\/www.entrearteycultura.es\/#website","url":"https:\/\/www.entrearteycultura.es\/","name":"Entre Arte y cultura","description":"Viajes, eventos cuturales, conferencias y tertulias","potentialAction":[{"@type":"SearchAction","target":{"@type":"EntryPoint","urlTemplate":"https:\/\/www.entrearteycultura.es\/?s={search_term_string}"},"query-input":{"@type":"PropertyValueSpecification","valueRequired":true,"valueName":"search_term_string"}}],"inLanguage":"en-US"}]}</script>
<!-- / Yoast SEO plugin. -->

Escapada de día “El Escorial oculto” - Entre Arte y cultura

Visita a la Casita del Príncipe Don Carlos y salas y estancias que no están abiertas al público en el monasterio de El Escorial
