{"id":261,"date":"2023-01-07T14:09:04","date_gmt":"2023-01-07T14:09:04","guid":{"rendered":"http:\/\/www.entrearteycultura.es\/?post_type=eap_event&#038;p=261"},"modified":"2023-02-27T18:21:53","modified_gmt":"2023-02-27T18:21:53","slug":"conferencia-entender-el-arte-de-picasso-rincon-de-entre-arte","status":"publish","type":"eap_event","link":"https:\/\/www.entrearteycultura.es\/?eap_event=conferencia-entender-el-arte-de-picasso-rincon-de-entre-arte","title":{"rendered":"Conferencia: \u201cEntender el arte de Picasso\u201d"},"content":{"rendered":"\n<p>Dra. Mar\u00eda Fdez-Shaw <\/p>\n\n\n\n<p>Picasso est\u00e1 considerado el genio de la pintura del s.XX y este a\u00f1o est\u00e1 declarado A\u00f1o Picasso por el cincuentenario del fallecimiento del artista espa\u00f1ol. Comprenderemos la importancia de su obra y daremos claves para entenderla.<\/p>\n\n\n\n<p>Al final de la sesi\u00f3n, se presentar\u00e1 el libro de Jos\u00e9 Mar\u00eda Beneyto&nbsp; &#8220;Las traiciones de Picasso&#8221;, que nos ayudar\u00e1 a conocer al gran genio tanto en su trayectoria art\u00edstica como en la personal.<\/p>\n\n\n\n<p><strong>Esta sesi\u00f3n se ver\u00e1 complementada con una visita a la colecci\u00f3n de obras de Picasso expuestas en el Museo Reina Sof\u00eda el jueves 9 febrero.<\/strong><\/p>\n\n\n\n<p>Se necesita inscripci\u00f3n previa en todas las actividades. Mandar correo a:<br><a href=\"mailto:maria@entrearteycutura.es\" target=\"_blank\" rel=\"noreferrer noopener\">maria@entrearteycultura.es<\/a>&nbsp;o&nbsp;<a href=\"mailto:julieta@entrearteycultura.es\" target=\"_blank\" rel=\"noreferrer noopener\">julieta@entrearteycultura.es<\/a><\/p>\n","protected":false},"excerpt":{"rendered":"<p>Dra. Mar\u00eda Fdez-Shaw Picasso est\u00e1 considerado el genio de la pintura del s.XX y este a\u00f1o est\u00e1 declarado A\u00f1o Picasso por el cincuentenario del fallecimiento del artista espa\u00f1ol. Comprenderemos la importancia de su obra y daremos claves para entenderla. Al final de la sesi\u00f3n, se presentar\u00e1 el libro de Jos\u00e9 Mar\u00eda Beneyto&nbsp; &#8220;Las traiciones de [&hellip;]<\/p>\n","protected":false},"author":1,"featured_media":368,"comment_status":"open","ping_status":"closed","template":"","categories":[45],"class_list":["post-261","eap_event","type-eap_event","status-publish","has-post-thumbnail","hentry","category-eventos-pasados"],"yoast_head":"<!-- This site is optimized with the Yoast SEO plugin v27.5 - https:\/\/yoast.com\/product\/yoast-seo-wordpress\/ -->\n<title>Conferencia: \u201cEntender el arte de Picasso\u201d - Entre Arte y cultura<\/title>\n<meta name=\"description\" content=\"Conferencia Entender el arte de Picasso y sus obras clave y evoluci\u00f3n art\u00edstica. Rinc\u00f3n de Entre Arte, 7\/02 - 19:30. Mar\u00eda Fdez-Shaw\" \/>\n<meta name=\"robots\" content=\"index, follow, max-snippet:-1, max-image-preview:large, max-video-preview:-1\" \/>\n<link rel=\"canonical\" href=\"https:\/\/www.entrearteycultura.es\/?eap_event=conferencia-entender-el-arte-de-picasso-rincon-de-entre-arte\" \/>\n<meta property=\"og:locale\" content=\"en_US\" \/>\n<meta property=\"og:type\" content=\"article\" \/>\n<meta property=\"og:title\" content=\"Conferencia: \u201cEntender el arte de Picasso\u201d - Entre Arte y cultura\" \/>\n<meta property=\"og:description\" content=\"Conferencia Entender el arte de Picasso y sus obras clave y evoluci\u00f3n art\u00edstica. Rinc\u00f3n de Entre Arte, 7\/02 - 19:30. Mar\u00eda Fdez-Shaw\" \/>\n<meta property=\"og:url\" content=\"https:\/\/www.entrearteycultura.es\/?eap_event=conferencia-entender-el-arte-de-picasso-rincon-de-entre-arte\" \/>\n<meta property=\"og:site_name\" content=\"Entre Arte y cultura\" \/>\n<meta property=\"article:modified_time\" content=\"2023-02-27T18:21:53+00:00\" \/>\n<meta property=\"og:image\" content=\"https:\/\/www.entrearteycultura.es\/wp-content\/uploads\/2023\/01\/picasso-Beneyto.png\" \/>\n\t<meta property=\"og:image:width\" content=\"578\" \/>\n\t<meta property=\"og:image:height\" content=\"756\" \/>\n\t<meta property=\"og:image:type\" content=\"image\/png\" \/>\n<meta name=\"twitter:card\" content=\"summary_large_image\" \/>\n<meta name=\"twitter:label1\" content=\"Est. reading time\" \/>\n\t<meta name=\"twitter:data1\" content=\"1 minute\" \/>\n<script type=\"application\/ld+json\" class=\"yoast-schema-graph\">{\"@context\":\"https:\\\/\\\/schema.org\",\"@graph\":[{\"@type\":\"WebPage\",\"@id\":\"https:\\\/\\\/www.entrearteycultura.es\\\/?eap_event=conferencia-entender-el-arte-de-picasso-rincon-de-entre-arte\",\"url\":\"https:\\\/\\\/www.entrearteycultura.es\\\/?eap_event=conferencia-entender-el-arte-de-picasso-rincon-de-entre-arte\",\"name\":\"Conferencia: \u201cEntender el arte de Picasso\u201d - Entre Arte y cultura\",\"isPartOf\":{\"@id\":\"https:\\\/\\\/www.entrearteycultura.es\\\/#website\"},\"primaryImageOfPage\":{\"@id\":\"https:\\\/\\\/www.entrearteycultura.es\\\/?eap_event=conferencia-entender-el-arte-de-picasso-rincon-de-entre-arte#primaryimage\"},\"image\":{\"@id\":\"https:\\\/\\\/www.entrearteycultura.es\\\/?eap_event=conferencia-entender-el-arte-de-picasso-rincon-de-entre-arte#primaryimage\"},\"thumbnailUrl\":\"https:\\\/\\\/www.entrearteycultura.es\\\/wp-content\\\/uploads\\\/2023\\\/01\\\/picasso-Beneyto.png\",\"datePublished\":\"2023-01-07T14:09:04+00:00\",\"dateModified\":\"2023-02-27T18:21:53+00:00\",\"description\":\"Conferencia Entender el arte de Picasso y sus obras clave y evoluci\u00f3n art\u00edstica. Rinc\u00f3n de Entre Arte, 7\\\/02 - 19:30. Mar\u00eda Fdez-Shaw\",\"breadcrumb\":{\"@id\":\"https:\\\/\\\/www.entrearteycultura.es\\\/?eap_event=conferencia-entender-el-arte-de-picasso-rincon-de-entre-arte#breadcrumb\"},\"inLanguage\":\"en-US\",\"potentialAction\":[{\"@type\":\"ReadAction\",\"target\":[\"https:\\\/\\\/www.entrearteycultura.es\\\/?eap_event=conferencia-entender-el-arte-de-picasso-rincon-de-entre-arte\"]}]},{\"@type\":\"ImageObject\",\"inLanguage\":\"en-US\",\"@id\":\"https:\\\/\\\/www.entrearteycultura.es\\\/?eap_event=conferencia-entender-el-arte-de-picasso-rincon-de-entre-arte#primaryimage\",\"url\":\"https:\\\/\\\/www.entrearteycultura.es\\\/wp-content\\\/uploads\\\/2023\\\/01\\\/picasso-Beneyto.png\",\"contentUrl\":\"https:\\\/\\\/www.entrearteycultura.es\\\/wp-content\\\/uploads\\\/2023\\\/01\\\/picasso-Beneyto.png\",\"width\":578,\"height\":756},{\"@type\":\"BreadcrumbList\",\"@id\":\"https:\\\/\\\/www.entrearteycultura.es\\\/?eap_event=conferencia-entender-el-arte-de-picasso-rincon-de-entre-arte#breadcrumb\",\"itemListElement\":[{\"@type\":\"ListItem\",\"position\":1,\"name\":\"Portada\",\"item\":\"https:\\\/\\\/www.entrearteycultura.es\\\/\"},{\"@type\":\"ListItem\",\"position\":2,\"name\":\"Events\",\"item\":\"https:\\\/\\\/www.entrearteycultura.es\\\/?post_type=eap_event\"},{\"@type\":\"ListItem\",\"position\":3,\"name\":\"Conferencia: \u201cEntender el arte de Picasso\u201d\"}]},{\"@type\":\"WebSite\",\"@id\":\"https:\\\/\\\/www.entrearteycultura.es\\\/#website\",\"url\":\"https:\\\/\\\/www.entrearteycultura.es\\\/\",\"name\":\"Entre Arte y cultura\",\"description\":\"Viajes, eventos cuturales, conferencias y tertulias\",\"potentialAction\":[{\"@type\":\"SearchAction\",\"target\":{\"@type\":\"EntryPoint\",\"urlTemplate\":\"https:\\\/\\\/www.entrearteycultura.es\\\/?s={search_term_string}\"},\"query-input\":{\"@type\":\"PropertyValueSpecification\",\"valueRequired\":true,\"valueName\":\"search_term_string\"}}],\"inLanguage\":\"en-US\"}]}<\/script>\n<!-- \/ Yoast SEO plugin. -->","yoast_head_json":{"title":"Conferencia: \u201cEntender el arte de Picasso\u201d - Entre Arte y cultura","description":"Conferencia Entender el arte de Picasso y sus obras clave y evoluci\u00f3n art\u00edstica. Rinc\u00f3n de Entre Arte, 7\/02 - 19:30. Mar\u00eda Fdez-Shaw","robots":{"index":"index","follow":"follow","max-snippet":"max-snippet:-1","max-image-preview":"max-image-preview:large","max-video-preview":"max-video-preview:-1"},"canonical":"https:\/\/www.entrearteycultura.es\/?eap_event=conferencia-entender-el-arte-de-picasso-rincon-de-entre-arte","og_locale":"en_US","og_type":"article","og_title":"Conferencia: \u201cEntender el arte de Picasso\u201d - Entre Arte y cultura","og_description":"Conferencia Entender el arte de Picasso y sus obras clave y evoluci\u00f3n art\u00edstica. Rinc\u00f3n de Entre Arte, 7\/02 - 19:30. Mar\u00eda Fdez-Shaw","og_url":"https:\/\/www.entrearteycultura.es\/?eap_event=conferencia-entender-el-arte-de-picasso-rincon-de-entre-arte","og_site_name":"Entre Arte y cultura","article_modified_time":"2023-02-27T18:21:53+00:00","og_image":[{"width":578,"height":756,"url":"https:\/\/www.entrearteycultura.es\/wp-content\/uploads\/2023\/01\/picasso-Beneyto.png","type":"image\/png"}],"twitter_card":"summary_large_image","twitter_misc":{"Est. reading time":"1 minute"},"schema":{"@context":"https:\/\/schema.org","@graph":[{"@type":"WebPage","@id":"https:\/\/www.entrearteycultura.es\/?eap_event=conferencia-entender-el-arte-de-picasso-rincon-de-entre-arte","url":"https:\/\/www.entrearteycultura.es\/?eap_event=conferencia-entender-el-arte-de-picasso-rincon-de-entre-arte","name":"Conferencia: \u201cEntender el arte de Picasso\u201d - Entre Arte y cultura","isPartOf":{"@id":"https:\/\/www.entrearteycultura.es\/#website"},"primaryImageOfPage":{"@id":"https:\/\/www.entrearteycultura.es\/?eap_event=conferencia-entender-el-arte-de-picasso-rincon-de-entre-arte#primaryimage"},"image":{"@id":"https:\/\/www.entrearteycultura.es\/?eap_event=conferencia-entender-el-arte-de-picasso-rincon-de-entre-arte#primaryimage"},"thumbnailUrl":"https:\/\/www.entrearteycultura.es\/wp-content\/uploads\/2023\/01\/picasso-Beneyto.png","datePublished":"2023-01-07T14:09:04+00:00","dateModified":"2023-02-27T18:21:53+00:00","description":"Conferencia Entender el arte de Picasso y sus obras clave y evoluci\u00f3n art\u00edstica. Rinc\u00f3n de Entre Arte, 7\/02 - 19:30. Mar\u00eda Fdez-Shaw","breadcrumb":{"@id":"https:\/\/www.entrearteycultura.es\/?eap_event=conferencia-entender-el-arte-de-picasso-rincon-de-entre-arte#breadcrumb"},"inLanguage":"en-US","potentialAction":[{"@type":"ReadAction","target":["https:\/\/www.entrearteycultura.es\/?eap_event=conferencia-entender-el-arte-de-picasso-rincon-de-entre-arte"]}]},{"@type":"ImageObject","inLanguage":"en-US","@id":"https:\/\/www.entrearteycultura.es\/?eap_event=conferencia-entender-el-arte-de-picasso-rincon-de-entre-arte#primaryimage","url":"https:\/\/www.entrearteycultura.es\/wp-content\/uploads\/2023\/01\/picasso-Beneyto.png","contentUrl":"https:\/\/www.entrearteycultura.es\/wp-content\/uploads\/2023\/01\/picasso-Beneyto.png","width":578,"height":756},{"@type":"BreadcrumbList","@id":"https:\/\/www.entrearteycultura.es\/?eap_event=conferencia-entender-el-arte-de-picasso-rincon-de-entre-arte#breadcrumb","itemListElement":[{"@type":"ListItem","position":1,"name":"Portada","item":"https:\/\/www.entrearteycultura.es\/"},{"@type":"ListItem","position":2,"name":"Events","item":"https:\/\/www.entrearteycultura.es\/?post_type=eap_event"},{"@type":"ListItem","position":3,"name":"Conferencia: \u201cEntender el arte de Picasso\u201d"}]},{"@type":"WebSite","@id":"https:\/\/www.entrearteycultura.es\/#website","url":"https:\/\/www.entrearteycultura.es\/","name":"Entre Arte y cultura","description":"Viajes, eventos cuturales, conferencias y tertulias","potentialAction":[{"@type":"SearchAction","target":{"@type":"EntryPoint","urlTemplate":"https:\/\/www.entrearteycultura.es\/?s={search_term_string}"},"query-input":{"@type":"PropertyValueSpecification","valueRequired":true,"valueName":"search_term_string"}}],"inLanguage":"en-US"}]}},"_links":{"self":[{"href":"https:\/\/www.entrearteycultura.es\/index.php?rest_route=\/wp\/v2\/eap_event\/261","targetHints":{"allow":["GET"]}}],"collection":[{"href":"https:\/\/www.entrearteycultura.es\/index.php?rest_route=\/wp\/v2\/eap_event"}],"about":[{"href":"https:\/\/www.entrearteycultura.es\/index.php?rest_route=\/wp\/v2\/types\/eap_event"}],"author":[{"embeddable":true,"href":"https:\/\/www.entrearteycultura.es\/index.php?rest_route=\/wp\/v2\/users\/1"}],"replies":[{"embeddable":true,"href":"https:\/\/www.entrearteycultura.es\/index.php?rest_route=%2Fwp%2Fv2%2Fcomments&post=261"}],"version-history":[{"count":1,"href":"https:\/\/www.entrearteycultura.es\/index.php?rest_route=\/wp\/v2\/eap_event\/261\/revisions"}],"predecessor-version":[{"id":487,"href":"https:\/\/www.entrearteycultura.es\/index.php?rest_route=\/wp\/v2\/eap_event\/261\/revisions\/487"}],"wp:featuredmedia":[{"embeddable":true,"href":"https:\/\/www.entrearteycultura.es\/index.php?rest_route=\/wp\/v2\/media\/368"}],"wp:attachment":[{"href":"https:\/\/www.entrearteycultura.es\/index.php?rest_route=%2Fwp%2Fv2%2Fmedia&parent=261"}],"wp:term":[{"taxonomy":"category","embeddable":true,"href":"https:\/\/www.entrearteycultura.es\/index.php?rest_route=%2Fwp%2Fv2%2Fcategories&post=261"}],"curies":[{"name":"wp","href":"https:\/\/api.w.org\/{rel}","templated":true}]}}

<p>Dra. María Fdez-Shaw </p>



<p>Picasso está considerado el genio de la pintura del s.XX y este año está declarado Año Picasso por el cincuentenario del fallecimiento del artista español. Comprenderemos la importancia de su obra y daremos claves para entenderla.</p>



<p>Al final de la sesión, se presentará el libro de José María Beneyto&nbsp; &#8220;Las traiciones de Picasso&#8221;, que nos ayudará a conocer al gran genio tanto en su trayectoria artística como en la personal.</p>



<p><strong>Esta sesión se verá complementada con una visita a la colección de obras de Picasso expuestas en el Museo Reina Sofía el jueves 9 febrero.</strong></p>



<p>Se necesita inscripción previa en todas las actividades. Mandar correo a:<br><a href="mailto:maria@entrearteycutura.es" target="_blank" rel="noreferrer noopener">maria@entrearteycultura.es</a>&nbsp;o&nbsp;<a href="mailto:julieta@entrearteycultura.es" target="_blank" rel="noreferrer noopener">julieta@entrearteycultura.es</a></p>

<p>Dra. María Fdez-Shaw Picasso está considerado el genio de la pintura del s.XX y este año está declarado Año Picasso por el cincuentenario del fallecimiento del artista español. Comprenderemos la importancia de su obra y daremos claves para entenderla. Al final de la sesión, se presentará el libro de José María Beneyto&nbsp; &#8220;Las traiciones de [&hellip;]</p>

<!-- This site is optimized with the Yoast SEO plugin v27.5 - https://yoast.com/product/yoast-seo-wordpress/ -->
<title>Conferencia: “Entender el arte de Picasso” - Entre Arte y cultura</title>
<meta name="description" content="Conferencia Entender el arte de Picasso y sus obras clave y evolución artística. Rincón de Entre Arte, 7/02 - 19:30. María Fdez-Shaw" />
<meta name="robots" content="index, follow, max-snippet:-1, max-image-preview:large, max-video-preview:-1" />
<link rel="canonical" href="https://www.entrearteycultura.es/?eap_event=conferencia-entender-el-arte-de-picasso-rincon-de-entre-arte" />
<meta property="og:locale" content="en_US" />
<meta property="og:type" content="article" />
<meta property="og:title" content="Conferencia: “Entender el arte de Picasso” - Entre Arte y cultura" />
<meta property="og:description" content="Conferencia Entender el arte de Picasso y sus obras clave y evolución artística. Rincón de Entre Arte, 7/02 - 19:30. María Fdez-Shaw" />
<meta property="og:url" content="https://www.entrearteycultura.es/?eap_event=conferencia-entender-el-arte-de-picasso-rincon-de-entre-arte" />
<meta property="og:site_name" content="Entre Arte y cultura" />
<meta property="article:modified_time" content="2023-02-27T18:21:53+00:00" />
<meta property="og:image" content="https://www.entrearteycultura.es/wp-content/uploads/2023/01/picasso-Beneyto.png" />
	<meta property="og:image:width" content="578" />
	<meta property="og:image:height" content="756" />
	<meta property="og:image:type" content="image/png" />
<meta name="twitter:card" content="summary_large_image" />
<meta name="twitter:label1" content="Est. reading time" />
	<meta name="twitter:data1" content="1 minute" />
<script type="application/ld+json" class="yoast-schema-graph">{"@context":"https:\/\/schema.org","@graph":[{"@type":"WebPage","@id":"https:\/\/www.entrearteycultura.es\/?eap_event=conferencia-entender-el-arte-de-picasso-rincon-de-entre-arte","url":"https:\/\/www.entrearteycultura.es\/?eap_event=conferencia-entender-el-arte-de-picasso-rincon-de-entre-arte","name":"Conferencia: “Entender el arte de Picasso” - Entre Arte y cultura","isPartOf":{"@id":"https:\/\/www.entrearteycultura.es\/#website"},"primaryImageOfPage":{"@id":"https:\/\/www.entrearteycultura.es\/?eap_event=conferencia-entender-el-arte-de-picasso-rincon-de-entre-arte#primaryimage"},"image":{"@id":"https:\/\/www.entrearteycultura.es\/?eap_event=conferencia-entender-el-arte-de-picasso-rincon-de-entre-arte#primaryimage"},"thumbnailUrl":"https:\/\/www.entrearteycultura.es\/wp-content\/uploads\/2023\/01\/picasso-Beneyto.png","datePublished":"2023-01-07T14:09:04+00:00","dateModified":"2023-02-27T18:21:53+00:00","description":"Conferencia Entender el arte de Picasso y sus obras clave y evolución artística. Rincón de Entre Arte, 7\/02 - 19:30. María Fdez-Shaw","breadcrumb":{"@id":"https:\/\/www.entrearteycultura.es\/?eap_event=conferencia-entender-el-arte-de-picasso-rincon-de-entre-arte#breadcrumb"},"inLanguage":"en-US","potentialAction":[{"@type":"ReadAction","target":["https:\/\/www.entrearteycultura.es\/?eap_event=conferencia-entender-el-arte-de-picasso-rincon-de-entre-arte"]}]},{"@type":"ImageObject","inLanguage":"en-US","@id":"https:\/\/www.entrearteycultura.es\/?eap_event=conferencia-entender-el-arte-de-picasso-rincon-de-entre-arte#primaryimage","url":"https:\/\/www.entrearteycultura.es\/wp-content\/uploads\/2023\/01\/picasso-Beneyto.png","contentUrl":"https:\/\/www.entrearteycultura.es\/wp-content\/uploads\/2023\/01\/picasso-Beneyto.png","width":578,"height":756},{"@type":"BreadcrumbList","@id":"https:\/\/www.entrearteycultura.es\/?eap_event=conferencia-entender-el-arte-de-picasso-rincon-de-entre-arte#breadcrumb","itemListElement":[{"@type":"ListItem","position":1,"name":"Portada","item":"https:\/\/www.entrearteycultura.es\/"},{"@type":"ListItem","position":2,"name":"Events","item":"https:\/\/www.entrearteycultura.es\/?post_type=eap_event"},{"@type":"ListItem","position":3,"name":"Conferencia: “Entender el arte de Picasso”"}]},{"@type":"WebSite","@id":"https:\/\/www.entrearteycultura.es\/#website","url":"https:\/\/www.entrearteycultura.es\/","name":"Entre Arte y cultura","description":"Viajes, eventos cuturales, conferencias y tertulias","potentialAction":[{"@type":"SearchAction","target":{"@type":"EntryPoint","urlTemplate":"https:\/\/www.entrearteycultura.es\/?s={search_term_string}"},"query-input":{"@type":"PropertyValueSpecification","valueRequired":true,"valueName":"search_term_string"}}],"inLanguage":"en-US"}]}</script>
<!-- / Yoast SEO plugin. -->

Conferencia Entender el arte de Picasso y sus obras clave y evolución artística. Rincón de Entre Arte, 7/02 - 19:30. María Fdez-Shaw
