{"id":259,"date":"2023-01-07T14:06:51","date_gmt":"2023-01-07T14:06:51","guid":{"rendered":"http:\/\/www.entrearteycultura.es\/?post_type=eap_event&#038;p=259"},"modified":"2023-02-06T15:12:25","modified_gmt":"2023-02-06T15:12:25","slug":"visita-arte-santander-2023","status":"publish","type":"eap_event","link":"https:\/\/www.entrearteycultura.es\/?eap_event=visita-arte-santander-2023","title":{"rendered":"Visita a la colecci\u00f3n de arte del Banco Santander"},"content":{"rendered":"\n<p>Sus fondos abarcan un amplio periodo hist\u00f3rico que se extiende desde el siglo II a. C. hasta nuestros d\u00edas. El n\u00facleo principal de la Colecci\u00f3n est\u00e1 compuesto por pintura, aunque tambi\u00e9n cuenta con interesantes ejemplos de escultura, de artes decorativas y una completa colecci\u00f3n numism\u00e1tica, con monedas y billetes que ofrecen un singular recorrido por la historia de Espa\u00f1a.<\/p>\n\n\n\n<p>Se necesita inscripci\u00f3n previa en todas las actividades. Mandar correo a:<br><a href=\"mailto:maria@entrearteycutura.es\" target=\"_blank\" rel=\"noreferrer noopener\">maria@entrearteycultura.es<\/a>&nbsp;o&nbsp;<a href=\"mailto:julieta@entrearteycultura.es\" target=\"_blank\" rel=\"noreferrer noopener\">julieta@entrearteycultura.es<\/a><\/p>\n\n\n\n<p><\/p>\n","protected":false},"excerpt":{"rendered":"<p>Sus fondos abarcan un amplio periodo hist\u00f3rico que se extiende desde el siglo II a. C. hasta nuestros d\u00edas. El n\u00facleo principal de la Colecci\u00f3n est\u00e1 compuesto por pintura, aunque tambi\u00e9n cuenta con interesantes ejemplos de escultura, de artes decorativas y una completa colecci\u00f3n numism\u00e1tica, con monedas y billetes que ofrecen un singular recorrido por [&hellip;]<\/p>\n","protected":false},"author":1,"featured_media":345,"comment_status":"open","ping_status":"closed","template":"","categories":[45],"class_list":["post-259","eap_event","type-eap_event","status-publish","has-post-thumbnail","hentry","category-eventos-pasados"],"yoast_head":"<!-- This site is optimized with the Yoast SEO plugin v27.5 - https:\/\/yoast.com\/product\/yoast-seo-wordpress\/ -->\n<title>Visita a la colecci\u00f3n de arte del Banco Santander - Entre Arte y cultura<\/title>\n<meta name=\"description\" content=\"Visita a la colecci\u00f3n de arte del Banco Santander con obras del siglo XVI hasta el arte actual en la ciudad financiera en Boadilla\" \/>\n<meta name=\"robots\" content=\"index, follow, max-snippet:-1, max-image-preview:large, max-video-preview:-1\" \/>\n<link rel=\"canonical\" href=\"https:\/\/www.entrearteycultura.es\/?eap_event=visita-arte-santander-2023\" \/>\n<meta property=\"og:locale\" content=\"en_US\" \/>\n<meta property=\"og:type\" content=\"article\" \/>\n<meta property=\"og:title\" content=\"Visita a la colecci\u00f3n de arte del Banco Santander - Entre Arte y cultura\" \/>\n<meta property=\"og:description\" content=\"Visita a la colecci\u00f3n de arte del Banco Santander con obras del siglo XVI hasta el arte actual en la ciudad financiera en Boadilla\" \/>\n<meta property=\"og:url\" content=\"https:\/\/www.entrearteycultura.es\/?eap_event=visita-arte-santander-2023\" \/>\n<meta property=\"og:site_name\" content=\"Entre Arte y cultura\" \/>\n<meta property=\"article:modified_time\" content=\"2023-02-06T15:12:25+00:00\" \/>\n<meta property=\"og:image\" content=\"https:\/\/www.entrearteycultura.es\/wp-content\/uploads\/2023\/01\/col-banco-santander.jpg\" \/>\n\t<meta property=\"og:image:width\" content=\"1289\" \/>\n\t<meta property=\"og:image:height\" content=\"732\" \/>\n\t<meta property=\"og:image:type\" content=\"image\/jpeg\" \/>\n<meta name=\"twitter:card\" content=\"summary_large_image\" \/>\n<meta name=\"twitter:label1\" content=\"Est. reading time\" \/>\n\t<meta name=\"twitter:data1\" content=\"1 minute\" \/>\n<script type=\"application\/ld+json\" class=\"yoast-schema-graph\">{\"@context\":\"https:\\\/\\\/schema.org\",\"@graph\":[{\"@type\":\"WebPage\",\"@id\":\"https:\\\/\\\/www.entrearteycultura.es\\\/?eap_event=visita-arte-santander-2023\",\"url\":\"https:\\\/\\\/www.entrearteycultura.es\\\/?eap_event=visita-arte-santander-2023\",\"name\":\"Visita a la colecci\u00f3n de arte del Banco Santander - Entre Arte y cultura\",\"isPartOf\":{\"@id\":\"https:\\\/\\\/www.entrearteycultura.es\\\/#website\"},\"primaryImageOfPage\":{\"@id\":\"https:\\\/\\\/www.entrearteycultura.es\\\/?eap_event=visita-arte-santander-2023#primaryimage\"},\"image\":{\"@id\":\"https:\\\/\\\/www.entrearteycultura.es\\\/?eap_event=visita-arte-santander-2023#primaryimage\"},\"thumbnailUrl\":\"https:\\\/\\\/www.entrearteycultura.es\\\/wp-content\\\/uploads\\\/2023\\\/01\\\/col-banco-santander.jpg\",\"datePublished\":\"2023-01-07T14:06:51+00:00\",\"dateModified\":\"2023-02-06T15:12:25+00:00\",\"description\":\"Visita a la colecci\u00f3n de arte del Banco Santander con obras del siglo XVI hasta el arte actual en la ciudad financiera en Boadilla\",\"breadcrumb\":{\"@id\":\"https:\\\/\\\/www.entrearteycultura.es\\\/?eap_event=visita-arte-santander-2023#breadcrumb\"},\"inLanguage\":\"en-US\",\"potentialAction\":[{\"@type\":\"ReadAction\",\"target\":[\"https:\\\/\\\/www.entrearteycultura.es\\\/?eap_event=visita-arte-santander-2023\"]}]},{\"@type\":\"ImageObject\",\"inLanguage\":\"en-US\",\"@id\":\"https:\\\/\\\/www.entrearteycultura.es\\\/?eap_event=visita-arte-santander-2023#primaryimage\",\"url\":\"https:\\\/\\\/www.entrearteycultura.es\\\/wp-content\\\/uploads\\\/2023\\\/01\\\/col-banco-santander.jpg\",\"contentUrl\":\"https:\\\/\\\/www.entrearteycultura.es\\\/wp-content\\\/uploads\\\/2023\\\/01\\\/col-banco-santander.jpg\",\"width\":1289,\"height\":732},{\"@type\":\"BreadcrumbList\",\"@id\":\"https:\\\/\\\/www.entrearteycultura.es\\\/?eap_event=visita-arte-santander-2023#breadcrumb\",\"itemListElement\":[{\"@type\":\"ListItem\",\"position\":1,\"name\":\"Portada\",\"item\":\"https:\\\/\\\/www.entrearteycultura.es\\\/\"},{\"@type\":\"ListItem\",\"position\":2,\"name\":\"Events\",\"item\":\"https:\\\/\\\/www.entrearteycultura.es\\\/?post_type=eap_event\"},{\"@type\":\"ListItem\",\"position\":3,\"name\":\"Visita a la colecci\u00f3n de arte del Banco Santander\"}]},{\"@type\":\"WebSite\",\"@id\":\"https:\\\/\\\/www.entrearteycultura.es\\\/#website\",\"url\":\"https:\\\/\\\/www.entrearteycultura.es\\\/\",\"name\":\"Entre Arte y cultura\",\"description\":\"Viajes, eventos cuturales, conferencias y tertulias\",\"potentialAction\":[{\"@type\":\"SearchAction\",\"target\":{\"@type\":\"EntryPoint\",\"urlTemplate\":\"https:\\\/\\\/www.entrearteycultura.es\\\/?s={search_term_string}\"},\"query-input\":{\"@type\":\"PropertyValueSpecification\",\"valueRequired\":true,\"valueName\":\"search_term_string\"}}],\"inLanguage\":\"en-US\"}]}<\/script>\n<!-- \/ Yoast SEO plugin. -->","yoast_head_json":{"title":"Visita a la colecci\u00f3n de arte del Banco Santander - Entre Arte y cultura","description":"Visita a la colecci\u00f3n de arte del Banco Santander con obras del siglo XVI hasta el arte actual en la ciudad financiera en Boadilla","robots":{"index":"index","follow":"follow","max-snippet":"max-snippet:-1","max-image-preview":"max-image-preview:large","max-video-preview":"max-video-preview:-1"},"canonical":"https:\/\/www.entrearteycultura.es\/?eap_event=visita-arte-santander-2023","og_locale":"en_US","og_type":"article","og_title":"Visita a la colecci\u00f3n de arte del Banco Santander - Entre Arte y cultura","og_description":"Visita a la colecci\u00f3n de arte del Banco Santander con obras del siglo XVI hasta el arte actual en la ciudad financiera en Boadilla","og_url":"https:\/\/www.entrearteycultura.es\/?eap_event=visita-arte-santander-2023","og_site_name":"Entre Arte y cultura","article_modified_time":"2023-02-06T15:12:25+00:00","og_image":[{"width":1289,"height":732,"url":"https:\/\/www.entrearteycultura.es\/wp-content\/uploads\/2023\/01\/col-banco-santander.jpg","type":"image\/jpeg"}],"twitter_card":"summary_large_image","twitter_misc":{"Est. reading time":"1 minute"},"schema":{"@context":"https:\/\/schema.org","@graph":[{"@type":"WebPage","@id":"https:\/\/www.entrearteycultura.es\/?eap_event=visita-arte-santander-2023","url":"https:\/\/www.entrearteycultura.es\/?eap_event=visita-arte-santander-2023","name":"Visita a la colecci\u00f3n de arte del Banco Santander - Entre Arte y cultura","isPartOf":{"@id":"https:\/\/www.entrearteycultura.es\/#website"},"primaryImageOfPage":{"@id":"https:\/\/www.entrearteycultura.es\/?eap_event=visita-arte-santander-2023#primaryimage"},"image":{"@id":"https:\/\/www.entrearteycultura.es\/?eap_event=visita-arte-santander-2023#primaryimage"},"thumbnailUrl":"https:\/\/www.entrearteycultura.es\/wp-content\/uploads\/2023\/01\/col-banco-santander.jpg","datePublished":"2023-01-07T14:06:51+00:00","dateModified":"2023-02-06T15:12:25+00:00","description":"Visita a la colecci\u00f3n de arte del Banco Santander con obras del siglo XVI hasta el arte actual en la ciudad financiera en Boadilla","breadcrumb":{"@id":"https:\/\/www.entrearteycultura.es\/?eap_event=visita-arte-santander-2023#breadcrumb"},"inLanguage":"en-US","potentialAction":[{"@type":"ReadAction","target":["https:\/\/www.entrearteycultura.es\/?eap_event=visita-arte-santander-2023"]}]},{"@type":"ImageObject","inLanguage":"en-US","@id":"https:\/\/www.entrearteycultura.es\/?eap_event=visita-arte-santander-2023#primaryimage","url":"https:\/\/www.entrearteycultura.es\/wp-content\/uploads\/2023\/01\/col-banco-santander.jpg","contentUrl":"https:\/\/www.entrearteycultura.es\/wp-content\/uploads\/2023\/01\/col-banco-santander.jpg","width":1289,"height":732},{"@type":"BreadcrumbList","@id":"https:\/\/www.entrearteycultura.es\/?eap_event=visita-arte-santander-2023#breadcrumb","itemListElement":[{"@type":"ListItem","position":1,"name":"Portada","item":"https:\/\/www.entrearteycultura.es\/"},{"@type":"ListItem","position":2,"name":"Events","item":"https:\/\/www.entrearteycultura.es\/?post_type=eap_event"},{"@type":"ListItem","position":3,"name":"Visita a la colecci\u00f3n de arte del Banco Santander"}]},{"@type":"WebSite","@id":"https:\/\/www.entrearteycultura.es\/#website","url":"https:\/\/www.entrearteycultura.es\/","name":"Entre Arte y cultura","description":"Viajes, eventos cuturales, conferencias y tertulias","potentialAction":[{"@type":"SearchAction","target":{"@type":"EntryPoint","urlTemplate":"https:\/\/www.entrearteycultura.es\/?s={search_term_string}"},"query-input":{"@type":"PropertyValueSpecification","valueRequired":true,"valueName":"search_term_string"}}],"inLanguage":"en-US"}]}},"_links":{"self":[{"href":"https:\/\/www.entrearteycultura.es\/index.php?rest_route=\/wp\/v2\/eap_event\/259","targetHints":{"allow":["GET"]}}],"collection":[{"href":"https:\/\/www.entrearteycultura.es\/index.php?rest_route=\/wp\/v2\/eap_event"}],"about":[{"href":"https:\/\/www.entrearteycultura.es\/index.php?rest_route=\/wp\/v2\/types\/eap_event"}],"author":[{"embeddable":true,"href":"https:\/\/www.entrearteycultura.es\/index.php?rest_route=\/wp\/v2\/users\/1"}],"replies":[{"embeddable":true,"href":"https:\/\/www.entrearteycultura.es\/index.php?rest_route=%2Fwp%2Fv2%2Fcomments&post=259"}],"version-history":[{"count":2,"href":"https:\/\/www.entrearteycultura.es\/index.php?rest_route=\/wp\/v2\/eap_event\/259\/revisions"}],"predecessor-version":[{"id":404,"href":"https:\/\/www.entrearteycultura.es\/index.php?rest_route=\/wp\/v2\/eap_event\/259\/revisions\/404"}],"wp:featuredmedia":[{"embeddable":true,"href":"https:\/\/www.entrearteycultura.es\/index.php?rest_route=\/wp\/v2\/media\/345"}],"wp:attachment":[{"href":"https:\/\/www.entrearteycultura.es\/index.php?rest_route=%2Fwp%2Fv2%2Fmedia&parent=259"}],"wp:term":[{"taxonomy":"category","embeddable":true,"href":"https:\/\/www.entrearteycultura.es\/index.php?rest_route=%2Fwp%2Fv2%2Fcategories&post=259"}],"curies":[{"name":"wp","href":"https:\/\/api.w.org\/{rel}","templated":true}]}}

Visita a la colección de arte del Banco Santander

<p>Sus fondos abarcan un amplio periodo histórico que se extiende desde el siglo II a. C. hasta nuestros días. El núcleo principal de la Colección está compuesto por pintura, aunque también cuenta con interesantes ejemplos de escultura, de artes decorativas y una completa colección numismática, con monedas y billetes que ofrecen un singular recorrido por la historia de España.</p>



<p>Se necesita inscripción previa en todas las actividades. Mandar correo a:<br><a href="mailto:maria@entrearteycutura.es" target="_blank" rel="noreferrer noopener">maria@entrearteycultura.es</a>&nbsp;o&nbsp;<a href="mailto:julieta@entrearteycultura.es" target="_blank" rel="noreferrer noopener">julieta@entrearteycultura.es</a></p>



<p></p>

<p>Sus fondos abarcan un amplio periodo histórico que se extiende desde el siglo II a. C. hasta nuestros días. El núcleo principal de la Colección está compuesto por pintura, aunque también cuenta con interesantes ejemplos de escultura, de artes decorativas y una completa colección numismática, con monedas y billetes que ofrecen un singular recorrido por [&hellip;]</p>

<!-- This site is optimized with the Yoast SEO plugin v27.5 - https://yoast.com/product/yoast-seo-wordpress/ -->
<title>Visita a la colección de arte del Banco Santander - Entre Arte y cultura</title>
<meta name="description" content="Visita a la colección de arte del Banco Santander con obras del siglo XVI hasta el arte actual en la ciudad financiera en Boadilla" />
<meta name="robots" content="index, follow, max-snippet:-1, max-image-preview:large, max-video-preview:-1" />
<link rel="canonical" href="https://www.entrearteycultura.es/?eap_event=visita-arte-santander-2023" />
<meta property="og:locale" content="en_US" />
<meta property="og:type" content="article" />
<meta property="og:title" content="Visita a la colección de arte del Banco Santander - Entre Arte y cultura" />
<meta property="og:description" content="Visita a la colección de arte del Banco Santander con obras del siglo XVI hasta el arte actual en la ciudad financiera en Boadilla" />
<meta property="og:url" content="https://www.entrearteycultura.es/?eap_event=visita-arte-santander-2023" />
<meta property="og:site_name" content="Entre Arte y cultura" />
<meta property="article:modified_time" content="2023-02-06T15:12:25+00:00" />
<meta property="og:image" content="https://www.entrearteycultura.es/wp-content/uploads/2023/01/col-banco-santander.jpg" />
	<meta property="og:image:width" content="1289" />
	<meta property="og:image:height" content="732" />
	<meta property="og:image:type" content="image/jpeg" />
<meta name="twitter:card" content="summary_large_image" />
<meta name="twitter:label1" content="Est. reading time" />
	<meta name="twitter:data1" content="1 minute" />
<script type="application/ld+json" class="yoast-schema-graph">{"@context":"https:\/\/schema.org","@graph":[{"@type":"WebPage","@id":"https:\/\/www.entrearteycultura.es\/?eap_event=visita-arte-santander-2023","url":"https:\/\/www.entrearteycultura.es\/?eap_event=visita-arte-santander-2023","name":"Visita a la colección de arte del Banco Santander - Entre Arte y cultura","isPartOf":{"@id":"https:\/\/www.entrearteycultura.es\/#website"},"primaryImageOfPage":{"@id":"https:\/\/www.entrearteycultura.es\/?eap_event=visita-arte-santander-2023#primaryimage"},"image":{"@id":"https:\/\/www.entrearteycultura.es\/?eap_event=visita-arte-santander-2023#primaryimage"},"thumbnailUrl":"https:\/\/www.entrearteycultura.es\/wp-content\/uploads\/2023\/01\/col-banco-santander.jpg","datePublished":"2023-01-07T14:06:51+00:00","dateModified":"2023-02-06T15:12:25+00:00","description":"Visita a la colección de arte del Banco Santander con obras del siglo XVI hasta el arte actual en la ciudad financiera en Boadilla","breadcrumb":{"@id":"https:\/\/www.entrearteycultura.es\/?eap_event=visita-arte-santander-2023#breadcrumb"},"inLanguage":"en-US","potentialAction":[{"@type":"ReadAction","target":["https:\/\/www.entrearteycultura.es\/?eap_event=visita-arte-santander-2023"]}]},{"@type":"ImageObject","inLanguage":"en-US","@id":"https:\/\/www.entrearteycultura.es\/?eap_event=visita-arte-santander-2023#primaryimage","url":"https:\/\/www.entrearteycultura.es\/wp-content\/uploads\/2023\/01\/col-banco-santander.jpg","contentUrl":"https:\/\/www.entrearteycultura.es\/wp-content\/uploads\/2023\/01\/col-banco-santander.jpg","width":1289,"height":732},{"@type":"BreadcrumbList","@id":"https:\/\/www.entrearteycultura.es\/?eap_event=visita-arte-santander-2023#breadcrumb","itemListElement":[{"@type":"ListItem","position":1,"name":"Portada","item":"https:\/\/www.entrearteycultura.es\/"},{"@type":"ListItem","position":2,"name":"Events","item":"https:\/\/www.entrearteycultura.es\/?post_type=eap_event"},{"@type":"ListItem","position":3,"name":"Visita a la colección de arte del Banco Santander"}]},{"@type":"WebSite","@id":"https:\/\/www.entrearteycultura.es\/#website","url":"https:\/\/www.entrearteycultura.es\/","name":"Entre Arte y cultura","description":"Viajes, eventos cuturales, conferencias y tertulias","potentialAction":[{"@type":"SearchAction","target":{"@type":"EntryPoint","urlTemplate":"https:\/\/www.entrearteycultura.es\/?s={search_term_string}"},"query-input":{"@type":"PropertyValueSpecification","valueRequired":true,"valueName":"search_term_string"}}],"inLanguage":"en-US"}]}</script>
<!-- / Yoast SEO plugin. -->

Visita a la colección de arte del Banco Santander - Entre Arte y cultura

Visita a la colección de arte del Banco Santander con obras del siglo XVI hasta el arte actual en la ciudad financiera en Boadilla
