{"id":257,"date":"2023-01-07T14:04:23","date_gmt":"2023-01-07T14:04:23","guid":{"rendered":"http:\/\/www.entrearteycultura.es\/?post_type=eap_event&#038;p=257"},"modified":"2023-02-06T15:06:23","modified_gmt":"2023-02-06T15:06:23","slug":"confeydnzacelestecerezo","status":"publish","type":"eap_event","link":"https:\/\/www.entrearteycultura.es\/?eap_event=confeydnzacelestecerezo","title":{"rendered":"Conferencia y exhibici\u00f3n: \u201cLa magia de la danza espa\u00f1ola, \u00fanica en el Mundo&#8221;"},"content":{"rendered":"\n<p>\u201cLa magia de la danza espa\u00f1ola, \u00fanica en el Mundo&#8221; (Rinc\u00f3n de Entre Arte) Con la bailarina Celeste Cerezo<\/p>\n\n\n\n<p><\/p>\n","protected":false},"excerpt":{"rendered":"<p>\u201cLa magia de la danza espa\u00f1ola, \u00fanica en el Mundo&#8221; (Rinc\u00f3n de Entre Arte) Con la bailarina Celeste Cerezo<\/p>\n","protected":false},"author":1,"featured_media":401,"comment_status":"open","ping_status":"closed","template":"","categories":[45],"class_list":["post-257","eap_event","type-eap_event","status-publish","has-post-thumbnail","hentry","category-eventos-pasados"],"yoast_head":"<!-- This site is optimized with the Yoast SEO plugin v27.5 - https:\/\/yoast.com\/product\/yoast-seo-wordpress\/ -->\n<title>Conferencia y exhibici\u00f3n: \u201cLa magia de la danza espa\u00f1ola, \u00fanica en el Mundo&quot; - Entre Arte y cultura<\/title>\n<meta name=\"description\" content=\"\u201cLa magia de la danza espa\u00f1ola, \u00fanica en el Mundo&quot; (Rinc\u00f3n de Entre Arte) Con la bailarina Celeste Cerezo. 17\/01\/2023 Rinc\u00f3n de Entre Arte\" \/>\n<meta name=\"robots\" content=\"index, follow, max-snippet:-1, max-image-preview:large, max-video-preview:-1\" \/>\n<link rel=\"canonical\" href=\"https:\/\/www.entrearteycultura.es\/?eap_event=confeydnzacelestecerezo\" \/>\n<meta property=\"og:locale\" content=\"en_US\" \/>\n<meta property=\"og:type\" content=\"article\" \/>\n<meta property=\"og:title\" content=\"Conferencia y exhibici\u00f3n: \u201cLa magia de la danza espa\u00f1ola, \u00fanica en el Mundo&quot; - Entre Arte y cultura\" \/>\n<meta property=\"og:description\" content=\"\u201cLa magia de la danza espa\u00f1ola, \u00fanica en el Mundo&quot; (Rinc\u00f3n de Entre Arte) Con la bailarina Celeste Cerezo. 17\/01\/2023 Rinc\u00f3n de Entre Arte\" \/>\n<meta property=\"og:url\" content=\"https:\/\/www.entrearteycultura.es\/?eap_event=confeydnzacelestecerezo\" \/>\n<meta property=\"og:site_name\" content=\"Entre Arte y cultura\" \/>\n<meta property=\"article:modified_time\" content=\"2023-02-06T15:06:23+00:00\" \/>\n<meta property=\"og:image\" content=\"https:\/\/www.entrearteycultura.es\/wp-content\/uploads\/2023\/01\/celeste.jpg\" \/>\n\t<meta property=\"og:image:width\" content=\"1019\" \/>\n\t<meta property=\"og:image:height\" content=\"841\" \/>\n\t<meta property=\"og:image:type\" content=\"image\/jpeg\" \/>\n<meta name=\"twitter:card\" content=\"summary_large_image\" \/>\n<meta name=\"twitter:label1\" content=\"Est. reading time\" \/>\n\t<meta name=\"twitter:data1\" content=\"1 minute\" \/>\n<script type=\"application\/ld+json\" class=\"yoast-schema-graph\">{\"@context\":\"https:\\\/\\\/schema.org\",\"@graph\":[{\"@type\":\"WebPage\",\"@id\":\"https:\\\/\\\/www.entrearteycultura.es\\\/?eap_event=confeydnzacelestecerezo\",\"url\":\"https:\\\/\\\/www.entrearteycultura.es\\\/?eap_event=confeydnzacelestecerezo\",\"name\":\"Conferencia y exhibici\u00f3n: \u201cLa magia de la danza espa\u00f1ola, \u00fanica en el Mundo\\\" - Entre Arte y cultura\",\"isPartOf\":{\"@id\":\"https:\\\/\\\/www.entrearteycultura.es\\\/#website\"},\"primaryImageOfPage\":{\"@id\":\"https:\\\/\\\/www.entrearteycultura.es\\\/?eap_event=confeydnzacelestecerezo#primaryimage\"},\"image\":{\"@id\":\"https:\\\/\\\/www.entrearteycultura.es\\\/?eap_event=confeydnzacelestecerezo#primaryimage\"},\"thumbnailUrl\":\"https:\\\/\\\/www.entrearteycultura.es\\\/wp-content\\\/uploads\\\/2023\\\/01\\\/celeste.jpg\",\"datePublished\":\"2023-01-07T14:04:23+00:00\",\"dateModified\":\"2023-02-06T15:06:23+00:00\",\"description\":\"\u201cLa magia de la danza espa\u00f1ola, \u00fanica en el Mundo\\\" (Rinc\u00f3n de Entre Arte) Con la bailarina Celeste Cerezo. 17\\\/01\\\/2023 Rinc\u00f3n de Entre Arte\",\"breadcrumb\":{\"@id\":\"https:\\\/\\\/www.entrearteycultura.es\\\/?eap_event=confeydnzacelestecerezo#breadcrumb\"},\"inLanguage\":\"en-US\",\"potentialAction\":[{\"@type\":\"ReadAction\",\"target\":[\"https:\\\/\\\/www.entrearteycultura.es\\\/?eap_event=confeydnzacelestecerezo\"]}]},{\"@type\":\"ImageObject\",\"inLanguage\":\"en-US\",\"@id\":\"https:\\\/\\\/www.entrearteycultura.es\\\/?eap_event=confeydnzacelestecerezo#primaryimage\",\"url\":\"https:\\\/\\\/www.entrearteycultura.es\\\/wp-content\\\/uploads\\\/2023\\\/01\\\/celeste.jpg\",\"contentUrl\":\"https:\\\/\\\/www.entrearteycultura.es\\\/wp-content\\\/uploads\\\/2023\\\/01\\\/celeste.jpg\",\"width\":1019,\"height\":841},{\"@type\":\"BreadcrumbList\",\"@id\":\"https:\\\/\\\/www.entrearteycultura.es\\\/?eap_event=confeydnzacelestecerezo#breadcrumb\",\"itemListElement\":[{\"@type\":\"ListItem\",\"position\":1,\"name\":\"Portada\",\"item\":\"https:\\\/\\\/www.entrearteycultura.es\\\/\"},{\"@type\":\"ListItem\",\"position\":2,\"name\":\"Events\",\"item\":\"https:\\\/\\\/www.entrearteycultura.es\\\/?post_type=eap_event\"},{\"@type\":\"ListItem\",\"position\":3,\"name\":\"Conferencia y exhibici\u00f3n: \u201cLa magia de la danza espa\u00f1ola, \u00fanica en el Mundo&#8221;\"}]},{\"@type\":\"WebSite\",\"@id\":\"https:\\\/\\\/www.entrearteycultura.es\\\/#website\",\"url\":\"https:\\\/\\\/www.entrearteycultura.es\\\/\",\"name\":\"Entre Arte y cultura\",\"description\":\"Viajes, eventos cuturales, conferencias y tertulias\",\"potentialAction\":[{\"@type\":\"SearchAction\",\"target\":{\"@type\":\"EntryPoint\",\"urlTemplate\":\"https:\\\/\\\/www.entrearteycultura.es\\\/?s={search_term_string}\"},\"query-input\":{\"@type\":\"PropertyValueSpecification\",\"valueRequired\":true,\"valueName\":\"search_term_string\"}}],\"inLanguage\":\"en-US\"}]}<\/script>\n<!-- \/ Yoast SEO plugin. -->","yoast_head_json":{"title":"Conferencia y exhibici\u00f3n: \u201cLa magia de la danza espa\u00f1ola, \u00fanica en el Mundo\" - Entre Arte y cultura","description":"\u201cLa magia de la danza espa\u00f1ola, \u00fanica en el Mundo\" (Rinc\u00f3n de Entre Arte) Con la bailarina Celeste Cerezo. 17\/01\/2023 Rinc\u00f3n de Entre Arte","robots":{"index":"index","follow":"follow","max-snippet":"max-snippet:-1","max-image-preview":"max-image-preview:large","max-video-preview":"max-video-preview:-1"},"canonical":"https:\/\/www.entrearteycultura.es\/?eap_event=confeydnzacelestecerezo","og_locale":"en_US","og_type":"article","og_title":"Conferencia y exhibici\u00f3n: \u201cLa magia de la danza espa\u00f1ola, \u00fanica en el Mundo\" - Entre Arte y cultura","og_description":"\u201cLa magia de la danza espa\u00f1ola, \u00fanica en el Mundo\" (Rinc\u00f3n de Entre Arte) Con la bailarina Celeste Cerezo. 17\/01\/2023 Rinc\u00f3n de Entre Arte","og_url":"https:\/\/www.entrearteycultura.es\/?eap_event=confeydnzacelestecerezo","og_site_name":"Entre Arte y cultura","article_modified_time":"2023-02-06T15:06:23+00:00","og_image":[{"width":1019,"height":841,"url":"https:\/\/www.entrearteycultura.es\/wp-content\/uploads\/2023\/01\/celeste.jpg","type":"image\/jpeg"}],"twitter_card":"summary_large_image","twitter_misc":{"Est. reading time":"1 minute"},"schema":{"@context":"https:\/\/schema.org","@graph":[{"@type":"WebPage","@id":"https:\/\/www.entrearteycultura.es\/?eap_event=confeydnzacelestecerezo","url":"https:\/\/www.entrearteycultura.es\/?eap_event=confeydnzacelestecerezo","name":"Conferencia y exhibici\u00f3n: \u201cLa magia de la danza espa\u00f1ola, \u00fanica en el Mundo\" - Entre Arte y cultura","isPartOf":{"@id":"https:\/\/www.entrearteycultura.es\/#website"},"primaryImageOfPage":{"@id":"https:\/\/www.entrearteycultura.es\/?eap_event=confeydnzacelestecerezo#primaryimage"},"image":{"@id":"https:\/\/www.entrearteycultura.es\/?eap_event=confeydnzacelestecerezo#primaryimage"},"thumbnailUrl":"https:\/\/www.entrearteycultura.es\/wp-content\/uploads\/2023\/01\/celeste.jpg","datePublished":"2023-01-07T14:04:23+00:00","dateModified":"2023-02-06T15:06:23+00:00","description":"\u201cLa magia de la danza espa\u00f1ola, \u00fanica en el Mundo\" (Rinc\u00f3n de Entre Arte) Con la bailarina Celeste Cerezo. 17\/01\/2023 Rinc\u00f3n de Entre Arte","breadcrumb":{"@id":"https:\/\/www.entrearteycultura.es\/?eap_event=confeydnzacelestecerezo#breadcrumb"},"inLanguage":"en-US","potentialAction":[{"@type":"ReadAction","target":["https:\/\/www.entrearteycultura.es\/?eap_event=confeydnzacelestecerezo"]}]},{"@type":"ImageObject","inLanguage":"en-US","@id":"https:\/\/www.entrearteycultura.es\/?eap_event=confeydnzacelestecerezo#primaryimage","url":"https:\/\/www.entrearteycultura.es\/wp-content\/uploads\/2023\/01\/celeste.jpg","contentUrl":"https:\/\/www.entrearteycultura.es\/wp-content\/uploads\/2023\/01\/celeste.jpg","width":1019,"height":841},{"@type":"BreadcrumbList","@id":"https:\/\/www.entrearteycultura.es\/?eap_event=confeydnzacelestecerezo#breadcrumb","itemListElement":[{"@type":"ListItem","position":1,"name":"Portada","item":"https:\/\/www.entrearteycultura.es\/"},{"@type":"ListItem","position":2,"name":"Events","item":"https:\/\/www.entrearteycultura.es\/?post_type=eap_event"},{"@type":"ListItem","position":3,"name":"Conferencia y exhibici\u00f3n: \u201cLa magia de la danza espa\u00f1ola, \u00fanica en el Mundo&#8221;"}]},{"@type":"WebSite","@id":"https:\/\/www.entrearteycultura.es\/#website","url":"https:\/\/www.entrearteycultura.es\/","name":"Entre Arte y cultura","description":"Viajes, eventos cuturales, conferencias y tertulias","potentialAction":[{"@type":"SearchAction","target":{"@type":"EntryPoint","urlTemplate":"https:\/\/www.entrearteycultura.es\/?s={search_term_string}"},"query-input":{"@type":"PropertyValueSpecification","valueRequired":true,"valueName":"search_term_string"}}],"inLanguage":"en-US"}]}},"_links":{"self":[{"href":"https:\/\/www.entrearteycultura.es\/index.php?rest_route=\/wp\/v2\/eap_event\/257","targetHints":{"allow":["GET"]}}],"collection":[{"href":"https:\/\/www.entrearteycultura.es\/index.php?rest_route=\/wp\/v2\/eap_event"}],"about":[{"href":"https:\/\/www.entrearteycultura.es\/index.php?rest_route=\/wp\/v2\/types\/eap_event"}],"author":[{"embeddable":true,"href":"https:\/\/www.entrearteycultura.es\/index.php?rest_route=\/wp\/v2\/users\/1"}],"replies":[{"embeddable":true,"href":"https:\/\/www.entrearteycultura.es\/index.php?rest_route=%2Fwp%2Fv2%2Fcomments&post=257"}],"version-history":[{"count":2,"href":"https:\/\/www.entrearteycultura.es\/index.php?rest_route=\/wp\/v2\/eap_event\/257\/revisions"}],"predecessor-version":[{"id":402,"href":"https:\/\/www.entrearteycultura.es\/index.php?rest_route=\/wp\/v2\/eap_event\/257\/revisions\/402"}],"wp:featuredmedia":[{"embeddable":true,"href":"https:\/\/www.entrearteycultura.es\/index.php?rest_route=\/wp\/v2\/media\/401"}],"wp:attachment":[{"href":"https:\/\/www.entrearteycultura.es\/index.php?rest_route=%2Fwp%2Fv2%2Fmedia&parent=257"}],"wp:term":[{"taxonomy":"category","embeddable":true,"href":"https:\/\/www.entrearteycultura.es\/index.php?rest_route=%2Fwp%2Fv2%2Fcategories&post=257"}],"curies":[{"name":"wp","href":"https:\/\/api.w.org\/{rel}","templated":true}]}}

Conferencia y exhibición: “La magia de la danza española, única en el Mundo&#8221;

<p>“La magia de la danza española, única en el Mundo&#8221; (Rincón de Entre Arte) Con la bailarina Celeste Cerezo</p>



<p></p>

<p>“La magia de la danza española, única en el Mundo&#8221; (Rincón de Entre Arte) Con la bailarina Celeste Cerezo</p>

<!-- This site is optimized with the Yoast SEO plugin v27.5 - https://yoast.com/product/yoast-seo-wordpress/ -->
<title>Conferencia y exhibición: “La magia de la danza española, única en el Mundo&quot; - Entre Arte y cultura</title>
<meta name="description" content="“La magia de la danza española, única en el Mundo&quot; (Rincón de Entre Arte) Con la bailarina Celeste Cerezo. 17/01/2023 Rincón de Entre Arte" />
<meta name="robots" content="index, follow, max-snippet:-1, max-image-preview:large, max-video-preview:-1" />
<link rel="canonical" href="https://www.entrearteycultura.es/?eap_event=confeydnzacelestecerezo" />
<meta property="og:locale" content="en_US" />
<meta property="og:type" content="article" />
<meta property="og:title" content="Conferencia y exhibición: “La magia de la danza española, única en el Mundo&quot; - Entre Arte y cultura" />
<meta property="og:description" content="“La magia de la danza española, única en el Mundo&quot; (Rincón de Entre Arte) Con la bailarina Celeste Cerezo. 17/01/2023 Rincón de Entre Arte" />
<meta property="og:url" content="https://www.entrearteycultura.es/?eap_event=confeydnzacelestecerezo" />
<meta property="og:site_name" content="Entre Arte y cultura" />
<meta property="article:modified_time" content="2023-02-06T15:06:23+00:00" />
<meta property="og:image" content="https://www.entrearteycultura.es/wp-content/uploads/2023/01/celeste.jpg" />
	<meta property="og:image:width" content="1019" />
	<meta property="og:image:height" content="841" />
	<meta property="og:image:type" content="image/jpeg" />
<meta name="twitter:card" content="summary_large_image" />
<meta name="twitter:label1" content="Est. reading time" />
	<meta name="twitter:data1" content="1 minute" />
<script type="application/ld+json" class="yoast-schema-graph">{"@context":"https:\/\/schema.org","@graph":[{"@type":"WebPage","@id":"https:\/\/www.entrearteycultura.es\/?eap_event=confeydnzacelestecerezo","url":"https:\/\/www.entrearteycultura.es\/?eap_event=confeydnzacelestecerezo","name":"Conferencia y exhibición: “La magia de la danza española, única en el Mundo\" - Entre Arte y cultura","isPartOf":{"@id":"https:\/\/www.entrearteycultura.es\/#website"},"primaryImageOfPage":{"@id":"https:\/\/www.entrearteycultura.es\/?eap_event=confeydnzacelestecerezo#primaryimage"},"image":{"@id":"https:\/\/www.entrearteycultura.es\/?eap_event=confeydnzacelestecerezo#primaryimage"},"thumbnailUrl":"https:\/\/www.entrearteycultura.es\/wp-content\/uploads\/2023\/01\/celeste.jpg","datePublished":"2023-01-07T14:04:23+00:00","dateModified":"2023-02-06T15:06:23+00:00","description":"“La magia de la danza española, única en el Mundo\" (Rincón de Entre Arte) Con la bailarina Celeste Cerezo. 17\/01\/2023 Rincón de Entre Arte","breadcrumb":{"@id":"https:\/\/www.entrearteycultura.es\/?eap_event=confeydnzacelestecerezo#breadcrumb"},"inLanguage":"en-US","potentialAction":[{"@type":"ReadAction","target":["https:\/\/www.entrearteycultura.es\/?eap_event=confeydnzacelestecerezo"]}]},{"@type":"ImageObject","inLanguage":"en-US","@id":"https:\/\/www.entrearteycultura.es\/?eap_event=confeydnzacelestecerezo#primaryimage","url":"https:\/\/www.entrearteycultura.es\/wp-content\/uploads\/2023\/01\/celeste.jpg","contentUrl":"https:\/\/www.entrearteycultura.es\/wp-content\/uploads\/2023\/01\/celeste.jpg","width":1019,"height":841},{"@type":"BreadcrumbList","@id":"https:\/\/www.entrearteycultura.es\/?eap_event=confeydnzacelestecerezo#breadcrumb","itemListElement":[{"@type":"ListItem","position":1,"name":"Portada","item":"https:\/\/www.entrearteycultura.es\/"},{"@type":"ListItem","position":2,"name":"Events","item":"https:\/\/www.entrearteycultura.es\/?post_type=eap_event"},{"@type":"ListItem","position":3,"name":"Conferencia y exhibición: “La magia de la danza española, única en el Mundo&#8221;"}]},{"@type":"WebSite","@id":"https:\/\/www.entrearteycultura.es\/#website","url":"https:\/\/www.entrearteycultura.es\/","name":"Entre Arte y cultura","description":"Viajes, eventos cuturales, conferencias y tertulias","potentialAction":[{"@type":"SearchAction","target":{"@type":"EntryPoint","urlTemplate":"https:\/\/www.entrearteycultura.es\/?s={search_term_string}"},"query-input":{"@type":"PropertyValueSpecification","valueRequired":true,"valueName":"search_term_string"}}],"inLanguage":"en-US"}]}</script>
<!-- / Yoast SEO plugin. -->

Conferencia y exhibición: “La magia de la danza española, única en el Mundo" - Entre Arte y cultura

“La magia de la danza española, única en el Mundo" (Rincón de Entre Arte) Con la bailarina Celeste Cerezo. 17/01/2023 Rincón de Entre Arte
