{"id":250,"date":"2023-01-07T13:56:40","date_gmt":"2023-01-07T13:56:40","guid":{"rendered":"http:\/\/www.entrearteycultura.es\/?post_type=eap_event&#038;p=250"},"modified":"2023-06-20T09:44:05","modified_gmt":"2023-06-20T09:44:05","slug":"leon-2023","status":"publish","type":"eap_event","link":"https:\/\/www.entrearteycultura.es\/?eap_event=leon-2023","title":{"rendered":"VIAJE A LE\u00d3N, porque siempre hay razones para volver"},"content":{"rendered":"\n<p>La que fuera la Legio VII Gemina romana, mantiene un importante legado rom\u00e1nico, g\u00f3tico y renacentista fruto de su esplendor durante la Edad Media.<\/p>\n\n\n\n<p>Redescubre su imponente&nbsp;<strong>catedral<\/strong>&nbsp;y la&nbsp;<strong>bas\u00edlica de San Isidoro,&nbsp;<\/strong>el mejor conjunto rom\u00e1nico de toda Espa\u00f1a cuyo museo, que acaba de ser rehabilitado, nos muestra nuevos hallazgos.&nbsp; Sin olvidar los&nbsp;<strong>palacios de los Guzmanes<\/strong>,&nbsp;<strong>palacio de los Botines<\/strong>&nbsp;de Gaud\u00ed o el Hostal de San Marcos. Adem\u00e1s del museo de Arte Contempor\u00e1neo,&nbsp;<strong>MUSAC<\/strong>, visitaremos la&nbsp;<strong>Fundaci\u00f3n Cerezales Antonino y Cinia<\/strong>&nbsp;en Cerezales del Condado, que tiene una programaci\u00f3n muy interesante de artistas j\u00f3venes<\/p>\n\n\n\n<p><strong>De viernes 16 a domingo 18 junio<\/strong><\/p>\n\n\n\n<p>Si est\u00e1s interesado, solicita el programa completo con precios.<br><a href=\"mailto:maria@entrearteycutura.es\" target=\"_blank\" rel=\"noreferrer noopener\">maria@entrearteycutura.es<\/a>&nbsp;o&nbsp;<a href=\"mailto:julieta@entrearteycultura.es\" target=\"_blank\" rel=\"noreferrer noopener\">julieta@entrearteycultura.es<\/a><\/p>\n","protected":false},"excerpt":{"rendered":"<p>La que fuera la Legio VII Gemina romana, mantiene un importante legado rom\u00e1nico, g\u00f3tico y renacentista fruto de su esplendor durante la Edad Media. Redescubre su imponente&nbsp;catedral&nbsp;y la&nbsp;bas\u00edlica de San Isidoro,&nbsp;el mejor conjunto rom\u00e1nico de toda Espa\u00f1a cuyo museo, que acaba de ser rehabilitado, nos muestra nuevos hallazgos.&nbsp; Sin olvidar los&nbsp;palacios de los Guzmanes,&nbsp;palacio de [&hellip;]<\/p>\n","protected":false},"author":1,"featured_media":415,"comment_status":"open","ping_status":"closed","template":"","categories":[45],"class_list":["post-250","eap_event","type-eap_event","status-publish","has-post-thumbnail","hentry","category-eventos-pasados"],"yoast_head":"<!-- This site is optimized with the Yoast SEO plugin v27.5 - https:\/\/yoast.com\/product\/yoast-seo-wordpress\/ -->\n<title>VIAJE A LE\u00d3N, porque siempre hay razones para volver - Entre Arte y cultura<\/title>\n<meta name=\"description\" content=\"LE\u00d3N, porque siempre hay que volver. De viernes 16 a domingo 18 junio. Descubre este viaje y todo los organizados por EntreArte\" \/>\n<meta name=\"robots\" content=\"index, follow, max-snippet:-1, max-image-preview:large, max-video-preview:-1\" \/>\n<link rel=\"canonical\" href=\"https:\/\/www.entrearteycultura.es\/?eap_event=leon-2023\" \/>\n<meta property=\"og:locale\" content=\"en_US\" \/>\n<meta property=\"og:type\" content=\"article\" \/>\n<meta property=\"og:title\" content=\"VIAJE A LE\u00d3N, porque siempre hay razones para volver - Entre Arte y cultura\" \/>\n<meta property=\"og:description\" content=\"LE\u00d3N, porque siempre hay que volver. De viernes 16 a domingo 18 junio. Descubre este viaje y todo los organizados por EntreArte\" \/>\n<meta property=\"og:url\" content=\"https:\/\/www.entrearteycultura.es\/?eap_event=leon-2023\" \/>\n<meta property=\"og:site_name\" content=\"Entre Arte y cultura\" \/>\n<meta property=\"article:modified_time\" content=\"2023-06-20T09:44:05+00:00\" \/>\n<meta property=\"og:image\" content=\"https:\/\/www.entrearteycultura.es\/wp-content\/uploads\/2023\/01\/cerezales.jpg\" \/>\n\t<meta property=\"og:image:width\" content=\"1465\" \/>\n\t<meta property=\"og:image:height\" content=\"667\" \/>\n\t<meta property=\"og:image:type\" content=\"image\/jpeg\" \/>\n<meta name=\"twitter:card\" content=\"summary_large_image\" \/>\n<meta name=\"twitter:label1\" content=\"Est. reading time\" \/>\n\t<meta name=\"twitter:data1\" content=\"1 minute\" \/>\n<script type=\"application\/ld+json\" class=\"yoast-schema-graph\">{\"@context\":\"https:\\\/\\\/schema.org\",\"@graph\":[{\"@type\":\"WebPage\",\"@id\":\"https:\\\/\\\/www.entrearteycultura.es\\\/?eap_event=leon-2023\",\"url\":\"https:\\\/\\\/www.entrearteycultura.es\\\/?eap_event=leon-2023\",\"name\":\"VIAJE A LE\u00d3N, porque siempre hay razones para volver - Entre Arte y cultura\",\"isPartOf\":{\"@id\":\"https:\\\/\\\/www.entrearteycultura.es\\\/#website\"},\"primaryImageOfPage\":{\"@id\":\"https:\\\/\\\/www.entrearteycultura.es\\\/?eap_event=leon-2023#primaryimage\"},\"image\":{\"@id\":\"https:\\\/\\\/www.entrearteycultura.es\\\/?eap_event=leon-2023#primaryimage\"},\"thumbnailUrl\":\"https:\\\/\\\/www.entrearteycultura.es\\\/wp-content\\\/uploads\\\/2023\\\/01\\\/cerezales.jpg\",\"datePublished\":\"2023-01-07T13:56:40+00:00\",\"dateModified\":\"2023-06-20T09:44:05+00:00\",\"description\":\"LE\u00d3N, porque siempre hay que volver. De viernes 16 a domingo 18 junio. Descubre este viaje y todo los organizados por EntreArte\",\"breadcrumb\":{\"@id\":\"https:\\\/\\\/www.entrearteycultura.es\\\/?eap_event=leon-2023#breadcrumb\"},\"inLanguage\":\"en-US\",\"potentialAction\":[{\"@type\":\"ReadAction\",\"target\":[\"https:\\\/\\\/www.entrearteycultura.es\\\/?eap_event=leon-2023\"]}]},{\"@type\":\"ImageObject\",\"inLanguage\":\"en-US\",\"@id\":\"https:\\\/\\\/www.entrearteycultura.es\\\/?eap_event=leon-2023#primaryimage\",\"url\":\"https:\\\/\\\/www.entrearteycultura.es\\\/wp-content\\\/uploads\\\/2023\\\/01\\\/cerezales.jpg\",\"contentUrl\":\"https:\\\/\\\/www.entrearteycultura.es\\\/wp-content\\\/uploads\\\/2023\\\/01\\\/cerezales.jpg\",\"width\":1465,\"height\":667},{\"@type\":\"BreadcrumbList\",\"@id\":\"https:\\\/\\\/www.entrearteycultura.es\\\/?eap_event=leon-2023#breadcrumb\",\"itemListElement\":[{\"@type\":\"ListItem\",\"position\":1,\"name\":\"Portada\",\"item\":\"https:\\\/\\\/www.entrearteycultura.es\\\/\"},{\"@type\":\"ListItem\",\"position\":2,\"name\":\"Events\",\"item\":\"https:\\\/\\\/www.entrearteycultura.es\\\/?post_type=eap_event\"},{\"@type\":\"ListItem\",\"position\":3,\"name\":\"VIAJE A LE\u00d3N, porque siempre hay razones para volver\"}]},{\"@type\":\"WebSite\",\"@id\":\"https:\\\/\\\/www.entrearteycultura.es\\\/#website\",\"url\":\"https:\\\/\\\/www.entrearteycultura.es\\\/\",\"name\":\"Entre Arte y cultura\",\"description\":\"Viajes, eventos cuturales, conferencias y tertulias\",\"potentialAction\":[{\"@type\":\"SearchAction\",\"target\":{\"@type\":\"EntryPoint\",\"urlTemplate\":\"https:\\\/\\\/www.entrearteycultura.es\\\/?s={search_term_string}\"},\"query-input\":{\"@type\":\"PropertyValueSpecification\",\"valueRequired\":true,\"valueName\":\"search_term_string\"}}],\"inLanguage\":\"en-US\"}]}<\/script>\n<!-- \/ Yoast SEO plugin. -->","yoast_head_json":{"title":"VIAJE A LE\u00d3N, porque siempre hay razones para volver - Entre Arte y cultura","description":"LE\u00d3N, porque siempre hay que volver. De viernes 16 a domingo 18 junio. Descubre este viaje y todo los organizados por EntreArte","robots":{"index":"index","follow":"follow","max-snippet":"max-snippet:-1","max-image-preview":"max-image-preview:large","max-video-preview":"max-video-preview:-1"},"canonical":"https:\/\/www.entrearteycultura.es\/?eap_event=leon-2023","og_locale":"en_US","og_type":"article","og_title":"VIAJE A LE\u00d3N, porque siempre hay razones para volver - Entre Arte y cultura","og_description":"LE\u00d3N, porque siempre hay que volver. De viernes 16 a domingo 18 junio. Descubre este viaje y todo los organizados por EntreArte","og_url":"https:\/\/www.entrearteycultura.es\/?eap_event=leon-2023","og_site_name":"Entre Arte y cultura","article_modified_time":"2023-06-20T09:44:05+00:00","og_image":[{"width":1465,"height":667,"url":"https:\/\/www.entrearteycultura.es\/wp-content\/uploads\/2023\/01\/cerezales.jpg","type":"image\/jpeg"}],"twitter_card":"summary_large_image","twitter_misc":{"Est. reading time":"1 minute"},"schema":{"@context":"https:\/\/schema.org","@graph":[{"@type":"WebPage","@id":"https:\/\/www.entrearteycultura.es\/?eap_event=leon-2023","url":"https:\/\/www.entrearteycultura.es\/?eap_event=leon-2023","name":"VIAJE A LE\u00d3N, porque siempre hay razones para volver - Entre Arte y cultura","isPartOf":{"@id":"https:\/\/www.entrearteycultura.es\/#website"},"primaryImageOfPage":{"@id":"https:\/\/www.entrearteycultura.es\/?eap_event=leon-2023#primaryimage"},"image":{"@id":"https:\/\/www.entrearteycultura.es\/?eap_event=leon-2023#primaryimage"},"thumbnailUrl":"https:\/\/www.entrearteycultura.es\/wp-content\/uploads\/2023\/01\/cerezales.jpg","datePublished":"2023-01-07T13:56:40+00:00","dateModified":"2023-06-20T09:44:05+00:00","description":"LE\u00d3N, porque siempre hay que volver. De viernes 16 a domingo 18 junio. Descubre este viaje y todo los organizados por EntreArte","breadcrumb":{"@id":"https:\/\/www.entrearteycultura.es\/?eap_event=leon-2023#breadcrumb"},"inLanguage":"en-US","potentialAction":[{"@type":"ReadAction","target":["https:\/\/www.entrearteycultura.es\/?eap_event=leon-2023"]}]},{"@type":"ImageObject","inLanguage":"en-US","@id":"https:\/\/www.entrearteycultura.es\/?eap_event=leon-2023#primaryimage","url":"https:\/\/www.entrearteycultura.es\/wp-content\/uploads\/2023\/01\/cerezales.jpg","contentUrl":"https:\/\/www.entrearteycultura.es\/wp-content\/uploads\/2023\/01\/cerezales.jpg","width":1465,"height":667},{"@type":"BreadcrumbList","@id":"https:\/\/www.entrearteycultura.es\/?eap_event=leon-2023#breadcrumb","itemListElement":[{"@type":"ListItem","position":1,"name":"Portada","item":"https:\/\/www.entrearteycultura.es\/"},{"@type":"ListItem","position":2,"name":"Events","item":"https:\/\/www.entrearteycultura.es\/?post_type=eap_event"},{"@type":"ListItem","position":3,"name":"VIAJE A LE\u00d3N, porque siempre hay razones para volver"}]},{"@type":"WebSite","@id":"https:\/\/www.entrearteycultura.es\/#website","url":"https:\/\/www.entrearteycultura.es\/","name":"Entre Arte y cultura","description":"Viajes, eventos cuturales, conferencias y tertulias","potentialAction":[{"@type":"SearchAction","target":{"@type":"EntryPoint","urlTemplate":"https:\/\/www.entrearteycultura.es\/?s={search_term_string}"},"query-input":{"@type":"PropertyValueSpecification","valueRequired":true,"valueName":"search_term_string"}}],"inLanguage":"en-US"}]}},"_links":{"self":[{"href":"https:\/\/www.entrearteycultura.es\/index.php?rest_route=\/wp\/v2\/eap_event\/250","targetHints":{"allow":["GET"]}}],"collection":[{"href":"https:\/\/www.entrearteycultura.es\/index.php?rest_route=\/wp\/v2\/eap_event"}],"about":[{"href":"https:\/\/www.entrearteycultura.es\/index.php?rest_route=\/wp\/v2\/types\/eap_event"}],"author":[{"embeddable":true,"href":"https:\/\/www.entrearteycultura.es\/index.php?rest_route=\/wp\/v2\/users\/1"}],"replies":[{"embeddable":true,"href":"https:\/\/www.entrearteycultura.es\/index.php?rest_route=%2Fwp%2Fv2%2Fcomments&post=250"}],"version-history":[{"count":3,"href":"https:\/\/www.entrearteycultura.es\/index.php?rest_route=\/wp\/v2\/eap_event\/250\/revisions"}],"predecessor-version":[{"id":582,"href":"https:\/\/www.entrearteycultura.es\/index.php?rest_route=\/wp\/v2\/eap_event\/250\/revisions\/582"}],"wp:featuredmedia":[{"embeddable":true,"href":"https:\/\/www.entrearteycultura.es\/index.php?rest_route=\/wp\/v2\/media\/415"}],"wp:attachment":[{"href":"https:\/\/www.entrearteycultura.es\/index.php?rest_route=%2Fwp%2Fv2%2Fmedia&parent=250"}],"wp:term":[{"taxonomy":"category","embeddable":true,"href":"https:\/\/www.entrearteycultura.es\/index.php?rest_route=%2Fwp%2Fv2%2Fcategories&post=250"}],"curies":[{"name":"wp","href":"https:\/\/api.w.org\/{rel}","templated":true}]}}

VIAJE A LEÓN, porque siempre hay razones para volver

<p>La que fuera la Legio VII Gemina romana, mantiene un importante legado románico, gótico y renacentista fruto de su esplendor durante la Edad Media.</p>



<p>Redescubre su imponente&nbsp;<strong>catedral</strong>&nbsp;y la&nbsp;<strong>basílica de San Isidoro,&nbsp;</strong>el mejor conjunto románico de toda España cuyo museo, que acaba de ser rehabilitado, nos muestra nuevos hallazgos.&nbsp; Sin olvidar los&nbsp;<strong>palacios de los Guzmanes</strong>,&nbsp;<strong>palacio de los Botines</strong>&nbsp;de Gaudí o el Hostal de San Marcos. Además del museo de Arte Contemporáneo,&nbsp;<strong>MUSAC</strong>, visitaremos la&nbsp;<strong>Fundación Cerezales Antonino y Cinia</strong>&nbsp;en Cerezales del Condado, que tiene una programación muy interesante de artistas jóvenes</p>



<p><strong>De viernes 16 a domingo 18 junio</strong></p>



<p>Si estás interesado, solicita el programa completo con precios.<br><a href="mailto:maria@entrearteycutura.es" target="_blank" rel="noreferrer noopener">maria@entrearteycutura.es</a>&nbsp;o&nbsp;<a href="mailto:julieta@entrearteycultura.es" target="_blank" rel="noreferrer noopener">julieta@entrearteycultura.es</a></p>

<p>La que fuera la Legio VII Gemina romana, mantiene un importante legado románico, gótico y renacentista fruto de su esplendor durante la Edad Media. Redescubre su imponente&nbsp;catedral&nbsp;y la&nbsp;basílica de San Isidoro,&nbsp;el mejor conjunto románico de toda España cuyo museo, que acaba de ser rehabilitado, nos muestra nuevos hallazgos.&nbsp; Sin olvidar los&nbsp;palacios de los Guzmanes,&nbsp;palacio de [&hellip;]</p>

<!-- This site is optimized with the Yoast SEO plugin v27.5 - https://yoast.com/product/yoast-seo-wordpress/ -->
<title>VIAJE A LEÓN, porque siempre hay razones para volver - Entre Arte y cultura</title>
<meta name="description" content="LEÓN, porque siempre hay que volver. De viernes 16 a domingo 18 junio. Descubre este viaje y todo los organizados por EntreArte" />
<meta name="robots" content="index, follow, max-snippet:-1, max-image-preview:large, max-video-preview:-1" />
<link rel="canonical" href="https://www.entrearteycultura.es/?eap_event=leon-2023" />
<meta property="og:locale" content="en_US" />
<meta property="og:type" content="article" />
<meta property="og:title" content="VIAJE A LEÓN, porque siempre hay razones para volver - Entre Arte y cultura" />
<meta property="og:description" content="LEÓN, porque siempre hay que volver. De viernes 16 a domingo 18 junio. Descubre este viaje y todo los organizados por EntreArte" />
<meta property="og:url" content="https://www.entrearteycultura.es/?eap_event=leon-2023" />
<meta property="og:site_name" content="Entre Arte y cultura" />
<meta property="article:modified_time" content="2023-06-20T09:44:05+00:00" />
<meta property="og:image" content="https://www.entrearteycultura.es/wp-content/uploads/2023/01/cerezales.jpg" />
	<meta property="og:image:width" content="1465" />
	<meta property="og:image:height" content="667" />
	<meta property="og:image:type" content="image/jpeg" />
<meta name="twitter:card" content="summary_large_image" />
<meta name="twitter:label1" content="Est. reading time" />
	<meta name="twitter:data1" content="1 minute" />
<script type="application/ld+json" class="yoast-schema-graph">{"@context":"https:\/\/schema.org","@graph":[{"@type":"WebPage","@id":"https:\/\/www.entrearteycultura.es\/?eap_event=leon-2023","url":"https:\/\/www.entrearteycultura.es\/?eap_event=leon-2023","name":"VIAJE A LEÓN, porque siempre hay razones para volver - Entre Arte y cultura","isPartOf":{"@id":"https:\/\/www.entrearteycultura.es\/#website"},"primaryImageOfPage":{"@id":"https:\/\/www.entrearteycultura.es\/?eap_event=leon-2023#primaryimage"},"image":{"@id":"https:\/\/www.entrearteycultura.es\/?eap_event=leon-2023#primaryimage"},"thumbnailUrl":"https:\/\/www.entrearteycultura.es\/wp-content\/uploads\/2023\/01\/cerezales.jpg","datePublished":"2023-01-07T13:56:40+00:00","dateModified":"2023-06-20T09:44:05+00:00","description":"LEÓN, porque siempre hay que volver. De viernes 16 a domingo 18 junio. Descubre este viaje y todo los organizados por EntreArte","breadcrumb":{"@id":"https:\/\/www.entrearteycultura.es\/?eap_event=leon-2023#breadcrumb"},"inLanguage":"en-US","potentialAction":[{"@type":"ReadAction","target":["https:\/\/www.entrearteycultura.es\/?eap_event=leon-2023"]}]},{"@type":"ImageObject","inLanguage":"en-US","@id":"https:\/\/www.entrearteycultura.es\/?eap_event=leon-2023#primaryimage","url":"https:\/\/www.entrearteycultura.es\/wp-content\/uploads\/2023\/01\/cerezales.jpg","contentUrl":"https:\/\/www.entrearteycultura.es\/wp-content\/uploads\/2023\/01\/cerezales.jpg","width":1465,"height":667},{"@type":"BreadcrumbList","@id":"https:\/\/www.entrearteycultura.es\/?eap_event=leon-2023#breadcrumb","itemListElement":[{"@type":"ListItem","position":1,"name":"Portada","item":"https:\/\/www.entrearteycultura.es\/"},{"@type":"ListItem","position":2,"name":"Events","item":"https:\/\/www.entrearteycultura.es\/?post_type=eap_event"},{"@type":"ListItem","position":3,"name":"VIAJE A LEÓN, porque siempre hay razones para volver"}]},{"@type":"WebSite","@id":"https:\/\/www.entrearteycultura.es\/#website","url":"https:\/\/www.entrearteycultura.es\/","name":"Entre Arte y cultura","description":"Viajes, eventos cuturales, conferencias y tertulias","potentialAction":[{"@type":"SearchAction","target":{"@type":"EntryPoint","urlTemplate":"https:\/\/www.entrearteycultura.es\/?s={search_term_string}"},"query-input":{"@type":"PropertyValueSpecification","valueRequired":true,"valueName":"search_term_string"}}],"inLanguage":"en-US"}]}</script>
<!-- / Yoast SEO plugin. -->

VIAJE A LEÓN, porque siempre hay razones para volver - Entre Arte y cultura

LEÓN, porque siempre hay que volver. De viernes 16 a domingo 18 junio. Descubre este viaje y todo los organizados por EntreArte
