{"id":247,"date":"2023-01-07T13:53:07","date_gmt":"2023-01-07T13:53:07","guid":{"rendered":"http:\/\/www.entrearteycultura.es\/?post_type=eap_event&#038;p=247"},"modified":"2025-12-23T20:44:56","modified_gmt":"2025-12-23T20:44:56","slug":"matarrana-2023","status":"publish","type":"eap_event","link":"https:\/\/www.entrearteycultura.es\/?eap_event=matarrana-2023","title":{"rendered":"COMARCA DE MATARRA\u00d1A, la Toscana espa\u00f1ola. Del viernes 20 al domingo 22 de marzo."},"content":{"rendered":"\n<p>La comarca del r\u00edo Matarra\u00f1a, situada en Teruel casi en su l\u00edmite con Castell\u00f3n, es una zona desconocida, todav\u00eda no muy tur\u00edstica, que ofrece un entorno paisaj\u00edstico \u00fanico y unas visitas culturales muy atractivas. Son pueblos medievales con encanto con su trilog\u00eda de castillo, iglesia y plaza (<strong>Calaceite, Beceite, La Fresneda, Valderrobres<\/strong>). As\u00ed mismo, de camino, visitaremos\u00a0<strong>Alca\u00f1iz y el Monasterio cisterciense de Rueda<\/strong>, as\u00ed como\u00a0<strong>yacimientos \u00edberos como el de Creta<\/strong>s y los entornos naturales mediterr\u00e1neos.<\/p>\n\n\n\n<p><strong>De s\u00e1bado 13 a martes 15 mayo<\/strong><\/p>\n\n\n\n<p><\/p>\n","protected":false},"excerpt":{"rendered":"<p>La comarca del r\u00edo Matarra\u00f1a, situada en Teruel casi en su l\u00edmite con Castell\u00f3n, es una zona desconocida, todav\u00eda no muy tur\u00edstica, que ofrece un entorno paisaj\u00edstico \u00fanico y unas visitas culturales muy atractivas. Son pueblos medievales con encanto con su trilog\u00eda de castillo, iglesia y plaza (Calaceite, Beceite, La Fresneda, Valderrobres). As\u00ed mismo, de [&hellip;]<\/p>\n","protected":false},"author":1,"featured_media":584,"comment_status":"open","ping_status":"closed","template":"","categories":[3],"class_list":["post-247","eap_event","type-eap_event","status-publish","has-post-thumbnail","hentry","category-viajes"],"yoast_head":"<!-- This site is optimized with the Yoast SEO plugin v27.5 - https:\/\/yoast.com\/product\/yoast-seo-wordpress\/ -->\n<title>COMARCA DE MATARRA\u00d1A, la Toscana espa\u00f1ola. Del viernes 20 al domingo 22 de marzo. - Entre Arte y cultura<\/title>\n<meta name=\"description\" content=\"MATARRA\u00d1A, la Toscana espa\u00f1ola que seguro que no conoces. De viernes 12 a martes 15 mayo\" \/>\n<meta name=\"robots\" content=\"index, follow, max-snippet:-1, max-image-preview:large, max-video-preview:-1\" \/>\n<link rel=\"canonical\" href=\"https:\/\/www.entrearteycultura.es\/?eap_event=matarrana-2023\" \/>\n<meta property=\"og:locale\" content=\"en_US\" \/>\n<meta property=\"og:type\" content=\"article\" \/>\n<meta property=\"og:title\" content=\"COMARCA DE MATARRA\u00d1A, la Toscana espa\u00f1ola. Del viernes 20 al domingo 22 de marzo. - Entre Arte y cultura\" \/>\n<meta property=\"og:description\" content=\"MATARRA\u00d1A, la Toscana espa\u00f1ola que seguro que no conoces. De viernes 12 a martes 15 mayo\" \/>\n<meta property=\"og:url\" content=\"https:\/\/www.entrearteycultura.es\/?eap_event=matarrana-2023\" \/>\n<meta property=\"og:site_name\" content=\"Entre Arte y cultura\" \/>\n<meta property=\"article:modified_time\" content=\"2025-12-23T20:44:56+00:00\" \/>\n<meta property=\"og:image\" content=\"https:\/\/www.entrearteycultura.es\/wp-content\/uploads\/2023\/01\/Valderrobles-2-scaled.jpg\" \/>\n\t<meta property=\"og:image:width\" content=\"2560\" \/>\n\t<meta property=\"og:image:height\" content=\"1215\" \/>\n\t<meta property=\"og:image:type\" content=\"image\/jpeg\" \/>\n<meta name=\"twitter:card\" content=\"summary_large_image\" \/>\n<meta name=\"twitter:label1\" content=\"Est. reading time\" \/>\n\t<meta name=\"twitter:data1\" content=\"1 minute\" \/>\n<script type=\"application\/ld+json\" class=\"yoast-schema-graph\">{\"@context\":\"https:\\\/\\\/schema.org\",\"@graph\":[{\"@type\":\"WebPage\",\"@id\":\"https:\\\/\\\/www.entrearteycultura.es\\\/?eap_event=matarrana-2023\",\"url\":\"https:\\\/\\\/www.entrearteycultura.es\\\/?eap_event=matarrana-2023\",\"name\":\"COMARCA DE MATARRA\u00d1A, la Toscana espa\u00f1ola. Del viernes 20 al domingo 22 de marzo. - Entre Arte y cultura\",\"isPartOf\":{\"@id\":\"https:\\\/\\\/www.entrearteycultura.es\\\/#website\"},\"primaryImageOfPage\":{\"@id\":\"https:\\\/\\\/www.entrearteycultura.es\\\/?eap_event=matarrana-2023#primaryimage\"},\"image\":{\"@id\":\"https:\\\/\\\/www.entrearteycultura.es\\\/?eap_event=matarrana-2023#primaryimage\"},\"thumbnailUrl\":\"https:\\\/\\\/www.entrearteycultura.es\\\/wp-content\\\/uploads\\\/2023\\\/01\\\/Valderrobles-2-scaled.jpg\",\"datePublished\":\"2023-01-07T13:53:07+00:00\",\"dateModified\":\"2025-12-23T20:44:56+00:00\",\"description\":\"MATARRA\u00d1A, la Toscana espa\u00f1ola que seguro que no conoces. De viernes 12 a martes 15 mayo\",\"breadcrumb\":{\"@id\":\"https:\\\/\\\/www.entrearteycultura.es\\\/?eap_event=matarrana-2023#breadcrumb\"},\"inLanguage\":\"en-US\",\"potentialAction\":[{\"@type\":\"ReadAction\",\"target\":[\"https:\\\/\\\/www.entrearteycultura.es\\\/?eap_event=matarrana-2023\"]}]},{\"@type\":\"ImageObject\",\"inLanguage\":\"en-US\",\"@id\":\"https:\\\/\\\/www.entrearteycultura.es\\\/?eap_event=matarrana-2023#primaryimage\",\"url\":\"https:\\\/\\\/www.entrearteycultura.es\\\/wp-content\\\/uploads\\\/2023\\\/01\\\/Valderrobles-2-scaled.jpg\",\"contentUrl\":\"https:\\\/\\\/www.entrearteycultura.es\\\/wp-content\\\/uploads\\\/2023\\\/01\\\/Valderrobles-2-scaled.jpg\",\"width\":2560,\"height\":1215},{\"@type\":\"BreadcrumbList\",\"@id\":\"https:\\\/\\\/www.entrearteycultura.es\\\/?eap_event=matarrana-2023#breadcrumb\",\"itemListElement\":[{\"@type\":\"ListItem\",\"position\":1,\"name\":\"Portada\",\"item\":\"https:\\\/\\\/www.entrearteycultura.es\\\/\"},{\"@type\":\"ListItem\",\"position\":2,\"name\":\"Events\",\"item\":\"https:\\\/\\\/www.entrearteycultura.es\\\/?post_type=eap_event\"},{\"@type\":\"ListItem\",\"position\":3,\"name\":\"COMARCA DE MATARRA\u00d1A, la Toscana espa\u00f1ola. Del viernes 20 al domingo 22 de marzo.\"}]},{\"@type\":\"WebSite\",\"@id\":\"https:\\\/\\\/www.entrearteycultura.es\\\/#website\",\"url\":\"https:\\\/\\\/www.entrearteycultura.es\\\/\",\"name\":\"Entre Arte y cultura\",\"description\":\"Viajes, eventos cuturales, conferencias y tertulias\",\"potentialAction\":[{\"@type\":\"SearchAction\",\"target\":{\"@type\":\"EntryPoint\",\"urlTemplate\":\"https:\\\/\\\/www.entrearteycultura.es\\\/?s={search_term_string}\"},\"query-input\":{\"@type\":\"PropertyValueSpecification\",\"valueRequired\":true,\"valueName\":\"search_term_string\"}}],\"inLanguage\":\"en-US\"}]}<\/script>\n<!-- \/ Yoast SEO plugin. -->","yoast_head_json":{"title":"COMARCA DE MATARRA\u00d1A, la Toscana espa\u00f1ola. Del viernes 20 al domingo 22 de marzo. - Entre Arte y cultura","description":"MATARRA\u00d1A, la Toscana espa\u00f1ola que seguro que no conoces. De viernes 12 a martes 15 mayo","robots":{"index":"index","follow":"follow","max-snippet":"max-snippet:-1","max-image-preview":"max-image-preview:large","max-video-preview":"max-video-preview:-1"},"canonical":"https:\/\/www.entrearteycultura.es\/?eap_event=matarrana-2023","og_locale":"en_US","og_type":"article","og_title":"COMARCA DE MATARRA\u00d1A, la Toscana espa\u00f1ola. Del viernes 20 al domingo 22 de marzo. - Entre Arte y cultura","og_description":"MATARRA\u00d1A, la Toscana espa\u00f1ola que seguro que no conoces. De viernes 12 a martes 15 mayo","og_url":"https:\/\/www.entrearteycultura.es\/?eap_event=matarrana-2023","og_site_name":"Entre Arte y cultura","article_modified_time":"2025-12-23T20:44:56+00:00","og_image":[{"width":2560,"height":1215,"url":"https:\/\/www.entrearteycultura.es\/wp-content\/uploads\/2023\/01\/Valderrobles-2-scaled.jpg","type":"image\/jpeg"}],"twitter_card":"summary_large_image","twitter_misc":{"Est. reading time":"1 minute"},"schema":{"@context":"https:\/\/schema.org","@graph":[{"@type":"WebPage","@id":"https:\/\/www.entrearteycultura.es\/?eap_event=matarrana-2023","url":"https:\/\/www.entrearteycultura.es\/?eap_event=matarrana-2023","name":"COMARCA DE MATARRA\u00d1A, la Toscana espa\u00f1ola. Del viernes 20 al domingo 22 de marzo. - Entre Arte y cultura","isPartOf":{"@id":"https:\/\/www.entrearteycultura.es\/#website"},"primaryImageOfPage":{"@id":"https:\/\/www.entrearteycultura.es\/?eap_event=matarrana-2023#primaryimage"},"image":{"@id":"https:\/\/www.entrearteycultura.es\/?eap_event=matarrana-2023#primaryimage"},"thumbnailUrl":"https:\/\/www.entrearteycultura.es\/wp-content\/uploads\/2023\/01\/Valderrobles-2-scaled.jpg","datePublished":"2023-01-07T13:53:07+00:00","dateModified":"2025-12-23T20:44:56+00:00","description":"MATARRA\u00d1A, la Toscana espa\u00f1ola que seguro que no conoces. De viernes 12 a martes 15 mayo","breadcrumb":{"@id":"https:\/\/www.entrearteycultura.es\/?eap_event=matarrana-2023#breadcrumb"},"inLanguage":"en-US","potentialAction":[{"@type":"ReadAction","target":["https:\/\/www.entrearteycultura.es\/?eap_event=matarrana-2023"]}]},{"@type":"ImageObject","inLanguage":"en-US","@id":"https:\/\/www.entrearteycultura.es\/?eap_event=matarrana-2023#primaryimage","url":"https:\/\/www.entrearteycultura.es\/wp-content\/uploads\/2023\/01\/Valderrobles-2-scaled.jpg","contentUrl":"https:\/\/www.entrearteycultura.es\/wp-content\/uploads\/2023\/01\/Valderrobles-2-scaled.jpg","width":2560,"height":1215},{"@type":"BreadcrumbList","@id":"https:\/\/www.entrearteycultura.es\/?eap_event=matarrana-2023#breadcrumb","itemListElement":[{"@type":"ListItem","position":1,"name":"Portada","item":"https:\/\/www.entrearteycultura.es\/"},{"@type":"ListItem","position":2,"name":"Events","item":"https:\/\/www.entrearteycultura.es\/?post_type=eap_event"},{"@type":"ListItem","position":3,"name":"COMARCA DE MATARRA\u00d1A, la Toscana espa\u00f1ola. Del viernes 20 al domingo 22 de marzo."}]},{"@type":"WebSite","@id":"https:\/\/www.entrearteycultura.es\/#website","url":"https:\/\/www.entrearteycultura.es\/","name":"Entre Arte y cultura","description":"Viajes, eventos cuturales, conferencias y tertulias","potentialAction":[{"@type":"SearchAction","target":{"@type":"EntryPoint","urlTemplate":"https:\/\/www.entrearteycultura.es\/?s={search_term_string}"},"query-input":{"@type":"PropertyValueSpecification","valueRequired":true,"valueName":"search_term_string"}}],"inLanguage":"en-US"}]}},"_links":{"self":[{"href":"https:\/\/www.entrearteycultura.es\/index.php?rest_route=\/wp\/v2\/eap_event\/247","targetHints":{"allow":["GET"]}}],"collection":[{"href":"https:\/\/www.entrearteycultura.es\/index.php?rest_route=\/wp\/v2\/eap_event"}],"about":[{"href":"https:\/\/www.entrearteycultura.es\/index.php?rest_route=\/wp\/v2\/types\/eap_event"}],"author":[{"embeddable":true,"href":"https:\/\/www.entrearteycultura.es\/index.php?rest_route=\/wp\/v2\/users\/1"}],"replies":[{"embeddable":true,"href":"https:\/\/www.entrearteycultura.es\/index.php?rest_route=%2Fwp%2Fv2%2Fcomments&post=247"}],"version-history":[{"count":3,"href":"https:\/\/www.entrearteycultura.es\/index.php?rest_route=\/wp\/v2\/eap_event\/247\/revisions"}],"predecessor-version":[{"id":9896,"href":"https:\/\/www.entrearteycultura.es\/index.php?rest_route=\/wp\/v2\/eap_event\/247\/revisions\/9896"}],"wp:featuredmedia":[{"embeddable":true,"href":"https:\/\/www.entrearteycultura.es\/index.php?rest_route=\/wp\/v2\/media\/584"}],"wp:attachment":[{"href":"https:\/\/www.entrearteycultura.es\/index.php?rest_route=%2Fwp%2Fv2%2Fmedia&parent=247"}],"wp:term":[{"taxonomy":"category","embeddable":true,"href":"https:\/\/www.entrearteycultura.es\/index.php?rest_route=%2Fwp%2Fv2%2Fcategories&post=247"}],"curies":[{"name":"wp","href":"https:\/\/api.w.org\/{rel}","templated":true}]}}

COMARCA DE MATARRAÑA, la Toscana española. Del viernes 20 al domingo 22 de marzo.

<p>La comarca del río Matarraña, situada en Teruel casi en su límite con Castellón, es una zona desconocida, todavía no muy turística, que ofrece un entorno paisajístico único y unas visitas culturales muy atractivas. Son pueblos medievales con encanto con su trilogía de castillo, iglesia y plaza (<strong>Calaceite, Beceite, La Fresneda, Valderrobres</strong>). Así mismo, de camino, visitaremos <strong>Alcañiz y el Monasterio cisterciense de Rueda</strong>, así como <strong>yacimientos íberos como el de Creta</strong>s y los entornos naturales mediterráneos.</p>



<p><strong>De sábado 13 a martes 15 mayo</strong></p>



<p></p>

<p>La comarca del río Matarraña, situada en Teruel casi en su límite con Castellón, es una zona desconocida, todavía no muy turística, que ofrece un entorno paisajístico único y unas visitas culturales muy atractivas. Son pueblos medievales con encanto con su trilogía de castillo, iglesia y plaza (Calaceite, Beceite, La Fresneda, Valderrobres). Así mismo, de [&hellip;]</p>

<!-- This site is optimized with the Yoast SEO plugin v27.5 - https://yoast.com/product/yoast-seo-wordpress/ -->
<title>COMARCA DE MATARRAÑA, la Toscana española. Del viernes 20 al domingo 22 de marzo. - Entre Arte y cultura</title>
<meta name="description" content="MATARRAÑA, la Toscana española que seguro que no conoces. De viernes 12 a martes 15 mayo" />
<meta name="robots" content="index, follow, max-snippet:-1, max-image-preview:large, max-video-preview:-1" />
<link rel="canonical" href="https://www.entrearteycultura.es/?eap_event=matarrana-2023" />
<meta property="og:locale" content="en_US" />
<meta property="og:type" content="article" />
<meta property="og:title" content="COMARCA DE MATARRAÑA, la Toscana española. Del viernes 20 al domingo 22 de marzo. - Entre Arte y cultura" />
<meta property="og:description" content="MATARRAÑA, la Toscana española que seguro que no conoces. De viernes 12 a martes 15 mayo" />
<meta property="og:url" content="https://www.entrearteycultura.es/?eap_event=matarrana-2023" />
<meta property="og:site_name" content="Entre Arte y cultura" />
<meta property="article:modified_time" content="2025-12-23T20:44:56+00:00" />
<meta property="og:image" content="https://www.entrearteycultura.es/wp-content/uploads/2023/01/Valderrobles-2-scaled.jpg" />
	<meta property="og:image:width" content="2560" />
	<meta property="og:image:height" content="1215" />
	<meta property="og:image:type" content="image/jpeg" />
<meta name="twitter:card" content="summary_large_image" />
<meta name="twitter:label1" content="Est. reading time" />
	<meta name="twitter:data1" content="1 minute" />
<script type="application/ld+json" class="yoast-schema-graph">{"@context":"https:\/\/schema.org","@graph":[{"@type":"WebPage","@id":"https:\/\/www.entrearteycultura.es\/?eap_event=matarrana-2023","url":"https:\/\/www.entrearteycultura.es\/?eap_event=matarrana-2023","name":"COMARCA DE MATARRAÑA, la Toscana española. Del viernes 20 al domingo 22 de marzo. - Entre Arte y cultura","isPartOf":{"@id":"https:\/\/www.entrearteycultura.es\/#website"},"primaryImageOfPage":{"@id":"https:\/\/www.entrearteycultura.es\/?eap_event=matarrana-2023#primaryimage"},"image":{"@id":"https:\/\/www.entrearteycultura.es\/?eap_event=matarrana-2023#primaryimage"},"thumbnailUrl":"https:\/\/www.entrearteycultura.es\/wp-content\/uploads\/2023\/01\/Valderrobles-2-scaled.jpg","datePublished":"2023-01-07T13:53:07+00:00","dateModified":"2025-12-23T20:44:56+00:00","description":"MATARRAÑA, la Toscana española que seguro que no conoces. De viernes 12 a martes 15 mayo","breadcrumb":{"@id":"https:\/\/www.entrearteycultura.es\/?eap_event=matarrana-2023#breadcrumb"},"inLanguage":"en-US","potentialAction":[{"@type":"ReadAction","target":["https:\/\/www.entrearteycultura.es\/?eap_event=matarrana-2023"]}]},{"@type":"ImageObject","inLanguage":"en-US","@id":"https:\/\/www.entrearteycultura.es\/?eap_event=matarrana-2023#primaryimage","url":"https:\/\/www.entrearteycultura.es\/wp-content\/uploads\/2023\/01\/Valderrobles-2-scaled.jpg","contentUrl":"https:\/\/www.entrearteycultura.es\/wp-content\/uploads\/2023\/01\/Valderrobles-2-scaled.jpg","width":2560,"height":1215},{"@type":"BreadcrumbList","@id":"https:\/\/www.entrearteycultura.es\/?eap_event=matarrana-2023#breadcrumb","itemListElement":[{"@type":"ListItem","position":1,"name":"Portada","item":"https:\/\/www.entrearteycultura.es\/"},{"@type":"ListItem","position":2,"name":"Events","item":"https:\/\/www.entrearteycultura.es\/?post_type=eap_event"},{"@type":"ListItem","position":3,"name":"COMARCA DE MATARRAÑA, la Toscana española. Del viernes 20 al domingo 22 de marzo."}]},{"@type":"WebSite","@id":"https:\/\/www.entrearteycultura.es\/#website","url":"https:\/\/www.entrearteycultura.es\/","name":"Entre Arte y cultura","description":"Viajes, eventos cuturales, conferencias y tertulias","potentialAction":[{"@type":"SearchAction","target":{"@type":"EntryPoint","urlTemplate":"https:\/\/www.entrearteycultura.es\/?s={search_term_string}"},"query-input":{"@type":"PropertyValueSpecification","valueRequired":true,"valueName":"search_term_string"}}],"inLanguage":"en-US"}]}</script>
<!-- / Yoast SEO plugin. -->

COMARCA DE MATARRAÑA, la Toscana española. Del viernes 20 al domingo 22 de marzo. - Entre Arte y cultura

MATARRAÑA, la Toscana española que seguro que no conoces. De viernes 12 a martes 15 mayo
