{"id":241,"date":"2023-01-07T13:46:02","date_gmt":"2023-01-07T13:46:02","guid":{"rendered":"http:\/\/www.entrearteycultura.es\/?post_type=eap_event&#038;p=241"},"modified":"2023-03-26T11:04:54","modified_gmt":"2023-03-26T11:04:54","slug":"provenza-tierra-de-artistas-2","status":"publish","type":"eap_event","link":"https:\/\/www.entrearteycultura.es\/?eap_event=provenza-tierra-de-artistas-2","title":{"rendered":"VIAJE A PROVENZA,\u00a0tierra de artistas"},"content":{"rendered":"\n<p>Provenza es tierra de paisajes y pueblos pintorescos, de aromas de lavanda en verano y de vi\u00f1edos y olivos mediterr\u00e1neos. Su historia antigua en <strong>Arles<\/strong>, su historia medieval en <strong>Avi\u00f1\u00f3n<\/strong> y la presencia de grandes artistas como Van Gogh, C\u00e9zanne o Picasso le han dotado de grandes atracciones culturales, hist\u00f3ricas y art\u00edsticas. Desde nuestro centro en <strong>Avi\u00f1\u00f3n<\/strong> descubriremos toda su belleza y tradici\u00f3n, desde el delicioso y encantador enclave de St. Remy a Arles, as\u00ed como las <strong>Carri\u00e8res de Baux, <\/strong>los <strong>castillos y abad\u00edas <\/strong>y el contempor\u00e1neo<strong> Ch\u00e2teau Lacoste.<\/strong><\/p>\n\n\n\n<p>Si est\u00e1s interesado, solicita el programa completo con precios. <br><a href=\"mailto:maria@entrearteycutura.es\" target=\"_blank\" rel=\"noreferrer noopener\">maria@entrearteycutura.es<\/a>&nbsp;o&nbsp;<a href=\"mailto:julieta@entrearteycultura.es\" target=\"_blank\" rel=\"noreferrer noopener\">julieta@entrearteycultura.es<\/a><\/p>\n","protected":false},"excerpt":{"rendered":"<p>Provenza es tierra de paisajes y pueblos pintorescos, de aromas de lavanda en verano y de vi\u00f1edos y olivos mediterr\u00e1neos. Su historia antigua en Arles, su historia medieval en Avi\u00f1\u00f3n y la presencia de grandes artistas como Van Gogh, C\u00e9zanne o Picasso le han dotado de grandes atracciones culturales, hist\u00f3ricas y art\u00edsticas. Desde nuestro centro [&hellip;]<\/p>\n","protected":false},"author":1,"featured_media":255,"comment_status":"open","ping_status":"closed","template":"","categories":[45],"class_list":["post-241","eap_event","type-eap_event","status-publish","has-post-thumbnail","hentry","category-eventos-pasados"],"yoast_head":"<!-- This site is optimized with the Yoast SEO plugin v27.5 - https:\/\/yoast.com\/product\/yoast-seo-wordpress\/ -->\n<title>VIAJE A PROVENZA,\u00a0tierra de artistas - Entre Arte y cultura<\/title>\n<meta name=\"robots\" content=\"index, follow, max-snippet:-1, max-image-preview:large, max-video-preview:-1\" \/>\n<link rel=\"canonical\" href=\"https:\/\/www.entrearteycultura.es\/?eap_event=provenza-tierra-de-artistas-2\" \/>\n<meta property=\"og:locale\" content=\"en_US\" \/>\n<meta property=\"og:type\" content=\"article\" \/>\n<meta property=\"og:title\" content=\"VIAJE A PROVENZA,\u00a0tierra de artistas - Entre Arte y cultura\" \/>\n<meta property=\"og:description\" content=\"Provenza es tierra de paisajes y pueblos pintorescos, de aromas de lavanda en verano y de vi\u00f1edos y olivos mediterr\u00e1neos. Su historia antigua en Arles, su historia medieval en Avi\u00f1\u00f3n y la presencia de grandes artistas como Van Gogh, C\u00e9zanne o Picasso le han dotado de grandes atracciones culturales, hist\u00f3ricas y art\u00edsticas. Desde nuestro centro [&hellip;]\" \/>\n<meta property=\"og:url\" content=\"https:\/\/www.entrearteycultura.es\/?eap_event=provenza-tierra-de-artistas-2\" \/>\n<meta property=\"og:site_name\" content=\"Entre Arte y cultura\" \/>\n<meta property=\"article:modified_time\" content=\"2023-03-26T11:04:54+00:00\" \/>\n<meta property=\"og:image\" content=\"https:\/\/www.entrearteycultura.es\/wp-content\/uploads\/2023\/01\/PROVENZA-abadia-sanenque.jpg\" \/>\n\t<meta property=\"og:image:width\" content=\"1855\" \/>\n\t<meta property=\"og:image:height\" content=\"1536\" \/>\n\t<meta property=\"og:image:type\" content=\"image\/jpeg\" \/>\n<meta name=\"twitter:card\" content=\"summary_large_image\" \/>\n<meta name=\"twitter:label1\" content=\"Est. reading time\" \/>\n\t<meta name=\"twitter:data1\" content=\"1 minute\" \/>\n<script type=\"application\/ld+json\" class=\"yoast-schema-graph\">{\"@context\":\"https:\\\/\\\/schema.org\",\"@graph\":[{\"@type\":\"WebPage\",\"@id\":\"https:\\\/\\\/www.entrearteycultura.es\\\/?eap_event=provenza-tierra-de-artistas-2\",\"url\":\"https:\\\/\\\/www.entrearteycultura.es\\\/?eap_event=provenza-tierra-de-artistas-2\",\"name\":\"VIAJE A PROVENZA,\u00a0tierra de artistas - Entre Arte y cultura\",\"isPartOf\":{\"@id\":\"https:\\\/\\\/www.entrearteycultura.es\\\/#website\"},\"primaryImageOfPage\":{\"@id\":\"https:\\\/\\\/www.entrearteycultura.es\\\/?eap_event=provenza-tierra-de-artistas-2#primaryimage\"},\"image\":{\"@id\":\"https:\\\/\\\/www.entrearteycultura.es\\\/?eap_event=provenza-tierra-de-artistas-2#primaryimage\"},\"thumbnailUrl\":\"https:\\\/\\\/www.entrearteycultura.es\\\/wp-content\\\/uploads\\\/2023\\\/01\\\/PROVENZA-abadia-sanenque.jpg\",\"datePublished\":\"2023-01-07T13:46:02+00:00\",\"dateModified\":\"2023-03-26T11:04:54+00:00\",\"breadcrumb\":{\"@id\":\"https:\\\/\\\/www.entrearteycultura.es\\\/?eap_event=provenza-tierra-de-artistas-2#breadcrumb\"},\"inLanguage\":\"en-US\",\"potentialAction\":[{\"@type\":\"ReadAction\",\"target\":[\"https:\\\/\\\/www.entrearteycultura.es\\\/?eap_event=provenza-tierra-de-artistas-2\"]}]},{\"@type\":\"ImageObject\",\"inLanguage\":\"en-US\",\"@id\":\"https:\\\/\\\/www.entrearteycultura.es\\\/?eap_event=provenza-tierra-de-artistas-2#primaryimage\",\"url\":\"https:\\\/\\\/www.entrearteycultura.es\\\/wp-content\\\/uploads\\\/2023\\\/01\\\/PROVENZA-abadia-sanenque.jpg\",\"contentUrl\":\"https:\\\/\\\/www.entrearteycultura.es\\\/wp-content\\\/uploads\\\/2023\\\/01\\\/PROVENZA-abadia-sanenque.jpg\",\"width\":1855,\"height\":1536},{\"@type\":\"BreadcrumbList\",\"@id\":\"https:\\\/\\\/www.entrearteycultura.es\\\/?eap_event=provenza-tierra-de-artistas-2#breadcrumb\",\"itemListElement\":[{\"@type\":\"ListItem\",\"position\":1,\"name\":\"Portada\",\"item\":\"https:\\\/\\\/www.entrearteycultura.es\\\/\"},{\"@type\":\"ListItem\",\"position\":2,\"name\":\"Events\",\"item\":\"https:\\\/\\\/www.entrearteycultura.es\\\/?post_type=eap_event\"},{\"@type\":\"ListItem\",\"position\":3,\"name\":\"VIAJE A PROVENZA,\u00a0tierra de artistas\"}]},{\"@type\":\"WebSite\",\"@id\":\"https:\\\/\\\/www.entrearteycultura.es\\\/#website\",\"url\":\"https:\\\/\\\/www.entrearteycultura.es\\\/\",\"name\":\"Entre Arte y cultura\",\"description\":\"Viajes, eventos cuturales, conferencias y tertulias\",\"potentialAction\":[{\"@type\":\"SearchAction\",\"target\":{\"@type\":\"EntryPoint\",\"urlTemplate\":\"https:\\\/\\\/www.entrearteycultura.es\\\/?s={search_term_string}\"},\"query-input\":{\"@type\":\"PropertyValueSpecification\",\"valueRequired\":true,\"valueName\":\"search_term_string\"}}],\"inLanguage\":\"en-US\"}]}<\/script>\n<!-- \/ Yoast SEO plugin. -->","yoast_head_json":{"title":"VIAJE A PROVENZA,\u00a0tierra de artistas - Entre Arte y cultura","robots":{"index":"index","follow":"follow","max-snippet":"max-snippet:-1","max-image-preview":"max-image-preview:large","max-video-preview":"max-video-preview:-1"},"canonical":"https:\/\/www.entrearteycultura.es\/?eap_event=provenza-tierra-de-artistas-2","og_locale":"en_US","og_type":"article","og_title":"VIAJE A PROVENZA,\u00a0tierra de artistas - Entre Arte y cultura","og_description":"Provenza es tierra de paisajes y pueblos pintorescos, de aromas de lavanda en verano y de vi\u00f1edos y olivos mediterr\u00e1neos. Su historia antigua en Arles, su historia medieval en Avi\u00f1\u00f3n y la presencia de grandes artistas como Van Gogh, C\u00e9zanne o Picasso le han dotado de grandes atracciones culturales, hist\u00f3ricas y art\u00edsticas. Desde nuestro centro [&hellip;]","og_url":"https:\/\/www.entrearteycultura.es\/?eap_event=provenza-tierra-de-artistas-2","og_site_name":"Entre Arte y cultura","article_modified_time":"2023-03-26T11:04:54+00:00","og_image":[{"width":1855,"height":1536,"url":"https:\/\/www.entrearteycultura.es\/wp-content\/uploads\/2023\/01\/PROVENZA-abadia-sanenque.jpg","type":"image\/jpeg"}],"twitter_card":"summary_large_image","twitter_misc":{"Est. reading time":"1 minute"},"schema":{"@context":"https:\/\/schema.org","@graph":[{"@type":"WebPage","@id":"https:\/\/www.entrearteycultura.es\/?eap_event=provenza-tierra-de-artistas-2","url":"https:\/\/www.entrearteycultura.es\/?eap_event=provenza-tierra-de-artistas-2","name":"VIAJE A PROVENZA,\u00a0tierra de artistas - Entre Arte y cultura","isPartOf":{"@id":"https:\/\/www.entrearteycultura.es\/#website"},"primaryImageOfPage":{"@id":"https:\/\/www.entrearteycultura.es\/?eap_event=provenza-tierra-de-artistas-2#primaryimage"},"image":{"@id":"https:\/\/www.entrearteycultura.es\/?eap_event=provenza-tierra-de-artistas-2#primaryimage"},"thumbnailUrl":"https:\/\/www.entrearteycultura.es\/wp-content\/uploads\/2023\/01\/PROVENZA-abadia-sanenque.jpg","datePublished":"2023-01-07T13:46:02+00:00","dateModified":"2023-03-26T11:04:54+00:00","breadcrumb":{"@id":"https:\/\/www.entrearteycultura.es\/?eap_event=provenza-tierra-de-artistas-2#breadcrumb"},"inLanguage":"en-US","potentialAction":[{"@type":"ReadAction","target":["https:\/\/www.entrearteycultura.es\/?eap_event=provenza-tierra-de-artistas-2"]}]},{"@type":"ImageObject","inLanguage":"en-US","@id":"https:\/\/www.entrearteycultura.es\/?eap_event=provenza-tierra-de-artistas-2#primaryimage","url":"https:\/\/www.entrearteycultura.es\/wp-content\/uploads\/2023\/01\/PROVENZA-abadia-sanenque.jpg","contentUrl":"https:\/\/www.entrearteycultura.es\/wp-content\/uploads\/2023\/01\/PROVENZA-abadia-sanenque.jpg","width":1855,"height":1536},{"@type":"BreadcrumbList","@id":"https:\/\/www.entrearteycultura.es\/?eap_event=provenza-tierra-de-artistas-2#breadcrumb","itemListElement":[{"@type":"ListItem","position":1,"name":"Portada","item":"https:\/\/www.entrearteycultura.es\/"},{"@type":"ListItem","position":2,"name":"Events","item":"https:\/\/www.entrearteycultura.es\/?post_type=eap_event"},{"@type":"ListItem","position":3,"name":"VIAJE A PROVENZA,\u00a0tierra de artistas"}]},{"@type":"WebSite","@id":"https:\/\/www.entrearteycultura.es\/#website","url":"https:\/\/www.entrearteycultura.es\/","name":"Entre Arte y cultura","description":"Viajes, eventos cuturales, conferencias y tertulias","potentialAction":[{"@type":"SearchAction","target":{"@type":"EntryPoint","urlTemplate":"https:\/\/www.entrearteycultura.es\/?s={search_term_string}"},"query-input":{"@type":"PropertyValueSpecification","valueRequired":true,"valueName":"search_term_string"}}],"inLanguage":"en-US"}]}},"_links":{"self":[{"href":"https:\/\/www.entrearteycultura.es\/index.php?rest_route=\/wp\/v2\/eap_event\/241","targetHints":{"allow":["GET"]}}],"collection":[{"href":"https:\/\/www.entrearteycultura.es\/index.php?rest_route=\/wp\/v2\/eap_event"}],"about":[{"href":"https:\/\/www.entrearteycultura.es\/index.php?rest_route=\/wp\/v2\/types\/eap_event"}],"author":[{"embeddable":true,"href":"https:\/\/www.entrearteycultura.es\/index.php?rest_route=\/wp\/v2\/users\/1"}],"replies":[{"embeddable":true,"href":"https:\/\/www.entrearteycultura.es\/index.php?rest_route=%2Fwp%2Fv2%2Fcomments&post=241"}],"version-history":[{"count":3,"href":"https:\/\/www.entrearteycultura.es\/index.php?rest_route=\/wp\/v2\/eap_event\/241\/revisions"}],"predecessor-version":[{"id":568,"href":"https:\/\/www.entrearteycultura.es\/index.php?rest_route=\/wp\/v2\/eap_event\/241\/revisions\/568"}],"wp:featuredmedia":[{"embeddable":true,"href":"https:\/\/www.entrearteycultura.es\/index.php?rest_route=\/wp\/v2\/media\/255"}],"wp:attachment":[{"href":"https:\/\/www.entrearteycultura.es\/index.php?rest_route=%2Fwp%2Fv2%2Fmedia&parent=241"}],"wp:term":[{"taxonomy":"category","embeddable":true,"href":"https:\/\/www.entrearteycultura.es\/index.php?rest_route=%2Fwp%2Fv2%2Fcategories&post=241"}],"curies":[{"name":"wp","href":"https:\/\/api.w.org\/{rel}","templated":true}]}}

<p>Provenza es tierra de paisajes y pueblos pintorescos, de aromas de lavanda en verano y de viñedos y olivos mediterráneos. Su historia antigua en <strong>Arles</strong>, su historia medieval en <strong>Aviñón</strong> y la presencia de grandes artistas como Van Gogh, Cézanne o Picasso le han dotado de grandes atracciones culturales, históricas y artísticas. Desde nuestro centro en <strong>Aviñón</strong> descubriremos toda su belleza y tradición, desde el delicioso y encantador enclave de St. Remy a Arles, así como las <strong>Carrières de Baux, </strong>los <strong>castillos y abadías </strong>y el contemporáneo<strong> Château Lacoste.</strong></p>



<p>Si estás interesado, solicita el programa completo con precios. <br><a href="mailto:maria@entrearteycutura.es" target="_blank" rel="noreferrer noopener">maria@entrearteycutura.es</a>&nbsp;o&nbsp;<a href="mailto:julieta@entrearteycultura.es" target="_blank" rel="noreferrer noopener">julieta@entrearteycultura.es</a></p>

<p>Provenza es tierra de paisajes y pueblos pintorescos, de aromas de lavanda en verano y de viñedos y olivos mediterráneos. Su historia antigua en Arles, su historia medieval en Aviñón y la presencia de grandes artistas como Van Gogh, Cézanne o Picasso le han dotado de grandes atracciones culturales, históricas y artísticas. Desde nuestro centro [&hellip;]</p>

<!-- This site is optimized with the Yoast SEO plugin v27.5 - https://yoast.com/product/yoast-seo-wordpress/ -->
<title>VIAJE A PROVENZA, tierra de artistas - Entre Arte y cultura</title>
<meta name="robots" content="index, follow, max-snippet:-1, max-image-preview:large, max-video-preview:-1" />
<link rel="canonical" href="https://www.entrearteycultura.es/?eap_event=provenza-tierra-de-artistas-2" />
<meta property="og:locale" content="en_US" />
<meta property="og:type" content="article" />
<meta property="og:title" content="VIAJE A PROVENZA, tierra de artistas - Entre Arte y cultura" />
<meta property="og:description" content="Provenza es tierra de paisajes y pueblos pintorescos, de aromas de lavanda en verano y de viñedos y olivos mediterráneos. Su historia antigua en Arles, su historia medieval en Aviñón y la presencia de grandes artistas como Van Gogh, Cézanne o Picasso le han dotado de grandes atracciones culturales, históricas y artísticas. Desde nuestro centro [&hellip;]" />
<meta property="og:url" content="https://www.entrearteycultura.es/?eap_event=provenza-tierra-de-artistas-2" />
<meta property="og:site_name" content="Entre Arte y cultura" />
<meta property="article:modified_time" content="2023-03-26T11:04:54+00:00" />
<meta property="og:image" content="https://www.entrearteycultura.es/wp-content/uploads/2023/01/PROVENZA-abadia-sanenque.jpg" />
	<meta property="og:image:width" content="1855" />
	<meta property="og:image:height" content="1536" />
	<meta property="og:image:type" content="image/jpeg" />
<meta name="twitter:card" content="summary_large_image" />
<meta name="twitter:label1" content="Est. reading time" />
	<meta name="twitter:data1" content="1 minute" />
<script type="application/ld+json" class="yoast-schema-graph">{"@context":"https:\/\/schema.org","@graph":[{"@type":"WebPage","@id":"https:\/\/www.entrearteycultura.es\/?eap_event=provenza-tierra-de-artistas-2","url":"https:\/\/www.entrearteycultura.es\/?eap_event=provenza-tierra-de-artistas-2","name":"VIAJE A PROVENZA, tierra de artistas - Entre Arte y cultura","isPartOf":{"@id":"https:\/\/www.entrearteycultura.es\/#website"},"primaryImageOfPage":{"@id":"https:\/\/www.entrearteycultura.es\/?eap_event=provenza-tierra-de-artistas-2#primaryimage"},"image":{"@id":"https:\/\/www.entrearteycultura.es\/?eap_event=provenza-tierra-de-artistas-2#primaryimage"},"thumbnailUrl":"https:\/\/www.entrearteycultura.es\/wp-content\/uploads\/2023\/01\/PROVENZA-abadia-sanenque.jpg","datePublished":"2023-01-07T13:46:02+00:00","dateModified":"2023-03-26T11:04:54+00:00","breadcrumb":{"@id":"https:\/\/www.entrearteycultura.es\/?eap_event=provenza-tierra-de-artistas-2#breadcrumb"},"inLanguage":"en-US","potentialAction":[{"@type":"ReadAction","target":["https:\/\/www.entrearteycultura.es\/?eap_event=provenza-tierra-de-artistas-2"]}]},{"@type":"ImageObject","inLanguage":"en-US","@id":"https:\/\/www.entrearteycultura.es\/?eap_event=provenza-tierra-de-artistas-2#primaryimage","url":"https:\/\/www.entrearteycultura.es\/wp-content\/uploads\/2023\/01\/PROVENZA-abadia-sanenque.jpg","contentUrl":"https:\/\/www.entrearteycultura.es\/wp-content\/uploads\/2023\/01\/PROVENZA-abadia-sanenque.jpg","width":1855,"height":1536},{"@type":"BreadcrumbList","@id":"https:\/\/www.entrearteycultura.es\/?eap_event=provenza-tierra-de-artistas-2#breadcrumb","itemListElement":[{"@type":"ListItem","position":1,"name":"Portada","item":"https:\/\/www.entrearteycultura.es\/"},{"@type":"ListItem","position":2,"name":"Events","item":"https:\/\/www.entrearteycultura.es\/?post_type=eap_event"},{"@type":"ListItem","position":3,"name":"VIAJE A PROVENZA, tierra de artistas"}]},{"@type":"WebSite","@id":"https:\/\/www.entrearteycultura.es\/#website","url":"https:\/\/www.entrearteycultura.es\/","name":"Entre Arte y cultura","description":"Viajes, eventos cuturales, conferencias y tertulias","potentialAction":[{"@type":"SearchAction","target":{"@type":"EntryPoint","urlTemplate":"https:\/\/www.entrearteycultura.es\/?s={search_term_string}"},"query-input":{"@type":"PropertyValueSpecification","valueRequired":true,"valueName":"search_term_string"}}],"inLanguage":"en-US"}]}</script>
<!-- / Yoast SEO plugin. -->

Provenza es tierra de paisajes y pueblos pintorescos, de aromas de lavanda en verano y de viñedos y olivos mediterráneos. Su historia antigua en Arles, su historia medieval en Aviñón y la presencia de grandes artistas como Van Gogh, Cézanne o Picasso le han dotado de grandes atracciones culturales, históricas y artísticas. Desde nuestro centro [&hellip;]
