{"id":1182,"date":"2025-09-01T10:31:38","date_gmt":"2025-09-01T10:31:38","guid":{"rendered":"https:\/\/www.entrearteycultura.es\/?post_type=eap_event&#038;p=1182"},"modified":"2025-12-23T19:46:29","modified_gmt":"2025-12-23T19:46:29","slug":"visita-al-monasterio-de-comendadoras-y-a-la-iglesia-de-montserrat","status":"publish","type":"eap_event","link":"https:\/\/www.entrearteycultura.es\/?eap_event=visita-al-monasterio-de-comendadoras-y-a-la-iglesia-de-montserrat","title":{"rendered":"VISITA AL MONASTERIO DE COMENDADORAS Y A LA IGLESIA DE MONTSERRAT"},"content":{"rendered":"\n<p>El\u00a0<strong>Monasterio de las Comendadoras de Santiago<\/strong>\u00a0es un conjunto monumental barroco del siglo XVII de la orden femenina de Santiago. Recientemente abierto al p\u00fablico tras su restauraci\u00f3n se pueden visitar sus estancias m\u00e1s representativas como la iglesia y su magn\u00edfico retablo<br>de Santiago de Lucas Jord\u00e1n, el coro bajo, la sala capitular, la sacrist\u00eda de los Caballeros y la capilla de las Ni\u00f1as. <\/p>\n\n\n\n<p>La vecina\u00a0<strong>Iglesia de Montserrat<\/strong>,\u00a0fundada por Felipe IV para monjes benedictinos en el siglo<br>XVII, y aunque no fue terminada, es asimismo una excelente muestra del barroco madrile\u00f1o con la intervenci\u00f3n de Pedro de Ribera en la torre y la portada.<\/p>\n","protected":false},"excerpt":{"rendered":"<p>El\u00a0Monasterio de las Comendadoras de Santiago\u00a0es un conjunto monumental barroco del siglo XVII de la orden femenina de Santiago. Recientemente abierto al p\u00fablico tras su restauraci\u00f3n se pueden visitar sus estancias m\u00e1s representativas como la iglesia y su magn\u00edfico retablode Santiago de Lucas Jord\u00e1n, el coro bajo, la sala capitular, la sacrist\u00eda de los Caballeros [&hellip;]<\/p>\n","protected":false},"author":1,"featured_media":1183,"comment_status":"open","ping_status":"closed","template":"","categories":[45],"class_list":["post-1182","eap_event","type-eap_event","status-publish","has-post-thumbnail","hentry","category-eventos-pasados"],"yoast_head":"<!-- This site is optimized with the Yoast SEO plugin v27.5 - https:\/\/yoast.com\/product\/yoast-seo-wordpress\/ -->\n<title>VISITA AL MONASTERIO DE COMENDADORAS Y A LA IGLESIA DE MONTSERRAT - Entre Arte y cultura<\/title>\n<meta name=\"robots\" content=\"index, follow, max-snippet:-1, max-image-preview:large, max-video-preview:-1\" \/>\n<link rel=\"canonical\" href=\"https:\/\/www.entrearteycultura.es\/?eap_event=visita-al-monasterio-de-comendadoras-y-a-la-iglesia-de-montserrat\" \/>\n<meta property=\"og:locale\" content=\"en_US\" \/>\n<meta property=\"og:type\" content=\"article\" \/>\n<meta property=\"og:title\" content=\"VISITA AL MONASTERIO DE COMENDADORAS Y A LA IGLESIA DE MONTSERRAT - Entre Arte y cultura\" \/>\n<meta property=\"og:description\" content=\"El\u00a0Monasterio de las Comendadoras de Santiago\u00a0es un conjunto monumental barroco del siglo XVII de la orden femenina de Santiago. Recientemente abierto al p\u00fablico tras su restauraci\u00f3n se pueden visitar sus estancias m\u00e1s representativas como la iglesia y su magn\u00edfico retablode Santiago de Lucas Jord\u00e1n, el coro bajo, la sala capitular, la sacrist\u00eda de los Caballeros [&hellip;]\" \/>\n<meta property=\"og:url\" content=\"https:\/\/www.entrearteycultura.es\/?eap_event=visita-al-monasterio-de-comendadoras-y-a-la-iglesia-de-montserrat\" \/>\n<meta property=\"og:site_name\" content=\"Entre Arte y cultura\" \/>\n<meta property=\"article:modified_time\" content=\"2025-12-23T19:46:29+00:00\" \/>\n<meta property=\"og:image\" content=\"https:\/\/www.entrearteycultura.es\/wp-content\/uploads\/2025\/09\/Imagen3.png\" \/>\n\t<meta property=\"og:image:width\" content=\"567\" \/>\n\t<meta property=\"og:image:height\" content=\"174\" \/>\n\t<meta property=\"og:image:type\" content=\"image\/png\" \/>\n<meta name=\"twitter:card\" content=\"summary_large_image\" \/>\n<meta name=\"twitter:label1\" content=\"Est. reading time\" \/>\n\t<meta name=\"twitter:data1\" content=\"1 minute\" \/>\n<script type=\"application\/ld+json\" class=\"yoast-schema-graph\">{\"@context\":\"https:\\\/\\\/schema.org\",\"@graph\":[{\"@type\":\"WebPage\",\"@id\":\"https:\\\/\\\/www.entrearteycultura.es\\\/?eap_event=visita-al-monasterio-de-comendadoras-y-a-la-iglesia-de-montserrat\",\"url\":\"https:\\\/\\\/www.entrearteycultura.es\\\/?eap_event=visita-al-monasterio-de-comendadoras-y-a-la-iglesia-de-montserrat\",\"name\":\"VISITA AL MONASTERIO DE COMENDADORAS Y A LA IGLESIA DE MONTSERRAT - Entre Arte y cultura\",\"isPartOf\":{\"@id\":\"https:\\\/\\\/www.entrearteycultura.es\\\/#website\"},\"primaryImageOfPage\":{\"@id\":\"https:\\\/\\\/www.entrearteycultura.es\\\/?eap_event=visita-al-monasterio-de-comendadoras-y-a-la-iglesia-de-montserrat#primaryimage\"},\"image\":{\"@id\":\"https:\\\/\\\/www.entrearteycultura.es\\\/?eap_event=visita-al-monasterio-de-comendadoras-y-a-la-iglesia-de-montserrat#primaryimage\"},\"thumbnailUrl\":\"https:\\\/\\\/www.entrearteycultura.es\\\/wp-content\\\/uploads\\\/2025\\\/09\\\/Imagen3.png\",\"datePublished\":\"2025-09-01T10:31:38+00:00\",\"dateModified\":\"2025-12-23T19:46:29+00:00\",\"breadcrumb\":{\"@id\":\"https:\\\/\\\/www.entrearteycultura.es\\\/?eap_event=visita-al-monasterio-de-comendadoras-y-a-la-iglesia-de-montserrat#breadcrumb\"},\"inLanguage\":\"en-US\",\"potentialAction\":[{\"@type\":\"ReadAction\",\"target\":[\"https:\\\/\\\/www.entrearteycultura.es\\\/?eap_event=visita-al-monasterio-de-comendadoras-y-a-la-iglesia-de-montserrat\"]}]},{\"@type\":\"ImageObject\",\"inLanguage\":\"en-US\",\"@id\":\"https:\\\/\\\/www.entrearteycultura.es\\\/?eap_event=visita-al-monasterio-de-comendadoras-y-a-la-iglesia-de-montserrat#primaryimage\",\"url\":\"https:\\\/\\\/www.entrearteycultura.es\\\/wp-content\\\/uploads\\\/2025\\\/09\\\/Imagen3.png\",\"contentUrl\":\"https:\\\/\\\/www.entrearteycultura.es\\\/wp-content\\\/uploads\\\/2025\\\/09\\\/Imagen3.png\",\"width\":567,\"height\":174},{\"@type\":\"BreadcrumbList\",\"@id\":\"https:\\\/\\\/www.entrearteycultura.es\\\/?eap_event=visita-al-monasterio-de-comendadoras-y-a-la-iglesia-de-montserrat#breadcrumb\",\"itemListElement\":[{\"@type\":\"ListItem\",\"position\":1,\"name\":\"Portada\",\"item\":\"https:\\\/\\\/www.entrearteycultura.es\\\/\"},{\"@type\":\"ListItem\",\"position\":2,\"name\":\"Events\",\"item\":\"https:\\\/\\\/www.entrearteycultura.es\\\/?post_type=eap_event\"},{\"@type\":\"ListItem\",\"position\":3,\"name\":\"VISITA AL MONASTERIO DE COMENDADORAS Y A LA IGLESIA DE MONTSERRAT\"}]},{\"@type\":\"WebSite\",\"@id\":\"https:\\\/\\\/www.entrearteycultura.es\\\/#website\",\"url\":\"https:\\\/\\\/www.entrearteycultura.es\\\/\",\"name\":\"Entre Arte y cultura\",\"description\":\"Viajes, eventos cuturales, conferencias y tertulias\",\"potentialAction\":[{\"@type\":\"SearchAction\",\"target\":{\"@type\":\"EntryPoint\",\"urlTemplate\":\"https:\\\/\\\/www.entrearteycultura.es\\\/?s={search_term_string}\"},\"query-input\":{\"@type\":\"PropertyValueSpecification\",\"valueRequired\":true,\"valueName\":\"search_term_string\"}}],\"inLanguage\":\"en-US\"}]}<\/script>\n<!-- \/ Yoast SEO plugin. -->","yoast_head_json":{"title":"VISITA AL MONASTERIO DE COMENDADORAS Y A LA IGLESIA DE MONTSERRAT - Entre Arte y cultura","robots":{"index":"index","follow":"follow","max-snippet":"max-snippet:-1","max-image-preview":"max-image-preview:large","max-video-preview":"max-video-preview:-1"},"canonical":"https:\/\/www.entrearteycultura.es\/?eap_event=visita-al-monasterio-de-comendadoras-y-a-la-iglesia-de-montserrat","og_locale":"en_US","og_type":"article","og_title":"VISITA AL MONASTERIO DE COMENDADORAS Y A LA IGLESIA DE MONTSERRAT - Entre Arte y cultura","og_description":"El\u00a0Monasterio de las Comendadoras de Santiago\u00a0es un conjunto monumental barroco del siglo XVII de la orden femenina de Santiago. Recientemente abierto al p\u00fablico tras su restauraci\u00f3n se pueden visitar sus estancias m\u00e1s representativas como la iglesia y su magn\u00edfico retablode Santiago de Lucas Jord\u00e1n, el coro bajo, la sala capitular, la sacrist\u00eda de los Caballeros [&hellip;]","og_url":"https:\/\/www.entrearteycultura.es\/?eap_event=visita-al-monasterio-de-comendadoras-y-a-la-iglesia-de-montserrat","og_site_name":"Entre Arte y cultura","article_modified_time":"2025-12-23T19:46:29+00:00","og_image":[{"width":567,"height":174,"url":"https:\/\/www.entrearteycultura.es\/wp-content\/uploads\/2025\/09\/Imagen3.png","type":"image\/png"}],"twitter_card":"summary_large_image","twitter_misc":{"Est. reading time":"1 minute"},"schema":{"@context":"https:\/\/schema.org","@graph":[{"@type":"WebPage","@id":"https:\/\/www.entrearteycultura.es\/?eap_event=visita-al-monasterio-de-comendadoras-y-a-la-iglesia-de-montserrat","url":"https:\/\/www.entrearteycultura.es\/?eap_event=visita-al-monasterio-de-comendadoras-y-a-la-iglesia-de-montserrat","name":"VISITA AL MONASTERIO DE COMENDADORAS Y A LA IGLESIA DE MONTSERRAT - Entre Arte y cultura","isPartOf":{"@id":"https:\/\/www.entrearteycultura.es\/#website"},"primaryImageOfPage":{"@id":"https:\/\/www.entrearteycultura.es\/?eap_event=visita-al-monasterio-de-comendadoras-y-a-la-iglesia-de-montserrat#primaryimage"},"image":{"@id":"https:\/\/www.entrearteycultura.es\/?eap_event=visita-al-monasterio-de-comendadoras-y-a-la-iglesia-de-montserrat#primaryimage"},"thumbnailUrl":"https:\/\/www.entrearteycultura.es\/wp-content\/uploads\/2025\/09\/Imagen3.png","datePublished":"2025-09-01T10:31:38+00:00","dateModified":"2025-12-23T19:46:29+00:00","breadcrumb":{"@id":"https:\/\/www.entrearteycultura.es\/?eap_event=visita-al-monasterio-de-comendadoras-y-a-la-iglesia-de-montserrat#breadcrumb"},"inLanguage":"en-US","potentialAction":[{"@type":"ReadAction","target":["https:\/\/www.entrearteycultura.es\/?eap_event=visita-al-monasterio-de-comendadoras-y-a-la-iglesia-de-montserrat"]}]},{"@type":"ImageObject","inLanguage":"en-US","@id":"https:\/\/www.entrearteycultura.es\/?eap_event=visita-al-monasterio-de-comendadoras-y-a-la-iglesia-de-montserrat#primaryimage","url":"https:\/\/www.entrearteycultura.es\/wp-content\/uploads\/2025\/09\/Imagen3.png","contentUrl":"https:\/\/www.entrearteycultura.es\/wp-content\/uploads\/2025\/09\/Imagen3.png","width":567,"height":174},{"@type":"BreadcrumbList","@id":"https:\/\/www.entrearteycultura.es\/?eap_event=visita-al-monasterio-de-comendadoras-y-a-la-iglesia-de-montserrat#breadcrumb","itemListElement":[{"@type":"ListItem","position":1,"name":"Portada","item":"https:\/\/www.entrearteycultura.es\/"},{"@type":"ListItem","position":2,"name":"Events","item":"https:\/\/www.entrearteycultura.es\/?post_type=eap_event"},{"@type":"ListItem","position":3,"name":"VISITA AL MONASTERIO DE COMENDADORAS Y A LA IGLESIA DE MONTSERRAT"}]},{"@type":"WebSite","@id":"https:\/\/www.entrearteycultura.es\/#website","url":"https:\/\/www.entrearteycultura.es\/","name":"Entre Arte y cultura","description":"Viajes, eventos cuturales, conferencias y tertulias","potentialAction":[{"@type":"SearchAction","target":{"@type":"EntryPoint","urlTemplate":"https:\/\/www.entrearteycultura.es\/?s={search_term_string}"},"query-input":{"@type":"PropertyValueSpecification","valueRequired":true,"valueName":"search_term_string"}}],"inLanguage":"en-US"}]}},"_links":{"self":[{"href":"https:\/\/www.entrearteycultura.es\/index.php?rest_route=\/wp\/v2\/eap_event\/1182","targetHints":{"allow":["GET"]}}],"collection":[{"href":"https:\/\/www.entrearteycultura.es\/index.php?rest_route=\/wp\/v2\/eap_event"}],"about":[{"href":"https:\/\/www.entrearteycultura.es\/index.php?rest_route=\/wp\/v2\/types\/eap_event"}],"author":[{"embeddable":true,"href":"https:\/\/www.entrearteycultura.es\/index.php?rest_route=\/wp\/v2\/users\/1"}],"replies":[{"embeddable":true,"href":"https:\/\/www.entrearteycultura.es\/index.php?rest_route=%2Fwp%2Fv2%2Fcomments&post=1182"}],"version-history":[{"count":1,"href":"https:\/\/www.entrearteycultura.es\/index.php?rest_route=\/wp\/v2\/eap_event\/1182\/revisions"}],"predecessor-version":[{"id":1184,"href":"https:\/\/www.entrearteycultura.es\/index.php?rest_route=\/wp\/v2\/eap_event\/1182\/revisions\/1184"}],"wp:featuredmedia":[{"embeddable":true,"href":"https:\/\/www.entrearteycultura.es\/index.php?rest_route=\/wp\/v2\/media\/1183"}],"wp:attachment":[{"href":"https:\/\/www.entrearteycultura.es\/index.php?rest_route=%2Fwp%2Fv2%2Fmedia&parent=1182"}],"wp:term":[{"taxonomy":"category","embeddable":true,"href":"https:\/\/www.entrearteycultura.es\/index.php?rest_route=%2Fwp%2Fv2%2Fcategories&post=1182"}],"curies":[{"name":"wp","href":"https:\/\/api.w.org\/{rel}","templated":true}]}}

<p>El <strong>Monasterio de las Comendadoras de Santiago</strong> es un conjunto monumental barroco del siglo XVII de la orden femenina de Santiago. Recientemente abierto al público tras su restauración se pueden visitar sus estancias más representativas como la iglesia y su magnífico retablo<br>de Santiago de Lucas Jordán, el coro bajo, la sala capitular, la sacristía de los Caballeros y la capilla de las Niñas. </p>



<p>La vecina <strong>Iglesia de Montserrat</strong>, fundada por Felipe IV para monjes benedictinos en el siglo<br>XVII, y aunque no fue terminada, es asimismo una excelente muestra del barroco madrileño con la intervención de Pedro de Ribera en la torre y la portada.</p>

<p>El Monasterio de las Comendadoras de Santiago es un conjunto monumental barroco del siglo XVII de la orden femenina de Santiago. Recientemente abierto al público tras su restauración se pueden visitar sus estancias más representativas como la iglesia y su magnífico retablode Santiago de Lucas Jordán, el coro bajo, la sala capitular, la sacristía de los Caballeros [&hellip;]</p>

<!-- This site is optimized with the Yoast SEO plugin v27.5 - https://yoast.com/product/yoast-seo-wordpress/ -->
<title>VISITA AL MONASTERIO DE COMENDADORAS Y A LA IGLESIA DE MONTSERRAT - Entre Arte y cultura</title>
<meta name="robots" content="index, follow, max-snippet:-1, max-image-preview:large, max-video-preview:-1" />
<link rel="canonical" href="https://www.entrearteycultura.es/?eap_event=visita-al-monasterio-de-comendadoras-y-a-la-iglesia-de-montserrat" />
<meta property="og:locale" content="en_US" />
<meta property="og:type" content="article" />
<meta property="og:title" content="VISITA AL MONASTERIO DE COMENDADORAS Y A LA IGLESIA DE MONTSERRAT - Entre Arte y cultura" />
<meta property="og:description" content="El Monasterio de las Comendadoras de Santiago es un conjunto monumental barroco del siglo XVII de la orden femenina de Santiago. Recientemente abierto al público tras su restauración se pueden visitar sus estancias más representativas como la iglesia y su magnífico retablode Santiago de Lucas Jordán, el coro bajo, la sala capitular, la sacristía de los Caballeros [&hellip;]" />
<meta property="og:url" content="https://www.entrearteycultura.es/?eap_event=visita-al-monasterio-de-comendadoras-y-a-la-iglesia-de-montserrat" />
<meta property="og:site_name" content="Entre Arte y cultura" />
<meta property="article:modified_time" content="2025-12-23T19:46:29+00:00" />
<meta property="og:image" content="https://www.entrearteycultura.es/wp-content/uploads/2025/09/Imagen3.png" />
	<meta property="og:image:width" content="567" />
	<meta property="og:image:height" content="174" />
	<meta property="og:image:type" content="image/png" />
<meta name="twitter:card" content="summary_large_image" />
<meta name="twitter:label1" content="Est. reading time" />
	<meta name="twitter:data1" content="1 minute" />
<script type="application/ld+json" class="yoast-schema-graph">{"@context":"https:\/\/schema.org","@graph":[{"@type":"WebPage","@id":"https:\/\/www.entrearteycultura.es\/?eap_event=visita-al-monasterio-de-comendadoras-y-a-la-iglesia-de-montserrat","url":"https:\/\/www.entrearteycultura.es\/?eap_event=visita-al-monasterio-de-comendadoras-y-a-la-iglesia-de-montserrat","name":"VISITA AL MONASTERIO DE COMENDADORAS Y A LA IGLESIA DE MONTSERRAT - Entre Arte y cultura","isPartOf":{"@id":"https:\/\/www.entrearteycultura.es\/#website"},"primaryImageOfPage":{"@id":"https:\/\/www.entrearteycultura.es\/?eap_event=visita-al-monasterio-de-comendadoras-y-a-la-iglesia-de-montserrat#primaryimage"},"image":{"@id":"https:\/\/www.entrearteycultura.es\/?eap_event=visita-al-monasterio-de-comendadoras-y-a-la-iglesia-de-montserrat#primaryimage"},"thumbnailUrl":"https:\/\/www.entrearteycultura.es\/wp-content\/uploads\/2025\/09\/Imagen3.png","datePublished":"2025-09-01T10:31:38+00:00","dateModified":"2025-12-23T19:46:29+00:00","breadcrumb":{"@id":"https:\/\/www.entrearteycultura.es\/?eap_event=visita-al-monasterio-de-comendadoras-y-a-la-iglesia-de-montserrat#breadcrumb"},"inLanguage":"en-US","potentialAction":[{"@type":"ReadAction","target":["https:\/\/www.entrearteycultura.es\/?eap_event=visita-al-monasterio-de-comendadoras-y-a-la-iglesia-de-montserrat"]}]},{"@type":"ImageObject","inLanguage":"en-US","@id":"https:\/\/www.entrearteycultura.es\/?eap_event=visita-al-monasterio-de-comendadoras-y-a-la-iglesia-de-montserrat#primaryimage","url":"https:\/\/www.entrearteycultura.es\/wp-content\/uploads\/2025\/09\/Imagen3.png","contentUrl":"https:\/\/www.entrearteycultura.es\/wp-content\/uploads\/2025\/09\/Imagen3.png","width":567,"height":174},{"@type":"BreadcrumbList","@id":"https:\/\/www.entrearteycultura.es\/?eap_event=visita-al-monasterio-de-comendadoras-y-a-la-iglesia-de-montserrat#breadcrumb","itemListElement":[{"@type":"ListItem","position":1,"name":"Portada","item":"https:\/\/www.entrearteycultura.es\/"},{"@type":"ListItem","position":2,"name":"Events","item":"https:\/\/www.entrearteycultura.es\/?post_type=eap_event"},{"@type":"ListItem","position":3,"name":"VISITA AL MONASTERIO DE COMENDADORAS Y A LA IGLESIA DE MONTSERRAT"}]},{"@type":"WebSite","@id":"https:\/\/www.entrearteycultura.es\/#website","url":"https:\/\/www.entrearteycultura.es\/","name":"Entre Arte y cultura","description":"Viajes, eventos cuturales, conferencias y tertulias","potentialAction":[{"@type":"SearchAction","target":{"@type":"EntryPoint","urlTemplate":"https:\/\/www.entrearteycultura.es\/?s={search_term_string}"},"query-input":{"@type":"PropertyValueSpecification","valueRequired":true,"valueName":"search_term_string"}}],"inLanguage":"en-US"}]}</script>
<!-- / Yoast SEO plugin. -->

El Monasterio de las Comendadoras de Santiago es un conjunto monumental barroco del siglo XVII de la orden femenina de Santiago. Recientemente abierto al público tras su restauración se pueden visitar sus estancias más representativas como la iglesia y su magnífico retablode Santiago de Lucas Jordán, el coro bajo, la sala capitular, la sacristía de los Caballeros [&hellip;]
