{"id":1178,"date":"2025-09-01T10:27:09","date_gmt":"2025-09-01T10:27:09","guid":{"rendered":"https:\/\/www.entrearteycultura.es\/?post_type=eap_event&#038;p=1178"},"modified":"2025-12-23T19:48:16","modified_gmt":"2025-12-23T19:48:16","slug":"visita-a-la-feria-estampa","status":"publish","type":"eap_event","link":"https:\/\/www.entrearteycultura.es\/?eap_event=visita-a-la-feria-estampa","title":{"rendered":"VISITA A LA FERIA ESTAMPA"},"content":{"rendered":"\n<p>La feria de arte contempor\u00e1neo Estampa, vuelve, un a\u00f1o m\u00e1s, fiel a su misi\u00f3n de fomento y divulgaci\u00f3n del mercado del arte en nuestro pa\u00eds, dando prioridad a galer\u00edas de arte espa\u00f1olas y portuguesas.<br>\u00bfNos acompa\u00f1as a conocer nuevas galer\u00edas y artistas y disfrutar de nuevas obras de otros muchos artistas ya reconocidos?<\/p>\n","protected":false},"excerpt":{"rendered":"<p>La feria de arte contempor\u00e1neo Estampa, vuelve, un a\u00f1o m\u00e1s, fiel a su misi\u00f3n de fomento y divulgaci\u00f3n del mercado del arte en nuestro pa\u00eds, dando prioridad a galer\u00edas de arte espa\u00f1olas y portuguesas.\u00bfNos acompa\u00f1as a conocer nuevas galer\u00edas y artistas y disfrutar de nuevas obras de otros muchos artistas ya reconocidos?<\/p>\n","protected":false},"author":1,"featured_media":1179,"comment_status":"open","ping_status":"closed","template":"","categories":[45],"class_list":["post-1178","eap_event","type-eap_event","status-publish","has-post-thumbnail","hentry","category-eventos-pasados"],"yoast_head":"<!-- This site is optimized with the Yoast SEO plugin v27.5 - https:\/\/yoast.com\/product\/yoast-seo-wordpress\/ -->\n<title>VISITA A LA FERIA ESTAMPA - Entre Arte y cultura<\/title>\n<meta name=\"robots\" content=\"index, follow, max-snippet:-1, max-image-preview:large, max-video-preview:-1\" \/>\n<link rel=\"canonical\" href=\"https:\/\/www.entrearteycultura.es\/?eap_event=visita-a-la-feria-estampa\" \/>\n<meta property=\"og:locale\" content=\"en_US\" \/>\n<meta property=\"og:type\" content=\"article\" \/>\n<meta property=\"og:title\" content=\"VISITA A LA FERIA ESTAMPA - Entre Arte y cultura\" \/>\n<meta property=\"og:description\" content=\"La feria de arte contempor\u00e1neo Estampa, vuelve, un a\u00f1o m\u00e1s, fiel a su misi\u00f3n de fomento y divulgaci\u00f3n del mercado del arte en nuestro pa\u00eds, dando prioridad a galer\u00edas de arte espa\u00f1olas y portuguesas.\u00bfNos acompa\u00f1as a conocer nuevas galer\u00edas y artistas y disfrutar de nuevas obras de otros muchos artistas ya reconocidos?\" \/>\n<meta property=\"og:url\" content=\"https:\/\/www.entrearteycultura.es\/?eap_event=visita-a-la-feria-estampa\" \/>\n<meta property=\"og:site_name\" content=\"Entre Arte y cultura\" \/>\n<meta property=\"article:modified_time\" content=\"2025-12-23T19:48:16+00:00\" \/>\n<meta property=\"og:image\" content=\"https:\/\/www.entrearteycultura.es\/wp-content\/uploads\/2025\/09\/Imagen2.png\" \/>\n\t<meta property=\"og:image:width\" content=\"567\" \/>\n\t<meta property=\"og:image:height\" content=\"151\" \/>\n\t<meta property=\"og:image:type\" content=\"image\/png\" \/>\n<meta name=\"twitter:card\" content=\"summary_large_image\" \/>\n<meta name=\"twitter:label1\" content=\"Est. reading time\" \/>\n\t<meta name=\"twitter:data1\" content=\"1 minute\" \/>\n<script type=\"application\/ld+json\" class=\"yoast-schema-graph\">{\"@context\":\"https:\\\/\\\/schema.org\",\"@graph\":[{\"@type\":\"WebPage\",\"@id\":\"https:\\\/\\\/www.entrearteycultura.es\\\/?eap_event=visita-a-la-feria-estampa\",\"url\":\"https:\\\/\\\/www.entrearteycultura.es\\\/?eap_event=visita-a-la-feria-estampa\",\"name\":\"VISITA A LA FERIA ESTAMPA - Entre Arte y cultura\",\"isPartOf\":{\"@id\":\"https:\\\/\\\/www.entrearteycultura.es\\\/#website\"},\"primaryImageOfPage\":{\"@id\":\"https:\\\/\\\/www.entrearteycultura.es\\\/?eap_event=visita-a-la-feria-estampa#primaryimage\"},\"image\":{\"@id\":\"https:\\\/\\\/www.entrearteycultura.es\\\/?eap_event=visita-a-la-feria-estampa#primaryimage\"},\"thumbnailUrl\":\"https:\\\/\\\/www.entrearteycultura.es\\\/wp-content\\\/uploads\\\/2025\\\/09\\\/Imagen2.png\",\"datePublished\":\"2025-09-01T10:27:09+00:00\",\"dateModified\":\"2025-12-23T19:48:16+00:00\",\"breadcrumb\":{\"@id\":\"https:\\\/\\\/www.entrearteycultura.es\\\/?eap_event=visita-a-la-feria-estampa#breadcrumb\"},\"inLanguage\":\"en-US\",\"potentialAction\":[{\"@type\":\"ReadAction\",\"target\":[\"https:\\\/\\\/www.entrearteycultura.es\\\/?eap_event=visita-a-la-feria-estampa\"]}]},{\"@type\":\"ImageObject\",\"inLanguage\":\"en-US\",\"@id\":\"https:\\\/\\\/www.entrearteycultura.es\\\/?eap_event=visita-a-la-feria-estampa#primaryimage\",\"url\":\"https:\\\/\\\/www.entrearteycultura.es\\\/wp-content\\\/uploads\\\/2025\\\/09\\\/Imagen2.png\",\"contentUrl\":\"https:\\\/\\\/www.entrearteycultura.es\\\/wp-content\\\/uploads\\\/2025\\\/09\\\/Imagen2.png\",\"width\":567,\"height\":151},{\"@type\":\"BreadcrumbList\",\"@id\":\"https:\\\/\\\/www.entrearteycultura.es\\\/?eap_event=visita-a-la-feria-estampa#breadcrumb\",\"itemListElement\":[{\"@type\":\"ListItem\",\"position\":1,\"name\":\"Portada\",\"item\":\"https:\\\/\\\/www.entrearteycultura.es\\\/\"},{\"@type\":\"ListItem\",\"position\":2,\"name\":\"Events\",\"item\":\"https:\\\/\\\/www.entrearteycultura.es\\\/?post_type=eap_event\"},{\"@type\":\"ListItem\",\"position\":3,\"name\":\"VISITA A LA FERIA ESTAMPA\"}]},{\"@type\":\"WebSite\",\"@id\":\"https:\\\/\\\/www.entrearteycultura.es\\\/#website\",\"url\":\"https:\\\/\\\/www.entrearteycultura.es\\\/\",\"name\":\"Entre Arte y cultura\",\"description\":\"Viajes, eventos cuturales, conferencias y tertulias\",\"potentialAction\":[{\"@type\":\"SearchAction\",\"target\":{\"@type\":\"EntryPoint\",\"urlTemplate\":\"https:\\\/\\\/www.entrearteycultura.es\\\/?s={search_term_string}\"},\"query-input\":{\"@type\":\"PropertyValueSpecification\",\"valueRequired\":true,\"valueName\":\"search_term_string\"}}],\"inLanguage\":\"en-US\"}]}<\/script>\n<!-- \/ Yoast SEO plugin. -->","yoast_head_json":{"title":"VISITA A LA FERIA ESTAMPA - Entre Arte y cultura","robots":{"index":"index","follow":"follow","max-snippet":"max-snippet:-1","max-image-preview":"max-image-preview:large","max-video-preview":"max-video-preview:-1"},"canonical":"https:\/\/www.entrearteycultura.es\/?eap_event=visita-a-la-feria-estampa","og_locale":"en_US","og_type":"article","og_title":"VISITA A LA FERIA ESTAMPA - Entre Arte y cultura","og_description":"La feria de arte contempor\u00e1neo Estampa, vuelve, un a\u00f1o m\u00e1s, fiel a su misi\u00f3n de fomento y divulgaci\u00f3n del mercado del arte en nuestro pa\u00eds, dando prioridad a galer\u00edas de arte espa\u00f1olas y portuguesas.\u00bfNos acompa\u00f1as a conocer nuevas galer\u00edas y artistas y disfrutar de nuevas obras de otros muchos artistas ya reconocidos?","og_url":"https:\/\/www.entrearteycultura.es\/?eap_event=visita-a-la-feria-estampa","og_site_name":"Entre Arte y cultura","article_modified_time":"2025-12-23T19:48:16+00:00","og_image":[{"width":567,"height":151,"url":"https:\/\/www.entrearteycultura.es\/wp-content\/uploads\/2025\/09\/Imagen2.png","type":"image\/png"}],"twitter_card":"summary_large_image","twitter_misc":{"Est. reading time":"1 minute"},"schema":{"@context":"https:\/\/schema.org","@graph":[{"@type":"WebPage","@id":"https:\/\/www.entrearteycultura.es\/?eap_event=visita-a-la-feria-estampa","url":"https:\/\/www.entrearteycultura.es\/?eap_event=visita-a-la-feria-estampa","name":"VISITA A LA FERIA ESTAMPA - Entre Arte y cultura","isPartOf":{"@id":"https:\/\/www.entrearteycultura.es\/#website"},"primaryImageOfPage":{"@id":"https:\/\/www.entrearteycultura.es\/?eap_event=visita-a-la-feria-estampa#primaryimage"},"image":{"@id":"https:\/\/www.entrearteycultura.es\/?eap_event=visita-a-la-feria-estampa#primaryimage"},"thumbnailUrl":"https:\/\/www.entrearteycultura.es\/wp-content\/uploads\/2025\/09\/Imagen2.png","datePublished":"2025-09-01T10:27:09+00:00","dateModified":"2025-12-23T19:48:16+00:00","breadcrumb":{"@id":"https:\/\/www.entrearteycultura.es\/?eap_event=visita-a-la-feria-estampa#breadcrumb"},"inLanguage":"en-US","potentialAction":[{"@type":"ReadAction","target":["https:\/\/www.entrearteycultura.es\/?eap_event=visita-a-la-feria-estampa"]}]},{"@type":"ImageObject","inLanguage":"en-US","@id":"https:\/\/www.entrearteycultura.es\/?eap_event=visita-a-la-feria-estampa#primaryimage","url":"https:\/\/www.entrearteycultura.es\/wp-content\/uploads\/2025\/09\/Imagen2.png","contentUrl":"https:\/\/www.entrearteycultura.es\/wp-content\/uploads\/2025\/09\/Imagen2.png","width":567,"height":151},{"@type":"BreadcrumbList","@id":"https:\/\/www.entrearteycultura.es\/?eap_event=visita-a-la-feria-estampa#breadcrumb","itemListElement":[{"@type":"ListItem","position":1,"name":"Portada","item":"https:\/\/www.entrearteycultura.es\/"},{"@type":"ListItem","position":2,"name":"Events","item":"https:\/\/www.entrearteycultura.es\/?post_type=eap_event"},{"@type":"ListItem","position":3,"name":"VISITA A LA FERIA ESTAMPA"}]},{"@type":"WebSite","@id":"https:\/\/www.entrearteycultura.es\/#website","url":"https:\/\/www.entrearteycultura.es\/","name":"Entre Arte y cultura","description":"Viajes, eventos cuturales, conferencias y tertulias","potentialAction":[{"@type":"SearchAction","target":{"@type":"EntryPoint","urlTemplate":"https:\/\/www.entrearteycultura.es\/?s={search_term_string}"},"query-input":{"@type":"PropertyValueSpecification","valueRequired":true,"valueName":"search_term_string"}}],"inLanguage":"en-US"}]}},"_links":{"self":[{"href":"https:\/\/www.entrearteycultura.es\/index.php?rest_route=\/wp\/v2\/eap_event\/1178","targetHints":{"allow":["GET"]}}],"collection":[{"href":"https:\/\/www.entrearteycultura.es\/index.php?rest_route=\/wp\/v2\/eap_event"}],"about":[{"href":"https:\/\/www.entrearteycultura.es\/index.php?rest_route=\/wp\/v2\/types\/eap_event"}],"author":[{"embeddable":true,"href":"https:\/\/www.entrearteycultura.es\/index.php?rest_route=\/wp\/v2\/users\/1"}],"replies":[{"embeddable":true,"href":"https:\/\/www.entrearteycultura.es\/index.php?rest_route=%2Fwp%2Fv2%2Fcomments&post=1178"}],"version-history":[{"count":1,"href":"https:\/\/www.entrearteycultura.es\/index.php?rest_route=\/wp\/v2\/eap_event\/1178\/revisions"}],"predecessor-version":[{"id":1180,"href":"https:\/\/www.entrearteycultura.es\/index.php?rest_route=\/wp\/v2\/eap_event\/1178\/revisions\/1180"}],"wp:featuredmedia":[{"embeddable":true,"href":"https:\/\/www.entrearteycultura.es\/index.php?rest_route=\/wp\/v2\/media\/1179"}],"wp:attachment":[{"href":"https:\/\/www.entrearteycultura.es\/index.php?rest_route=%2Fwp%2Fv2%2Fmedia&parent=1178"}],"wp:term":[{"taxonomy":"category","embeddable":true,"href":"https:\/\/www.entrearteycultura.es\/index.php?rest_route=%2Fwp%2Fv2%2Fcategories&post=1178"}],"curies":[{"name":"wp","href":"https:\/\/api.w.org\/{rel}","templated":true}]}}

<p>La feria de arte contemporáneo Estampa, vuelve, un año más, fiel a su misión de fomento y divulgación del mercado del arte en nuestro país, dando prioridad a galerías de arte españolas y portuguesas.<br>¿Nos acompañas a conocer nuevas galerías y artistas y disfrutar de nuevas obras de otros muchos artistas ya reconocidos?</p>

<p>La feria de arte contemporáneo Estampa, vuelve, un año más, fiel a su misión de fomento y divulgación del mercado del arte en nuestro país, dando prioridad a galerías de arte españolas y portuguesas.¿Nos acompañas a conocer nuevas galerías y artistas y disfrutar de nuevas obras de otros muchos artistas ya reconocidos?</p>

<!-- This site is optimized with the Yoast SEO plugin v27.5 - https://yoast.com/product/yoast-seo-wordpress/ -->
<title>VISITA A LA FERIA ESTAMPA - Entre Arte y cultura</title>
<meta name="robots" content="index, follow, max-snippet:-1, max-image-preview:large, max-video-preview:-1" />
<link rel="canonical" href="https://www.entrearteycultura.es/?eap_event=visita-a-la-feria-estampa" />
<meta property="og:locale" content="en_US" />
<meta property="og:type" content="article" />
<meta property="og:title" content="VISITA A LA FERIA ESTAMPA - Entre Arte y cultura" />
<meta property="og:description" content="La feria de arte contemporáneo Estampa, vuelve, un año más, fiel a su misión de fomento y divulgación del mercado del arte en nuestro país, dando prioridad a galerías de arte españolas y portuguesas.¿Nos acompañas a conocer nuevas galerías y artistas y disfrutar de nuevas obras de otros muchos artistas ya reconocidos?" />
<meta property="og:url" content="https://www.entrearteycultura.es/?eap_event=visita-a-la-feria-estampa" />
<meta property="og:site_name" content="Entre Arte y cultura" />
<meta property="article:modified_time" content="2025-12-23T19:48:16+00:00" />
<meta property="og:image" content="https://www.entrearteycultura.es/wp-content/uploads/2025/09/Imagen2.png" />
	<meta property="og:image:width" content="567" />
	<meta property="og:image:height" content="151" />
	<meta property="og:image:type" content="image/png" />
<meta name="twitter:card" content="summary_large_image" />
<meta name="twitter:label1" content="Est. reading time" />
	<meta name="twitter:data1" content="1 minute" />
<script type="application/ld+json" class="yoast-schema-graph">{"@context":"https:\/\/schema.org","@graph":[{"@type":"WebPage","@id":"https:\/\/www.entrearteycultura.es\/?eap_event=visita-a-la-feria-estampa","url":"https:\/\/www.entrearteycultura.es\/?eap_event=visita-a-la-feria-estampa","name":"VISITA A LA FERIA ESTAMPA - Entre Arte y cultura","isPartOf":{"@id":"https:\/\/www.entrearteycultura.es\/#website"},"primaryImageOfPage":{"@id":"https:\/\/www.entrearteycultura.es\/?eap_event=visita-a-la-feria-estampa#primaryimage"},"image":{"@id":"https:\/\/www.entrearteycultura.es\/?eap_event=visita-a-la-feria-estampa#primaryimage"},"thumbnailUrl":"https:\/\/www.entrearteycultura.es\/wp-content\/uploads\/2025\/09\/Imagen2.png","datePublished":"2025-09-01T10:27:09+00:00","dateModified":"2025-12-23T19:48:16+00:00","breadcrumb":{"@id":"https:\/\/www.entrearteycultura.es\/?eap_event=visita-a-la-feria-estampa#breadcrumb"},"inLanguage":"en-US","potentialAction":[{"@type":"ReadAction","target":["https:\/\/www.entrearteycultura.es\/?eap_event=visita-a-la-feria-estampa"]}]},{"@type":"ImageObject","inLanguage":"en-US","@id":"https:\/\/www.entrearteycultura.es\/?eap_event=visita-a-la-feria-estampa#primaryimage","url":"https:\/\/www.entrearteycultura.es\/wp-content\/uploads\/2025\/09\/Imagen2.png","contentUrl":"https:\/\/www.entrearteycultura.es\/wp-content\/uploads\/2025\/09\/Imagen2.png","width":567,"height":151},{"@type":"BreadcrumbList","@id":"https:\/\/www.entrearteycultura.es\/?eap_event=visita-a-la-feria-estampa#breadcrumb","itemListElement":[{"@type":"ListItem","position":1,"name":"Portada","item":"https:\/\/www.entrearteycultura.es\/"},{"@type":"ListItem","position":2,"name":"Events","item":"https:\/\/www.entrearteycultura.es\/?post_type=eap_event"},{"@type":"ListItem","position":3,"name":"VISITA A LA FERIA ESTAMPA"}]},{"@type":"WebSite","@id":"https:\/\/www.entrearteycultura.es\/#website","url":"https:\/\/www.entrearteycultura.es\/","name":"Entre Arte y cultura","description":"Viajes, eventos cuturales, conferencias y tertulias","potentialAction":[{"@type":"SearchAction","target":{"@type":"EntryPoint","urlTemplate":"https:\/\/www.entrearteycultura.es\/?s={search_term_string}"},"query-input":{"@type":"PropertyValueSpecification","valueRequired":true,"valueName":"search_term_string"}}],"inLanguage":"en-US"}]}</script>
<!-- / Yoast SEO plugin. -->

La feria de arte contemporáneo Estampa, vuelve, un año más, fiel a su misión de fomento y divulgación del mercado del arte en nuestro país, dando prioridad a galerías de arte españolas y portuguesas.¿Nos acompañas a conocer nuevas galerías y artistas y disfrutar de nuevas obras de otros muchos artistas ya reconocidos?
