{"id":1175,"date":"2025-09-01T10:24:00","date_gmt":"2025-09-01T10:24:00","guid":{"rendered":"https:\/\/www.entrearteycultura.es\/?post_type=eap_event&#038;p=1175"},"modified":"2025-12-23T19:49:13","modified_gmt":"2025-12-23T19:49:13","slug":"apertura-recorrido-por-galerias-de-arte","status":"publish","type":"eap_event","link":"https:\/\/www.entrearteycultura.es\/?eap_event=apertura-recorrido-por-galerias-de-arte","title":{"rendered":"APERTURA: recorrido por galer\u00edas de arte"},"content":{"rendered":"\n<p><strong>Apertura<\/strong> marca el comienzo de la temporada de exposiciones en las galer\u00edas de arte. En este momento las galer\u00edas muestran los artistas m\u00e1s importantes. Haremos un recorrido por las exposiciones m\u00e1s interesantes seleccionadas de la zona de Chamber\u00ed, Chueca o Salesas para disfrutar y conocer las nuevas propuestas tanto de artistas reconocidos como j\u00f3venes emergentes con potencial.<\/p>\n","protected":false},"excerpt":{"rendered":"<p>Apertura marca el comienzo de la temporada de exposiciones en las galer\u00edas de arte. En este momento las galer\u00edas muestran los artistas m\u00e1s importantes. Haremos un recorrido por las exposiciones m\u00e1s interesantes seleccionadas de la zona de Chamber\u00ed, Chueca o Salesas para disfrutar y conocer las nuevas propuestas tanto de artistas reconocidos como j\u00f3venes emergentes [&hellip;]<\/p>\n","protected":false},"author":1,"featured_media":1176,"comment_status":"open","ping_status":"closed","template":"","categories":[45],"class_list":["post-1175","eap_event","type-eap_event","status-publish","has-post-thumbnail","hentry","category-eventos-pasados"],"yoast_head":"<!-- This site is optimized with the Yoast SEO plugin v27.5 - https:\/\/yoast.com\/product\/yoast-seo-wordpress\/ -->\n<title>APERTURA: recorrido por galer\u00edas de arte - Entre Arte y cultura<\/title>\n<meta name=\"robots\" content=\"index, follow, max-snippet:-1, max-image-preview:large, max-video-preview:-1\" \/>\n<link rel=\"canonical\" href=\"https:\/\/www.entrearteycultura.es\/?eap_event=apertura-recorrido-por-galerias-de-arte\" \/>\n<meta property=\"og:locale\" content=\"en_US\" \/>\n<meta property=\"og:type\" content=\"article\" \/>\n<meta property=\"og:title\" content=\"APERTURA: recorrido por galer\u00edas de arte - Entre Arte y cultura\" \/>\n<meta property=\"og:description\" content=\"Apertura marca el comienzo de la temporada de exposiciones en las galer\u00edas de arte. En este momento las galer\u00edas muestran los artistas m\u00e1s importantes. Haremos un recorrido por las exposiciones m\u00e1s interesantes seleccionadas de la zona de Chamber\u00ed, Chueca o Salesas para disfrutar y conocer las nuevas propuestas tanto de artistas reconocidos como j\u00f3venes emergentes [&hellip;]\" \/>\n<meta property=\"og:url\" content=\"https:\/\/www.entrearteycultura.es\/?eap_event=apertura-recorrido-por-galerias-de-arte\" \/>\n<meta property=\"og:site_name\" content=\"Entre Arte y cultura\" \/>\n<meta property=\"article:modified_time\" content=\"2025-12-23T19:49:13+00:00\" \/>\n<meta property=\"og:image\" content=\"https:\/\/www.entrearteycultura.es\/wp-content\/uploads\/2025\/09\/Imagen1.png\" \/>\n\t<meta property=\"og:image:width\" content=\"567\" \/>\n\t<meta property=\"og:image:height\" content=\"212\" \/>\n\t<meta property=\"og:image:type\" content=\"image\/png\" \/>\n<meta name=\"twitter:card\" content=\"summary_large_image\" \/>\n<meta name=\"twitter:label1\" content=\"Est. reading time\" \/>\n\t<meta name=\"twitter:data1\" content=\"1 minute\" \/>\n<script type=\"application\/ld+json\" class=\"yoast-schema-graph\">{\"@context\":\"https:\\\/\\\/schema.org\",\"@graph\":[{\"@type\":\"WebPage\",\"@id\":\"https:\\\/\\\/www.entrearteycultura.es\\\/?eap_event=apertura-recorrido-por-galerias-de-arte\",\"url\":\"https:\\\/\\\/www.entrearteycultura.es\\\/?eap_event=apertura-recorrido-por-galerias-de-arte\",\"name\":\"APERTURA: recorrido por galer\u00edas de arte - Entre Arte y cultura\",\"isPartOf\":{\"@id\":\"https:\\\/\\\/www.entrearteycultura.es\\\/#website\"},\"primaryImageOfPage\":{\"@id\":\"https:\\\/\\\/www.entrearteycultura.es\\\/?eap_event=apertura-recorrido-por-galerias-de-arte#primaryimage\"},\"image\":{\"@id\":\"https:\\\/\\\/www.entrearteycultura.es\\\/?eap_event=apertura-recorrido-por-galerias-de-arte#primaryimage\"},\"thumbnailUrl\":\"https:\\\/\\\/www.entrearteycultura.es\\\/wp-content\\\/uploads\\\/2025\\\/09\\\/Imagen1.png\",\"datePublished\":\"2025-09-01T10:24:00+00:00\",\"dateModified\":\"2025-12-23T19:49:13+00:00\",\"breadcrumb\":{\"@id\":\"https:\\\/\\\/www.entrearteycultura.es\\\/?eap_event=apertura-recorrido-por-galerias-de-arte#breadcrumb\"},\"inLanguage\":\"en-US\",\"potentialAction\":[{\"@type\":\"ReadAction\",\"target\":[\"https:\\\/\\\/www.entrearteycultura.es\\\/?eap_event=apertura-recorrido-por-galerias-de-arte\"]}]},{\"@type\":\"ImageObject\",\"inLanguage\":\"en-US\",\"@id\":\"https:\\\/\\\/www.entrearteycultura.es\\\/?eap_event=apertura-recorrido-por-galerias-de-arte#primaryimage\",\"url\":\"https:\\\/\\\/www.entrearteycultura.es\\\/wp-content\\\/uploads\\\/2025\\\/09\\\/Imagen1.png\",\"contentUrl\":\"https:\\\/\\\/www.entrearteycultura.es\\\/wp-content\\\/uploads\\\/2025\\\/09\\\/Imagen1.png\",\"width\":567,\"height\":212},{\"@type\":\"BreadcrumbList\",\"@id\":\"https:\\\/\\\/www.entrearteycultura.es\\\/?eap_event=apertura-recorrido-por-galerias-de-arte#breadcrumb\",\"itemListElement\":[{\"@type\":\"ListItem\",\"position\":1,\"name\":\"Portada\",\"item\":\"https:\\\/\\\/www.entrearteycultura.es\\\/\"},{\"@type\":\"ListItem\",\"position\":2,\"name\":\"Events\",\"item\":\"https:\\\/\\\/www.entrearteycultura.es\\\/?post_type=eap_event\"},{\"@type\":\"ListItem\",\"position\":3,\"name\":\"APERTURA: recorrido por galer\u00edas de arte\"}]},{\"@type\":\"WebSite\",\"@id\":\"https:\\\/\\\/www.entrearteycultura.es\\\/#website\",\"url\":\"https:\\\/\\\/www.entrearteycultura.es\\\/\",\"name\":\"Entre Arte y cultura\",\"description\":\"Viajes, eventos cuturales, conferencias y tertulias\",\"potentialAction\":[{\"@type\":\"SearchAction\",\"target\":{\"@type\":\"EntryPoint\",\"urlTemplate\":\"https:\\\/\\\/www.entrearteycultura.es\\\/?s={search_term_string}\"},\"query-input\":{\"@type\":\"PropertyValueSpecification\",\"valueRequired\":true,\"valueName\":\"search_term_string\"}}],\"inLanguage\":\"en-US\"}]}<\/script>\n<!-- \/ Yoast SEO plugin. -->","yoast_head_json":{"title":"APERTURA: recorrido por galer\u00edas de arte - Entre Arte y cultura","robots":{"index":"index","follow":"follow","max-snippet":"max-snippet:-1","max-image-preview":"max-image-preview:large","max-video-preview":"max-video-preview:-1"},"canonical":"https:\/\/www.entrearteycultura.es\/?eap_event=apertura-recorrido-por-galerias-de-arte","og_locale":"en_US","og_type":"article","og_title":"APERTURA: recorrido por galer\u00edas de arte - Entre Arte y cultura","og_description":"Apertura marca el comienzo de la temporada de exposiciones en las galer\u00edas de arte. En este momento las galer\u00edas muestran los artistas m\u00e1s importantes. Haremos un recorrido por las exposiciones m\u00e1s interesantes seleccionadas de la zona de Chamber\u00ed, Chueca o Salesas para disfrutar y conocer las nuevas propuestas tanto de artistas reconocidos como j\u00f3venes emergentes [&hellip;]","og_url":"https:\/\/www.entrearteycultura.es\/?eap_event=apertura-recorrido-por-galerias-de-arte","og_site_name":"Entre Arte y cultura","article_modified_time":"2025-12-23T19:49:13+00:00","og_image":[{"width":567,"height":212,"url":"https:\/\/www.entrearteycultura.es\/wp-content\/uploads\/2025\/09\/Imagen1.png","type":"image\/png"}],"twitter_card":"summary_large_image","twitter_misc":{"Est. reading time":"1 minute"},"schema":{"@context":"https:\/\/schema.org","@graph":[{"@type":"WebPage","@id":"https:\/\/www.entrearteycultura.es\/?eap_event=apertura-recorrido-por-galerias-de-arte","url":"https:\/\/www.entrearteycultura.es\/?eap_event=apertura-recorrido-por-galerias-de-arte","name":"APERTURA: recorrido por galer\u00edas de arte - Entre Arte y cultura","isPartOf":{"@id":"https:\/\/www.entrearteycultura.es\/#website"},"primaryImageOfPage":{"@id":"https:\/\/www.entrearteycultura.es\/?eap_event=apertura-recorrido-por-galerias-de-arte#primaryimage"},"image":{"@id":"https:\/\/www.entrearteycultura.es\/?eap_event=apertura-recorrido-por-galerias-de-arte#primaryimage"},"thumbnailUrl":"https:\/\/www.entrearteycultura.es\/wp-content\/uploads\/2025\/09\/Imagen1.png","datePublished":"2025-09-01T10:24:00+00:00","dateModified":"2025-12-23T19:49:13+00:00","breadcrumb":{"@id":"https:\/\/www.entrearteycultura.es\/?eap_event=apertura-recorrido-por-galerias-de-arte#breadcrumb"},"inLanguage":"en-US","potentialAction":[{"@type":"ReadAction","target":["https:\/\/www.entrearteycultura.es\/?eap_event=apertura-recorrido-por-galerias-de-arte"]}]},{"@type":"ImageObject","inLanguage":"en-US","@id":"https:\/\/www.entrearteycultura.es\/?eap_event=apertura-recorrido-por-galerias-de-arte#primaryimage","url":"https:\/\/www.entrearteycultura.es\/wp-content\/uploads\/2025\/09\/Imagen1.png","contentUrl":"https:\/\/www.entrearteycultura.es\/wp-content\/uploads\/2025\/09\/Imagen1.png","width":567,"height":212},{"@type":"BreadcrumbList","@id":"https:\/\/www.entrearteycultura.es\/?eap_event=apertura-recorrido-por-galerias-de-arte#breadcrumb","itemListElement":[{"@type":"ListItem","position":1,"name":"Portada","item":"https:\/\/www.entrearteycultura.es\/"},{"@type":"ListItem","position":2,"name":"Events","item":"https:\/\/www.entrearteycultura.es\/?post_type=eap_event"},{"@type":"ListItem","position":3,"name":"APERTURA: recorrido por galer\u00edas de arte"}]},{"@type":"WebSite","@id":"https:\/\/www.entrearteycultura.es\/#website","url":"https:\/\/www.entrearteycultura.es\/","name":"Entre Arte y cultura","description":"Viajes, eventos cuturales, conferencias y tertulias","potentialAction":[{"@type":"SearchAction","target":{"@type":"EntryPoint","urlTemplate":"https:\/\/www.entrearteycultura.es\/?s={search_term_string}"},"query-input":{"@type":"PropertyValueSpecification","valueRequired":true,"valueName":"search_term_string"}}],"inLanguage":"en-US"}]}},"_links":{"self":[{"href":"https:\/\/www.entrearteycultura.es\/index.php?rest_route=\/wp\/v2\/eap_event\/1175","targetHints":{"allow":["GET"]}}],"collection":[{"href":"https:\/\/www.entrearteycultura.es\/index.php?rest_route=\/wp\/v2\/eap_event"}],"about":[{"href":"https:\/\/www.entrearteycultura.es\/index.php?rest_route=\/wp\/v2\/types\/eap_event"}],"author":[{"embeddable":true,"href":"https:\/\/www.entrearteycultura.es\/index.php?rest_route=\/wp\/v2\/users\/1"}],"replies":[{"embeddable":true,"href":"https:\/\/www.entrearteycultura.es\/index.php?rest_route=%2Fwp%2Fv2%2Fcomments&post=1175"}],"version-history":[{"count":1,"href":"https:\/\/www.entrearteycultura.es\/index.php?rest_route=\/wp\/v2\/eap_event\/1175\/revisions"}],"predecessor-version":[{"id":1177,"href":"https:\/\/www.entrearteycultura.es\/index.php?rest_route=\/wp\/v2\/eap_event\/1175\/revisions\/1177"}],"wp:featuredmedia":[{"embeddable":true,"href":"https:\/\/www.entrearteycultura.es\/index.php?rest_route=\/wp\/v2\/media\/1176"}],"wp:attachment":[{"href":"https:\/\/www.entrearteycultura.es\/index.php?rest_route=%2Fwp%2Fv2%2Fmedia&parent=1175"}],"wp:term":[{"taxonomy":"category","embeddable":true,"href":"https:\/\/www.entrearteycultura.es\/index.php?rest_route=%2Fwp%2Fv2%2Fcategories&post=1175"}],"curies":[{"name":"wp","href":"https:\/\/api.w.org\/{rel}","templated":true}]}}

APERTURA: recorrido por galerías de arte

<p><strong>Apertura</strong> marca el comienzo de la temporada de exposiciones en las galerías de arte. En este momento las galerías muestran los artistas más importantes. Haremos un recorrido por las exposiciones más interesantes seleccionadas de la zona de Chamberí, Chueca o Salesas para disfrutar y conocer las nuevas propuestas tanto de artistas reconocidos como jóvenes emergentes con potencial.</p>

<p>Apertura marca el comienzo de la temporada de exposiciones en las galerías de arte. En este momento las galerías muestran los artistas más importantes. Haremos un recorrido por las exposiciones más interesantes seleccionadas de la zona de Chamberí, Chueca o Salesas para disfrutar y conocer las nuevas propuestas tanto de artistas reconocidos como jóvenes emergentes [&hellip;]</p>

<!-- This site is optimized with the Yoast SEO plugin v27.5 - https://yoast.com/product/yoast-seo-wordpress/ -->
<title>APERTURA: recorrido por galerías de arte - Entre Arte y cultura</title>
<meta name="robots" content="index, follow, max-snippet:-1, max-image-preview:large, max-video-preview:-1" />
<link rel="canonical" href="https://www.entrearteycultura.es/?eap_event=apertura-recorrido-por-galerias-de-arte" />
<meta property="og:locale" content="en_US" />
<meta property="og:type" content="article" />
<meta property="og:title" content="APERTURA: recorrido por galerías de arte - Entre Arte y cultura" />
<meta property="og:description" content="Apertura marca el comienzo de la temporada de exposiciones en las galerías de arte. En este momento las galerías muestran los artistas más importantes. Haremos un recorrido por las exposiciones más interesantes seleccionadas de la zona de Chamberí, Chueca o Salesas para disfrutar y conocer las nuevas propuestas tanto de artistas reconocidos como jóvenes emergentes [&hellip;]" />
<meta property="og:url" content="https://www.entrearteycultura.es/?eap_event=apertura-recorrido-por-galerias-de-arte" />
<meta property="og:site_name" content="Entre Arte y cultura" />
<meta property="article:modified_time" content="2025-12-23T19:49:13+00:00" />
<meta property="og:image" content="https://www.entrearteycultura.es/wp-content/uploads/2025/09/Imagen1.png" />
	<meta property="og:image:width" content="567" />
	<meta property="og:image:height" content="212" />
	<meta property="og:image:type" content="image/png" />
<meta name="twitter:card" content="summary_large_image" />
<meta name="twitter:label1" content="Est. reading time" />
	<meta name="twitter:data1" content="1 minute" />
<script type="application/ld+json" class="yoast-schema-graph">{"@context":"https:\/\/schema.org","@graph":[{"@type":"WebPage","@id":"https:\/\/www.entrearteycultura.es\/?eap_event=apertura-recorrido-por-galerias-de-arte","url":"https:\/\/www.entrearteycultura.es\/?eap_event=apertura-recorrido-por-galerias-de-arte","name":"APERTURA: recorrido por galerías de arte - Entre Arte y cultura","isPartOf":{"@id":"https:\/\/www.entrearteycultura.es\/#website"},"primaryImageOfPage":{"@id":"https:\/\/www.entrearteycultura.es\/?eap_event=apertura-recorrido-por-galerias-de-arte#primaryimage"},"image":{"@id":"https:\/\/www.entrearteycultura.es\/?eap_event=apertura-recorrido-por-galerias-de-arte#primaryimage"},"thumbnailUrl":"https:\/\/www.entrearteycultura.es\/wp-content\/uploads\/2025\/09\/Imagen1.png","datePublished":"2025-09-01T10:24:00+00:00","dateModified":"2025-12-23T19:49:13+00:00","breadcrumb":{"@id":"https:\/\/www.entrearteycultura.es\/?eap_event=apertura-recorrido-por-galerias-de-arte#breadcrumb"},"inLanguage":"en-US","potentialAction":[{"@type":"ReadAction","target":["https:\/\/www.entrearteycultura.es\/?eap_event=apertura-recorrido-por-galerias-de-arte"]}]},{"@type":"ImageObject","inLanguage":"en-US","@id":"https:\/\/www.entrearteycultura.es\/?eap_event=apertura-recorrido-por-galerias-de-arte#primaryimage","url":"https:\/\/www.entrearteycultura.es\/wp-content\/uploads\/2025\/09\/Imagen1.png","contentUrl":"https:\/\/www.entrearteycultura.es\/wp-content\/uploads\/2025\/09\/Imagen1.png","width":567,"height":212},{"@type":"BreadcrumbList","@id":"https:\/\/www.entrearteycultura.es\/?eap_event=apertura-recorrido-por-galerias-de-arte#breadcrumb","itemListElement":[{"@type":"ListItem","position":1,"name":"Portada","item":"https:\/\/www.entrearteycultura.es\/"},{"@type":"ListItem","position":2,"name":"Events","item":"https:\/\/www.entrearteycultura.es\/?post_type=eap_event"},{"@type":"ListItem","position":3,"name":"APERTURA: recorrido por galerías de arte"}]},{"@type":"WebSite","@id":"https:\/\/www.entrearteycultura.es\/#website","url":"https:\/\/www.entrearteycultura.es\/","name":"Entre Arte y cultura","description":"Viajes, eventos cuturales, conferencias y tertulias","potentialAction":[{"@type":"SearchAction","target":{"@type":"EntryPoint","urlTemplate":"https:\/\/www.entrearteycultura.es\/?s={search_term_string}"},"query-input":{"@type":"PropertyValueSpecification","valueRequired":true,"valueName":"search_term_string"}}],"inLanguage":"en-US"}]}</script>
<!-- / Yoast SEO plugin. -->

APERTURA: recorrido por galerías de arte - Entre Arte y cultura

Apertura marca el comienzo de la temporada de exposiciones en las galerías de arte. En este momento las galerías muestran los artistas más importantes. Haremos un recorrido por las exposiciones más interesantes seleccionadas de la zona de Chamberí, Chueca o Salesas para disfrutar y conocer las nuevas propuestas tanto de artistas reconocidos como jóvenes emergentes [&hellip;]
